Aug 21 03:56:18.422762 np0000007877 devstack@g-api.service[99718]: DEBUG glance_store.backend [None req-4d350b85-5216-4d38-a7af-d5615969200f tempest-VolumeImageDependencyTests-858320190 tempest-VolumeImageDependencyTests-858320190-project-member] Attempting to import store swift {{(pid=99718) _load_store /opt/stack/data/venv/lib/python3.12/site-packages/glance_store/backend.py:215}}
Aug 21 03:56:18.424550 np0000007877 devstack@g-api.service[99718]: DEBUG glance_store.capabilities [None req-4d350b85-5216-4d38-a7af-d5615969200f tempest-VolumeImageDependencyTests-858320190 tempest-VolumeImageDependencyTests-858320190-project-member] Store glance_store._drivers.swift.store.SingleTenantStore doesn't support updating dynamic storage capabilities. Please overwrite 'update_capabilities' method of the store to implement updating logics if needed. {{(pid=99718) update_capabilities /opt/stack/data/venv/lib/python3.12/site-packages/glance_store/capabilities.py:91}}
Aug 21 03:56:18.424790 np0000007877 devstack@g-api.service[99718]: DEBUG glance_store.driver [None req-4d350b85-5216-4d38-a7af-d5615969200f tempest-VolumeImageDependencyTests-858320190 tempest-VolumeImageDependencyTests-858320190-project-member] Late loading location class glance_store._drivers.swift.store.StoreLocation {{(pid=99718) get_store_location_class /opt/stack/data/venv/lib/python3.12/site-packages/glance_store/driver.py:134}}
Aug 21 03:56:18.424840 np0000007877 devstack@g-api.service[99718]: DEBUG glance_store.location [None req-4d350b85-5216-4d38-a7af-d5615969200f tempest-VolumeImageDependencyTests-858320190 tempest-VolumeImageDependencyTests-858320190-project-member] Registering scheme swift+https with {'store': , 'location_class': , 'store_entry': 'swift'} {{(pid=99718) register_scheme_map /opt/stack/data/venv/lib/python3.12/site-packages/glance_store/location.py:146}}
Aug 21 03:56:18.426307 np0000007877 devstack@g-api.service[99718]: DEBUG glance_store.location [None req-4d350b85-5216-4d38-a7af-d5615969200f tempest-VolumeImageDependencyTests-858320190 tempest-VolumeImageDependencyTests-858320190-project-member] Registering scheme swift+https with {'store': , 'location_class': , 'store_entry': 'swift'} {{(pid=99718) register_scheme_map /opt/stack/data/venv/lib/python3.12/site-packages/glance_store/location.py:146}}
Aug 21 03:56:18.426307 np0000007877 devstack@g-api.service[99718]: DEBUG glance_store.location [None req-4d350b85-5216-4d38-a7af-d5615969200f tempest-VolumeImageDependencyTests-858320190 tempest-VolumeImageDependencyTests-858320190-project-member] Registering scheme swift with {'store': , 'location_class': , 'store_entry': 'swift'} {{(pid=99718) register_scheme_map /opt/stack/data/venv/lib/python3.12/site-packages/glance_store/location.py:146}}
Aug 21 03:56:18.426307 np0000007877 devstack@g-api.service[99718]: DEBUG glance_store.location [None req-4d350b85-5216-4d38-a7af-d5615969200f tempest-VolumeImageDependencyTests-858320190 tempest-VolumeImageDependencyTests-858320190-project-member] Registering scheme swift+https with {'store': , 'location_class': , 'store_entry': 'swift'} {{(pid=99718) register_scheme_map /opt/stack/data/venv/lib/python3.12/site-packages/glance_store/location.py:146}}
Aug 21 03:56:18.426307 np0000007877 devstack@g-api.service[99718]: DEBUG glance_store.location [None req-4d350b85-5216-4d38-a7af-d5615969200f tempest-VolumeImageDependencyTests-858320190 tempest-VolumeImageDependencyTests-858320190-project-member] Registering scheme swift with {'store': , 'location_class': , 'store_entry': 'swift'} {{(pid=99718) register_scheme_map /opt/stack/data/venv/lib/python3.12/site-packages/glance_store/location.py:146}}
Aug 21 03:56:18.426307 np0000007877 devstack@g-api.service[99718]: DEBUG glance_store.location [None req-4d350b85-5216-4d38-a7af-d5615969200f tempest-VolumeImageDependencyTests-858320190 tempest-VolumeImageDependencyTests-858320190-project-member] Registering scheme swift+http with {'store': , 'location_class': , 'store_entry': 'swift'} {{(pid=99718) register_scheme_map /opt/stack/data/venv/lib/python3.12/site-packages/glance_store/location.py:146}}
Aug 21 03:56:18.426307 np0000007877 devstack@g-api.service[99718]: DEBUG glance_store.location [None req-4d350b85-5216-4d38-a7af-d5615969200f tempest-VolumeImageDependencyTests-858320190 tempest-VolumeImageDependencyTests-858320190-project-member] Registering scheme swift+https with {'store': , 'location_class': , 'store_entry': 'swift'} {{(pid=99718) register_scheme_map /opt/stack/data/venv/lib/python3.12/site-packages/glance_store/location.py:146}}
Aug 21 03:56:18.426307 np0000007877 devstack@g-api.service[99718]: DEBUG glance_store.location [None req-4d350b85-5216-4d38-a7af-d5615969200f tempest-VolumeImageDependencyTests-858320190 tempest-VolumeImageDependencyTests-858320190-project-member] Registering scheme swift with {'store': , 'location_class': , 'store_entry': 'swift'} {{(pid=99718) register_scheme_map /opt/stack/data/venv/lib/python3.12/site-packages/glance_store/location.py:146}}
Aug 21 03:56:18.426307 np0000007877 devstack@g-api.service[99718]: DEBUG glance_store.location [None req-4d350b85-5216-4d38-a7af-d5615969200f tempest-VolumeImageDependencyTests-858320190 tempest-VolumeImageDependencyTests-858320190-project-member] Registering scheme swift+http with {'store': , 'location_class': , 'store_entry': 'swift'} {{(pid=99718) register_scheme_map /opt/stack/data/venv/lib/python3.12/site-packages/glance_store/location.py:146}}
Aug 21 03:56:18.426307 np0000007877 devstack@g-api.service[99718]: DEBUG glance_store.location [None req-4d350b85-5216-4d38-a7af-d5615969200f tempest-VolumeImageDependencyTests-858320190 tempest-VolumeImageDependencyTests-858320190-project-member] Registering scheme swift+config with {'store': , 'location_class': , 'store_entry': 'swift'} {{(pid=99718) register_scheme_map /opt/stack/data/venv/lib/python3.12/site-packages/glance_store/location.py:146}}
Aug 21 03:56:18.426307 np0000007877 devstack@g-api.service[99718]: DEBUG glance_store.backend [None req-4d350b85-5216-4d38-a7af-d5615969200f tempest-VolumeImageDependencyTests-858320190 tempest-VolumeImageDependencyTests-858320190-project-member] Skipping store.set_acls... not implemented. {{(pid=99718) set_acls /opt/stack/data/venv/lib/python3.12/site-packages/glance_store/backend.py:507}}
Aug 21 03:56:18.428083 np0000007877 devstack@g-api.service[99718]: [pid: 99718|app: 0|req: 114/336] 127.0.0.1 () {40 vars in 847 bytes} [Fri Aug 21 03:56:16 2026] PUT /v2/images/545b9a44-e370-4f8a-a99e-13f2440ff3b2/file => generated 0 bytes in 1545 msecs (HTTP/1.1 204) 4 headers in 171 bytes (1 switches on core 0)
Aug 21 03:56:18.437737 np0000007877 devstack@g-api.service[99716]: DEBUG glance.api.middleware.version_negotiation [None req-f339ff2f-7dfd-4676-bf73-4fb217d564bb tempest-VolumeImageDependencyTests-858320190 tempest-VolumeImageDependencyTests-858320190-project-member] Determining version of request: GET /v2/images/545b9a44-e370-4f8a-a99e-13f2440ff3b2 Accept: application/json {{(pid=99716) process_request /opt/stack/glance/glance/api/middleware/version_negotiation.py:44}}
Aug 21 03:56:18.438181 np0000007877 devstack@g-api.service[99716]: DEBUG glance.api.middleware.version_negotiation [None req-f339ff2f-7dfd-4676-bf73-4fb217d564bb tempest-VolumeImageDependencyTests-858320190 tempest-VolumeImageDependencyTests-858320190-project-member] Using url versioning {{(pid=99716) process_request /opt/stack/glance/glance/api/middleware/version_negotiation.py:57}}
Aug 21 03:56:18.438181 np0000007877 devstack@g-api.service[99716]: DEBUG glance.api.middleware.version_negotiation [None req-f339ff2f-7dfd-4676-bf73-4fb217d564bb tempest-VolumeImageDependencyTests-858320190 tempest-VolumeImageDependencyTests-858320190-project-member] Matched version: v2 {{(pid=99716) process_request /opt/stack/glance/glance/api/middleware/version_negotiation.py:69}}
Aug 21 03:56:18.438181 np0000007877 devstack@g-api.service[99716]: DEBUG glance.api.middleware.version_negotiation [None req-f339ff2f-7dfd-4676-bf73-4fb217d564bb tempest-VolumeImageDependencyTests-858320190 tempest-VolumeImageDependencyTests-858320190-project-member] new path /v2/images/545b9a44-e370-4f8a-a99e-13f2440ff3b2 {{(pid=99716) process_request /opt/stack/glance/glance/api/middleware/version_negotiation.py:70}}
Aug 21 03:56:18.453317 np0000007877 devstack@g-api.service[99716]: [pid: 99716|app: 0|req: 114/337] 127.0.0.1 () {40 vars in 838 bytes} [Fri Aug 21 03:56:18 2026] GET /v2/images/545b9a44-e370-4f8a-a99e-13f2440ff3b2 => generated 818 bytes in 15 msecs (HTTP/1.1 200) 4 headers in 157 bytes (1 switches on core 0)
Aug 21 03:56:18.462083 np0000007877 devstack@g-api.service[99717]: DEBUG glance.api.middleware.version_negotiation [None req-d49d9d05-b44c-477c-b6e0-8affa406dfd1 tempest-VolumeImageDependencyTests-858320190 tempest-VolumeImageDependencyTests-858320190-project-member] Determining version of request: GET /v2/images/545b9a44-e370-4f8a-a99e-13f2440ff3b2 Accept: application/json {{(pid=99717) process_request /opt/stack/glance/glance/api/middleware/version_negotiation.py:44}}
Aug 21 03:56:18.462437 np0000007877 devstack@g-api.service[99717]: DEBUG glance.api.middleware.version_negotiation [None req-d49d9d05-b44c-477c-b6e0-8affa406dfd1 tempest-VolumeImageDependencyTests-858320190 tempest-VolumeImageDependencyTests-858320190-project-member] Using url versioning {{(pid=99717) process_request /opt/stack/glance/glance/api/middleware/version_negotiation.py:57}}
Aug 21 03:56:18.462516 np0000007877 devstack@g-api.service[99717]: DEBUG glance.api.middleware.version_negotiation [None req-d49d9d05-b44c-477c-b6e0-8affa406dfd1 tempest-VolumeImageDependencyTests-858320190 tempest-VolumeImageDependencyTests-858320190-project-member] Matched version: v2 {{(pid=99717) process_request /opt/stack/glance/glance/api/middleware/version_negotiation.py:69}}
Aug 21 03:56:18.462614 np0000007877 devstack@g-api.service[99717]: DEBUG glance.api.middleware.version_negotiation [None req-d49d9d05-b44c-477c-b6e0-8affa406dfd1 tempest-VolumeImageDependencyTests-858320190 tempest-VolumeImageDependencyTests-858320190-project-member] new path /v2/images/545b9a44-e370-4f8a-a99e-13f2440ff3b2 {{(pid=99717) process_request /opt/stack/glance/glance/api/middleware/version_negotiation.py:70}}
Aug 21 03:56:18.472856 np0000007877 devstack@g-api.service[99717]: [pid: 99717|app: 0|req: 110/338] 127.0.0.1 () {40 vars in 838 bytes} [Fri Aug 21 03:56:18 2026] GET /v2/images/545b9a44-e370-4f8a-a99e-13f2440ff3b2 => generated 818 bytes in 11 msecs (HTTP/1.1 200) 4 headers in 157 bytes (1 switches on core 0)
Aug 21 03:56:18.485090 np0000007877 devstack@g-api.service[99718]: DEBUG glance.api.middleware.version_negotiation [None req-4d350b85-5216-4d38-a7af-d5615969200f tempest-VolumeImageDependencyTests-858320190 tempest-VolumeImageDependencyTests-858320190-project-member] Determining version of request: GET /v2/images/545b9a44-e370-4f8a-a99e-13f2440ff3b2 Accept: application/json {{(pid=99718) process_request /opt/stack/glance/glance/api/middleware/version_negotiation.py:44}}
Aug 21 03:56:18.485526 np0000007877 devstack@g-api.service[99718]: DEBUG glance.api.middleware.version_negotiation [None req-4d350b85-5216-4d38-a7af-d5615969200f tempest-VolumeImageDependencyTests-858320190 tempest-VolumeImageDependencyTests-858320190-project-member] Using url versioning {{(pid=99718) process_request /opt/stack/glance/glance/api/middleware/version_negotiation.py:57}}
Aug 21 03:56:18.485725 np0000007877 devstack@g-api.service[99718]: DEBUG glance.api.middleware.version_negotiation [None req-4d350b85-5216-4d38-a7af-d5615969200f tempest-VolumeImageDependencyTests-858320190 tempest-VolumeImageDependencyTests-858320190-project-member] Matched version: v2 {{(pid=99718) process_request /opt/stack/glance/glance/api/middleware/version_negotiation.py:69}}
Aug 21 03:56:18.485725 np0000007877 devstack@g-api.service[99718]: DEBUG glance.api.middleware.version_negotiation [None req-4d350b85-5216-4d38-a7af-d5615969200f tempest-VolumeImageDependencyTests-858320190 tempest-VolumeImageDependencyTests-858320190-project-member] new path /v2/images/545b9a44-e370-4f8a-a99e-13f2440ff3b2 {{(pid=99718) process_request /opt/stack/glance/glance/api/middleware/version_negotiation.py:70}}
Aug 21 03:56:18.504651 np0000007877 devstack@g-api.service[99718]: [pid: 99718|app: 0|req: 115/339] 127.0.0.1 () {40 vars in 838 bytes} [Fri Aug 21 03:56:18 2026] GET /v2/images/545b9a44-e370-4f8a-a99e-13f2440ff3b2 => generated 818 bytes in 19 msecs (HTTP/1.1 200) 4 headers in 157 bytes (1 switches on core 0)
Aug 21 03:56:18.539830 np0000007877 devstack@g-api.service[99716]: DEBUG glance.api.middleware.version_negotiation [None req-cd3aacd6-efae-45a7-8897-76a6c86eebca tempest-VolumeImageDependencyTests-858320190 tempest-VolumeImageDependencyTests-858320190-project-member] Determining version of request: GET /v2/images/545b9a44-e370-4f8a-a99e-13f2440ff3b2 Accept: */* {{(pid=99716) process_request /opt/stack/glance/glance/api/middleware/version_negotiation.py:44}}
Aug 21 03:56:18.540029 np0000007877 devstack@g-api.service[99716]: DEBUG glance.api.middleware.version_negotiation [None req-cd3aacd6-efae-45a7-8897-76a6c86eebca tempest-VolumeImageDependencyTests-858320190 tempest-VolumeImageDependencyTests-858320190-project-member] Using url versioning {{(pid=99716) process_request /opt/stack/glance/glance/api/middleware/version_negotiation.py:57}}
Aug 21 03:56:18.540166 np0000007877 devstack@g-api.service[99716]: DEBUG glance.api.middleware.version_negotiation [None req-cd3aacd6-efae-45a7-8897-76a6c86eebca tempest-VolumeImageDependencyTests-858320190 tempest-VolumeImageDependencyTests-858320190-project-member] Matched version: v2 {{(pid=99716) process_request /opt/stack/glance/glance/api/middleware/version_negotiation.py:69}}
Aug 21 03:56:18.540301 np0000007877 devstack@g-api.service[99716]: DEBUG glance.api.middleware.version_negotiation [None req-cd3aacd6-efae-45a7-8897-76a6c86eebca tempest-VolumeImageDependencyTests-858320190 tempest-VolumeImageDependencyTests-858320190-project-member] new path /v2/images/545b9a44-e370-4f8a-a99e-13f2440ff3b2 {{(pid=99716) process_request /opt/stack/glance/glance/api/middleware/version_negotiation.py:70}}
Aug 21 03:56:18.553008 np0000007877 devstack@g-api.service[99716]: [pid: 99716|app: 0|req: 115/340] 127.0.0.1 () {44 vars in 1115 bytes} [Fri Aug 21 03:56:18 2026] GET /v2/images/545b9a44-e370-4f8a-a99e-13f2440ff3b2 => generated 818 bytes in 13 msecs (HTTP/1.1 200) 4 headers in 157 bytes (1 switches on core 0)
Aug 21 03:56:18.564553 np0000007877 devstack@g-api.service[99717]: DEBUG glance.api.middleware.version_negotiation [None req-bc24ca1a-91c0-42ba-9736-4f60fcd35761 tempest-VolumeImageDependencyTests-858320190 tempest-VolumeImageDependencyTests-858320190-project-member] Determining version of request: GET /v2/schemas/image Accept: */* {{(pid=99717) process_request /opt/stack/glance/glance/api/middleware/version_negotiation.py:44}}
Aug 21 03:56:18.564740 np0000007877 devstack@g-api.service[99717]: DEBUG glance.api.middleware.version_negotiation [None req-bc24ca1a-91c0-42ba-9736-4f60fcd35761 tempest-VolumeImageDependencyTests-858320190 tempest-VolumeImageDependencyTests-858320190-project-member] Using url versioning {{(pid=99717) process_request /opt/stack/glance/glance/api/middleware/version_negotiation.py:57}}
Aug 21 03:56:18.564973 np0000007877 devstack@g-api.service[99717]: DEBUG glance.api.middleware.version_negotiation [None req-bc24ca1a-91c0-42ba-9736-4f60fcd35761 tempest-VolumeImageDependencyTests-858320190 tempest-VolumeImageDependencyTests-858320190-project-member] Matched version: v2 {{(pid=99717) process_request /opt/stack/glance/glance/api/middleware/version_negotiation.py:69}}
Aug 21 03:56:18.565101 np0000007877 devstack@g-api.service[99717]: DEBUG glance.api.middleware.version_negotiation [None req-bc24ca1a-91c0-42ba-9736-4f60fcd35761 tempest-VolumeImageDependencyTests-858320190 tempest-VolumeImageDependencyTests-858320190-project-member] new path /v2/schemas/image {{(pid=99717) process_request /opt/stack/glance/glance/api/middleware/version_negotiation.py:70}}
Aug 21 03:56:18.567782 np0000007877 devstack@g-api.service[99717]: [pid: 99717|app: 0|req: 111/341] 127.0.0.1 () {44 vars in 1055 bytes} [Fri Aug 21 03:56:18 2026] GET /v2/schemas/image => generated 6083 bytes in 3 msecs (HTTP/1.1 200) 4 headers in 158 bytes (1 switches on core 0)
Aug 21 03:56:18.579798 np0000007877 devstack@g-api.service[99718]: DEBUG glance.api.middleware.version_negotiation [None req-50c5eccc-c8a0-4b35-8c89-52839f7edf8d tempest-VolumeImageDependencyTests-858320190 tempest-VolumeImageDependencyTests-858320190-project-member] Determining version of request: GET /v2/schemas/image Accept: */* {{(pid=99718) process_request /opt/stack/glance/glance/api/middleware/version_negotiation.py:44}}
Aug 21 03:56:18.579999 np0000007877 devstack@g-api.service[99718]: DEBUG glance.api.middleware.version_negotiation [None req-50c5eccc-c8a0-4b35-8c89-52839f7edf8d tempest-VolumeImageDependencyTests-858320190 tempest-VolumeImageDependencyTests-858320190-project-member] Using url versioning {{(pid=99718) process_request /opt/stack/glance/glance/api/middleware/version_negotiation.py:57}}
Aug 21 03:56:18.580241 np0000007877 devstack@g-api.service[99718]: DEBUG glance.api.middleware.version_negotiation [None req-50c5eccc-c8a0-4b35-8c89-52839f7edf8d tempest-VolumeImageDependencyTests-858320190 tempest-VolumeImageDependencyTests-858320190-project-member] Matched version: v2 {{(pid=99718) process_request /opt/stack/glance/glance/api/middleware/version_negotiation.py:69}}
Aug 21 03:56:18.580405 np0000007877 devstack@g-api.service[99718]: DEBUG glance.api.middleware.version_negotiation [None req-50c5eccc-c8a0-4b35-8c89-52839f7edf8d tempest-VolumeImageDependencyTests-858320190 tempest-VolumeImageDependencyTests-858320190-project-member] new path /v2/schemas/image {{(pid=99718) process_request /opt/stack/glance/glance/api/middleware/version_negotiation.py:70}}
Aug 21 03:56:18.583152 np0000007877 devstack@g-api.service[99718]: [pid: 99718|app: 0|req: 116/342] 127.0.0.1 () {44 vars in 1055 bytes} [Fri Aug 21 03:56:18 2026] GET /v2/schemas/image => generated 6083 bytes in 3 msecs (HTTP/1.1 200) 4 headers in 158 bytes (1 switches on core 0)
Aug 21 03:56:18.595896 np0000007877 devstack@g-api.service[99716]: DEBUG glance.api.middleware.version_negotiation [None req-32a441cf-3db9-467f-8f66-0ff61fe14ad5 tempest-VolumeImageDependencyTests-858320190 tempest-VolumeImageDependencyTests-858320190-project-member] Determining version of request: GET /v2/images/545b9a44-e370-4f8a-a99e-13f2440ff3b2 Accept: */* {{(pid=99716) process_request /opt/stack/glance/glance/api/middleware/version_negotiation.py:44}}
Aug 21 03:56:18.596131 np0000007877 devstack@g-api.service[99716]: DEBUG glance.api.middleware.version_negotiation [None req-32a441cf-3db9-467f-8f66-0ff61fe14ad5 tempest-VolumeImageDependencyTests-858320190 tempest-VolumeImageDependencyTests-858320190-project-member] Using url versioning {{(pid=99716) process_request /opt/stack/glance/glance/api/middleware/version_negotiation.py:57}}
Aug 21 03:56:18.596269 np0000007877 devstack@g-api.service[99716]: DEBUG glance.api.middleware.version_negotiation [None req-32a441cf-3db9-467f-8f66-0ff61fe14ad5 tempest-VolumeImageDependencyTests-858320190 tempest-VolumeImageDependencyTests-858320190-project-member] Matched version: v2 {{(pid=99716) process_request /opt/stack/glance/glance/api/middleware/version_negotiation.py:69}}
Aug 21 03:56:18.596414 np0000007877 devstack@g-api.service[99716]: DEBUG glance.api.middleware.version_negotiation [None req-32a441cf-3db9-467f-8f66-0ff61fe14ad5 tempest-VolumeImageDependencyTests-858320190 tempest-VolumeImageDependencyTests-858320190-project-member] new path /v2/images/545b9a44-e370-4f8a-a99e-13f2440ff3b2 {{(pid=99716) process_request /opt/stack/glance/glance/api/middleware/version_negotiation.py:70}}
Aug 21 03:56:18.606123 np0000007877 devstack@g-api.service[99716]: [pid: 99716|app: 0|req: 116/343] 127.0.0.1 () {44 vars in 1115 bytes} [Fri Aug 21 03:56:18 2026] GET /v2/images/545b9a44-e370-4f8a-a99e-13f2440ff3b2 => generated 818 bytes in 10 msecs (HTTP/1.1 200) 4 headers in 157 bytes (1 switches on core 0)
Aug 21 03:56:18.616720 np0000007877 devstack@g-api.service[99717]: DEBUG glance.api.middleware.version_negotiation [None req-32a441cf-3db9-467f-8f66-0ff61fe14ad5 tempest-VolumeImageDependencyTests-858320190 tempest-VolumeImageDependencyTests-858320190-project-member] Determining version of request: GET /v2/schemas/image Accept: */* {{(pid=99717) process_request /opt/stack/glance/glance/api/middleware/version_negotiation.py:44}}
Aug 21 03:56:18.616956 np0000007877 devstack@g-api.service[99717]: DEBUG glance.api.middleware.version_negotiation [None req-32a441cf-3db9-467f-8f66-0ff61fe14ad5 tempest-VolumeImageDependencyTests-858320190 tempest-VolumeImageDependencyTests-858320190-project-member] Using url versioning {{(pid=99717) process_request /opt/stack/glance/glance/api/middleware/version_negotiation.py:57}}
Aug 21 03:56:18.617154 np0000007877 devstack@g-api.service[99717]: DEBUG glance.api.middleware.version_negotiation [None req-32a441cf-3db9-467f-8f66-0ff61fe14ad5 tempest-VolumeImageDependencyTests-858320190 tempest-VolumeImageDependencyTests-858320190-project-member] Matched version: v2 {{(pid=99717) process_request /opt/stack/glance/glance/api/middleware/version_negotiation.py:69}}
Aug 21 03:56:18.617294 np0000007877 devstack@g-api.service[99717]: DEBUG glance.api.middleware.version_negotiation [None req-32a441cf-3db9-467f-8f66-0ff61fe14ad5 tempest-VolumeImageDependencyTests-858320190 tempest-VolumeImageDependencyTests-858320190-project-member] new path /v2/schemas/image {{(pid=99717) process_request /opt/stack/glance/glance/api/middleware/version_negotiation.py:70}}
Aug 21 03:56:18.619892 np0000007877 devstack@g-api.service[99717]: [pid: 99717|app: 0|req: 112/344] 127.0.0.1 () {44 vars in 1055 bytes} [Fri Aug 21 03:56:18 2026] GET /v2/schemas/image => generated 6083 bytes in 3 msecs (HTTP/1.1 200) 4 headers in 158 bytes (1 switches on core 0)
Aug 21 03:56:18.631782 np0000007877 devstack@g-api.service[99718]: DEBUG glance.api.middleware.version_negotiation [None req-32a441cf-3db9-467f-8f66-0ff61fe14ad5 tempest-VolumeImageDependencyTests-858320190 tempest-VolumeImageDependencyTests-858320190-project-member] Determining version of request: GET /v2/schemas/image Accept: */* {{(pid=99718) process_request /opt/stack/glance/glance/api/middleware/version_negotiation.py:44}}
Aug 21 03:56:18.632012 np0000007877 devstack@g-api.service[99718]: DEBUG glance.api.middleware.version_negotiation [None req-32a441cf-3db9-467f-8f66-0ff61fe14ad5 tempest-VolumeImageDependencyTests-858320190 tempest-VolumeImageDependencyTests-858320190-project-member] Using url versioning {{(pid=99718) process_request /opt/stack/glance/glance/api/middleware/version_negotiation.py:57}}
Aug 21 03:56:18.632258 np0000007877 devstack@g-api.service[99718]: DEBUG glance.api.middleware.version_negotiation [None req-32a441cf-3db9-467f-8f66-0ff61fe14ad5 tempest-VolumeImageDependencyTests-858320190 tempest-VolumeImageDependencyTests-858320190-project-member] Matched version: v2 {{(pid=99718) process_request /opt/stack/glance/glance/api/middleware/version_negotiation.py:69}}
Aug 21 03:56:18.632418 np0000007877 devstack@g-api.service[99718]: DEBUG glance.api.middleware.version_negotiation [None req-32a441cf-3db9-467f-8f66-0ff61fe14ad5 tempest-VolumeImageDependencyTests-858320190 tempest-VolumeImageDependencyTests-858320190-project-member] new path /v2/schemas/image {{(pid=99718) process_request /opt/stack/glance/glance/api/middleware/version_negotiation.py:70}}
Aug 21 03:56:18.635189 np0000007877 devstack@g-api.service[99718]: [pid: 99718|app: 0|req: 117/345] 127.0.0.1 () {44 vars in 1055 bytes} [Fri Aug 21 03:56:18 2026] GET /v2/schemas/image => generated 6083 bytes in 3 msecs (HTTP/1.1 200) 4 headers in 158 bytes (1 switches on core 0)
Aug 21 03:56:18.667006 np0000007877 devstack@g-api.service[99716]: DEBUG glance.api.middleware.version_negotiation [None req-32a441cf-3db9-467f-8f66-0ff61fe14ad5 tempest-VolumeImageDependencyTests-858320190 tempest-VolumeImageDependencyTests-858320190-project-member] Determining version of request: GET /v2/images/545b9a44-e370-4f8a-a99e-13f2440ff3b2 Accept: */* {{(pid=99716) process_request /opt/stack/glance/glance/api/middleware/version_negotiation.py:44}}
Aug 21 03:56:18.667262 np0000007877 devstack@g-api.service[99716]: DEBUG glance.api.middleware.version_negotiation [None req-32a441cf-3db9-467f-8f66-0ff61fe14ad5 tempest-VolumeImageDependencyTests-858320190 tempest-VolumeImageDependencyTests-858320190-project-member] Using url versioning {{(pid=99716) process_request /opt/stack/glance/glance/api/middleware/version_negotiation.py:57}}
Aug 21 03:56:18.667386 np0000007877 devstack@g-api.service[99716]: DEBUG glance.api.middleware.version_negotiation [None req-32a441cf-3db9-467f-8f66-0ff61fe14ad5 tempest-VolumeImageDependencyTests-858320190 tempest-VolumeImageDependencyTests-858320190-project-member] Matched version: v2 {{(pid=99716) process_request /opt/stack/glance/glance/api/middleware/version_negotiation.py:69}}
Aug 21 03:56:18.667522 np0000007877 devstack@g-api.service[99716]: DEBUG glance.api.middleware.version_negotiation [None req-32a441cf-3db9-467f-8f66-0ff61fe14ad5 tempest-VolumeImageDependencyTests-858320190 tempest-VolumeImageDependencyTests-858320190-project-member] new path /v2/images/545b9a44-e370-4f8a-a99e-13f2440ff3b2 {{(pid=99716) process_request /opt/stack/glance/glance/api/middleware/version_negotiation.py:70}}
Aug 21 03:56:18.678554 np0000007877 devstack@g-api.service[99716]: [pid: 99716|app: 0|req: 117/346] 127.0.0.1 () {44 vars in 1115 bytes} [Fri Aug 21 03:56:18 2026] GET /v2/images/545b9a44-e370-4f8a-a99e-13f2440ff3b2 => generated 818 bytes in 11 msecs (HTTP/1.1 200) 4 headers in 157 bytes (1 switches on core 0)
Aug 21 03:56:18.689026 np0000007877 devstack@g-api.service[99717]: DEBUG glance.api.middleware.version_negotiation [None req-32a441cf-3db9-467f-8f66-0ff61fe14ad5 tempest-VolumeImageDependencyTests-858320190 tempest-VolumeImageDependencyTests-858320190-project-member] Determining version of request: GET /v2/schemas/image Accept: */* {{(pid=99717) process_request /opt/stack/glance/glance/api/middleware/version_negotiation.py:44}}
Aug 21 03:56:18.689342 np0000007877 devstack@g-api.service[99717]: DEBUG glance.api.middleware.version_negotiation [None req-32a441cf-3db9-467f-8f66-0ff61fe14ad5 tempest-VolumeImageDependencyTests-858320190 tempest-VolumeImageDependencyTests-858320190-project-member] Using url versioning {{(pid=99717) process_request /opt/stack/glance/glance/api/middleware/version_negotiation.py:57}}
Aug 21 03:56:18.689578 np0000007877 devstack@g-api.service[99717]: DEBUG glance.api.middleware.version_negotiation [None req-32a441cf-3db9-467f-8f66-0ff61fe14ad5 tempest-VolumeImageDependencyTests-858320190 tempest-VolumeImageDependencyTests-858320190-project-member] Matched version: v2 {{(pid=99717) process_request /opt/stack/glance/glance/api/middleware/version_negotiation.py:69}}
Aug 21 03:56:18.689761 np0000007877 devstack@g-api.service[99717]: DEBUG glance.api.middleware.version_negotiation [None req-32a441cf-3db9-467f-8f66-0ff61fe14ad5 tempest-VolumeImageDependencyTests-858320190 tempest-VolumeImageDependencyTests-858320190-project-member] new path /v2/schemas/image {{(pid=99717) process_request /opt/stack/glance/glance/api/middleware/version_negotiation.py:70}}
Aug 21 03:56:18.692475 np0000007877 devstack@g-api.service[99717]: [pid: 99717|app: 0|req: 113/347] 127.0.0.1 () {44 vars in 1055 bytes} [Fri Aug 21 03:56:18 2026] GET /v2/schemas/image => generated 6083 bytes in 3 msecs (HTTP/1.1 200) 4 headers in 158 bytes (1 switches on core 0)
Aug 21 03:56:19.248469 np0000007877 devstack@g-api.service[99718]: DEBUG glance.api.middleware.version_negotiation [None req-32a441cf-3db9-467f-8f66-0ff61fe14ad5 tempest-VolumeImageDependencyTests-858320190 tempest-VolumeImageDependencyTests-858320190-project-member] Determining version of request: DELETE /v2/images/957019b4-8c8d-4a58-b11e-1b6d8b2d55b2 Accept: */* {{(pid=99718) process_request /opt/stack/glance/glance/api/middleware/version_negotiation.py:44}}
Aug 21 03:56:19.248878 np0000007877 devstack@g-api.service[99718]: DEBUG glance.api.middleware.version_negotiation [None req-32a441cf-3db9-467f-8f66-0ff61fe14ad5 tempest-VolumeImageDependencyTests-858320190 tempest-VolumeImageDependencyTests-858320190-project-member] Using url versioning {{(pid=99718) process_request /opt/stack/glance/glance/api/middleware/version_negotiation.py:57}}
Aug 21 03:56:19.248878 np0000007877 devstack@g-api.service[99718]: DEBUG glance.api.middleware.version_negotiation [None req-32a441cf-3db9-467f-8f66-0ff61fe14ad5 tempest-VolumeImageDependencyTests-858320190 tempest-VolumeImageDependencyTests-858320190-project-member] Matched version: v2 {{(pid=99718) process_request /opt/stack/glance/glance/api/middleware/version_negotiation.py:69}}
Aug 21 03:56:19.249043 np0000007877 devstack@g-api.service[99718]: DEBUG glance.api.middleware.version_negotiation [None req-32a441cf-3db9-467f-8f66-0ff61fe14ad5 tempest-VolumeImageDependencyTests-858320190 tempest-VolumeImageDependencyTests-858320190-project-member] new path /v2/images/957019b4-8c8d-4a58-b11e-1b6d8b2d55b2 {{(pid=99718) process_request /opt/stack/glance/glance/api/middleware/version_negotiation.py:70}}
Aug 21 03:56:19.270319 np0000007877 devstack@g-api.service[99718]: WARNING glance.api.v2.images [None req-cd4347e0-b436-4298-b28c-f1ad09d67f56 tempest-ServerStableDeviceRescueTest-2009624324 tempest-ServerStableDeviceRescueTest-2009624324-project-member] After upload to backend, deletion of staged image data has failed because it cannot be found at /tmp/staging//957019b4-8c8d-4a58-b11e-1b6d8b2d55b2
Aug 21 03:56:19.270587 np0000007877 devstack@g-api.service[99718]: DEBUG glance_store.backend [None req-cd4347e0-b436-4298-b28c-f1ad09d67f56 tempest-ServerStableDeviceRescueTest-2009624324 tempest-ServerStableDeviceRescueTest-2009624324-project-member] Attempting to import store swift {{(pid=99718) _load_store /opt/stack/data/venv/lib/python3.12/site-packages/glance_store/backend.py:215}}
Aug 21 03:56:19.272235 np0000007877 devstack@g-api.service[99718]: DEBUG glance_store.capabilities [None req-cd4347e0-b436-4298-b28c-f1ad09d67f56 tempest-ServerStableDeviceRescueTest-2009624324 tempest-ServerStableDeviceRescueTest-2009624324-project-member] Store glance_store._drivers.swift.store.SingleTenantStore doesn't support updating dynamic storage capabilities. Please overwrite 'update_capabilities' method of the store to implement updating logics if needed. {{(pid=99718) update_capabilities /opt/stack/data/venv/lib/python3.12/site-packages/glance_store/capabilities.py:91}}
Aug 21 03:56:19.272386 np0000007877 devstack@g-api.service[99718]: DEBUG glance_store.driver [None req-cd4347e0-b436-4298-b28c-f1ad09d67f56 tempest-ServerStableDeviceRescueTest-2009624324 tempest-ServerStableDeviceRescueTest-2009624324-project-member] Late loading location class glance_store._drivers.swift.store.StoreLocation {{(pid=99718) get_store_location_class /opt/stack/data/venv/lib/python3.12/site-packages/glance_store/driver.py:134}}
Aug 21 03:56:19.272528 np0000007877 devstack@g-api.service[99718]: DEBUG glance_store.location [None req-cd4347e0-b436-4298-b28c-f1ad09d67f56 tempest-ServerStableDeviceRescueTest-2009624324 tempest-ServerStableDeviceRescueTest-2009624324-project-member] Registering scheme swift+https with {'store': , 'location_class': , 'store_entry': 'swift'} {{(pid=99718) register_scheme_map /opt/stack/data/venv/lib/python3.12/site-packages/glance_store/location.py:146}}
Aug 21 03:56:19.274039 np0000007877 devstack@g-api.service[99718]: DEBUG glance_store.location [None req-cd4347e0-b436-4298-b28c-f1ad09d67f56 tempest-ServerStableDeviceRescueTest-2009624324 tempest-ServerStableDeviceRescueTest-2009624324-project-member] Registering scheme swift+https with {'store': , 'location_class': , 'store_entry': 'swift'} {{(pid=99718) register_scheme_map /opt/stack/data/venv/lib/python3.12/site-packages/glance_store/location.py:146}}
Aug 21 03:56:19.274039 np0000007877 devstack@g-api.service[99718]: DEBUG glance_store.location [None req-cd4347e0-b436-4298-b28c-f1ad09d67f56 tempest-ServerStableDeviceRescueTest-2009624324 tempest-ServerStableDeviceRescueTest-2009624324-project-member] Registering scheme swift with {'store': , 'location_class': , 'store_entry': 'swift'} {{(pid=99718) register_scheme_map /opt/stack/data/venv/lib/python3.12/site-packages/glance_store/location.py:146}}
Aug 21 03:56:19.274039 np0000007877 devstack@g-api.service[99718]: DEBUG glance_store.location [None req-cd4347e0-b436-4298-b28c-f1ad09d67f56 tempest-ServerStableDeviceRescueTest-2009624324 tempest-ServerStableDeviceRescueTest-2009624324-project-member] Registering scheme swift+https with {'store': , 'location_class': , 'store_entry': 'swift'} {{(pid=99718) register_scheme_map /opt/stack/data/venv/lib/python3.12/site-packages/glance_store/location.py:146}}
Aug 21 03:56:19.274039 np0000007877 devstack@g-api.service[99718]: DEBUG glance_store.location [None req-cd4347e0-b436-4298-b28c-f1ad09d67f56 tempest-ServerStableDeviceRescueTest-2009624324 tempest-ServerStableDeviceRescueTest-2009624324-project-member] Registering scheme swift with {'store': , 'location_class': , 'store_entry': 'swift'} {{(pid=99718) register_scheme_map /opt/stack/data/venv/lib/python3.12/site-packages/glance_store/location.py:146}}
Aug 21 03:56:19.274039 np0000007877 devstack@g-api.service[99718]: DEBUG glance_store.location [None req-cd4347e0-b436-4298-b28c-f1ad09d67f56 tempest-ServerStableDeviceRescueTest-2009624324 tempest-ServerStableDeviceRescueTest-2009624324-project-member] Registering scheme swift+http with {'store': , 'location_class': , 'store_entry': 'swift'} {{(pid=99718) register_scheme_map /opt/stack/data/venv/lib/python3.12/site-packages/glance_store/location.py:146}}
Aug 21 03:56:19.274039 np0000007877 devstack@g-api.service[99718]: DEBUG glance_store.location [None req-cd4347e0-b436-4298-b28c-f1ad09d67f56 tempest-ServerStableDeviceRescueTest-2009624324 tempest-ServerStableDeviceRescueTest-2009624324-project-member] Registering scheme swift+https with {'store': , 'location_class': , 'store_entry': 'swift'} {{(pid=99718) register_scheme_map /opt/stack/data/venv/lib/python3.12/site-packages/glance_store/location.py:146}}
Aug 21 03:56:19.274039 np0000007877 devstack@g-api.service[99718]: DEBUG glance_store.location [None req-cd4347e0-b436-4298-b28c-f1ad09d67f56 tempest-ServerStableDeviceRescueTest-2009624324 tempest-ServerStableDeviceRescueTest-2009624324-project-member] Registering scheme swift with {'store': , 'location_class': , 'store_entry': 'swift'} {{(pid=99718) register_scheme_map /opt/stack/data/venv/lib/python3.12/site-packages/glance_store/location.py:146}}
Aug 21 03:56:19.274039 np0000007877 devstack@g-api.service[99718]: DEBUG glance_store.location [None req-cd4347e0-b436-4298-b28c-f1ad09d67f56 tempest-ServerStableDeviceRescueTest-2009624324 tempest-ServerStableDeviceRescueTest-2009624324-project-member] Registering scheme swift+http with {'store': , 'location_class': , 'store_entry': 'swift'} {{(pid=99718) register_scheme_map /opt/stack/data/venv/lib/python3.12/site-packages/glance_store/location.py:146}}
Aug 21 03:56:19.274039 np0000007877 devstack@g-api.service[99718]: DEBUG glance_store.location [None req-cd4347e0-b436-4298-b28c-f1ad09d67f56 tempest-ServerStableDeviceRescueTest-2009624324 tempest-ServerStableDeviceRescueTest-2009624324-project-member] Registering scheme swift+config with {'store': , 'location_class': , 'store_entry': 'swift'} {{(pid=99718) register_scheme_map /opt/stack/data/venv/lib/python3.12/site-packages/glance_store/location.py:146}}
Aug 21 03:56:19.275151 np0000007877 devstack@g-api.service[99718]: DEBUG keystoneclient.auth.identity.v3.base [None req-cd4347e0-b436-4298-b28c-f1ad09d67f56 tempest-ServerStableDeviceRescueTest-2009624324 tempest-ServerStableDeviceRescueTest-2009624324-project-member] Making authentication request to https://10.4.3.157/identity/v3/auth/tokens {{(pid=99718) get_auth_ref /opt/stack/data/venv/lib/python3.12/site-packages/keystoneclient/auth/identity/v3/base.py:185}}
Aug 21 03:56:19.298016 np0000007877 devstack@g-api.service[99716]: DEBUG glance.api.middleware.version_negotiation [None req-32a441cf-3db9-467f-8f66-0ff61fe14ad5 tempest-VolumeImageDependencyTests-858320190 tempest-VolumeImageDependencyTests-858320190-project-member] Determining version of request: GET /versions Accept: */* {{(pid=99716) process_request /opt/stack/glance/glance/api/middleware/version_negotiation.py:44}}
Aug 21 03:56:19.299467 np0000007877 devstack@g-api.service[99716]: [pid: 99716|app: 0|req: 118/348] 127.0.0.1 () {44 vars in 1039 bytes} [Fri Aug 21 03:56:19 2026] GET /versions => generated 1515 bytes in 1 msecs (HTTP/1.1 200) 3 headers in 92 bytes (1 switches on core 0)
Aug 21 03:56:19.311283 np0000007877 devstack@g-api.service[99717]: DEBUG glance.api.middleware.version_negotiation [None req-32a441cf-3db9-467f-8f66-0ff61fe14ad5 tempest-VolumeImageDependencyTests-858320190 tempest-VolumeImageDependencyTests-858320190-project-member] Determining version of request: GET /v2/images/545b9a44-e370-4f8a-a99e-13f2440ff3b2/locations Accept: */* {{(pid=99717) process_request /opt/stack/glance/glance/api/middleware/version_negotiation.py:44}}
Aug 21 03:56:19.311546 np0000007877 devstack@g-api.service[99717]: DEBUG glance.api.middleware.version_negotiation [None req-32a441cf-3db9-467f-8f66-0ff61fe14ad5 tempest-VolumeImageDependencyTests-858320190 tempest-VolumeImageDependencyTests-858320190-project-member] Using url versioning {{(pid=99717) process_request /opt/stack/glance/glance/api/middleware/version_negotiation.py:57}}
Aug 21 03:56:19.311791 np0000007877 devstack@g-api.service[99717]: DEBUG glance.api.middleware.version_negotiation [None req-32a441cf-3db9-467f-8f66-0ff61fe14ad5 tempest-VolumeImageDependencyTests-858320190 tempest-VolumeImageDependencyTests-858320190-project-member] Matched version: v2 {{(pid=99717) process_request /opt/stack/glance/glance/api/middleware/version_negotiation.py:69}}
Aug 21 03:56:19.311940 np0000007877 devstack@g-api.service[99717]: DEBUG glance.api.middleware.version_negotiation [None req-32a441cf-3db9-467f-8f66-0ff61fe14ad5 tempest-VolumeImageDependencyTests-858320190 tempest-VolumeImageDependencyTests-858320190-project-member] new path /v2/images/545b9a44-e370-4f8a-a99e-13f2440ff3b2/locations {{(pid=99717) process_request /opt/stack/glance/glance/api/middleware/version_negotiation.py:70}}
Aug 21 03:56:19.317711 np0000007877 devstack@g-api.service[99718]: DEBUG keystoneclient.auth.identity.v3.base [None req-cd4347e0-b436-4298-b28c-f1ad09d67f56 tempest-ServerStableDeviceRescueTest-2009624324 tempest-ServerStableDeviceRescueTest-2009624324-project-member] {"token": {"methods": ["password"], "user": {"domain": {"id": "default", "name": "Default"}, "id": "ae383bf02404498291f6028edad5ea3c", "name": "glance-swift", "password_expires_at": null}, "audit_ids": ["tEhjGuOQSveiroNArVhUdA"], "expires_at": "2026-08-21T04:56:19.000000Z", "issued_at": "2026-08-21T03:56:19.000000Z", "project": {"domain": {"id": "default", "name": "Default"}, "id": "1e2f7785b3d04a0586a01b79ed399984", "name": "service"}, "is_domain": false, "roles": [{"id": "be0a89d6c4db414bb26d96dc9e80eba4", "name": "service"}, {"id": "ec812c6d9e9f4f97b38bd5367c4b037d", "name": "ResellerAdmin"}], "catalog": [{"endpoints": [{"id": "3365f41eb57c4902a1dbaadf10dd0fef", "interface": "public", "region_id": "RegionOne", "url": "https://10.4.3.157/compute/v2.1", "region": "RegionOne"}], "id": "4000a284127840a5bb703da90f086a70", "type": "compute", "name": "nova"}, {"endpoints": [{"id": "659e56f6cb1a4fe7acbe0f887b0b0229", "interface": "public", "region_id": "RegionOne", "url": "https://10.4.3.157:8080/v1/AUTH_1e2f7785b3d04a0586a01b79ed399984", "region": "RegionOne"}, {"id": "bdf9867111124f58b1d40132a61367c1", "interface": "admin", "region_id": "RegionOne", "url": "https://10.4.3.157:8080", "region": "RegionOne"}], "id": "908d076782ba494aa35a07361d6eb4bb", "type": "object-store", "name": "swift"}, {"endpoints": [{"id": "437f07f6f10544edb2b27db043ae21d5", "interface": "public", "region_id": "RegionOne", "url": "https://10.4.3.157/placement", "region": "RegionOne"}], "id": "a1e4c4a4906b4244a5aa387dec1988ec", "type": "placement", "name": "placement"}, {"endpoints": [{"id": "b637228de0da46c78a1c29f229005230", "interface": "public", "region_id": "RegionOne", "url": "https://10.4.3.157/identity", "region": "RegionOne"}], "id": "ab306b77158f4441933a76a5df03fad3", "type": "identity", "name": "keystone"}, {"endpoints": [{"id": "af898ccdcd8c49b1af00dd3e012f9d20", "interface": "public", "region_id": "RegionOne", "url": "https://10.4.3.157/volume/v3", "region": "RegionOne"}], "id": "bc069a422c324105aac60ff99c6c6597", "type": "block-storage", "name": "cinder"}, {"endpoints": [{"id": "bcf8652036d04d4dbe687a2896f9d2a8", "interface": "public", "region_id": "RegionOne", "url": "https://10.4.3.157/compute/v2/1e2f7785b3d04a0586a01b79ed399984", "region": "RegionOne"}], "id": "c2b598fd04b74aefbde219ac569ce0d9", "type": "compute_legacy", "name": "nova_legacy"}, {"endpoints": [{"id": "8989883961a9454b8bfb230d9807f344", "interface": "public", "region_id": "RegionOne", "url": "https://10.4.3.157/networking", "region": "RegionOne"}], "id": "fb01e8615f244b8f92665431c16da20f", "type": "network", "name": "neutron"}, {"endpoints": [{"id": "1f9d6f1dd4d44f7b99d62749586a74a1", "interface": "public", "region_id": "RegionOne", "url": "https://10.4.3.157/image", "region": "RegionOne"}], "id": "fd2097bd0f7f466c92771420d6280b94", "type": "image", "name": "glance"}]}} {{(pid=99718) get_auth_ref /opt/stack/data/venv/lib/python3.12/site-packages/keystoneclient/auth/identity/v3/base.py:190}}
Aug 21 03:56:19.318204 np0000007877 devstack@g-api.service[99718]: DEBUG keystoneclient.httpclient [None req-cd4347e0-b436-4298-b28c-f1ad09d67f56 tempest-ServerStableDeviceRescueTest-2009624324 tempest-ServerStableDeviceRescueTest-2009624324-project-member] Failed to find endpoint for management url admin endpoint for identity service not found {{(pid=99718) _process_management_url /opt/stack/data/venv/lib/python3.12/site-packages/keystoneclient/httpclient.py:670}}
Aug 21 03:56:19.368583 np0000007877 devstack@g-api.service[99717]: [pid: 99717|app: 0|req: 114/349] 127.0.0.1 () {44 vars in 1135 bytes} [Fri Aug 21 03:56:19 2026] GET /v2/images/545b9a44-e370-4f8a-a99e-13f2440ff3b2/locations => generated 92 bytes in 56 msecs (HTTP/1.1 200) 4 headers in 156 bytes (1 switches on core 0)
Aug 21 03:56:19.377527 np0000007877 devstack@g-api.service[99716]: DEBUG glance.api.middleware.version_negotiation [None req-32a441cf-3db9-467f-8f66-0ff61fe14ad5 tempest-VolumeImageDependencyTests-858320190 tempest-VolumeImageDependencyTests-858320190-project-member] Determining version of request: GET /v2/images/545b9a44-e370-4f8a-a99e-13f2440ff3b2 Accept: */* {{(pid=99716) process_request /opt/stack/glance/glance/api/middleware/version_negotiation.py:44}}
Aug 21 03:56:19.377694 np0000007877 devstack@g-api.service[99716]: DEBUG glance.api.middleware.version_negotiation [None req-32a441cf-3db9-467f-8f66-0ff61fe14ad5 tempest-VolumeImageDependencyTests-858320190 tempest-VolumeImageDependencyTests-858320190-project-member] Using url versioning {{(pid=99716) process_request /opt/stack/glance/glance/api/middleware/version_negotiation.py:57}}
Aug 21 03:56:19.377814 np0000007877 devstack@g-api.service[99716]: DEBUG glance.api.middleware.version_negotiation [None req-32a441cf-3db9-467f-8f66-0ff61fe14ad5 tempest-VolumeImageDependencyTests-858320190 tempest-VolumeImageDependencyTests-858320190-project-member] Matched version: v2 {{(pid=99716) process_request /opt/stack/glance/glance/api/middleware/version_negotiation.py:69}}
Aug 21 03:56:19.377943 np0000007877 devstack@g-api.service[99716]: DEBUG glance.api.middleware.version_negotiation [None req-32a441cf-3db9-467f-8f66-0ff61fe14ad5 tempest-VolumeImageDependencyTests-858320190 tempest-VolumeImageDependencyTests-858320190-project-member] new path /v2/images/545b9a44-e370-4f8a-a99e-13f2440ff3b2 {{(pid=99716) process_request /opt/stack/glance/glance/api/middleware/version_negotiation.py:70}}
Aug 21 03:56:19.395486 np0000007877 devstack@g-api.service[99716]: [pid: 99716|app: 0|req: 119/350] 127.0.0.1 () {44 vars in 1115 bytes} [Fri Aug 21 03:56:19 2026] GET /v2/images/545b9a44-e370-4f8a-a99e-13f2440ff3b2 => generated 818 bytes in 17 msecs (HTTP/1.1 200) 4 headers in 157 bytes (1 switches on core 0)
Aug 21 03:56:19.397139 np0000007877 devstack@g-api.service[99718]: DEBUG swiftclient [None req-cd4347e0-b436-4298-b28c-f1ad09d67f56 tempest-ServerStableDeviceRescueTest-2009624324 tempest-ServerStableDeviceRescueTest-2009624324-project-member] REQ: curl -i https://10.4.3.157:8080/v1/AUTH_1e2f7785b3d04a0586a01b79ed399984/glance/957019b4-8c8d-4a58-b11e-1b6d8b2d55b2 -I -H "X-Auth-Token: gAAAAABqh8xjBggI..." {{(pid=99718) http_log /opt/stack/data/venv/lib/python3.12/site-packages/swiftclient/client.py:160}}
Aug 21 03:56:19.397990 np0000007877 devstack@g-api.service[99718]: DEBUG swiftclient [None req-cd4347e0-b436-4298-b28c-f1ad09d67f56 tempest-ServerStableDeviceRescueTest-2009624324 tempest-ServerStableDeviceRescueTest-2009624324-project-member] RESP STATUS: 200 OK {{(pid=99718) http_log /opt/stack/data/venv/lib/python3.12/site-packages/swiftclient/client.py:161}}
Aug 21 03:56:19.397990 np0000007877 devstack@g-api.service[99718]: DEBUG swiftclient [None req-cd4347e0-b436-4298-b28c-f1ad09d67f56 tempest-ServerStableDeviceRescueTest-2009624324 tempest-ServerStableDeviceRescueTest-2009624324-project-member] RESP HEADERS: {'Date': 'Fri, 21 Aug 2026 03:56:19 GMT', 'Server': 'Apache/2.4.58 (Ubuntu)', 'Content-Type': 'application/octet-stream', 'Content-Length': '53936128', 'X-Object-Manifest': 'glance/957019b4-8c8d-4a58-b11e-1b6d8b2d55b2-', 'Last-Modified': 'Fri, 21 Aug 2026 03:55:31 GMT', 'X-Timestamp': '1787284530.17382', 'Accept-Ranges': 'bytes', 'Etag': '"bad89ea267e53484880dda70f21dffcb"', 'X-Trans-Id': 'tx330ef8a606bd46f9b9008-006a87cc63', 'X-Openstack-Request-Id': 'tx330ef8a606bd46f9b9008-006a87cc63', 'Connection': 'close'} {{(pid=99718) http_log /opt/stack/data/venv/lib/python3.12/site-packages/swiftclient/client.py:162}}
Aug 21 03:56:19.403488 np0000007877 devstack@g-api.service[99717]: DEBUG glance.api.middleware.version_negotiation [None req-32a441cf-3db9-467f-8f66-0ff61fe14ad5 service glance] Determining version of request: GET /v2/schemas/image Accept: */* {{(pid=99717) process_request /opt/stack/glance/glance/api/middleware/version_negotiation.py:44}}
Aug 21 03:56:19.403684 np0000007877 devstack@g-api.service[99717]: DEBUG glance.api.middleware.version_negotiation [None req-32a441cf-3db9-467f-8f66-0ff61fe14ad5 service glance] Using url versioning {{(pid=99717) process_request /opt/stack/glance/glance/api/middleware/version_negotiation.py:57}}
Aug 21 03:56:19.403881 np0000007877 devstack@g-api.service[99717]: DEBUG glance.api.middleware.version_negotiation [None req-32a441cf-3db9-467f-8f66-0ff61fe14ad5 service glance] Matched version: v2 {{(pid=99717) process_request /opt/stack/glance/glance/api/middleware/version_negotiation.py:69}}
Aug 21 03:56:19.403970 np0000007877 devstack@g-api.service[99717]: DEBUG glance.api.middleware.version_negotiation [None req-32a441cf-3db9-467f-8f66-0ff61fe14ad5 service glance] new path /v2/schemas/image {{(pid=99717) process_request /opt/stack/glance/glance/api/middleware/version_negotiation.py:70}}
Aug 21 03:56:19.406699 np0000007877 devstack@g-api.service[99717]: [pid: 99717|app: 0|req: 115/351] 127.0.0.1 () {44 vars in 1055 bytes} [Fri Aug 21 03:56:19 2026] GET /v2/schemas/image => generated 6083 bytes in 3 msecs (HTTP/1.1 200) 4 headers in 158 bytes (1 switches on core 0)
Aug 21 03:56:19.419063 np0000007877 devstack@g-api.service[99716]: DEBUG glance.api.middleware.version_negotiation [None req-32a441cf-3db9-467f-8f66-0ff61fe14ad5 tempest-VolumeImageDependencyTests-858320190 tempest-VolumeImageDependencyTests-858320190-project-member] Determining version of request: GET /v2/schemas/image Accept: */* {{(pid=99716) process_request /opt/stack/glance/glance/api/middleware/version_negotiation.py:44}}
Aug 21 03:56:19.419328 np0000007877 devstack@g-api.service[99716]: DEBUG glance.api.middleware.version_negotiation [None req-32a441cf-3db9-467f-8f66-0ff61fe14ad5 tempest-VolumeImageDependencyTests-858320190 tempest-VolumeImageDependencyTests-858320190-project-member] Using url versioning {{(pid=99716) process_request /opt/stack/glance/glance/api/middleware/version_negotiation.py:57}}
Aug 21 03:56:19.419592 np0000007877 devstack@g-api.service[99716]: DEBUG glance.api.middleware.version_negotiation [None req-32a441cf-3db9-467f-8f66-0ff61fe14ad5 tempest-VolumeImageDependencyTests-858320190 tempest-VolumeImageDependencyTests-858320190-project-member] Matched version: v2 {{(pid=99716) process_request /opt/stack/glance/glance/api/middleware/version_negotiation.py:69}}
Aug 21 03:56:19.420243 np0000007877 devstack@g-api.service[99716]: DEBUG glance.api.middleware.version_negotiation [None req-32a441cf-3db9-467f-8f66-0ff61fe14ad5 tempest-VolumeImageDependencyTests-858320190 tempest-VolumeImageDependencyTests-858320190-project-member] new path /v2/schemas/image {{(pid=99716) process_request /opt/stack/glance/glance/api/middleware/version_negotiation.py:70}}
