Aug 21 03:49:25.704095 np0000007877 nova-scheduler[93415]: DEBUG cotyledon.oslo_config_glue [-] oslo_messaging_rabbit.rabbit_quorum_max_memory_length = 0 {{(pid=93415) log_opt_values /opt/stack/data/venv/lib/python3.12/site-packages/oslo_config/cfg.py:3560}}
Aug 21 03:49:25.704095 np0000007877 nova-scheduler[93415]: DEBUG cotyledon.oslo_config_glue [-] oslo_messaging_rabbit.rabbit_quorum_queue = False {{(pid=93415) log_opt_values /opt/stack/data/venv/lib/python3.12/site-packages/oslo_config/cfg.py:3560}}
Aug 21 03:49:25.704095 np0000007877 nova-scheduler[93415]: DEBUG cotyledon.oslo_config_glue [-] oslo_messaging_rabbit.rabbit_retry_backoff = 2 {{(pid=93415) log_opt_values /opt/stack/data/venv/lib/python3.12/site-packages/oslo_config/cfg.py:3560}}
Aug 21 03:49:25.704095 np0000007877 nova-scheduler[93415]: DEBUG cotyledon.oslo_config_glue [-] oslo_messaging_rabbit.rabbit_retry_interval = 1 {{(pid=93415) log_opt_values /opt/stack/data/venv/lib/python3.12/site-packages/oslo_config/cfg.py:3560}}
Aug 21 03:49:25.704095 np0000007877 nova-scheduler[93415]: DEBUG cotyledon.oslo_config_glue [-] oslo_messaging_rabbit.rabbit_stream_fanout = False {{(pid=93415) log_opt_values /opt/stack/data/venv/lib/python3.12/site-packages/oslo_config/cfg.py:3560}}
Aug 21 03:49:25.704307 np0000007877 nova-scheduler[93415]: DEBUG cotyledon.oslo_config_glue [-] oslo_messaging_rabbit.rabbit_transient_queues_ttl = 1800 {{(pid=93415) log_opt_values /opt/stack/data/venv/lib/python3.12/site-packages/oslo_config/cfg.py:3560}}
Aug 21 03:49:25.704307 np0000007877 nova-scheduler[93415]: DEBUG cotyledon.oslo_config_glue [-] oslo_messaging_rabbit.rabbit_transient_quorum_queue = False {{(pid=93415) log_opt_values /opt/stack/data/venv/lib/python3.12/site-packages/oslo_config/cfg.py:3560}}
Aug 21 03:49:25.704307 np0000007877 nova-scheduler[93415]: DEBUG cotyledon.oslo_config_glue [-] oslo_messaging_rabbit.rpc_conn_pool_size = 30 {{(pid=93415) log_opt_values /opt/stack/data/venv/lib/python3.12/site-packages/oslo_config/cfg.py:3560}}
Aug 21 03:49:25.704307 np0000007877 nova-scheduler[93415]: DEBUG cotyledon.oslo_config_glue [-] oslo_messaging_rabbit.ssl = False {{(pid=93415) log_opt_values /opt/stack/data/venv/lib/python3.12/site-packages/oslo_config/cfg.py:3560}}
Aug 21 03:49:25.704307 np0000007877 nova-scheduler[93415]: DEBUG cotyledon.oslo_config_glue [-] oslo_messaging_rabbit.ssl_ca_file = {{(pid=93415) log_opt_values /opt/stack/data/venv/lib/python3.12/site-packages/oslo_config/cfg.py:3560}}
Aug 21 03:49:25.704307 np0000007877 nova-scheduler[93415]: DEBUG cotyledon.oslo_config_glue [-] oslo_messaging_rabbit.ssl_cert_file = {{(pid=93415) log_opt_values /opt/stack/data/venv/lib/python3.12/site-packages/oslo_config/cfg.py:3560}}
Aug 21 03:49:25.704307 np0000007877 nova-scheduler[93415]: DEBUG cotyledon.oslo_config_glue [-] oslo_messaging_rabbit.ssl_enforce_fips_mode = False {{(pid=93415) log_opt_values /opt/stack/data/venv/lib/python3.12/site-packages/oslo_config/cfg.py:3560}}
Aug 21 03:49:25.704307 np0000007877 nova-scheduler[93415]: DEBUG cotyledon.oslo_config_glue [-] oslo_messaging_rabbit.ssl_enforce_hostname_verification = True {{(pid=93415) log_opt_values /opt/stack/data/venv/lib/python3.12/site-packages/oslo_config/cfg.py:3560}}
Aug 21 03:49:25.704307 np0000007877 nova-scheduler[93415]: DEBUG cotyledon.oslo_config_glue [-] oslo_messaging_rabbit.ssl_key_file = {{(pid=93415) log_opt_values /opt/stack/data/venv/lib/python3.12/site-packages/oslo_config/cfg.py:3560}}
Aug 21 03:49:25.704561 np0000007877 nova-scheduler[93415]: DEBUG cotyledon.oslo_config_glue [-] oslo_messaging_rabbit.ssl_version = {{(pid=93415) log_opt_values /opt/stack/data/venv/lib/python3.12/site-packages/oslo_config/cfg.py:3560}}
Aug 21 03:49:25.704561 np0000007877 nova-scheduler[93415]: DEBUG cotyledon.oslo_config_glue [-] oslo_messaging_rabbit.use_queue_manager = False {{(pid=93415) log_opt_values /opt/stack/data/venv/lib/python3.12/site-packages/oslo_config/cfg.py:3560}}
Aug 21 03:49:25.704561 np0000007877 nova-scheduler[93415]: DEBUG cotyledon.oslo_config_glue [-] oslo_messaging_notifications.driver = ['messagingv2'] {{(pid=93415) log_opt_values /opt/stack/data/venv/lib/python3.12/site-packages/oslo_config/cfg.py:3560}}
Aug 21 03:49:25.704561 np0000007877 nova-scheduler[93415]: DEBUG cotyledon.oslo_config_glue [-] oslo_messaging_notifications.retry = -1 {{(pid=93415) log_opt_values /opt/stack/data/venv/lib/python3.12/site-packages/oslo_config/cfg.py:3560}}
Aug 21 03:49:25.704561 np0000007877 nova-scheduler[93415]: DEBUG cotyledon.oslo_config_glue [-] oslo_messaging_notifications.topics = ['notifications'] {{(pid=93415) log_opt_values /opt/stack/data/venv/lib/python3.12/site-packages/oslo_config/cfg.py:3560}}
Aug 21 03:49:25.704561 np0000007877 nova-scheduler[93415]: DEBUG cotyledon.oslo_config_glue [-] oslo_messaging_notifications.transport_url = **** {{(pid=93415) log_opt_values /opt/stack/data/venv/lib/python3.12/site-packages/oslo_config/cfg.py:3560}}
Aug 21 03:49:25.704561 np0000007877 nova-scheduler[93415]: DEBUG cotyledon.oslo_config_glue [-] oslo_limit.auth_section = None {{(pid=93415) log_opt_values /opt/stack/data/venv/lib/python3.12/site-packages/oslo_config/cfg.py:3560}}
Aug 21 03:49:25.704561 np0000007877 nova-scheduler[93415]: DEBUG cotyledon.oslo_config_glue [-] oslo_limit.auth_type = None {{(pid=93415) log_opt_values /opt/stack/data/venv/lib/python3.12/site-packages/oslo_config/cfg.py:3560}}
Aug 21 03:49:25.704561 np0000007877 nova-scheduler[93415]: DEBUG cotyledon.oslo_config_glue [-] oslo_limit.cafile = None {{(pid=93415) log_opt_values /opt/stack/data/venv/lib/python3.12/site-packages/oslo_config/cfg.py:3560}}
Aug 21 03:49:25.704922 np0000007877 nova-scheduler[93415]: DEBUG cotyledon.oslo_config_glue [-] oslo_limit.certfile = None {{(pid=93415) log_opt_values /opt/stack/data/venv/lib/python3.12/site-packages/oslo_config/cfg.py:3560}}
Aug 21 03:49:25.704922 np0000007877 nova-scheduler[93415]: DEBUG cotyledon.oslo_config_glue [-] oslo_limit.collect_timing = False {{(pid=93415) log_opt_values /opt/stack/data/venv/lib/python3.12/site-packages/oslo_config/cfg.py:3560}}
Aug 21 03:49:25.704922 np0000007877 nova-scheduler[93415]: DEBUG cotyledon.oslo_config_glue [-] oslo_limit.connect_retries = None {{(pid=93415) log_opt_values /opt/stack/data/venv/lib/python3.12/site-packages/oslo_config/cfg.py:3560}}
Aug 21 03:49:25.704922 np0000007877 nova-scheduler[93415]: DEBUG cotyledon.oslo_config_glue [-] oslo_limit.connect_retry_delay = None {{(pid=93415) log_opt_values /opt/stack/data/venv/lib/python3.12/site-packages/oslo_config/cfg.py:3560}}
Aug 21 03:49:25.704922 np0000007877 nova-scheduler[93415]: DEBUG cotyledon.oslo_config_glue [-] oslo_limit.endpoint_id = None {{(pid=93415) log_opt_values /opt/stack/data/venv/lib/python3.12/site-packages/oslo_config/cfg.py:3560}}
Aug 21 03:49:25.704922 np0000007877 nova-scheduler[93415]: DEBUG cotyledon.oslo_config_glue [-] oslo_limit.endpoint_interface = public {{(pid=93415) log_opt_values /opt/stack/data/venv/lib/python3.12/site-packages/oslo_config/cfg.py:3560}}
Aug 21 03:49:25.704922 np0000007877 nova-scheduler[93415]: DEBUG cotyledon.oslo_config_glue [-] oslo_limit.endpoint_override = None {{(pid=93415) log_opt_values /opt/stack/data/venv/lib/python3.12/site-packages/oslo_config/cfg.py:3560}}
Aug 21 03:49:25.704922 np0000007877 nova-scheduler[93415]: DEBUG cotyledon.oslo_config_glue [-] oslo_limit.endpoint_region_name = None {{(pid=93415) log_opt_values /opt/stack/data/venv/lib/python3.12/site-packages/oslo_config/cfg.py:3560}}
Aug 21 03:49:25.704922 np0000007877 nova-scheduler[93415]: DEBUG cotyledon.oslo_config_glue [-] oslo_limit.endpoint_service_name = None {{(pid=93415) log_opt_values /opt/stack/data/venv/lib/python3.12/site-packages/oslo_config/cfg.py:3560}}
Aug 21 03:49:25.705223 np0000007877 nova-scheduler[93415]: DEBUG cotyledon.oslo_config_glue [-] oslo_limit.endpoint_service_type = None {{(pid=93415) log_opt_values /opt/stack/data/venv/lib/python3.12/site-packages/oslo_config/cfg.py:3560}}
Aug 21 03:49:25.705223 np0000007877 nova-scheduler[93415]: DEBUG cotyledon.oslo_config_glue [-] oslo_limit.insecure = False {{(pid=93415) log_opt_values /opt/stack/data/venv/lib/python3.12/site-packages/oslo_config/cfg.py:3560}}
Aug 21 03:49:25.705223 np0000007877 nova-scheduler[93415]: DEBUG cotyledon.oslo_config_glue [-] oslo_limit.keyfile = None {{(pid=93415) log_opt_values /opt/stack/data/venv/lib/python3.12/site-packages/oslo_config/cfg.py:3560}}
Aug 21 03:49:25.705223 np0000007877 nova-scheduler[93415]: DEBUG cotyledon.oslo_config_glue [-] oslo_limit.max_version = None {{(pid=93415) log_opt_values /opt/stack/data/venv/lib/python3.12/site-packages/oslo_config/cfg.py:3560}}
Aug 21 03:49:25.705223 np0000007877 nova-scheduler[93415]: DEBUG cotyledon.oslo_config_glue [-] oslo_limit.min_version = None {{(pid=93415) log_opt_values /opt/stack/data/venv/lib/python3.12/site-packages/oslo_config/cfg.py:3560}}
Aug 21 03:49:25.705223 np0000007877 nova-scheduler[93415]: DEBUG cotyledon.oslo_config_glue [-] oslo_limit.region_name = None {{(pid=93415) log_opt_values /opt/stack/data/venv/lib/python3.12/site-packages/oslo_config/cfg.py:3560}}
Aug 21 03:49:25.705223 np0000007877 nova-scheduler[93415]: DEBUG cotyledon.oslo_config_glue [-] oslo_limit.retriable_status_codes = None {{(pid=93415) log_opt_values /opt/stack/data/venv/lib/python3.12/site-packages/oslo_config/cfg.py:3560}}
Aug 21 03:49:25.705223 np0000007877 nova-scheduler[93415]: DEBUG cotyledon.oslo_config_glue [-] oslo_limit.service_name = None {{(pid=93415) log_opt_values /opt/stack/data/venv/lib/python3.12/site-packages/oslo_config/cfg.py:3560}}
Aug 21 03:49:25.705223 np0000007877 nova-scheduler[93415]: DEBUG cotyledon.oslo_config_glue [-] oslo_limit.service_type = None {{(pid=93415) log_opt_values /opt/stack/data/venv/lib/python3.12/site-packages/oslo_config/cfg.py:3560}}
Aug 21 03:49:25.705487 np0000007877 nova-scheduler[93415]: DEBUG cotyledon.oslo_config_glue [-] oslo_limit.split_loggers = False {{(pid=93415) log_opt_values /opt/stack/data/venv/lib/python3.12/site-packages/oslo_config/cfg.py:3560}}
Aug 21 03:49:25.705487 np0000007877 nova-scheduler[93415]: DEBUG cotyledon.oslo_config_glue [-] oslo_limit.status_code_retries = None {{(pid=93415) log_opt_values /opt/stack/data/venv/lib/python3.12/site-packages/oslo_config/cfg.py:3560}}
Aug 21 03:49:25.705487 np0000007877 nova-scheduler[93415]: DEBUG cotyledon.oslo_config_glue [-] oslo_limit.status_code_retry_delay = None {{(pid=93415) log_opt_values /opt/stack/data/venv/lib/python3.12/site-packages/oslo_config/cfg.py:3560}}
Aug 21 03:49:25.705487 np0000007877 nova-scheduler[93415]: DEBUG cotyledon.oslo_config_glue [-] oslo_limit.timeout = None {{(pid=93415) log_opt_values /opt/stack/data/venv/lib/python3.12/site-packages/oslo_config/cfg.py:3560}}
Aug 21 03:49:25.705487 np0000007877 nova-scheduler[93415]: DEBUG cotyledon.oslo_config_glue [-] oslo_limit.valid_interfaces = None {{(pid=93415) log_opt_values /opt/stack/data/venv/lib/python3.12/site-packages/oslo_config/cfg.py:3560}}
Aug 21 03:49:25.705487 np0000007877 nova-scheduler[93415]: DEBUG cotyledon.oslo_config_glue [-] oslo_limit.version = None {{(pid=93415) log_opt_values /opt/stack/data/venv/lib/python3.12/site-packages/oslo_config/cfg.py:3560}}
Aug 21 03:49:25.705487 np0000007877 nova-scheduler[93415]: DEBUG cotyledon.oslo_config_glue [-] oslo_reports.file_event_handler = None {{(pid=93415) log_opt_values /opt/stack/data/venv/lib/python3.12/site-packages/oslo_config/cfg.py:3560}}
Aug 21 03:49:25.705487 np0000007877 nova-scheduler[93415]: DEBUG cotyledon.oslo_config_glue [-] oslo_reports.file_event_handler_interval = 1 {{(pid=93415) log_opt_values /opt/stack/data/venv/lib/python3.12/site-packages/oslo_config/cfg.py:3560}}
Aug 21 03:49:25.705487 np0000007877 nova-scheduler[93415]: DEBUG cotyledon.oslo_config_glue [-] oslo_reports.log_dir = None {{(pid=93415) log_opt_values /opt/stack/data/venv/lib/python3.12/site-packages/oslo_config/cfg.py:3560}}
Aug 21 03:49:25.705750 np0000007877 nova-scheduler[93415]: DEBUG cotyledon.oslo_config_glue [-] ******************************************************************************** {{(pid=93415) log_opt_values /opt/stack/data/venv/lib/python3.12/site-packages/oslo_config/cfg.py:3567}}
Aug 21 03:49:25.705750 np0000007877 nova-scheduler[93415]: DEBUG cotyledon._service_worker [-] Run service ServiceWrapper(2) [93415] {{(pid=93415) wait_forever /opt/stack/data/venv/lib/python3.12/site-packages/cotyledon/_service_worker.py:218}}
Aug 21 03:49:25.705750 np0000007877 nova-scheduler[93415]: INFO nova.service [-] Starting scheduler node (version 33.1.0)
Aug 21 03:49:25.705750 np0000007877 nova-scheduler[93415]: INFO dbcounter [None req-f5583bbf-38ef-46ed-be30-88435433a7dc None None] Registered counter for database nova_cell0
Aug 21 03:49:25.705865 np0000007877 nova-scheduler[93411]: DEBUG oslo_db.sqlalchemy.engines [None req-1811a4da-47ea-4224-ac88-6cec02a4a840 None None] MySQL server mode set to STRICT_TRANS_TABLES,STRICT_ALL_TABLES,NO_ZERO_IN_DATE,NO_ZERO_DATE,ERROR_FOR_DIVISION_BY_ZERO,TRADITIONAL,NO_ENGINE_SUBSTITUTION {{(pid=93411) _check_effective_sql_mode /opt/stack/data/venv/lib/python3.12/site-packages/oslo_db/sqlalchemy/engines.py:325}}
Aug 21 03:49:25.706861 np0000007877 nova-scheduler[93411]: DEBUG dbcounter [-] [93411] Writer thread running {{(pid=93411) stat_writer /opt/stack/data/venv/lib/python3.12/site-packages/dbcounter.py:102}}
Aug 21 03:49:25.723122 np0000007877 nova-scheduler[93411]: DEBUG nova.service [None req-1811a4da-47ea-4224-ac88-6cec02a4a840 None None] Creating RPC server for service: nova-scheduler on topic: scheduler {{(pid=93411) start /opt/stack/nova/nova/service.py:262}}
Aug 21 03:49:25.730473 np0000007877 nova-scheduler[93413]: DEBUG oslo_db.sqlalchemy.engines [None req-9784eb5e-7810-4dc4-bd4a-ec6ba9697d62 None None] MySQL server mode set to STRICT_TRANS_TABLES,STRICT_ALL_TABLES,NO_ZERO_IN_DATE,NO_ZERO_DATE,ERROR_FOR_DIVISION_BY_ZERO,TRADITIONAL,NO_ENGINE_SUBSTITUTION {{(pid=93413) _check_effective_sql_mode /opt/stack/data/venv/lib/python3.12/site-packages/oslo_db/sqlalchemy/engines.py:325}}
Aug 21 03:49:25.734070 np0000007877 nova-scheduler[93415]: DEBUG oslo_db.sqlalchemy.engines [None req-f5583bbf-38ef-46ed-be30-88435433a7dc None None] MySQL server mode set to STRICT_TRANS_TABLES,STRICT_ALL_TABLES,NO_ZERO_IN_DATE,NO_ZERO_DATE,ERROR_FOR_DIVISION_BY_ZERO,TRADITIONAL,NO_ENGINE_SUBSTITUTION {{(pid=93415) _check_effective_sql_mode /opt/stack/data/venv/lib/python3.12/site-packages/oslo_db/sqlalchemy/engines.py:325}}
Aug 21 03:49:25.742735 np0000007877 nova-scheduler[93413]: DEBUG dbcounter [-] [93413] Writer thread running {{(pid=93413) stat_writer /opt/stack/data/venv/lib/python3.12/site-packages/dbcounter.py:102}}
Aug 21 03:49:25.743200 np0000007877 nova-scheduler[93415]: DEBUG dbcounter [-] [93415] Writer thread running {{(pid=93415) stat_writer /opt/stack/data/venv/lib/python3.12/site-packages/dbcounter.py:102}}
Aug 21 03:49:25.745764 np0000007877 nova-scheduler[93415]: DEBUG nova.service [None req-f5583bbf-38ef-46ed-be30-88435433a7dc None None] Creating RPC server for service: nova-scheduler on topic: scheduler {{(pid=93415) start /opt/stack/nova/nova/service.py:262}}
Aug 21 03:49:25.746575 np0000007877 nova-scheduler[93413]: DEBUG nova.service [None req-9784eb5e-7810-4dc4-bd4a-ec6ba9697d62 None None] Creating RPC server for service: nova-scheduler on topic: scheduler {{(pid=93413) start /opt/stack/nova/nova/service.py:262}}
Aug 21 03:49:25.768088 np0000007877 nova-scheduler[93411]: DEBUG nova.service [None req-1811a4da-47ea-4224-ac88-6cec02a4a840 None None] Join ServiceGroup membership for this service scheduler {{(pid=93411) start /opt/stack/nova/nova/service.py:288}}
Aug 21 03:49:25.768237 np0000007877 nova-scheduler[93411]: DEBUG nova.servicegroup.drivers.db [None req-1811a4da-47ea-4224-ac88-6cec02a4a840 None None] DB_Driver: join new ServiceGroup member np0000007877 to the scheduler group, service = {{(pid=93411) join /opt/stack/nova/nova/servicegroup/drivers/db.py:44}}
Aug 21 03:49:25.769121 np0000007877 nova-scheduler[93415]: DEBUG nova.service [None req-f5583bbf-38ef-46ed-be30-88435433a7dc None None] Join ServiceGroup membership for this service scheduler {{(pid=93415) start /opt/stack/nova/nova/service.py:288}}
Aug 21 03:49:25.769355 np0000007877 nova-scheduler[93413]: DEBUG nova.service [None req-9784eb5e-7810-4dc4-bd4a-ec6ba9697d62 None None] Join ServiceGroup membership for this service scheduler {{(pid=93413) start /opt/stack/nova/nova/service.py:288}}
Aug 21 03:49:25.769421 np0000007877 nova-scheduler[93415]: DEBUG nova.servicegroup.drivers.db [None req-f5583bbf-38ef-46ed-be30-88435433a7dc None None] DB_Driver: join new ServiceGroup member np0000007877 to the scheduler group, service = {{(pid=93415) join /opt/stack/nova/nova/servicegroup/drivers/db.py:44}}
Aug 21 03:49:25.769667 np0000007877 nova-scheduler[93413]: DEBUG nova.servicegroup.drivers.db [None req-9784eb5e-7810-4dc4-bd4a-ec6ba9697d62 None None] DB_Driver: join new ServiceGroup member np0000007877 to the scheduler group, service = {{(pid=93413) join /opt/stack/nova/nova/servicegroup/drivers/db.py:44}}
Aug 21 03:49:30.785711 np0000007877 nova-scheduler[93415]: DEBUG oslo.service.backend._threading.loopingcall [-] Fixed interval looping call 'nova.servicegroup.drivers.db.DbDriver._report_state' sleeping for 119.99 seconds {{(pid=93415) _run_loop /opt/stack/data/venv/lib/python3.12/site-packages/oslo_service/backend/_threading/loopingcall.py:125}}
Aug 21 03:49:30.785970 np0000007877 nova-scheduler[93411]: DEBUG oslo.service.backend._threading.loopingcall [-] Fixed interval looping call 'nova.servicegroup.drivers.db.DbDriver._report_state' sleeping for 119.98 seconds {{(pid=93411) _run_loop /opt/stack/data/venv/lib/python3.12/site-packages/oslo_service/backend/_threading/loopingcall.py:125}}
Aug 21 03:49:30.786832 np0000007877 nova-scheduler[93413]: DEBUG oslo.service.backend._threading.loopingcall [-] Fixed interval looping call 'nova.servicegroup.drivers.db.DbDriver._report_state' sleeping for 119.98 seconds {{(pid=93413) _run_loop /opt/stack/data/venv/lib/python3.12/site-packages/oslo_service/backend/_threading/loopingcall.py:125}}
Aug 21 03:49:34.332314 np0000007877 nova-scheduler[92200]: DEBUG dbcounter [-] [92200] Writing DB stats nova_api:SELECT=3 {{(pid=92200) stat_writer /opt/stack/data/venv/lib/python3.12/site-packages/dbcounter.py:115}}
Aug 21 03:49:34.471100 np0000007877 nova-scheduler[92200]: DEBUG dbcounter [-] [92200] Writing DB stats nova_cell0:SELECT=1 {{(pid=92200) stat_writer /opt/stack/data/venv/lib/python3.12/site-packages/dbcounter.py:115}}
Aug 21 03:49:34.475257 np0000007877 nova-scheduler[92200]: DEBUG dbcounter [-] [92200] Writing DB stats nova_cell1:SELECT=1 {{(pid=92200) stat_writer /opt/stack/data/venv/lib/python3.12/site-packages/dbcounter.py:115}}
Aug 21 03:49:40.784330 np0000007877 nova-scheduler[93415]: DEBUG dbcounter [-] [93415] Writing DB stats nova_cell0:SELECT=3,nova_cell0:UPDATE=1 {{(pid=93415) stat_writer /opt/stack/data/venv/lib/python3.12/site-packages/dbcounter.py:115}}
Aug 21 03:49:40.784627 np0000007877 nova-scheduler[93413]: DEBUG dbcounter [-] [93413] Writing DB stats nova_cell0:SELECT=3,nova_cell0:UPDATE=1 {{(pid=93413) stat_writer /opt/stack/data/venv/lib/python3.12/site-packages/dbcounter.py:115}}
Aug 21 03:49:40.785058 np0000007877 nova-scheduler[93411]: DEBUG dbcounter [-] [93411] Writing DB stats nova_cell0:SELECT=4,nova_cell0:INSERT=1,nova_cell0:UPDATE=1 {{(pid=93411) stat_writer /opt/stack/data/venv/lib/python3.12/site-packages/dbcounter.py:115}}
Aug 21 03:49:42.771562 np0000007877 nova-scheduler[93415]: DEBUG oslo.service.backend._threading.loopingcall [None req-4aa27861-c0c9-4a85-ac08-8aa16bc81c1e None None] Dynamic interval looping call 'nova.service.Service.periodic_tasks' sleeping for 60.00 seconds {{(pid=93415) _run_loop /opt/stack/data/venv/lib/python3.12/site-packages/oslo_service/backend/_threading/loopingcall.py:125}}
Aug 21 03:50:06.772084 np0000007877 nova-scheduler[93413]: DEBUG oslo.service.backend._threading.loopingcall [None req-e1f408ff-3fe8-4c7f-abda-1e6a2a4fa322 None None] Dynamic interval looping call 'nova.service.Service.periodic_tasks' sleeping for 60.00 seconds {{(pid=93413) _run_loop /opt/stack/data/venv/lib/python3.12/site-packages/oslo_service/backend/_threading/loopingcall.py:125}}
Aug 21 03:50:23.770789 np0000007877 nova-scheduler[93411]: DEBUG oslo.service.backend._threading.loopingcall [None req-dcccb596-248d-40e8-8900-bac6a753b93d None None] Dynamic interval looping call 'nova.service.Service.periodic_tasks' sleeping for 60.00 seconds {{(pid=93411) _run_loop /opt/stack/data/venv/lib/python3.12/site-packages/oslo_service/backend/_threading/loopingcall.py:125}}
Aug 21 03:50:42.772150 np0000007877 nova-scheduler[93415]: DEBUG oslo.service.backend._threading.loopingcall [None req-4aa27861-c0c9-4a85-ac08-8aa16bc81c1e None None] Dynamic interval looping call 'nova.service.Service.periodic_tasks' sleeping for 60.00 seconds {{(pid=93415) _run_loop /opt/stack/data/venv/lib/python3.12/site-packages/oslo_service/backend/_threading/loopingcall.py:125}}
Aug 21 03:51:06.772540 np0000007877 nova-scheduler[93413]: DEBUG oslo.service.backend._threading.loopingcall [None req-e1f408ff-3fe8-4c7f-abda-1e6a2a4fa322 None None] Dynamic interval looping call 'nova.service.Service.periodic_tasks' sleeping for 60.00 seconds {{(pid=93413) _run_loop /opt/stack/data/venv/lib/python3.12/site-packages/oslo_service/backend/_threading/loopingcall.py:125}}
Aug 21 03:51:23.771293 np0000007877 nova-scheduler[93411]: DEBUG oslo.service.backend._threading.loopingcall [None req-dcccb596-248d-40e8-8900-bac6a753b93d None None] Dynamic interval looping call 'nova.service.Service.periodic_tasks' sleeping for 60.00 seconds {{(pid=93411) _run_loop /opt/stack/data/venv/lib/python3.12/site-packages/oslo_service/backend/_threading/loopingcall.py:125}}
Aug 21 03:51:30.778419 np0000007877 nova-scheduler[93411]: DEBUG oslo.service.backend._threading.loopingcall [-] Fixed interval looping call 'nova.servicegroup.drivers.db.DbDriver._report_state' sleeping for 119.99 seconds {{(pid=93411) _run_loop /opt/stack/data/venv/lib/python3.12/site-packages/oslo_service/backend/_threading/loopingcall.py:125}}
Aug 21 03:51:30.779233 np0000007877 nova-scheduler[93413]: DEBUG oslo.service.backend._threading.loopingcall [-] Fixed interval looping call 'nova.servicegroup.drivers.db.DbDriver._report_state' sleeping for 119.99 seconds {{(pid=93413) _run_loop /opt/stack/data/venv/lib/python3.12/site-packages/oslo_service/backend/_threading/loopingcall.py:125}}
Aug 21 03:51:30.784121 np0000007877 nova-scheduler[93415]: DEBUG oslo.service.backend._threading.loopingcall [-] Fixed interval looping call 'nova.servicegroup.drivers.db.DbDriver._report_state' sleeping for 119.99 seconds {{(pid=93415) _run_loop /opt/stack/data/venv/lib/python3.12/site-packages/oslo_service/backend/_threading/loopingcall.py:125}}
Aug 21 03:51:36.860656 np0000007877 nova-scheduler[93411]: DEBUG nova.scheduler.manager [None req-6fd5daa9-5725-4946-a4fd-37347a801611 tempest-ServerRescueNegativeTestJSON-1008144787 tempest-ServerRescueNegativeTestJSON-1008144787-project-member] Starting to schedule for instances: ['cfb4ab04-efc4-4e4e-b38d-136043601fd6'] {{(pid=93411) select_destinations /opt/stack/nova/nova/scheduler/manager.py:197}}
Aug 21 03:51:36.862127 np0000007877 nova-scheduler[93411]: DEBUG nova.scheduler.request_filter [None req-6fd5daa9-5725-4946-a4fd-37347a801611 tempest-ServerRescueNegativeTestJSON-1008144787 tempest-ServerRescueNegativeTestJSON-1008144787-project-member] compute_status_filter request filter added forbidden trait COMPUTE_STATUS_DISABLED {{(pid=93411) compute_status_filter /opt/stack/nova/nova/scheduler/request_filter.py:253}}
Aug 21 03:51:36.862127 np0000007877 nova-scheduler[93411]: DEBUG nova.scheduler.request_filter [None req-6fd5daa9-5725-4946-a4fd-37347a801611 tempest-ServerRescueNegativeTestJSON-1008144787 tempest-ServerRescueNegativeTestJSON-1008144787-project-member] Request filter 'compute_status_filter' took 0.0 seconds {{(pid=93411) wrapper /opt/stack/nova/nova/scheduler/request_filter.py:46}}
Aug 21 03:51:36.862127 np0000007877 nova-scheduler[93411]: DEBUG nova.scheduler.request_filter [None req-6fd5daa9-5725-4946-a4fd-37347a801611 tempest-ServerRescueNegativeTestJSON-1008144787 tempest-ServerRescueNegativeTestJSON-1008144787-project-member] Request filter 'accelerators_filter' took 0.0 seconds {{(pid=93411) wrapper /opt/stack/nova/nova/scheduler/request_filter.py:46}}
Aug 21 03:51:36.862504 np0000007877 nova-scheduler[93411]: DEBUG nova.scheduler.request_filter [None req-6fd5daa9-5725-4946-a4fd-37347a801611 tempest-ServerRescueNegativeTestJSON-1008144787 tempest-ServerRescueNegativeTestJSON-1008144787-project-member] Request filter 'packed_virtqueue_filter' took 0.0 seconds {{(pid=93411) wrapper /opt/stack/nova/nova/scheduler/request_filter.py:46}}
Aug 21 03:51:36.862850 np0000007877 nova-scheduler[93411]: DEBUG nova.scheduler.request_filter [None req-6fd5daa9-5725-4946-a4fd-37347a801611 tempest-ServerRescueNegativeTestJSON-1008144787 tempest-ServerRescueNegativeTestJSON-1008144787-project-member] Request filter 'remote_managed_ports_filter' took 0.0 seconds {{(pid=93411) wrapper /opt/stack/nova/nova/scheduler/request_filter.py:46}}
Aug 21 03:51:36.863076 np0000007877 nova-scheduler[93411]: DEBUG nova.scheduler.request_filter [None req-6fd5daa9-5725-4946-a4fd-37347a801611 tempest-ServerRescueNegativeTestJSON-1008144787 tempest-ServerRescueNegativeTestJSON-1008144787-project-member] ephemeral_encryption_filter skipped {{(pid=93411) ephemeral_encryption_filter /opt/stack/nova/nova/scheduler/request_filter.py:426}}
Aug 21 03:51:36.863455 np0000007877 nova-scheduler[93411]: DEBUG nova.scheduler.request_filter [None req-6fd5daa9-5725-4946-a4fd-37347a801611 tempest-ServerRescueNegativeTestJSON-1008144787 tempest-ServerRescueNegativeTestJSON-1008144787-project-member] virtio_sound_filter skipped {{(pid=93411) virtio_sound_filter /opt/stack/nova/nova/scheduler/request_filter.py:460}}
Aug 21 03:51:36.863642 np0000007877 nova-scheduler[93411]: DEBUG nova.scheduler.request_filter [None req-6fd5daa9-5725-4946-a4fd-37347a801611 tempest-ServerRescueNegativeTestJSON-1008144787 tempest-ServerRescueNegativeTestJSON-1008144787-project-member] tpm_secret_security_filter skipped {{(pid=93411) tpm_secret_security_filter /opt/stack/nova/nova/scheduler/request_filter.py:477}}
Aug 21 03:51:37.306865 np0000007877 nova-scheduler[93411]: DEBUG oslo_concurrency.lockutils [None req-6fd5daa9-5725-4946-a4fd-37347a801611 tempest-ServerRescueNegativeTestJSON-1008144787 tempest-ServerRescueNegativeTestJSON-1008144787-project-member] Acquiring lock "1b633ce9-8a2c-4a6c-bd4c-e598912d21ae" by "nova.context.set_target_cell..get_or_set_cached_cell_and_set_connections" {{(pid=93411) inner /opt/stack/data/venv/lib/python3.12/site-packages/oslo_concurrency/lockutils.py:512}}
Aug 21 03:51:37.306865 np0000007877 nova-scheduler[93411]: DEBUG oslo_concurrency.lockutils [None req-6fd5daa9-5725-4946-a4fd-37347a801611 tempest-ServerRescueNegativeTestJSON-1008144787 tempest-ServerRescueNegativeTestJSON-1008144787-project-member] Lock "1b633ce9-8a2c-4a6c-bd4c-e598912d21ae" acquired by "nova.context.set_target_cell..get_or_set_cached_cell_and_set_connections" :: waited 0.000s {{(pid=93411) inner /opt/stack/data/venv/lib/python3.12/site-packages/oslo_concurrency/lockutils.py:525}}
Aug 21 03:51:37.306865 np0000007877 nova-scheduler[93411]: DEBUG oslo_concurrency.lockutils [None req-6fd5daa9-5725-4946-a4fd-37347a801611 tempest-ServerRescueNegativeTestJSON-1008144787 tempest-ServerRescueNegativeTestJSON-1008144787-project-member] Lock "1b633ce9-8a2c-4a6c-bd4c-e598912d21ae" "released" by "nova.context.set_target_cell..get_or_set_cached_cell_and_set_connections" :: held 0.001s {{(pid=93411) inner /opt/stack/data/venv/lib/python3.12/site-packages/oslo_concurrency/lockutils.py:544}}
Aug 21 03:51:37.306865 np0000007877 nova-scheduler[93411]: INFO nova.thread_pool_factory [None req-6fd5daa9-5725-4946-a4fd-37347a801611 tempest-ServerRescueNegativeTestJSON-1008144787 tempest-ServerRescueNegativeTestJSON-1008144787-project-member] The cell_worker thread pool ForkProcess-1.cell_worker is initialized
Aug 21 03:51:37.308102 np0000007877 nova-scheduler[93411]: INFO dbcounter [None req-6fd5daa9-5725-4946-a4fd-37347a801611 tempest-ServerRescueNegativeTestJSON-1008144787 tempest-ServerRescueNegativeTestJSON-1008144787-project-member] Registered counter for database nova_cell1
Aug 21 03:51:37.353656 np0000007877 nova-scheduler[93411]: DEBUG oslo_db.sqlalchemy.engines [None req-6fd5daa9-5725-4946-a4fd-37347a801611 tempest-ServerRescueNegativeTestJSON-1008144787 tempest-ServerRescueNegativeTestJSON-1008144787-project-member] MySQL server mode set to STRICT_TRANS_TABLES,STRICT_ALL_TABLES,NO_ZERO_IN_DATE,NO_ZERO_DATE,ERROR_FOR_DIVISION_BY_ZERO,TRADITIONAL,NO_ENGINE_SUBSTITUTION {{(pid=93411) _check_effective_sql_mode /opt/stack/data/venv/lib/python3.12/site-packages/oslo_db/sqlalchemy/engines.py:325}}
Aug 21 03:51:37.358595 np0000007877 nova-scheduler[93411]: DEBUG dbcounter [-] [93411] Writer thread running {{(pid=93411) stat_writer /opt/stack/data/venv/lib/python3.12/site-packages/dbcounter.py:102}}
Aug 21 03:51:37.373238 np0000007877 nova-scheduler[93411]: DEBUG oslo_db.sqlalchemy.engines [None req-6fd5daa9-5725-4946-a4fd-37347a801611 tempest-ServerRescueNegativeTestJSON-1008144787 tempest-ServerRescueNegativeTestJSON-1008144787-project-member] Parent process 92200 forked (93411) with an open database connection, which is being discarded and recreated. {{(pid=93411) checkout /opt/stack/data/venv/lib/python3.12/site-packages/oslo_db/sqlalchemy/engines.py:402}}
Aug 21 03:51:37.408424 np0000007877 nova-scheduler[93411]: DEBUG dbcounter [-] [93411] Writer thread running {{(pid=93411) stat_writer /opt/stack/data/venv/lib/python3.12/site-packages/dbcounter.py:102}}
Aug 21 03:51:37.411421 np0000007877 nova-scheduler[93411]: DEBUG oslo_concurrency.lockutils [None req-6fd5daa9-5725-4946-a4fd-37347a801611 tempest-ServerRescueNegativeTestJSON-1008144787 tempest-ServerRescueNegativeTestJSON-1008144787-project-member] Acquiring lock "1b633ce9-8a2c-4a6c-bd4c-e598912d21ae" by "nova.context.set_target_cell..get_or_set_cached_cell_and_set_connections" {{(pid=93411) inner /opt/stack/data/venv/lib/python3.12/site-packages/oslo_concurrency/lockutils.py:512}}
Aug 21 03:51:37.411802 np0000007877 nova-scheduler[93411]: DEBUG oslo_concurrency.lockutils [None req-6fd5daa9-5725-4946-a4fd-37347a801611 tempest-ServerRescueNegativeTestJSON-1008144787 tempest-ServerRescueNegativeTestJSON-1008144787-project-member] Lock "1b633ce9-8a2c-4a6c-bd4c-e598912d21ae" acquired by "nova.context.set_target_cell..get_or_set_cached_cell_and_set_connections" :: waited 0.000s {{(pid=93411) inner /opt/stack/data/venv/lib/python3.12/site-packages/oslo_concurrency/lockutils.py:525}}
Aug 21 03:51:37.412035 np0000007877 nova-scheduler[93411]: DEBUG oslo_concurrency.lockutils [None req-6fd5daa9-5725-4946-a4fd-37347a801611 tempest-ServerRescueNegativeTestJSON-1008144787 tempest-ServerRescueNegativeTestJSON-1008144787-project-member] Lock "1b633ce9-8a2c-4a6c-bd4c-e598912d21ae" "released" by "nova.context.set_target_cell..get_or_set_cached_cell_and_set_connections" :: held 0.000s {{(pid=93411) inner /opt/stack/data/venv/lib/python3.12/site-packages/oslo_concurrency/lockutils.py:544}}
Aug 21 03:51:37.420235 np0000007877 nova-scheduler[93411]: DEBUG oslo_concurrency.lockutils [None req-6fd5daa9-5725-4946-a4fd-37347a801611 tempest-ServerRescueNegativeTestJSON-1008144787 tempest-ServerRescueNegativeTestJSON-1008144787-project-member] Acquiring lock "np0000007877-np0000007877" by "nova.scheduler.host_manager.HostState.update.._locked_update" {{(pid=93411) inner /opt/stack/data/venv/lib/python3.12/site-packages/oslo_concurrency/lockutils.py:512}}
Aug 21 03:51:37.420235 np0000007877 nova-scheduler[93411]: DEBUG oslo_concurrency.lockutils [None req-6fd5daa9-5725-4946-a4fd-37347a801611 tempest-ServerRescueNegativeTestJSON-1008144787 tempest-ServerRescueNegativeTestJSON-1008144787-project-member] Lock "np0000007877-np0000007877" acquired by "nova.scheduler.host_manager.HostState.update.._locked_update" :: waited 0.000s {{(pid=93411) inner /opt/stack/data/venv/lib/python3.12/site-packages/oslo_concurrency/lockutils.py:525}}
Aug 21 03:51:37.420567 np0000007877 nova-scheduler[93411]: DEBUG nova.scheduler.host_manager [None req-6fd5daa9-5725-4946-a4fd-37347a801611 tempest-ServerRescueNegativeTestJSON-1008144787 tempest-ServerRescueNegativeTestJSON-1008144787-project-member] Update host state from compute node: ComputeNode(cpu_allocation_ratio=4.0,cpu_info='{"arch": "x86_64", "model": "EPYC-Milan", "vendor": "AMD", "topology": {"cells": 1, "sockets": 16, "cores": 1, "threads": 1}, "maxphysaddr": {"mode": "emulate", "bits": 40}, "features": ["xsave", "tsc", "sha-ni", "sse", "3dnowprefetch", "msr", "pause-filter", "mtrr", "xsaveerptr", "pcid", "sse4a", "rdctl-no", "lm", "rdtscp", "amd-ssbd", "rdseed", "movbe", "pae", "svm", "syscall", "avx", "smep", "pku", "wbnoinvd", "nx", "mce", "popcnt", "cx8", "osvw", "sse4.2", "flushbyasid", "clzero", "xsavec", "mca", "pni", "x2apic", "hypervisor", "pschange-mc-no", "fma", "rdpid", "v-vmsave-vmload", "bmi2", "sep", "skip-l1dfl-vmentry", "arat", "fsrm", "pfthreshold", "xgetbv1", "cr8legacy", "xsaveopt", "lfence-always-serializing", "bmi1", "topoext", "arch-capabilities", "vpclmulqdq", "clflushopt", "invpcid", "ibpb", "rdrand", "amd-psfd", "aes", "adx", "vme", "vaes", "mmxext", "lbrv", "perfctr_core", "vgif", "nrip-save", "ssbd", "stibp", "tsc_adjust", "pse36", "cmov", "de", "ibrs", "spec-ctrl", "ssse3", "tsc-deadline", "no-nested-data-bp", "sse2", "virt-ssbd", "svme-addr-chk", "lahf_lm", "npt", "abm", "pclmuldq", "smap", "pse", "amd-stibp", "clflush", "misalignsse", "stibp-always-on", "apic", "avx2", "pat", "mds-no", "fpu", "fxsr_opt", "mmx", "gds-no", "xsaves", "f16c", "vmcb-clean", "sse4.1", "erms", "tsc-scale", "clwb", "cmp_legacy", "pdpe1gb", "fxsr", "umip", "null-sel-clr-base", "fsgsbase", "cx16", "pge"]}',created_at=2026-08-21T03:49:47Z,current_workload=0,deleted=False,deleted_at=None,disk_allocation_ratio=1.0,disk_available_least=73,free_disk_gb=95,free_ram_mb=62765,host='np0000007877',host_ip=10.4.3.157,hypervisor_hostname='np0000007877',hypervisor_type='QEMU',hypervisor_version=8002002,id=1,local_gb=95,local_gb_used=0,mapped=1,memory_mb=63277,memory_mb_used=512,metrics='[]',numa_topology='{"nova_object.name": "NUMATopology", "nova_object.namespace": "nova", "nova_object.version": "1.2", "nova_object.data": {"cells": [{"nova_object.name": "NUMACell", "nova_object.namespace": "nova", "nova_object.version": "1.5", "nova_object.data": {"id": 0, "cpuset": [0, 1, 2, 3, 4, 5, 6, 7, 8, 9, 10, 11, 12, 13, 14, 15], "pcpuset": [0, 1, 2, 3, 4, 5, 6, 7, 8, 9, 10, 11, 12, 13, 14, 15], "memory": 63277, "cpu_usage": 0, "memory_usage": 0, "pinned_cpus": [], "siblings": [[6], [12], [2], [15], [5], [11], [8], [14], [4], [1], [7], [10], [0], [13], [3], [9]], "mempages": [{"nova_object.name": "NUMAPagesTopology", "nova_object.namespace": "nova", "nova_object.version": "1.1", "nova_object.data": {"size_kb": 4, "total": 16177928, "used": 0, "reserved": 0}, "nova_object.changes": ["size_kb", "total", "reserved", "used"]}, {"nova_object.name": "NUMAPagesTopology", "nova_object.namespace": "nova", "nova_object.version": "1.1", "nova_object.data": {"size_kb": 2048, "total": 41, "used": 0, "reserved": 0}, "nova_object.changes": ["size_kb", "total", "reserved", "used"]}, {"nova_object.name": "NUMAPagesTopology", "nova_object.namespace": "nova", "nova_object.version": "1.1", "nova_object.data": {"size_kb": 1048576, "total": 0, "used": 0, "reserved": 0}, "nova_object.changes": ["size_kb", "total", "reserved", "used"]}], "network_metadata": {"nova_object.name": "NetworkMetadata", "nova_object.namespace": "nova", "nova_object.version": "1.0", "nova_object.data": {"physnets": [], "tunneled": false}, "nova_object.changes": ["physnets", "tunneled"]}, "socket": null}, "nova_object.changes": ["id", "network_metadata", "memory_usage", "cpuset", "mempages", "siblings", "memory", "pinned_cpus", "pcpuset", "cpu_usage", "socket"]}]}, "nova_object.changes": ["cells"]}',pci_device_pools=PciDevicePoolList,ram_allocation_ratio=1.0,running_vms=0,service_id=3,stats={failed_builds='0',uptime=' 03:51:33 up 13 min, 2 users, load average: 2.83, 1.70, 0.90
Aug 21 03:51:37.420567 np0000007877 nova-scheduler[93411]: '},supported_hv_specs=[HVSpec,HVSpec,HVSpec,HVSpec,HVSpec,HVSpec,HVSpec,HVSpec,HVSpec,HVSpec,HVSpec,HVSpec,HVSpec,HVSpec,HVSpec,HVSpec,HVSpec,HVSpec,HVSpec,HVSpec,HVSpec,HVSpec,HVSpec,HVSpec,HVSpec],updated_at=2026-08-21T03:51:34Z,uuid=cc242b4e-06b2-4675-9d90-d528d9b9967c,vcpus=16,vcpus_used=0) {{(pid=93411) _locked_update /opt/stack/nova/nova/scheduler/host_manager.py:169}}
Aug 21 03:51:37.420567 np0000007877 nova-scheduler[93411]: DEBUG nova.scheduler.host_manager [None req-6fd5daa9-5725-4946-a4fd-37347a801611 tempest-ServerRescueNegativeTestJSON-1008144787 tempest-ServerRescueNegativeTestJSON-1008144787-project-member] Update host state with aggregates: [] {{(pid=93411) _locked_update /opt/stack/nova/nova/scheduler/host_manager.py:172}}
Aug 21 03:51:37.420567 np0000007877 nova-scheduler[93411]: DEBUG nova.scheduler.host_manager [None req-6fd5daa9-5725-4946-a4fd-37347a801611 tempest-ServerRescueNegativeTestJSON-1008144787 tempest-ServerRescueNegativeTestJSON-1008144787-project-member] Update host state with service dict: {'id': 3, 'uuid': 'eb29e5a5-a494-485f-993a-52ada5cec553', 'host': 'np0000007877', 'binary': 'nova-compute', 'topic': 'compute', 'report_count': 1, 'disabled': False, 'disabled_reason': None, 'last_seen_up': datetime.datetime(2026, 8, 21, 3, 49, 53, tzinfo=datetime.timezone.utc), 'forced_down': False, 'version': 72, 'created_at': datetime.datetime(2026, 8, 21, 3, 49, 47, tzinfo=datetime.timezone.utc), 'updated_at': datetime.datetime(2026, 8, 21, 3, 49, 53, tzinfo=datetime.timezone.utc), 'deleted_at': None, 'deleted': False} {{(pid=93411) _locked_update /opt/stack/nova/nova/scheduler/host_manager.py:175}}
Aug 21 03:51:37.420567 np0000007877 nova-scheduler[93411]: DEBUG nova.scheduler.host_manager [None req-6fd5daa9-5725-4946-a4fd-37347a801611 tempest-ServerRescueNegativeTestJSON-1008144787 tempest-ServerRescueNegativeTestJSON-1008144787-project-member] Update host state with instances: [] {{(pid=93411) _locked_update /opt/stack/nova/nova/scheduler/host_manager.py:178}}
Aug 21 03:51:37.421063 np0000007877 nova-scheduler[93411]: DEBUG oslo_concurrency.lockutils [None req-6fd5daa9-5725-4946-a4fd-37347a801611 tempest-ServerRescueNegativeTestJSON-1008144787 tempest-ServerRescueNegativeTestJSON-1008144787-project-member] Lock "np0000007877-np0000007877" "released" by "nova.scheduler.host_manager.HostState.update.._locked_update" :: held 0.002s {{(pid=93411) inner /opt/stack/data/venv/lib/python3.12/site-packages/oslo_concurrency/lockutils.py:544}}
Aug 21 03:51:37.421063 np0000007877 nova-scheduler[93411]: DEBUG nova.filters [None req-6fd5daa9-5725-4946-a4fd-37347a801611 tempest-ServerRescueNegativeTestJSON-1008144787 tempest-ServerRescueNegativeTestJSON-1008144787-project-member] Starting with 1 host(s) {{(pid=93411) get_filtered_objects /opt/stack/nova/nova/filters.py:70}}
Aug 21 03:51:37.424900 np0000007877 nova-scheduler[93411]: DEBUG nova.filters [None req-6fd5daa9-5725-4946-a4fd-37347a801611 tempest-ServerRescueNegativeTestJSON-1008144787 tempest-ServerRescueNegativeTestJSON-1008144787-project-member] Filter ComputeFilter returned 1 host(s) {{(pid=93411) get_filtered_objects /opt/stack/nova/nova/filters.py:102}}
Aug 21 03:51:37.424900 np0000007877 nova-scheduler[93411]: DEBUG nova.filters [None req-6fd5daa9-5725-4946-a4fd-37347a801611 tempest-ServerRescueNegativeTestJSON-1008144787 tempest-ServerRescueNegativeTestJSON-1008144787-project-member] Filter ComputeCapabilitiesFilter returned 1 host(s) {{(pid=93411) get_filtered_objects /opt/stack/nova/nova/filters.py:102}}
Aug 21 03:51:37.425251 np0000007877 nova-scheduler[93411]: DEBUG nova.filters [None req-6fd5daa9-5725-4946-a4fd-37347a801611 tempest-ServerRescueNegativeTestJSON-1008144787 tempest-ServerRescueNegativeTestJSON-1008144787-project-member] Filter ImagePropertiesFilter returned 1 host(s) {{(pid=93411) get_filtered_objects /opt/stack/nova/nova/filters.py:102}}
Aug 21 03:51:37.425251 np0000007877 nova-scheduler[93411]: DEBUG nova.filters [None req-6fd5daa9-5725-4946-a4fd-37347a801611 tempest-ServerRescueNegativeTestJSON-1008144787 tempest-ServerRescueNegativeTestJSON-1008144787-project-member] Filter ServerGroupAntiAffinityFilter returned 1 host(s) {{(pid=93411) get_filtered_objects /opt/stack/nova/nova/filters.py:102}}
Aug 21 03:51:37.425424 np0000007877 nova-scheduler[93411]: DEBUG nova.filters [None req-6fd5daa9-5725-4946-a4fd-37347a801611 tempest-ServerRescueNegativeTestJSON-1008144787 tempest-ServerRescueNegativeTestJSON-1008144787-project-member] Filter ServerGroupAffinityFilter returned 1 host(s) {{(pid=93411) get_filtered_objects /opt/stack/nova/nova/filters.py:102}}
Aug 21 03:51:37.425527 np0000007877 nova-scheduler[93411]: DEBUG nova.filters [None req-6fd5daa9-5725-4946-a4fd-37347a801611 tempest-ServerRescueNegativeTestJSON-1008144787 tempest-ServerRescueNegativeTestJSON-1008144787-project-member] Filter SameHostFilter returned 1 host(s) {{(pid=93411) get_filtered_objects /opt/stack/nova/nova/filters.py:102}}
Aug 21 03:51:37.425623 np0000007877 nova-scheduler[93411]: DEBUG nova.filters [None req-6fd5daa9-5725-4946-a4fd-37347a801611 tempest-ServerRescueNegativeTestJSON-1008144787 tempest-ServerRescueNegativeTestJSON-1008144787-project-member] Filter DifferentHostFilter returned 1 host(s) {{(pid=93411) get_filtered_objects /opt/stack/nova/nova/filters.py:102}}
Aug 21 03:51:37.425807 np0000007877 nova-scheduler[93411]: DEBUG nova.scheduler.manager [None req-6fd5daa9-5725-4946-a4fd-37347a801611 tempest-ServerRescueNegativeTestJSON-1008144787 tempest-ServerRescueNegativeTestJSON-1008144787-project-member] Filtered [(np0000007877, np0000007877) ram: 62765MB disk: 74752MB io_ops: 0 instances: 0, allocation_candidates: 1] {{(pid=93411) _get_sorted_hosts /opt/stack/nova/nova/scheduler/manager.py:730}}
Aug 21 03:51:37.426041 np0000007877 nova-scheduler[93411]: DEBUG nova.scheduler.manager [None req-6fd5daa9-5725-4946-a4fd-37347a801611 tempest-ServerRescueNegativeTestJSON-1008144787 tempest-ServerRescueNegativeTestJSON-1008144787-project-member] Weighed [WeighedHost [host: (np0000007877, np0000007877) ram: 62765MB disk: 74752MB io_ops: 0 instances: 0, allocation_candidates: 1, weight: 0.0]] {{(pid=93411) _get_sorted_hosts /opt/stack/nova/nova/scheduler/manager.py:752}}
Aug 21 03:51:37.426201 np0000007877 nova-scheduler[93411]: DEBUG nova.scheduler.utils [None req-6fd5daa9-5725-4946-a4fd-37347a801611 tempest-ServerRescueNegativeTestJSON-1008144787 tempest-ServerRescueNegativeTestJSON-1008144787-project-member] Attempting to claim resources in the placement API for instance cfb4ab04-efc4-4e4e-b38d-136043601fd6 {{(pid=93411) claim_resources /opt/stack/nova/nova/scheduler/utils.py:1345}}
Aug 21 03:51:37.578998 np0000007877 nova-scheduler[93411]: DEBUG nova.scheduler.manager [None req-6fd5daa9-5725-4946-a4fd-37347a801611 tempest-ServerRescueNegativeTestJSON-1008144787 tempest-ServerRescueNegativeTestJSON-1008144787-project-member] [instance: cfb4ab04-efc4-4e4e-b38d-136043601fd6] Selected host: (np0000007877, np0000007877) ram: 62765MB disk: 74752MB io_ops: 0 instances: 0, allocation_candidates: 1 {{(pid=93411) _consume_selected_host /opt/stack/nova/nova/scheduler/manager.py:612}}
Aug 21 03:51:37.579286 np0000007877 nova-scheduler[93411]: DEBUG oslo_concurrency.lockutils [None req-6fd5daa9-5725-4946-a4fd-37347a801611 tempest-ServerRescueNegativeTestJSON-1008144787 tempest-ServerRescueNegativeTestJSON-1008144787-project-member] Acquiring lock "np0000007877-np0000007877" by "nova.scheduler.host_manager.HostState.consume_from_request.._locked" {{(pid=93411) inner /opt/stack/data/venv/lib/python3.12/site-packages/oslo_concurrency/lockutils.py:512}}
Aug 21 03:51:37.579437 np0000007877 nova-scheduler[93411]: DEBUG oslo_concurrency.lockutils [None req-6fd5daa9-5725-4946-a4fd-37347a801611 tempest-ServerRescueNegativeTestJSON-1008144787 tempest-ServerRescueNegativeTestJSON-1008144787-project-member] Lock "np0000007877-np0000007877" acquired by "nova.scheduler.host_manager.HostState.consume_from_request.._locked" :: waited 0.000s {{(pid=93411) inner /opt/stack/data/venv/lib/python3.12/site-packages/oslo_concurrency/lockutils.py:525}}
Aug 21 03:51:37.579584 np0000007877 nova-scheduler[93411]: DEBUG oslo_concurrency.lockutils [None req-6fd5daa9-5725-4946-a4fd-37347a801611 tempest-ServerRescueNegativeTestJSON-1008144787 tempest-ServerRescueNegativeTestJSON-1008144787-project-member] Lock "np0000007877-np0000007877" "released" by "nova.scheduler.host_manager.HostState.consume_from_request.._locked" :: held 0.000s {{(pid=93411) inner /opt/stack/data/venv/lib/python3.12/site-packages/oslo_concurrency/lockutils.py:544}}
Aug 21 03:51:40.772505 np0000007877 nova-scheduler[93411]: DEBUG dbcounter [-] [93411] Writing DB stats nova_cell0:SELECT=1,nova_cell0:UPDATE=1 {{(pid=93411) stat_writer /opt/stack/data/venv/lib/python3.12/site-packages/dbcounter.py:115}}
Aug 21 03:51:40.774287 np0000007877 nova-scheduler[93413]: DEBUG dbcounter [-] [93413] Writing DB stats nova_cell0:SELECT=1,nova_cell0:UPDATE=1 {{(pid=93413) stat_writer /opt/stack/data/venv/lib/python3.12/site-packages/dbcounter.py:115}}
Aug 21 03:51:40.779907 np0000007877 nova-scheduler[93415]: DEBUG dbcounter [-] [93415] Writing DB stats nova_cell0:SELECT=1 {{(pid=93415) stat_writer /opt/stack/data/venv/lib/python3.12/site-packages/dbcounter.py:115}}
Aug 21 03:51:42.772750 np0000007877 nova-scheduler[93415]: DEBUG oslo.service.backend._threading.loopingcall [None req-4aa27861-c0c9-4a85-ac08-8aa16bc81c1e None None] Dynamic interval looping call 'nova.service.Service.periodic_tasks' sleeping for 60.00 seconds {{(pid=93415) _run_loop /opt/stack/data/venv/lib/python3.12/site-packages/oslo_service/backend/_threading/loopingcall.py:125}}
Aug 21 03:51:46.579121 np0000007877 nova-scheduler[93415]: DEBUG nova.scheduler.manager [None req-f38e294a-22c3-46f9-9a0e-30a522699e61 tempest-ServerActionsTestOtherA-535279465 tempest-ServerActionsTestOtherA-535279465-project-member] Starting to schedule for instances: ['e15652f6-8bd0-4297-9f52-98b7a5ecd781'] {{(pid=93415) select_destinations /opt/stack/nova/nova/scheduler/manager.py:197}}
Aug 21 03:51:46.580527 np0000007877 nova-scheduler[93415]: DEBUG nova.scheduler.request_filter [None req-f38e294a-22c3-46f9-9a0e-30a522699e61 tempest-ServerActionsTestOtherA-535279465 tempest-ServerActionsTestOtherA-535279465-project-member] compute_status_filter request filter added forbidden trait COMPUTE_STATUS_DISABLED {{(pid=93415) compute_status_filter /opt/stack/nova/nova/scheduler/request_filter.py:253}}
Aug 21 03:51:46.580652 np0000007877 nova-scheduler[93415]: DEBUG nova.scheduler.request_filter [None req-f38e294a-22c3-46f9-9a0e-30a522699e61 tempest-ServerActionsTestOtherA-535279465 tempest-ServerActionsTestOtherA-535279465-project-member] Request filter 'compute_status_filter' took 0.0 seconds {{(pid=93415) wrapper /opt/stack/nova/nova/scheduler/request_filter.py:46}}
Aug 21 03:51:46.582837 np0000007877 nova-scheduler[93415]: DEBUG nova.scheduler.request_filter [None req-f38e294a-22c3-46f9-9a0e-30a522699e61 tempest-ServerActionsTestOtherA-535279465 tempest-ServerActionsTestOtherA-535279465-project-member] Request filter 'accelerators_filter' took 0.0 seconds {{(pid=93415) wrapper /opt/stack/nova/nova/scheduler/request_filter.py:46}}
Aug 21 03:51:46.583412 np0000007877 nova-scheduler[93415]: DEBUG nova.scheduler.request_filter [None req-f38e294a-22c3-46f9-9a0e-30a522699e61 tempest-ServerActionsTestOtherA-535279465 tempest-ServerActionsTestOtherA-535279465-project-member] Request filter 'packed_virtqueue_filter' took 0.0 seconds {{(pid=93415) wrapper /opt/stack/nova/nova/scheduler/request_filter.py:46}}
Aug 21 03:51:46.583868 np0000007877 nova-scheduler[93415]: DEBUG nova.scheduler.request_filter [None req-f38e294a-22c3-46f9-9a0e-30a522699e61 tempest-ServerActionsTestOtherA-535279465 tempest-ServerActionsTestOtherA-535279465-project-member] Request filter 'remote_managed_ports_filter' took 0.0 seconds {{(pid=93415) wrapper /opt/stack/nova/nova/scheduler/request_filter.py:46}}
Aug 21 03:51:46.584177 np0000007877 nova-scheduler[93415]: DEBUG nova.scheduler.request_filter [None req-f38e294a-22c3-46f9-9a0e-30a522699e61 tempest-ServerActionsTestOtherA-535279465 tempest-ServerActionsTestOtherA-535279465-project-member] ephemeral_encryption_filter skipped {{(pid=93415) ephemeral_encryption_filter /opt/stack/nova/nova/scheduler/request_filter.py:426}}
Aug 21 03:51:46.584366 np0000007877 nova-scheduler[93415]: DEBUG nova.scheduler.request_filter [None req-f38e294a-22c3-46f9-9a0e-30a522699e61 tempest-ServerActionsTestOtherA-535279465 tempest-ServerActionsTestOtherA-535279465-project-member] virtio_sound_filter skipped {{(pid=93415) virtio_sound_filter /opt/stack/nova/nova/scheduler/request_filter.py:460}}
Aug 21 03:51:46.584513 np0000007877 nova-scheduler[93415]: DEBUG nova.scheduler.request_filter [None req-f38e294a-22c3-46f9-9a0e-30a522699e61 tempest-ServerActionsTestOtherA-535279465 tempest-ServerActionsTestOtherA-535279465-project-member] tpm_secret_security_filter skipped {{(pid=93415) tpm_secret_security_filter /opt/stack/nova/nova/scheduler/request_filter.py:477}}
