May 28 13:58:49.683331 np0000001640 devstack@neutron-api.service[86986]: DEBUG neutron.plugins.ml2.drivers.ovn.mech_driver.ovsdb.ovsdb_monitor [None req-81346f88-7682-4baa-9448-df24b75a8958 None None] Hash Ring: Node 1db6eac2c7915857bab485ccf4a7e247 (host: np0000001640) handling event "update" for row 12843bec-a09c-45d0-8490-fa2465348c54 (table: Logical_Switch) {{(pid=86986) notify /opt/stack/neutron/neutron/plugins/ml2/drivers/ovn/mech_driver/ovsdb/ovsdb_monitor.py:986}}
May 28 13:58:49.685116 np0000001640 devstack@neutron-api.service[86986]: DEBUG neutron.plugins.ml2.drivers.ovn.mech_driver.ovsdb.ovsdb_monitor [None req-81346f88-7682-4baa-9448-df24b75a8958 None None] Touching Hash Ring node "1db6eac2c7915857bab485ccf4a7e247" from IDL notify handler {{(pid=86986) notify /opt/stack/neutron/neutron/plugins/ml2/drivers/ovn/mech_driver/ovsdb/ovsdb_monitor.py:978}}
May 28 13:58:49.686276 np0000001640 devstack@neutron-api.service[86986]: DEBUG neutron.plugins.ml2.drivers.ovn.mech_driver.ovsdb.ovsdb_monitor [None req-07290643-b616-4f77-adf2-952e78f60048 None None] Hash Ring: Node 1db6eac2c7915857bab485ccf4a7e247 (host: np0000001640) handling event "create" for row a7bcef30-8c13-4f32-b775-a50927f9156b (table: Port_Binding) {{(pid=86986) notify /opt/stack/neutron/neutron/plugins/ml2/drivers/ovn/mech_driver/ovsdb/ovsdb_monitor.py:986}}
May 28 13:58:49.688126 np0000001640 devstack@neutron-api.service[86986]: DEBUG neutron.plugins.ml2.drivers.ovn.mech_driver.ovsdb.ovsdb_monitor [None req-81346f88-7682-4baa-9448-df24b75a8958 None None] Hash Ring: Node 1db6eac2c7915857bab485ccf4a7e247 (host: np0000001640) handling event "create" for row 737018ec-da6f-4cc1-975d-0a1d4d056719 (table: Logical_Switch_Port) {{(pid=86986) notify /opt/stack/neutron/neutron/plugins/ml2/drivers/ovn/mech_driver/ovsdb/ovsdb_monitor.py:986}}
May 28 13:58:49.689734 np0000001640 devstack@neutron-api.service[86986]: DEBUG ovsdbapp.backend.ovs_idl.event [None req-81346f88-7682-4baa-9448-df24b75a8958 None None] Matched CREATE: LogicalSwitchPortCreateEvent(events=('create',), table='Logical_Switch_Port', conditions=[], old_conditions=None), priority=20 to row=Logical_Switch_Port(uuid=737018ec-da6f-4cc1-975d-0a1d4d056719, addresses=['unknown'], dhcpv4_options=[], dhcpv6_options=[], dynamic_addresses=[], enabled=True, external_ids={'neutron:cidrs': '172.24.5.153/24 2001:db8::29b/64', 'neutron:device_id': 'ade11110-2d87-4268-a984-5b02d9283b47', 'neutron:device_owner': 'network:router_gateway', 'neutron:mtu': '', 'neutron:network_name': 'neutron-12843bec-a09c-45d0-8490-fa2465348c54', 'neutron:port_capabilities': '', 'neutron:port_name': '', 'neutron:project_id': '', 'neutron:revision_number': '1', 'neutron:security_group_ids': '', 'neutron:subnet_pool_addr_scope4': '', 'neutron:subnet_pool_addr_scope6': '', 'neutron:vnic_type': 'normal'}, ha_chassis_group=[], mirror_rules=[], name='c9834ec7-4ae0-447a-bea1-78a7ccd0b68c', options={}, parent_name=[], port_security=[], tag=[], tag_request=[], type='', up=[]) old= {{(pid=86986) matches /opt/stack/data/venv/lib/python3.12/site-packages/ovsdbapp/backend/ovs_idl/event.py:55}}
May 28 13:58:49.692837 np0000001640 devstack@neutron-api.service[86986]: DEBUG neutron.plugins.ml2.drivers.ovn.mech_driver.ovsdb.ovsdb_monitor [None req-81346f88-7682-4baa-9448-df24b75a8958 None None] Touching Hash Ring node "1db6eac2c7915857bab485ccf4a7e247" from IDL notify handler {{(pid=86986) notify /opt/stack/neutron/neutron/plugins/ml2/drivers/ovn/mech_driver/ovsdb/ovsdb_monitor.py:978}}
May 28 13:58:49.695601 np0000001640 devstack@neutron-api.service[86986]: DEBUG neutron.plugins.ml2.drivers.ovn.mech_driver.ovsdb.ovsdb_monitor [None req-81346f88-7682-4baa-9448-df24b75a8958 None None] Hash Ring: Node 1db6eac2c7915857bab485ccf4a7e247 (host: np0000001640) handling event "update" for row 737018ec-da6f-4cc1-975d-0a1d4d056719 (table: Logical_Switch_Port) {{(pid=86986) notify /opt/stack/neutron/neutron/plugins/ml2/drivers/ovn/mech_driver/ovsdb/ovsdb_monitor.py:986}}
May 28 13:58:49.720506 np0000001640 devstack@neutron-api.service[86986]: INFO neutron.db.ovn_revision_numbers_db [None req-79d13b87-6d27-46d1-ae96-a025d9703a3e admin admin] Successfully bumped revision number for resource c9834ec7-4ae0-447a-bea1-78a7ccd0b68c (type: ports) to 1
May 28 13:58:49.720957 np0000001640 devstack@neutron-api.service[86987]: DEBUG neutron.db.provisioning_blocks [None req-d3046712-9e5a-4241-a89d-1b2e1aa0b656 None None] Transition to ACTIVE for port object 3303090d-9139-4ea9-a3ec-c3abff798f68 will not be triggered until provisioned by entity L2. {{(pid=86987) add_provisioning_component /opt/stack/neutron/neutron/db/provisioning_blocks.py:74}}
May 28 13:58:49.756748 np0000001640 devstack@neutron-api.service[86987]: DEBUG neutron_lib.callbacks.manager [None req-a101a582-f42b-4d1f-a4f2-eed5d58fd51f None None] Publish callbacks ['neutron.plugins.ml2.ovo_rpc._ObjectChangeHandler.handle_event-7243157', 'neutron.services.ovn_l3.plugin.OVNL3RouterPlugin._port_update-8031599819950'] for port (253f3f43-18b4-46e6-8680-05a92ce7e9c3), after_update {{(pid=86987) _notify_loop /opt/stack/data/venv/lib/python3.12/site-packages/neutron_lib/callbacks/manager.py:184}}
May 28 13:58:49.763137 np0000001640 devstack@neutron-api.service[86987]: INFO neutron.db.ovn_revision_numbers_db [None req-0e82f2e6-b5bc-4608-bc3f-a7266e62190a admin admin] Successfully bumped revision number for resource 12bf5430-77c1-4fbc-aeb7-52326750727e (type: routers) to 2
May 28 13:58:49.773009 np0000001640 devstack@neutron-api.service[86987]: DEBUG neutron.plugins.ml2.plugin [None req-d3046712-9e5a-4241-a89d-1b2e1aa0b656 None None] Current status of the port 3303090d-9139-4ea9-a3ec-c3abff798f68 is: DOWN; New status is: DOWN {{(pid=86987) _update_individual_port_db_status /opt/stack/neutron/neutron/plugins/ml2/plugin.py:2469}}
May 28 13:58:49.773876 np0000001640 devstack@neutron-api.service[86987]: WARNING neutron.plugins.ml2.drivers.ovn.mech_driver.ovsdb.ovn_client [None req-d3046712-9e5a-4241-a89d-1b2e1aa0b656 None None] Logical_Switch_Port 3303090d-9139-4ea9-a3ec-c3abff798f68 host information not removed, the port state is up
May 28 13:58:49.774185 np0000001640 devstack@neutron-api.service[86987]: INFO neutron.plugins.ml2.drivers.ovn.mech_driver.mech_driver [None req-d3046712-9e5a-4241-a89d-1b2e1aa0b656 None None] OVN reports status up for port: 3303090d-9139-4ea9-a3ec-c3abff798f68
May 28 13:58:49.789723 np0000001640 devstack@neutron-api.service[86987]: DEBUG neutron.db.provisioning_blocks [None req-d3046712-9e5a-4241-a89d-1b2e1aa0b656 None None] Provisioning for port 3303090d-9139-4ea9-a3ec-c3abff798f68 completed by entity L2. {{(pid=86987) provisioning_complete /opt/stack/neutron/neutron/db/provisioning_blocks.py:133}}
May 28 13:58:49.797743 np0000001640 devstack@neutron-api.service[86987]: DEBUG neutron_lib.callbacks.manager [None req-0e82f2e6-b5bc-4608-bc3f-a7266e62190a admin admin] Publish callbacks [] for router (None), before_response {{(pid=86987) _notify_loop /opt/stack/data/venv/lib/python3.12/site-packages/neutron_lib/callbacks/manager.py:184}}
May 28 13:58:49.799790 np0000001640 devstack@neutron-api.service[86987]: [pid: 86987|app: 0|req: 33/65] 10.4.3.147 () {68 vars in 1274 bytes} [Thu May 28 13:58:47 2026] POST /networking/v2.0/routers => generated 1160 bytes in 2631 msecs (HTTP/1.1 201) 4 headers in 163 bytes (1 switches on core 0)
May 28 13:58:49.802684 np0000001640 devstack@neutron-api.service[86987]: DEBUG neutron.db.provisioning_blocks [None req-d3046712-9e5a-4241-a89d-1b2e1aa0b656 None None] Provisioning complete for port 3303090d-9139-4ea9-a3ec-c3abff798f68 triggered by entity L2. {{(pid=86987) provisioning_complete /opt/stack/neutron/neutron/db/provisioning_blocks.py:141}}
May 28 13:58:49.803165 np0000001640 devstack@neutron-api.service[86987]: DEBUG neutron_lib.callbacks.manager [None req-d3046712-9e5a-4241-a89d-1b2e1aa0b656 None None] Publish callbacks ['neutron.plugins.ml2.plugin.Ml2Plugin._port_provisioned-8150059'] for port (3303090d-9139-4ea9-a3ec-c3abff798f68), provisioning_complete {{(pid=86987) _notify_loop /opt/stack/data/venv/lib/python3.12/site-packages/neutron_lib/callbacks/manager.py:184}}
May 28 13:58:49.803300 np0000001640 devstack@neutron-api.service[86987]: INFO neutron.plugins.ml2.plugin [None req-d3046712-9e5a-4241-a89d-1b2e1aa0b656 None None] Attempt 1 to provision port 3303090d-9139-4ea9-a3ec-c3abff798f68
May 28 13:58:49.812877 np0000001640 devstack@neutron-api.service[86987]: DEBUG neutron.api.v2.base [None req-d42d7b6f-0e6e-4455-81a4-060e45d6b2f8 admin admin] Request body: {'router': {'name': 'tempest-DeleteServersTestJSON-437382297-router', 'project_id': '8cffff43a83c40d7922c88799a707495', 'external_gateway_info': {'network_id': '12843bec-a09c-45d0-8490-fa2465348c54'}}} {{(pid=86987) prepare_request_body /opt/stack/neutron/neutron/api/v2/base.py:727}}
May 28 13:58:49.815810 np0000001640 devstack@neutron-api.service[86987]: DEBUG neutron.api.rpc.handlers.resources_rpc [None req-7b3852d8-1370-4b9e-9bc5-7ee773cb1e0e None None] Pushing event updated for resources: {'Port': ['ID=253f3f43-18b4-46e6-8680-05a92ce7e9c3,revision_number=2']} {{(pid=86987) push /opt/stack/neutron/neutron/api/rpc/handlers/resources_rpc.py:237}}
May 28 13:58:49.836544 np0000001640 devstack@neutron-api.service[86986]: DEBUG neutron_lib.callbacks.manager [None req-79d13b87-6d27-46d1-ae96-a025d9703a3e admin admin] Publish callbacks [] for router_gateway (ade11110-2d87-4268-a984-5b02d9283b47), after_create {{(pid=86986) _notify_loop /opt/stack/data/venv/lib/python3.12/site-packages/neutron_lib/callbacks/manager.py:184}}
May 28 13:58:49.851151 np0000001640 devstack@neutron-api.service[86987]: DEBUG neutron_lib.callbacks.manager [None req-d42d7b6f-0e6e-4455-81a4-060e45d6b2f8 admin admin] Publish callbacks ['neutron.services.ovn_l3.service_providers.driver_controller.DriverController._check_router_request-13463'] for router (4832f47a-b39f-4bfa-be1d-65c237986a9d), before_create {{(pid=86987) _notify_loop /opt/stack/data/venv/lib/python3.12/site-packages/neutron_lib/callbacks/manager.py:184}}
May 28 13:58:49.851885 np0000001640 devstack@neutron-api.service[86987]: DEBUG neutron_lib.callbacks.manager [None req-d42d7b6f-0e6e-4455-81a4-060e45d6b2f8 admin admin] Publish callbacks ['neutron.services.ovn_l3.service_providers.ovn.OVN_L3_HA_db_mixin._precommit_router_create-1530699', 'neutron.services.ovn_l3.plugin.RouterAvailabilityZoneMixin._process_az_request-7376301', 'neutron.services.ovn_l3.plugin.ExtraGatewaysDbOnlyMixin._process_bfd_ecmp_create-13541', 'neutron.services.ovn_l3.service_providers.ovn.OvnDriver._process_router_create_precommit-1530527', 'neutron.services.ovn_l3.service_providers.driver_controller.DriverController._set_router_provider-14171'] for router (4832f47a-b39f-4bfa-be1d-65c237986a9d), precommit_create {{(pid=86987) _notify_loop /opt/stack/data/venv/lib/python3.12/site-packages/neutron_lib/callbacks/manager.py:184}}
May 28 13:58:49.868317 np0000001640 devstack@neutron-api.service[86987]: DEBUG neutron.plugins.ml2.plugin [None req-d3046712-9e5a-4241-a89d-1b2e1aa0b656 None None] Port 3303090d-9139-4ea9-a3ec-c3abff798f68 cannot update to ACTIVE because it is not bound. {{(pid=86987) _port_provisioned /opt/stack/neutron/neutron/plugins/ml2/plugin.py:389}}
May 28 13:58:49.871331 np0000001640 devstack@neutron-api.service[86987]: DEBUG neutron.db.ovn_revision_numbers_db [None req-d42d7b6f-0e6e-4455-81a4-060e45d6b2f8 admin admin] create_initial_revision uuid=4832f47a-b39f-4bfa-be1d-65c237986a9d, type=routers, rev=-1 {{(pid=86987) create_initial_revision /opt/stack/neutron/neutron/db/ovn_revision_numbers_db.py:98}}
May 28 13:58:49.925946 np0000001640 devstack@neutron-api.service[86987]: DEBUG neutron_lib.callbacks.manager [None req-d42d7b6f-0e6e-4455-81a4-060e45d6b2f8 admin admin] Publish callbacks [] for router_controller (4832f47a-b39f-4bfa-be1d-65c237986a9d), precommit_add_association {{(pid=86987) _notify_loop /opt/stack/data/venv/lib/python3.12/site-packages/neutron_lib/callbacks/manager.py:184}}
May 28 13:58:49.944193 np0000001640 devstack@neutron-api.service[86986]: DEBUG neutron_lib.callbacks.manager [None req-79d13b87-6d27-46d1-ae96-a025d9703a3e admin admin] Publish callbacks ['neutron.services.ovn_l3.service_providers.ovn.OvnDriver._process_router_create-54179'] for router (ade11110-2d87-4268-a984-5b02d9283b47), after_create {{(pid=86986) _notify_loop /opt/stack/data/venv/lib/python3.12/site-packages/neutron_lib/callbacks/manager.py:184}}
May 28 13:58:50.037671 np0000001640 devstack@neutron-api.service[86987]: DEBUG neutron_lib.callbacks.manager [None req-d42d7b6f-0e6e-4455-81a4-060e45d6b2f8 admin admin] Publish callbacks [] for router_gateway (4832f47a-b39f-4bfa-be1d-65c237986a9d), precommit_update {{(pid=86987) _notify_loop /opt/stack/data/venv/lib/python3.12/site-packages/neutron_lib/callbacks/manager.py:184}}
May 28 13:58:50.046476 np0000001640 devstack@neutron-api.service[86987]: DEBUG ovsdbapp.backend.ovs_idl.transaction [None req-bb3228a3-9757-4cce-9ad2-426fd4106d95 None None] Running txn n=1 command(idx=0): CheckRevisionNumberCommand(_result=None, name=253f3f43-18b4-46e6-8680-05a92ce7e9c3, resource={'id': '253f3f43-18b4-46e6-8680-05a92ce7e9c3', 'name': '', 'network_id': '12843bec-a09c-45d0-8490-fa2465348c54', 'project_id': '', 'mac_address': 'fa:16:3e:7b:d2:b7', 'admin_state_up': True, 'status': 'DOWN', 'device_id': '6e344bf2-7693-423e-a625-84aa600f8a7d', 'device_owner': 'network:router_gateway', 'standard_attr_id': 118, 'fixed_ips': [{'subnet_id': 'fb7ad967-6c89-4cda-9ef3-d9235ae1d957', 'ip_address': '172.24.5.152'}, {'subnet_id': 'd5b65974-970f-4d13-93d1-ff858bcaa6f5', 'ip_address': '2001:db8::384'}], 'allowed_address_pairs': [], 'extra_dhcp_opts': [], 'security_groups': [], 'description': '', 'binding:vnic_type': 'normal', 'binding:profile': {}, 'binding:host_id': 'np0000001640', 'binding:vif_type': 'unbound', 'binding:vif_details': {}, 'port_security_enabled': False, 'tags': [], 'created_at': '2026-05-28T13:58:47Z', 'updated_at': '2026-05-28T13:58:47Z', 'revision_number': 1, 'tenant_id': '', 'network': {'id': '12843bec-a09c-45d0-8490-fa2465348c54', 'name': 'public', 'tenant_id': '0120718aad7a48608dcabeb626e68165', 'project_id': '0120718aad7a48608dcabeb626e68165', 'admin_state_up': True, 'mtu': 1430, 'status': 'ACTIVE', 'subnets': ['d5b65974-970f-4d13-93d1-ff858bcaa6f5', 'fb7ad967-6c89-4cda-9ef3-d9235ae1d957'], 'standard_attr_id': 18, 'shared': False, 'availability_zone_hints': [], 'availability_zones': [], 'ipv4_address_scope': None, 'ipv6_address_scope': None, 'router:external': True, 'qinq': False, 'vlan_transparent': False, 'description': '', 'port_security_enabled': True, 'is_default': True, 'tags': [], 'created_at': '2026-05-28T13:56:14Z', 'updated_at': '2026-05-28T13:56:21Z', 'revision_number': 3, 'provider:network_type': 'flat', 'provider:physical_network': 'public', 'provider:segmentation_id': None}}, resource_type=ports, if_exists=True) {{(pid=86987) do_commit /opt/stack/data/venv/lib/python3.12/site-packages/ovsdbapp/backend/ovs_idl/transaction.py:89}}
May 28 13:58:50.046883 np0000001640 devstack@neutron-api.service[86987]: DEBUG ovsdbapp.backend.ovs_idl.transaction [None req-bb3228a3-9757-4cce-9ad2-426fd4106d95 None None] Running txn n=1 command(idx=1): SetLSwitchPortCommand(_result=None, lport=253f3f43-18b4-46e6-8680-05a92ce7e9c3, external_ids_update=None, columns={'external_ids': {'neutron:port_name': '', 'neutron:device_id': '6e344bf2-7693-423e-a625-84aa600f8a7d', 'neutron:project_id': '', 'neutron:cidrs': '172.24.5.152/24 2001:db8::384/64', 'neutron:device_owner': 'network:router_gateway', 'neutron:subnet_pool_addr_scope4': '', 'neutron:subnet_pool_addr_scope6': '', 'neutron:network_name': 'neutron-12843bec-a09c-45d0-8490-fa2465348c54', 'neutron:security_group_ids': '', 'neutron:revision_number': '1', 'neutron:vnic_type': 'normal', 'neutron:port_capabilities': '', 'neutron:mtu': ''}, 'parent_name': [], 'tag': [], 'options': {'requested-chassis': 'np0000001640', 'exclude-lb-vips-from-garp': 'true', 'nat-addresses': 'router', 'router-port': 'lrp-253f3f43-18b4-46e6-8680-05a92ce7e9c3'}, 'enabled': True, 'port_security': [], 'dhcpv4_options': [], 'dhcpv6_options': [], 'type': 'router', 'ha_chassis_group': []}, if_exists=False) {{(pid=86987) do_commit /opt/stack/data/venv/lib/python3.12/site-packages/ovsdbapp/backend/ovs_idl/transaction.py:89}}
May 28 13:58:50.047837 np0000001640 devstack@neutron-api.service[86987]: DEBUG ovsdbapp.backend.ovs_idl.transaction [None req-bb3228a3-9757-4cce-9ad2-426fd4106d95 None None] Running txn n=1 command(idx=2): PgDelPortCommand(_result=None, port_group=neutron_pg_drop, lsp=['253f3f43-18b4-46e6-8680-05a92ce7e9c3'], if_exists=False) {{(pid=86987) do_commit /opt/stack/data/venv/lib/python3.12/site-packages/ovsdbapp/backend/ovs_idl/transaction.py:89}}
May 28 13:58:50.067540 np0000001640 devstack@neutron-api.service[86986]: DEBUG neutron.plugins.ml2.drivers.ovn.mech_driver.ovsdb.ovsdb_monitor [None req-81346f88-7682-4baa-9448-df24b75a8958 None None] Touching Hash Ring node "1db6eac2c7915857bab485ccf4a7e247" from IDL notify handler {{(pid=86986) notify /opt/stack/neutron/neutron/plugins/ml2/drivers/ovn/mech_driver/ovsdb/ovsdb_monitor.py:978}}
May 28 13:58:50.075172 np0000001640 devstack@neutron-api.service[86986]: DEBUG neutron.plugins.ml2.drivers.ovn.mech_driver.ovsdb.ovsdb_monitor [None req-81346f88-7682-4baa-9448-df24b75a8958 None None] Hash Ring: Node 1db6eac2c7915857bab485ccf4a7e247 (host: np0000001640) handling event "update" for row 28f80431-43c7-43e5-81c8-fa348944fa57 (table: Logical_Switch_Port) {{(pid=86986) notify /opt/stack/neutron/neutron/plugins/ml2/drivers/ovn/mech_driver/ovsdb/ovsdb_monitor.py:986}}
May 28 13:58:50.133705 np0000001640 devstack@neutron-api.service[86987]: DEBUG neutron_lib.callbacks.manager [None req-d42d7b6f-0e6e-4455-81a4-060e45d6b2f8 admin admin] Publish callbacks [] for router_gateway (4832f47a-b39f-4bfa-be1d-65c237986a9d), before_create {{(pid=86987) _notify_loop /opt/stack/data/venv/lib/python3.12/site-packages/neutron_lib/callbacks/manager.py:184}}
May 28 13:58:50.134062 np0000001640 devstack@neutron-api.service[86987]: DEBUG neutron_lib.callbacks.manager [None req-d42d7b6f-0e6e-4455-81a4-060e45d6b2f8 admin admin] Publish callbacks ['neutron.plugins.ml2.plugin.SecurityGroupDbMixin._ensure_default_security_group_handler-20529'] for port (None), before_create {{(pid=86987) _notify_loop /opt/stack/data/venv/lib/python3.12/site-packages/neutron_lib/callbacks/manager.py:184}}
May 28 13:58:50.147825 np0000001640 devstack@neutron-api.service[86987]: DEBUG neutron.plugins.ml2.managers [None req-7b3852d8-1370-4b9e-9bc5-7ee773cb1e0e None None] Attempting to bind port 253f3f43-18b4-46e6-8680-05a92ce7e9c3 on host np0000001640 for vnic_type normal with profile {{(pid=86987) bind_port /opt/stack/neutron/neutron/plugins/ml2/managers.py:865}}
May 28 13:58:50.147962 np0000001640 devstack@neutron-api.service[86987]: DEBUG neutron.plugins.ml2.managers [None req-7b3852d8-1370-4b9e-9bc5-7ee773cb1e0e None None] Attempting to bind port 253f3f43-18b4-46e6-8680-05a92ce7e9c3 by drivers ovn on host np0000001640 at level 0 using segments [{'id': '2458be1a-28d9-4436-872e-abb041b9416a', 'network_type': 'flat', 'physical_network': 'public', 'segmentation_id': None, 'network_id': '12843bec-a09c-45d0-8490-fa2465348c54'}] {{(pid=86987) _bind_port_level /opt/stack/neutron/neutron/plugins/ml2/managers.py:890}}
May 28 13:58:50.148847 np0000001640 devstack@neutron-api.service[86987]: DEBUG neutron.plugins.ml2.drivers.ovn.mech_driver.mech_driver [None req-7b3852d8-1370-4b9e-9bc5-7ee773cb1e0e None None] Attempting to bind port 253f3f43-18b4-46e6-8680-05a92ce7e9c3 on host np0000001640 for network segment with type flat, segmentation ID None, physical network public {{(pid=86987) bind_port /opt/stack/neutron/neutron/plugins/ml2/drivers/ovn/mech_driver/mech_driver.py:1206}}
May 28 13:58:50.149316 np0000001640 devstack@neutron-api.service[86987]: DEBUG neutron.plugins.ml2.managers [None req-7b3852d8-1370-4b9e-9bc5-7ee773cb1e0e None None] Bound port: 253f3f43-18b4-46e6-8680-05a92ce7e9c3, host: np0000001640, vif_type: ovs, vif_details: {"port_filter": true, "connectivity": "l2", "ovs_create_tap": false, "bridge_name": "br-int", "datapath_type": "system"}, binding_levels: [{'bound_driver': 'ovn', 'bound_segment': {'id': '2458be1a-28d9-4436-872e-abb041b9416a', 'network_type': 'flat', 'physical_network': 'public', 'segmentation_id': None, 'network_id': '12843bec-a09c-45d0-8490-fa2465348c54'}}] {{(pid=86987) _bind_port_level /opt/stack/neutron/neutron/plugins/ml2/managers.py:1001}}
May 28 13:58:50.149461 np0000001640 devstack@neutron-api.service[86987]: DEBUG neutron_lib.callbacks.manager [None req-7b3852d8-1370-4b9e-9bc5-7ee773cb1e0e None None] Publish callbacks ['neutron.plugins.ml2.plugin.SecurityGroupDbMixin._ensure_default_security_group_handler-20529', 'neutron.services.ovn_l3.plugin.OVNL3RouterPlugin._port_update-8031599819950', 'neutron.db.l3_db.L3_NAT_dbonly_mixin._prevent_internal_ip_change_for_fip-8031601338098'] for port (253f3f43-18b4-46e6-8680-05a92ce7e9c3), before_update {{(pid=86987) _notify_loop /opt/stack/data/venv/lib/python3.12/site-packages/neutron_lib/callbacks/manager.py:184}}
May 28 13:58:50.195829 np0000001640 devstack@neutron-api.service[86987]: DEBUG neutron.plugins.ml2.db [None req-7b3852d8-1370-4b9e-9bc5-7ee773cb1e0e None None] For port 253f3f43-18b4-46e6-8680-05a92ce7e9c3, host np0000001640, cleared binding levels {{(pid=86987) clear_binding_levels /opt/stack/neutron/neutron/plugins/ml2/db.py:87}}
May 28 13:58:50.198570 np0000001640 devstack@neutron-api.service[86987]: DEBUG neutron.plugins.ml2.db [None req-7b3852d8-1370-4b9e-9bc5-7ee773cb1e0e None None] For port 253f3f43-18b4-46e6-8680-05a92ce7e9c3, host np0000001640, set binding levels [PortBindingLevel(driver='ovn',host='np0000001640',level=0,port_id=253f3f43-18b4-46e6-8680-05a92ce7e9c3,segment=NetworkSegment(2458be1a-28d9-4436-872e-abb041b9416a),segment_id=2458be1a-28d9-4436-872e-abb041b9416a)] {{(pid=86987) set_binding_levels /opt/stack/neutron/neutron/plugins/ml2/db.py:59}}
May 28 13:58:50.201008 np0000001640 devstack@neutron-api.service[86987]: DEBUG neutron.plugins.ml2.drivers.ovn.mech_driver.mech_driver [None req-7b3852d8-1370-4b9e-9bc5-7ee773cb1e0e None None] No provisioning block for port 253f3f43-18b4-46e6-8680-05a92ce7e9c3 since host unchanged {{(pid=86987) _is_port_provisioning_required /opt/stack/neutron/neutron/plugins/ml2/drivers/ovn/mech_driver/mech_driver.py:901}}
May 28 13:58:50.245512 np0000001640 devstack@neutron-api.service[86986]: DEBUG ovsdbapp.backend.ovs_idl.transaction [None req-81346f88-7682-4baa-9448-df24b75a8958 None None] Running txn n=1 command(idx=0): LrAddCommand(_result=None, router=neutron-ade11110-2d87-4268-a984-5b02d9283b47, may_exist=True, columns={'external_ids': {'neutron:router_name': 'tempest-AttachSCSIVolumeTestJSON-185852746-router', 'neutron:revision_number': '2', 'neutron:availability_zone_hints': ''}, 'enabled': True, 'options': {'always_learn_from_arp_request': 'false', 'dynamic_neigh_routers': 'true', 'mac_binding_age_threshold': '300'}}) {{(pid=86986) do_commit /opt/stack/data/venv/lib/python3.12/site-packages/ovsdbapp/backend/ovs_idl/transaction.py:89}}
May 28 13:58:50.245930 np0000001640 devstack@neutron-api.service[86986]: DEBUG ovsdbapp.backend.ovs_idl.transaction [None req-81346f88-7682-4baa-9448-df24b75a8958 None None] Running txn n=1 command(idx=1): AddLRouterPortCommand(_result=None, name=lrp-c9834ec7-4ae0-447a-bea1-78a7ccd0b68c, lrouter=neutron-ade11110-2d87-4268-a984-5b02d9283b47, may_exist=True, columns={'mac': 'fa:16:3e:95:d6:dd', 'networks': ['2001:db8::29b/64', '172.24.5.153/24'], 'external_ids': {'neutron:revision_number': '1', 'neutron:subnet_ids': 'fb7ad967-6c89-4cda-9ef3-d9235ae1d957 d5b65974-970f-4d13-93d1-ff858bcaa6f5', 'neutron:network_name': 'neutron-12843bec-a09c-45d0-8490-fa2465348c54', 'neutron:is_ext_gw': 'True', 'neutron:router_name': 'neutron-ade11110-2d87-4268-a984-5b02d9283b47'}, 'options': {'reside-on-redirect-chassis': 'true', 'gateway_mtu': '1430'}}) {{(pid=86986) do_commit /opt/stack/data/venv/lib/python3.12/site-packages/ovsdbapp/backend/ovs_idl/transaction.py:89}}
May 28 13:58:50.246325 np0000001640 devstack@neutron-api.service[86986]: DEBUG ovsdbapp.backend.ovs_idl.transaction [None req-81346f88-7682-4baa-9448-df24b75a8958 None None] Running txn n=1 command(idx=2): ScheduleNewGatewayCommand(_result=None, g_name=lrp-c9834ec7-4ae0-447a-bea1-78a7ccd0b68c, sb_api=, lrouter_name=neutron-ade11110-2d87-4268-a984-5b02d9283b47, ovn_client=, scheduler=, physnet=public, az_hints=[]) {{(pid=86986) do_commit /opt/stack/data/venv/lib/python3.12/site-packages/ovsdbapp/backend/ovs_idl/transaction.py:89}}
May 28 13:58:50.246851 np0000001640 devstack@neutron-api.service[86986]: DEBUG neutron.plugins.ml2.drivers.ovn.mech_driver.ovsdb.ovn_client [None req-81346f88-7682-4baa-9448-df24b75a8958 None None] Chassis candidates for scheduling gateway router ports for "public" physical network: ['72b001d8-9f80-45c9-8ff0-0fc657f4540b'] {{(pid=86986) get_candidates_for_scheduling /opt/stack/neutron/neutron/plugins/ml2/drivers/ovn/mech_driver/ovsdb/ovn_client.py:1718}}
May 28 13:58:50.247534 np0000001640 devstack@neutron-api.service[86986]: DEBUG neutron.scheduler.l3_ovn_scheduler [None req-81346f88-7682-4baa-9448-df24b75a8958 None None] Gateway lrp-c9834ec7-4ae0-447a-bea1-78a7ccd0b68c scheduled on chassis ['72b001d8-9f80-45c9-8ff0-0fc657f4540b'] {{(pid=86986) _schedule_gateway /opt/stack/neutron/neutron/scheduler/l3_ovn_scheduler.py:88}}
May 28 13:58:50.247856 np0000001640 devstack@neutron-api.service[86986]: DEBUG ovsdbapp.backend.ovs_idl.transaction [None req-81346f88-7682-4baa-9448-df24b75a8958 None None] Running txn n=1 command(idx=3): SetLRouterPortInLSwitchPortCommand(_result=None, lswitch_port=c9834ec7-4ae0-447a-bea1-78a7ccd0b68c, lrouter_port=lrp-c9834ec7-4ae0-447a-bea1-78a7ccd0b68c, is_gw_port=True, if_exists=True, lsp_address=router) {{(pid=86986) do_commit /opt/stack/data/venv/lib/python3.12/site-packages/ovsdbapp/backend/ovs_idl/transaction.py:89}}
May 28 13:58:50.248098 np0000001640 devstack@neutron-api.service[86986]: DEBUG ovsdbapp.backend.ovs_idl.transaction [None req-81346f88-7682-4baa-9448-df24b75a8958 None None] Running txn n=1 command(idx=4): AddStaticRouteCommand(_result=None, lrouter=neutron-ade11110-2d87-4268-a984-5b02d9283b47, maintain_bfd=False, columns={'ip_prefix': '0.0.0.0/0', 'nexthop': '172.24.5.1', 'external_ids': {'neutron:is_ext_gw': 'true', 'neutron:subnet_id': 'fb7ad967-6c89-4cda-9ef3-d9235ae1d957', 'neutron:is_static_route': 'true'}}) {{(pid=86986) do_commit /opt/stack/data/venv/lib/python3.12/site-packages/ovsdbapp/backend/ovs_idl/transaction.py:89}}
May 28 13:58:50.248340 np0000001640 devstack@neutron-api.service[86986]: DEBUG ovsdbapp.backend.ovs_idl.transaction [None req-81346f88-7682-4baa-9448-df24b75a8958 None None] Running txn n=1 command(idx=5): AddStaticRouteCommand(_result=None, lrouter=neutron-ade11110-2d87-4268-a984-5b02d9283b47, maintain_bfd=False, columns={'ip_prefix': '::/0', 'nexthop': '2001:db8::2', 'external_ids': {'neutron:is_ext_gw': 'true', 'neutron:subnet_id': 'd5b65974-970f-4d13-93d1-ff858bcaa6f5', 'neutron:is_static_route': 'true'}}) {{(pid=86986) do_commit /opt/stack/data/venv/lib/python3.12/site-packages/ovsdbapp/backend/ovs_idl/transaction.py:89}}
May 28 13:58:50.248603 np0000001640 devstack@neutron-api.service[86986]: DEBUG ovsdbapp.backend.ovs_idl.transaction [None req-81346f88-7682-4baa-9448-df24b75a8958 None None] Running txn n=1 command(idx=6): QoSDelCommand(_result=None, switch=neutron-12843bec-a09c-45d0-8490-fa2465348c54, conditions=[('direction', '=', 'from-lport'), ('priority', '=', 2002), ('match', '=', 'inport == "c9834ec7-4ae0-447a-bea1-78a7ccd0b68c"')], if_exists=True) {{(pid=86986) do_commit /opt/stack/data/venv/lib/python3.12/site-packages/ovsdbapp/backend/ovs_idl/transaction.py:89}}
May 28 13:58:50.248786 np0000001640 devstack@neutron-api.service[86986]: DEBUG ovsdbapp.backend.ovs_idl.transaction [None req-81346f88-7682-4baa-9448-df24b75a8958 None None] Running txn n=1 command(idx=7): QoSDelCommand(_result=None, switch=neutron-12843bec-a09c-45d0-8490-fa2465348c54, conditions=[('direction', '=', 'to-lport'), ('priority', '=', 2002), ('match', '=', 'outport == "c9834ec7-4ae0-447a-bea1-78a7ccd0b68c"')], if_exists=True) {{(pid=86986) do_commit /opt/stack/data/venv/lib/python3.12/site-packages/ovsdbapp/backend/ovs_idl/transaction.py:89}}
May 28 13:58:50.253335 np0000001640 devstack@neutron-api.service[86986]: DEBUG neutron.plugins.ml2.drivers.ovn.mech_driver.ovsdb.ovsdb_monitor [None req-81346f88-7682-4baa-9448-df24b75a8958 None None] Touching Hash Ring node "1db6eac2c7915857bab485ccf4a7e247" from IDL notify handler {{(pid=86986) notify /opt/stack/neutron/neutron/plugins/ml2/drivers/ovn/mech_driver/ovsdb/ovsdb_monitor.py:978}}
May 28 13:58:50.257528 np0000001640 devstack@neutron-api.service[86986]: DEBUG neutron.plugins.ml2.drivers.ovn.mech_driver.ovsdb.ovsdb_monitor [None req-81346f88-7682-4baa-9448-df24b75a8958 None None] Hash Ring: Node 1db6eac2c7915857bab485ccf4a7e247 (host: np0000001640) handling event "create" for row e48516d2-012c-42a5-833a-d4bb3ec36246 (table: HA_Chassis) {{(pid=86986) notify /opt/stack/neutron/neutron/plugins/ml2/drivers/ovn/mech_driver/ovsdb/ovsdb_monitor.py:986}}
May 28 13:58:50.258370 np0000001640 devstack@neutron-api.service[86986]: DEBUG neutron.plugins.ml2.drivers.ovn.mech_driver.ovsdb.ovsdb_monitor [None req-81346f88-7682-4baa-9448-df24b75a8958 None None] Touching Hash Ring node "1db6eac2c7915857bab485ccf4a7e247" from IDL notify handler {{(pid=86986) notify /opt/stack/neutron/neutron/plugins/ml2/drivers/ovn/mech_driver/ovsdb/ovsdb_monitor.py:978}}
May 28 13:58:50.259317 np0000001640 devstack@neutron-api.service[86987]: DEBUG neutron.db.db_base_plugin_common [None req-d42d7b6f-0e6e-4455-81a4-060e45d6b2f8 admin admin] Allocated IP 172.24.5.85 (12843bec-a09c-45d0-8490-fa2465348c54/fb7ad967-6c89-4cda-9ef3-d9235ae1d957/e1876947-c774-4a52-a946-ed17e918ab40) {{(pid=86987) _store_ip_allocation /opt/stack/neutron/neutron/db/db_base_plugin_common.py:131}}
May 28 13:58:50.264553 np0000001640 devstack@neutron-api.service[86986]: DEBUG neutron.plugins.ml2.drivers.ovn.mech_driver.ovsdb.ovsdb_monitor [None req-81346f88-7682-4baa-9448-df24b75a8958 None None] Hash Ring: Node 1db6eac2c7915857bab485ccf4a7e247 (host: np0000001640) handling event "create" for row c543aff2-f4b6-480f-a6e5-2d194bf081af (table: Logical_Router_Port) {{(pid=86986) notify /opt/stack/neutron/neutron/plugins/ml2/drivers/ovn/mech_driver/ovsdb/ovsdb_monitor.py:986}}
May 28 13:58:50.265301 np0000001640 devstack@neutron-api.service[86986]: DEBUG ovsdbapp.backend.ovs_idl.event [None req-81346f88-7682-4baa-9448-df24b75a8958 None None] Matched CREATE: LogicalRouterPortEvent(events=('create', 'delete'), table='Logical_Router_Port', conditions=None, old_conditions=None), priority=20 to row=Logical_Router_Port(uuid=c543aff2-f4b6-480f-a6e5-2d194bf081af, enabled=[], external_ids={'neutron:is_ext_gw': 'True', 'neutron:network_name': 'neutron-12843bec-a09c-45d0-8490-fa2465348c54', 'neutron:revision_number': '1', 'neutron:router_name': 'neutron-ade11110-2d87-4268-a984-5b02d9283b47', 'neutron:subnet_ids': 'fb7ad967-6c89-4cda-9ef3-d9235ae1d957 d5b65974-970f-4d13-93d1-ff858bcaa6f5'}, gateway_chassis=[], ha_chassis_group=fc2dbdae-459d-49c9-acb6-a65572fa6f83, ipv6_prefix=[], ipv6_ra_configs={}, mac='fa:16:3e:95:d6:dd', name='lrp-c9834ec7-4ae0-447a-bea1-78a7ccd0b68c', networks=['172.24.5.153/24', '2001:db8::29b/64'], options={'gateway_mtu': '1430', 'reside-on-redirect-chassis': 'true'}, peer=[], status={}) old= {{(pid=86986) matches /opt/stack/data/venv/lib/python3.12/site-packages/ovsdbapp/backend/ovs_idl/event.py:55}}
May 28 13:58:50.266697 np0000001640 devstack@neutron-api.service[86986]: DEBUG neutron.plugins.ml2.drivers.ovn.mech_driver.ovsdb.ovsdb_monitor [None req-81346f88-7682-4baa-9448-df24b75a8958 None None] Touching Hash Ring node "1db6eac2c7915857bab485ccf4a7e247" from IDL notify handler {{(pid=86986) notify /opt/stack/neutron/neutron/plugins/ml2/drivers/ovn/mech_driver/ovsdb/ovsdb_monitor.py:978}}
May 28 13:58:50.271737 np0000001640 devstack@neutron-api.service[86986]: DEBUG neutron.plugins.ml2.drivers.ovn.mech_driver.ovsdb.ovsdb_monitor [None req-07290643-b616-4f77-adf2-952e78f60048 None None] Touching Hash Ring node "1db6eac2c7915857bab485ccf4a7e247" from IDL notify handler {{(pid=86986) notify /opt/stack/neutron/neutron/plugins/ml2/drivers/ovn/mech_driver/ovsdb/ovsdb_monitor.py:978}}
May 28 13:58:50.272756 np0000001640 devstack@neutron-api.service[86986]: DEBUG neutron.plugins.ml2.drivers.ovn.mech_driver.ovsdb.ovsdb_monitor [None req-81346f88-7682-4baa-9448-df24b75a8958 None None] Hash Ring: Node 1db6eac2c7915857bab485ccf4a7e247 (host: np0000001640) handling event "create" for row 15017c93-950c-4f2b-b879-246bc1e3cef1 (table: Logical_Router_Static_Route) {{(pid=86986) notify /opt/stack/neutron/neutron/plugins/ml2/drivers/ovn/mech_driver/ovsdb/ovsdb_monitor.py:986}}
May 28 13:58:50.274335 np0000001640 devstack@neutron-api.service[86986]: DEBUG neutron.plugins.ml2.drivers.ovn.mech_driver.ovsdb.ovsdb_monitor [None req-81346f88-7682-4baa-9448-df24b75a8958 None None] Touching Hash Ring node "1db6eac2c7915857bab485ccf4a7e247" from IDL notify handler {{(pid=86986) notify /opt/stack/neutron/neutron/plugins/ml2/drivers/ovn/mech_driver/ovsdb/ovsdb_monitor.py:978}}
May 28 13:58:50.274408 np0000001640 devstack@neutron-api.service[86987]: DEBUG neutron.db.db_base_plugin_common [None req-d42d7b6f-0e6e-4455-81a4-060e45d6b2f8 admin admin] Allocated IP 2001:db8::34a (12843bec-a09c-45d0-8490-fa2465348c54/d5b65974-970f-4d13-93d1-ff858bcaa6f5/e1876947-c774-4a52-a946-ed17e918ab40) {{(pid=86987) _store_ip_allocation /opt/stack/neutron/neutron/db/db_base_plugin_common.py:131}}
May 28 13:58:50.275769 np0000001640 devstack@neutron-api.service[86986]: DEBUG neutron.plugins.ml2.drivers.ovn.mech_driver.ovsdb.ovsdb_monitor [None req-07290643-b616-4f77-adf2-952e78f60048 None None] Hash Ring: Node 1db6eac2c7915857bab485ccf4a7e247 (host: np0000001640) handling event "create" for row 3f3cba14-3231-41ea-a013-320a2622ced1 (table: Port_Binding) {{(pid=86986) notify /opt/stack/neutron/neutron/plugins/ml2/drivers/ovn/mech_driver/ovsdb/ovsdb_monitor.py:986}}
May 28 13:58:50.277060 np0000001640 devstack@neutron-api.service[86986]: DEBUG neutron.plugins.ml2.drivers.ovn.mech_driver.ovsdb.ovsdb_monitor [None req-07290643-b616-4f77-adf2-952e78f60048 None None] Touching Hash Ring node "1db6eac2c7915857bab485ccf4a7e247" from IDL notify handler {{(pid=86986) notify /opt/stack/neutron/neutron/plugins/ml2/drivers/ovn/mech_driver/ovsdb/ovsdb_monitor.py:978}}
May 28 13:58:50.278193 np0000001640 devstack@neutron-api.service[86986]: DEBUG neutron.plugins.ml2.drivers.ovn.mech_driver.ovsdb.ovsdb_monitor [None req-81346f88-7682-4baa-9448-df24b75a8958 None None] Hash Ring: Node 1db6eac2c7915857bab485ccf4a7e247 (host: np0000001640) handling event "create" for row 3cb79793-9db1-4627-84d6-b9c118c677ae (table: Logical_Router_Static_Route) {{(pid=86986) notify /opt/stack/neutron/neutron/plugins/ml2/drivers/ovn/mech_driver/ovsdb/ovsdb_monitor.py:986}}
May 28 13:58:50.279350 np0000001640 devstack@neutron-api.service[86986]: DEBUG neutron.plugins.ml2.drivers.ovn.mech_driver.ovsdb.ovsdb_monitor [None req-81346f88-7682-4baa-9448-df24b75a8958 None None] Touching Hash Ring node "1db6eac2c7915857bab485ccf4a7e247" from IDL notify handler {{(pid=86986) notify /opt/stack/neutron/neutron/plugins/ml2/drivers/ovn/mech_driver/ovsdb/ovsdb_monitor.py:978}}
May 28 13:58:50.281100 np0000001640 devstack@neutron-api.service[86986]: DEBUG neutron.plugins.ml2.drivers.ovn.mech_driver.ovsdb.ovsdb_monitor [None req-07290643-b616-4f77-adf2-952e78f60048 None None] Hash Ring: Node 1db6eac2c7915857bab485ccf4a7e247 (host: np0000001640) handling event "create" for row 98dfa3ae-d2e4-4f6d-af56-a7e495386084 (table: Port_Binding) {{(pid=86986) notify /opt/stack/neutron/neutron/plugins/ml2/drivers/ovn/mech_driver/ovsdb/ovsdb_monitor.py:986}}
May 28 13:58:50.282181 np0000001640 devstack@neutron-api.service[86986]: DEBUG neutron.plugins.ml2.drivers.ovn.mech_driver.ovsdb.ovsdb_monitor [None req-07290643-b616-4f77-adf2-952e78f60048 None None] Touching Hash Ring node "1db6eac2c7915857bab485ccf4a7e247" from IDL notify handler {{(pid=86986) notify /opt/stack/neutron/neutron/plugins/ml2/drivers/ovn/mech_driver/ovsdb/ovsdb_monitor.py:978}}
May 28 13:58:50.283427 np0000001640 devstack@neutron-api.service[86986]: DEBUG neutron.plugins.ml2.drivers.ovn.mech_driver.ovsdb.ovsdb_monitor [None req-81346f88-7682-4baa-9448-df24b75a8958 None None] Hash Ring: Node 1db6eac2c7915857bab485ccf4a7e247 (host: np0000001640) handling event "update" for row 737018ec-da6f-4cc1-975d-0a1d4d056719 (table: Logical_Switch_Port) {{(pid=86986) notify /opt/stack/neutron/neutron/plugins/ml2/drivers/ovn/mech_driver/ovsdb/ovsdb_monitor.py:986}}
May 28 13:58:50.285158 np0000001640 devstack@neutron-api.service[86987]: DEBUG neutron.plugins.ml2.drivers.ovn.mech_driver.ovsdb.ovsdb_monitor [None req-02650aa6-cce3-43f7-af9d-2f519036d7bb None None] Touching Hash Ring node "e5465c8cac6a5563818f966981d73c47" from IDL notify handler {{(pid=86987) notify /opt/stack/neutron/neutron/plugins/ml2/drivers/ovn/mech_driver/ovsdb/ovsdb_monitor.py:978}}
May 28 13:58:50.285807 np0000001640 devstack@neutron-api.service[86986]: DEBUG neutron.plugins.ml2.drivers.ovn.mech_driver.ovsdb.ovsdb_monitor [None req-07290643-b616-4f77-adf2-952e78f60048 None None] Hash Ring: Node 1db6eac2c7915857bab485ccf4a7e247 (host: np0000001640) handling event "update" for row a7bcef30-8c13-4f32-b775-a50927f9156b (table: Port_Binding) {{(pid=86986) notify /opt/stack/neutron/neutron/plugins/ml2/drivers/ovn/mech_driver/ovsdb/ovsdb_monitor.py:986}}
May 28 13:58:50.286750 np0000001640 devstack@neutron-api.service[86986]: DEBUG neutron.plugins.ml2.drivers.ovn.mech_driver.ovsdb.ovsdb_monitor [None req-81346f88-7682-4baa-9448-df24b75a8958 None None] Touching Hash Ring node "1db6eac2c7915857bab485ccf4a7e247" from IDL notify handler {{(pid=86986) notify /opt/stack/neutron/neutron/plugins/ml2/drivers/ovn/mech_driver/ovsdb/ovsdb_monitor.py:978}}
May 28 13:58:50.288411 np0000001640 devstack@neutron-api.service[86987]: DEBUG neutron.plugins.ml2.drivers.ovn.mech_driver.ovsdb.ovsdb_monitor [None req-bb3228a3-9757-4cce-9ad2-426fd4106d95 None None] Touching Hash Ring node "e5465c8cac6a5563818f966981d73c47" from IDL notify handler {{(pid=86987) notify /opt/stack/neutron/neutron/plugins/ml2/drivers/ovn/mech_driver/ovsdb/ovsdb_monitor.py:978}}
May 28 13:58:50.289062 np0000001640 devstack@neutron-api.service[86986]: DEBUG neutron.plugins.ml2.drivers.ovn.mech_driver.ovsdb.ovsdb_monitor [None req-07290643-b616-4f77-adf2-952e78f60048 None None] Touching Hash Ring node "1db6eac2c7915857bab485ccf4a7e247" from IDL notify handler {{(pid=86986) notify /opt/stack/neutron/neutron/plugins/ml2/drivers/ovn/mech_driver/ovsdb/ovsdb_monitor.py:978}}
May 28 13:58:50.290265 np0000001640 devstack@neutron-api.service[86986]: DEBUG neutron.plugins.ml2.drivers.ovn.mech_driver.ovsdb.ovsdb_monitor [None req-81346f88-7682-4baa-9448-df24b75a8958 None None] Hash Ring: Node 1db6eac2c7915857bab485ccf4a7e247 (host: np0000001640) handling event "update" for row 737018ec-da6f-4cc1-975d-0a1d4d056719 (table: Logical_Switch_Port) {{(pid=86986) notify /opt/stack/neutron/neutron/plugins/ml2/drivers/ovn/mech_driver/ovsdb/ovsdb_monitor.py:986}}
May 28 13:58:50.291991 np0000001640 devstack@neutron-api.service[86986]: DEBUG ovsdbapp.backend.ovs_idl.event [None req-81346f88-7682-4baa-9448-df24b75a8958 None None] Matched UPDATE: LogicalSwitchPortUpdateUpEvent(events=('update',), table='Logical_Switch_Port', conditions=None, old_conditions=None), priority=20 to row=Logical_Switch_Port(uuid=737018ec-da6f-4cc1-975d-0a1d4d056719, addresses=['router'], dhcpv4_options=[], dhcpv6_options=[], dynamic_addresses=[], enabled=True, external_ids={'neutron:cidrs': '172.24.5.153/24 2001:db8::29b/64', 'neutron:device_id': 'ade11110-2d87-4268-a984-5b02d9283b47', 'neutron:device_owner': 'network:router_gateway', 'neutron:mtu': '', 'neutron:network_name': 'neutron-12843bec-a09c-45d0-8490-fa2465348c54', 'neutron:port_capabilities': '', 'neutron:port_name': '', 'neutron:project_id': '', 'neutron:revision_number': '1', 'neutron:security_group_ids': '', 'neutron:subnet_pool_addr_scope4': '', 'neutron:subnet_pool_addr_scope6': '', 'neutron:vnic_type': 'normal'}, ha_chassis_group=[], mirror_rules=[], name='c9834ec7-4ae0-447a-bea1-78a7ccd0b68c', options={'exclude-lb-vips-from-garp': 'true', 'nat-addresses': 'router', 'router-port': 'lrp-c9834ec7-4ae0-447a-bea1-78a7ccd0b68c'}, parent_name=[], port_security=[], tag=[], tag_request=[], type='router', up=True) old=Logical_Switch_Port(uuid=737018ec-da6f-4cc1-975d-0a1d4d056719, up=False) {{(pid=86986) matches /opt/stack/data/venv/lib/python3.12/site-packages/ovsdbapp/backend/ovs_idl/event.py:55}}
May 28 13:58:50.293774 np0000001640 devstack@neutron-api.service[86986]: DEBUG neutron.plugins.ml2.drivers.ovn.mech_driver.ovsdb.ovsdb_monitor [None req-07290643-b616-4f77-adf2-952e78f60048 None None] Hash Ring: Node 1db6eac2c7915857bab485ccf4a7e247 (host: np0000001640) handling event "update" for row 98dfa3ae-d2e4-4f6d-af56-a7e495386084 (table: Port_Binding) {{(pid=86986) notify /opt/stack/neutron/neutron/plugins/ml2/drivers/ovn/mech_driver/ovsdb/ovsdb_monitor.py:986}}
May 28 13:58:50.294942 np0000001640 devstack@neutron-api.service[86986]: DEBUG ovsdbapp.backend.ovs_idl.event [None req-07290643-b616-4f77-adf2-952e78f60048 None None] Matched UPDATE: PortBindingChassisEvent(events=('update',), table='Port_Binding', conditions=None, old_conditions=None), priority=20 to row=Port_Binding(uuid=98dfa3ae-d2e4-4f6d-af56-a7e495386084, additional_chassis=[], additional_encap=[], chassis=0654031c-ca7b-4872-9553-42bf9b3dbc23, datapath=919e02d1-7e5e-45ce-a427-48e22e0cf704, encap=[], external_ids={'neutron:is_ext_gw': 'True', 'neutron:network_name': 'neutron-12843bec-a09c-45d0-8490-fa2465348c54', 'neutron:revision_number': '1', 'neutron:router_name': 'neutron-ade11110-2d87-4268-a984-5b02d9283b47', 'neutron:subnet_ids': 'fb7ad967-6c89-4cda-9ef3-d9235ae1d957 d5b65974-970f-4d13-93d1-ff858bcaa6f5'}, gateway_chassis=[], logical_port='cr-lrp-c9834ec7-4ae0-447a-bea1-78a7ccd0b68c', mac=['fa:16:3e:95:d6:dd 172.24.5.153/24 2001:db8::29b/64'], mirror_rules=[], nat_addresses=[], options={'always-redirect': 'true', 'distributed-port': 'lrp-c9834ec7-4ae0-447a-bea1-78a7ccd0b68c'}, parent_port=[], port_security=[], requested_additional_chassis=[], requested_chassis=[], tag=[], tunnel_key=2, type='chassisredirect', up=True, virtual_parent=[]) old=Port_Binding(uuid=98dfa3ae-d2e4-4f6d-af56-a7e495386084, chassis=[], up=False) {{(pid=86986) matches /opt/stack/data/venv/lib/python3.12/site-packages/ovsdbapp/backend/ovs_idl/event.py:55}}
May 28 13:58:50.295732 np0000001640 devstack@neutron-api.service[86986]: INFO neutron.plugins.ml2.drivers.ovn.mech_driver.ovsdb.ovsdb_monitor [None req-cc0e703c-77da-4a12-b51a-b4b6ea41dade None None] Router ade11110-2d87-4268-a984-5b02d9283b47 is bound to host np0000001640
May 28 13:58:50.296865 np0000001640 devstack@neutron-api.service[86986]: DEBUG neutron.plugins.ml2.drivers.ovn.mech_driver.ovsdb.ovsdb_monitor [None req-81346f88-7682-4baa-9448-df24b75a8958 None None] Touching Hash Ring node "1db6eac2c7915857bab485ccf4a7e247" from IDL notify handler {{(pid=86986) notify /opt/stack/neutron/neutron/plugins/ml2/drivers/ovn/mech_driver/ovsdb/ovsdb_monitor.py:978}}
May 28 13:58:50.301033 np0000001640 devstack@neutron-api.service[86986]: DEBUG neutron.plugins.ml2.drivers.ovn.mech_driver.ovsdb.ovsdb_monitor [None req-81346f88-7682-4baa-9448-df24b75a8958 None None] Hash Ring: Node 1db6eac2c7915857bab485ccf4a7e247 (host: np0000001640) handling event "update" for row c543aff2-f4b6-480f-a6e5-2d194bf081af (table: Logical_Router_Port) {{(pid=86986) notify /opt/stack/neutron/neutron/plugins/ml2/drivers/ovn/mech_driver/ovsdb/ovsdb_monitor.py:986}}
May 28 13:58:50.307723 np0000001640 devstack@neutron-api.service[86987]: DEBUG neutron.plugins.ml2.drivers.ovn.mech_driver.ovsdb.ovsdb_monitor [None req-bb3228a3-9757-4cce-9ad2-426fd4106d95 None None] Hash Ring: Node e5465c8cac6a5563818f966981d73c47 (host: np0000001640) handling event "create" for row fc2dbdae-459d-49c9-acb6-a65572fa6f83 (table: HA_Chassis_Group) {{(pid=86987) notify /opt/stack/neutron/neutron/plugins/ml2/drivers/ovn/mech_driver/ovsdb/ovsdb_monitor.py:986}}
May 28 13:58:50.311454 np0000001640 devstack@neutron-api.service[86987]: DEBUG neutron.plugins.ml2.drivers.ovn.mech_driver.ovsdb.ovsdb_monitor [None req-bb3228a3-9757-4cce-9ad2-426fd4106d95 None None] Touching Hash Ring node "e5465c8cac6a5563818f966981d73c47" from IDL notify handler {{(pid=86987) notify /opt/stack/neutron/neutron/plugins/ml2/drivers/ovn/mech_driver/ovsdb/ovsdb_monitor.py:978}}
May 28 13:58:50.316732 np0000001640 devstack@neutron-api.service[86987]: DEBUG neutron.plugins.ml2.drivers.ovn.mech_driver.ovsdb.ovsdb_monitor [None req-02650aa6-cce3-43f7-af9d-2f519036d7bb None None] Hash Ring: Node e5465c8cac6a5563818f966981d73c47 (host: np0000001640) handling event "create" for row 919e02d1-7e5e-45ce-a427-48e22e0cf704 (table: Datapath_Binding) {{(pid=86987) notify /opt/stack/neutron/neutron/plugins/ml2/drivers/ovn/mech_driver/ovsdb/ovsdb_monitor.py:986}}
May 28 13:58:50.320329 np0000001640 devstack@neutron-api.service[86987]: DEBUG neutron.plugins.ml2.drivers.ovn.mech_driver.ovsdb.ovsdb_monitor [None req-bb3228a3-9757-4cce-9ad2-426fd4106d95 None None] Hash Ring: Node e5465c8cac6a5563818f966981d73c47 (host: np0000001640) handling event "create" for row 1b992fa4-eb0f-4173-b64b-432d23e80888 (table: Logical_Router) {{(pid=86987) notify /opt/stack/neutron/neutron/plugins/ml2/drivers/ovn/mech_driver/ovsdb/ovsdb_monitor.py:986}}
May 28 13:58:50.336684 np0000001640 devstack@neutron-api.service[86987]: DEBUG neutron_lib.callbacks.manager [None req-7b3852d8-1370-4b9e-9bc5-7ee773cb1e0e None None] Publish callbacks ['neutron.plugins.ml2.ovo_rpc._ObjectChangeHandler.handle_event-7243157', 'neutron.services.ovn_l3.plugin.OVNL3RouterPlugin._port_update-8031599819950'] for port (253f3f43-18b4-46e6-8680-05a92ce7e9c3), after_update {{(pid=86987) _notify_loop /opt/stack/data/venv/lib/python3.12/site-packages/neutron_lib/callbacks/manager.py:184}}
May 28 13:58:50.351391 np0000001640 devstack@neutron-api.service[86986]: INFO neutron.db.ovn_revision_numbers_db [None req-79d13b87-6d27-46d1-ae96-a025d9703a3e admin admin] Successfully bumped revision number for resource c9834ec7-4ae0-447a-bea1-78a7ccd0b68c (type: router_ports) to 1
May 28 13:58:50.368458 np0000001640 devstack@neutron-api.service[86986]: DEBUG neutron_lib.callbacks.manager [None req-cc0e703c-77da-4a12-b51a-b4b6ea41dade None None] Publish callbacks ['neutron.plugins.ml2.plugin.SecurityGroupDbMixin._ensure_default_security_group_handler-1081085', 'neutron.services.ovn_l3.plugin.OVNL3RouterPlugin._port_update-8031600222472', 'neutron.db.l3_db.L3_NAT_dbonly_mixin._prevent_internal_ip_change_for_fip-8031601340346'] for port (c9834ec7-4ae0-447a-bea1-78a7ccd0b68c), before_update {{(pid=86986) _notify_loop /opt/stack/data/venv/lib/python3.12/site-packages/neutron_lib/callbacks/manager.py:184}}
May 28 13:58:50.370198 np0000001640 devstack@neutron-api.service[86987]: DEBUG neutron_lib.callbacks.manager [None req-d42d7b6f-0e6e-4455-81a4-060e45d6b2f8 admin admin] Publish callbacks ['neutron.plugins.ml2.drivers.ovn.mech_driver.mech_driver.OVNMechanismDriver._validate_allowed_address_pairs-8096441'] for allowed_address_pair (e1876947-c774-4a52-a946-ed17e918ab40), before_create {{(pid=86987) _notify_loop /opt/stack/data/venv/lib/python3.12/site-packages/neutron_lib/callbacks/manager.py:184}}
May 28 13:58:50.370586 np0000001640 devstack@neutron-api.service[86987]: DEBUG neutron_lib.callbacks.manager [None req-d42d7b6f-0e6e-4455-81a4-060e45d6b2f8 admin admin] Publish callbacks [] for port (e1876947-c774-4a52-a946-ed17e918ab40), precommit_create {{(pid=86987) _notify_loop /opt/stack/data/venv/lib/python3.12/site-packages/neutron_lib/callbacks/manager.py:184}}
May 28 13:58:50.370781 np0000001640 devstack@neutron-api.service[86987]: DEBUG neutron.plugins.ml2.drivers.ovn.mech_driver.mech_driver [None req-d42d7b6f-0e6e-4455-81a4-060e45d6b2f8 admin admin] No provisioning block for port e1876947-c774-4a52-a946-ed17e918ab40 since it does not have a host {{(pid=86987) _is_port_provisioning_required /opt/stack/neutron/neutron/plugins/ml2/drivers/ovn/mech_driver/mech_driver.py:896}}
May 28 13:58:50.370917 np0000001640 devstack@neutron-api.service[86987]: DEBUG neutron.db.ovn_revision_numbers_db [None req-d42d7b6f-0e6e-4455-81a4-060e45d6b2f8 admin admin] create_initial_revision uuid=e1876947-c774-4a52-a946-ed17e918ab40, type=ports, rev=-1 {{(pid=86987) create_initial_revision /opt/stack/neutron/neutron/db/ovn_revision_numbers_db.py:98}}
May 28 13:58:50.402742 np0000001640 devstack@neutron-api.service[86987]: DEBUG neutron.api.rpc.handlers.resources_rpc [None req-7b3852d8-1370-4b9e-9bc5-7ee773cb1e0e None None] Pushing event updated for resources: {'Port': ['ID=253f3f43-18b4-46e6-8680-05a92ce7e9c3,revision_number=4']} {{(pid=86987) push /opt/stack/neutron/neutron/api/rpc/handlers/resources_rpc.py:237}}
May 28 13:58:50.409430 np0000001640 devstack@neutron-api.service[86987]: DEBUG neutron.db.ovn_revision_numbers_db [None req-d42d7b6f-0e6e-4455-81a4-060e45d6b2f8 admin admin] create_initial_revision uuid=e1876947-c774-4a52-a946-ed17e918ab40, type=router_ports, rev=-1 {{(pid=86987) create_initial_revision /opt/stack/neutron/neutron/db/ovn_revision_numbers_db.py:98}}
