Jun 29 01:11:44.104357 np0000003884 systemd[1]: Starting devstack@n-api-meta.service - Devstack devstack@n-api-meta.service...
Jun 29 01:11:44.110485 np0000003884 devstack@n-api-meta.service[95749]: [uWSGI] getting INI configuration from /etc/nova/nova-metadata-uwsgi.ini
Jun 29 01:11:44.113062 np0000003884 devstack@n-api-meta.service[95749]: *** Starting uWSGI 2.0.24-debian (64bit) on [Mon Jun 29 01:11:44 2026] ***
Jun 29 01:11:44.113062 np0000003884 devstack@n-api-meta.service[95749]: compiled with version: 13.2.0 on 17 April 2024 16:23:48
Jun 29 01:11:44.113062 np0000003884 devstack@n-api-meta.service[95749]: os: Linux-6.8.0-100-generic #100-Ubuntu SMP PREEMPT_DYNAMIC Tue Jan 13 16:40:06 UTC 2026
Jun 29 01:11:44.113062 np0000003884 devstack@n-api-meta.service[95749]: nodename: np0000003884
Jun 29 01:11:44.113062 np0000003884 devstack@n-api-meta.service[95749]: machine: x86_64
Jun 29 01:11:44.113062 np0000003884 devstack@n-api-meta.service[95749]: clock source: unix
Jun 29 01:11:44.113062 np0000003884 devstack@n-api-meta.service[95749]: pcre jit disabled
Jun 29 01:11:44.113062 np0000003884 devstack@n-api-meta.service[95749]: detected number of CPU cores: 16
Jun 29 01:11:44.113062 np0000003884 devstack@n-api-meta.service[95749]: current working directory: /
Jun 29 01:11:44.113062 np0000003884 devstack@n-api-meta.service[95749]: detected binary path: /usr/bin/uwsgi-core
Jun 29 01:11:44.113062 np0000003884 devstack@n-api-meta.service[95749]: your processes number limit is 257052
Jun 29 01:11:44.113062 np0000003884 devstack@n-api-meta.service[95749]: your memory page size is 4096 bytes
Jun 29 01:11:44.113062 np0000003884 devstack@n-api-meta.service[95749]: detected max file descriptor number: 2048
Jun 29 01:11:44.113062 np0000003884 devstack@n-api-meta.service[95749]: lock engine: pthread robust mutexes
Jun 29 01:11:44.113449 np0000003884 devstack@n-api-meta.service[95749]: thunder lock: enabled
Jun 29 01:11:44.113651 np0000003884 devstack@n-api-meta.service[95749]: uWSGI http bound on 0.0.0.0:8775 fd 5
Jun 29 01:11:44.113651 np0000003884 devstack@n-api-meta.service[95749]: uwsgi socket 0 bound to TCP address 127.0.0.1:44425 (port auto-assigned) fd 4
Jun 29 01:11:44.113715 np0000003884 devstack@n-api-meta.service[95749]: Python version: 3.12.3 (main, Mar 23 2026, 19:04:32) [GCC 13.3.0]
Jun 29 01:11:44.113715 np0000003884 devstack@n-api-meta.service[95749]: PEP 405 virtualenv detected: /opt/stack/data/venv
Jun 29 01:11:44.113715 np0000003884 devstack@n-api-meta.service[95749]: Set PythonHome to /opt/stack/data/venv
Jun 29 01:11:44.152471 np0000003884 devstack@n-api-meta.service[95749]: Python main interpreter initialized at 0x778e50ea3668
Jun 29 01:11:44.152471 np0000003884 devstack@n-api-meta.service[95749]: python threads support enabled
Jun 29 01:11:44.152471 np0000003884 devstack@n-api-meta.service[95749]: your server socket listen backlog is limited to 100 connections
Jun 29 01:11:44.152471 np0000003884 devstack@n-api-meta.service[95749]: your mercy for graceful operations on workers is 80 seconds
Jun 29 01:11:44.153049 np0000003884 devstack@n-api-meta.service[95749]: mapped 671795 bytes (656 KB) for 4 cores
Jun 29 01:11:44.153629 np0000003884 devstack@n-api-meta.service[95749]: *** Operational MODE: preforking ***
Jun 29 01:11:44.153629 np0000003884 devstack@n-api-meta.service[95749]: *** uWSGI is running in multiple interpreter mode ***
Jun 29 01:11:44.153629 np0000003884 devstack@n-api-meta.service[95749]: spawned uWSGI master process (pid: 95749)
Jun 29 01:11:44.153590 np0000003884 systemd[1]: Started devstack@n-api-meta.service - Devstack devstack@n-api-meta.service.
Jun 29 01:11:44.154005 np0000003884 devstack@n-api-meta.service[95749]: spawned uWSGI worker 1 (pid: 95750, cores: 1)
Jun 29 01:11:44.155142 np0000003884 devstack@n-api-meta.service[95749]: spawned uWSGI worker 2 (pid: 95751, cores: 1)
Jun 29 01:11:44.155365 np0000003884 devstack@n-api-meta.service[95749]: spawned uWSGI worker 3 (pid: 95752, cores: 1)
Jun 29 01:11:44.156229 np0000003884 devstack@n-api-meta.service[95749]: spawned uWSGI worker 4 (pid: 95753, cores: 1)
Jun 29 01:11:44.156425 np0000003884 devstack@n-api-meta.service[95749]: spawned uWSGI http 1 (pid: 95754)
Jun 29 01:11:44.156425 np0000003884 devstack@n-api-meta.service[95749]: running "unix_signal:15 gracefully_kill_them_all" (master-start)...
Jun 29 01:11:45.910885 np0000003884 devstack@n-api-meta.service[95753]: INFO dbcounter [None req-7abaa598-45e3-4e63-8abe-dad9e514c9e9 None None] Registered counter for database nova_api
Jun 29 01:11:45.939864 np0000003884 devstack@n-api-meta.service[95751]: INFO dbcounter [None req-6270767b-8f29-4b2e-8db3-67f5f2536dfc None None] Registered counter for database nova_api
Jun 29 01:11:45.969594 np0000003884 devstack@n-api-meta.service[95752]: INFO dbcounter [None req-4e5bcbac-008a-423a-8704-5d5d83132c50 None None] Registered counter for database nova_api
Jun 29 01:11:45.970022 np0000003884 devstack@n-api-meta.service[95753]: DEBUG oslo_db.sqlalchemy.engines [None req-7abaa598-45e3-4e63-8abe-dad9e514c9e9 None None] MySQL server mode set to STRICT_TRANS_TABLES,STRICT_ALL_TABLES,NO_ZERO_IN_DATE,NO_ZERO_DATE,ERROR_FOR_DIVISION_BY_ZERO,TRADITIONAL,NO_ENGINE_SUBSTITUTION {{(pid=95753) _check_effective_sql_mode /opt/stack/data/venv/lib/python3.12/site-packages/oslo_db/sqlalchemy/engines.py:325}}
Jun 29 01:11:45.995612 np0000003884 devstack@n-api-meta.service[95751]: DEBUG oslo_db.sqlalchemy.engines [None req-6270767b-8f29-4b2e-8db3-67f5f2536dfc None None] MySQL server mode set to STRICT_TRANS_TABLES,STRICT_ALL_TABLES,NO_ZERO_IN_DATE,NO_ZERO_DATE,ERROR_FOR_DIVISION_BY_ZERO,TRADITIONAL,NO_ENGINE_SUBSTITUTION {{(pid=95751) _check_effective_sql_mode /opt/stack/data/venv/lib/python3.12/site-packages/oslo_db/sqlalchemy/engines.py:325}}
Jun 29 01:11:46.005087 np0000003884 devstack@n-api-meta.service[95753]: DEBUG dbcounter [-] [95753] Writer thread running {{(pid=95753) stat_writer /opt/stack/data/venv/lib/python3.12/site-packages/dbcounter.py:102}}
Jun 29 01:11:46.009734 np0000003884 devstack@n-api-meta.service[95750]: INFO dbcounter [None req-4af05bac-94c1-4dfc-89ee-2a5da9b4e72d None None] Registered counter for database nova_api
Jun 29 01:11:46.020222 np0000003884 devstack@n-api-meta.service[95753]: DEBUG nova.context [None req-7abaa598-45e3-4e63-8abe-dad9e514c9e9 None None] Found 2 cells: 00000000-0000-0000-0000-000000000000(cell0),a0b3b035-0500-4c1d-b500-1e50ce089cd8(cell1) {{(pid=95753) load_cells /opt/stack/nova/nova/context.py:509}}
Jun 29 01:11:46.020365 np0000003884 devstack@n-api-meta.service[95753]: INFO nova.utils [None req-7abaa598-45e3-4e63-8abe-dad9e514c9e9 None None] The cell worker thread pool MainProcess.cell_worker is initialized
Jun 29 01:11:46.021855 np0000003884 devstack@n-api-meta.service[95752]: DEBUG oslo_db.sqlalchemy.engines [None req-4e5bcbac-008a-423a-8704-5d5d83132c50 None None] MySQL server mode set to STRICT_TRANS_TABLES,STRICT_ALL_TABLES,NO_ZERO_IN_DATE,NO_ZERO_DATE,ERROR_FOR_DIVISION_BY_ZERO,TRADITIONAL,NO_ENGINE_SUBSTITUTION {{(pid=95752) _check_effective_sql_mode /opt/stack/data/venv/lib/python3.12/site-packages/oslo_db/sqlalchemy/engines.py:325}}
Jun 29 01:11:46.022167 np0000003884 devstack@n-api-meta.service[95753]: DEBUG oslo_concurrency.lockutils [None req-7abaa598-45e3-4e63-8abe-dad9e514c9e9 None None] Acquiring lock "00000000-0000-0000-0000-000000000000" by "nova.context.set_target_cell..get_or_set_cached_cell_and_set_connections" {{(pid=95753) inner /opt/stack/data/venv/lib/python3.12/site-packages/oslo_concurrency/lockutils.py:511}}
Jun 29 01:11:46.022355 np0000003884 devstack@n-api-meta.service[95753]: DEBUG oslo_concurrency.lockutils [None req-7abaa598-45e3-4e63-8abe-dad9e514c9e9 None None] Lock "00000000-0000-0000-0000-000000000000" acquired by "nova.context.set_target_cell..get_or_set_cached_cell_and_set_connections" :: waited 0.000s {{(pid=95753) inner /opt/stack/data/venv/lib/python3.12/site-packages/oslo_concurrency/lockutils.py:524}}
Jun 29 01:11:46.022744 np0000003884 devstack@n-api-meta.service[95753]: DEBUG oslo_concurrency.lockutils [None req-7abaa598-45e3-4e63-8abe-dad9e514c9e9 None None] Lock "00000000-0000-0000-0000-000000000000" "released" by "nova.context.set_target_cell..get_or_set_cached_cell_and_set_connections" :: held 0.000s {{(pid=95753) inner /opt/stack/data/venv/lib/python3.12/site-packages/oslo_concurrency/lockutils.py:543}}
Jun 29 01:11:46.023929 np0000003884 devstack@n-api-meta.service[95753]: DEBUG oslo_concurrency.lockutils [None req-7abaa598-45e3-4e63-8abe-dad9e514c9e9 None None] Acquiring lock "a0b3b035-0500-4c1d-b500-1e50ce089cd8" by "nova.context.set_target_cell..get_or_set_cached_cell_and_set_connections" {{(pid=95753) inner /opt/stack/data/venv/lib/python3.12/site-packages/oslo_concurrency/lockutils.py:511}}
Jun 29 01:11:46.023929 np0000003884 devstack@n-api-meta.service[95753]: DEBUG oslo_concurrency.lockutils [None req-7abaa598-45e3-4e63-8abe-dad9e514c9e9 None None] Lock "a0b3b035-0500-4c1d-b500-1e50ce089cd8" acquired by "nova.context.set_target_cell..get_or_set_cached_cell_and_set_connections" :: waited 0.000s {{(pid=95753) inner /opt/stack/data/venv/lib/python3.12/site-packages/oslo_concurrency/lockutils.py:524}}
Jun 29 01:11:46.024464 np0000003884 devstack@n-api-meta.service[95753]: DEBUG oslo_concurrency.lockutils [None req-7abaa598-45e3-4e63-8abe-dad9e514c9e9 None None] Lock "a0b3b035-0500-4c1d-b500-1e50ce089cd8" "released" by "nova.context.set_target_cell..get_or_set_cached_cell_and_set_connections" :: held 0.001s {{(pid=95753) inner /opt/stack/data/venv/lib/python3.12/site-packages/oslo_concurrency/lockutils.py:543}}
Jun 29 01:11:46.025929 np0000003884 devstack@n-api-meta.service[95753]: INFO dbcounter [None req-7abaa598-45e3-4e63-8abe-dad9e514c9e9 None None] Registered counter for database nova_cell0
Jun 29 01:11:46.030713 np0000003884 devstack@n-api-meta.service[95753]: INFO dbcounter [None req-7abaa598-45e3-4e63-8abe-dad9e514c9e9 None None] Registered counter for database nova_cell1
Jun 29 01:11:46.032912 np0000003884 devstack@n-api-meta.service[95751]: DEBUG dbcounter [-] [95751] Writer thread running {{(pid=95751) stat_writer /opt/stack/data/venv/lib/python3.12/site-packages/dbcounter.py:102}}
Jun 29 01:11:46.035427 np0000003884 devstack@n-api-meta.service[95751]: DEBUG nova.context [None req-6270767b-8f29-4b2e-8db3-67f5f2536dfc None None] Found 2 cells: 00000000-0000-0000-0000-000000000000(cell0),a0b3b035-0500-4c1d-b500-1e50ce089cd8(cell1) {{(pid=95751) load_cells /opt/stack/nova/nova/context.py:509}}
Jun 29 01:11:46.035719 np0000003884 devstack@n-api-meta.service[95751]: INFO nova.utils [None req-6270767b-8f29-4b2e-8db3-67f5f2536dfc None None] The cell worker thread pool MainProcess.cell_worker is initialized
Jun 29 01:11:46.037883 np0000003884 devstack@n-api-meta.service[95751]: DEBUG oslo_concurrency.lockutils [None req-6270767b-8f29-4b2e-8db3-67f5f2536dfc None None] Acquiring lock "00000000-0000-0000-0000-000000000000" by "nova.context.set_target_cell..get_or_set_cached_cell_and_set_connections" {{(pid=95751) inner /opt/stack/data/venv/lib/python3.12/site-packages/oslo_concurrency/lockutils.py:511}}
Jun 29 01:11:46.038094 np0000003884 devstack@n-api-meta.service[95751]: DEBUG oslo_concurrency.lockutils [None req-6270767b-8f29-4b2e-8db3-67f5f2536dfc None None] Lock "00000000-0000-0000-0000-000000000000" acquired by "nova.context.set_target_cell..get_or_set_cached_cell_and_set_connections" :: waited 0.000s {{(pid=95751) inner /opt/stack/data/venv/lib/python3.12/site-packages/oslo_concurrency/lockutils.py:524}}
Jun 29 01:11:46.038758 np0000003884 devstack@n-api-meta.service[95751]: DEBUG oslo_concurrency.lockutils [None req-6270767b-8f29-4b2e-8db3-67f5f2536dfc None None] Lock "00000000-0000-0000-0000-000000000000" "released" by "nova.context.set_target_cell..get_or_set_cached_cell_and_set_connections" :: held 0.000s {{(pid=95751) inner /opt/stack/data/venv/lib/python3.12/site-packages/oslo_concurrency/lockutils.py:543}}
Jun 29 01:11:46.039285 np0000003884 devstack@n-api-meta.service[95751]: DEBUG oslo_concurrency.lockutils [None req-6270767b-8f29-4b2e-8db3-67f5f2536dfc None None] Acquiring lock "a0b3b035-0500-4c1d-b500-1e50ce089cd8" by "nova.context.set_target_cell..get_or_set_cached_cell_and_set_connections" {{(pid=95751) inner /opt/stack/data/venv/lib/python3.12/site-packages/oslo_concurrency/lockutils.py:511}}
Jun 29 01:11:46.039422 np0000003884 devstack@n-api-meta.service[95751]: DEBUG oslo_concurrency.lockutils [None req-6270767b-8f29-4b2e-8db3-67f5f2536dfc None None] Lock "a0b3b035-0500-4c1d-b500-1e50ce089cd8" acquired by "nova.context.set_target_cell..get_or_set_cached_cell_and_set_connections" :: waited 0.000s {{(pid=95751) inner /opt/stack/data/venv/lib/python3.12/site-packages/oslo_concurrency/lockutils.py:524}}
Jun 29 01:11:46.040242 np0000003884 devstack@n-api-meta.service[95751]: DEBUG oslo_concurrency.lockutils [None req-6270767b-8f29-4b2e-8db3-67f5f2536dfc None None] Lock "a0b3b035-0500-4c1d-b500-1e50ce089cd8" "released" by "nova.context.set_target_cell..get_or_set_cached_cell_and_set_connections" :: held 0.001s {{(pid=95751) inner /opt/stack/data/venv/lib/python3.12/site-packages/oslo_concurrency/lockutils.py:543}}
Jun 29 01:11:46.042372 np0000003884 devstack@n-api-meta.service[95751]: INFO dbcounter [None req-6270767b-8f29-4b2e-8db3-67f5f2536dfc None None] Registered counter for database nova_cell0
Jun 29 01:11:46.045868 np0000003884 devstack@n-api-meta.service[95751]: INFO dbcounter [None req-6270767b-8f29-4b2e-8db3-67f5f2536dfc None None] Registered counter for database nova_cell1
Jun 29 01:11:46.049313 np0000003884 devstack@n-api-meta.service[95752]: DEBUG dbcounter [-] [95752] Writer thread running {{(pid=95752) stat_writer /opt/stack/data/venv/lib/python3.12/site-packages/dbcounter.py:102}}
Jun 29 01:11:46.051510 np0000003884 devstack@n-api-meta.service[95752]: DEBUG nova.context [None req-4e5bcbac-008a-423a-8704-5d5d83132c50 None None] Found 2 cells: 00000000-0000-0000-0000-000000000000(cell0),a0b3b035-0500-4c1d-b500-1e50ce089cd8(cell1) {{(pid=95752) load_cells /opt/stack/nova/nova/context.py:509}}
Jun 29 01:11:46.051838 np0000003884 devstack@n-api-meta.service[95752]: INFO nova.utils [None req-4e5bcbac-008a-423a-8704-5d5d83132c50 None None] The cell worker thread pool MainProcess.cell_worker is initialized
Jun 29 01:11:46.053405 np0000003884 devstack@n-api-meta.service[95752]: DEBUG oslo_concurrency.lockutils [None req-4e5bcbac-008a-423a-8704-5d5d83132c50 None None] Acquiring lock "00000000-0000-0000-0000-000000000000" by "nova.context.set_target_cell..get_or_set_cached_cell_and_set_connections" {{(pid=95752) inner /opt/stack/data/venv/lib/python3.12/site-packages/oslo_concurrency/lockutils.py:511}}
Jun 29 01:11:46.053565 np0000003884 devstack@n-api-meta.service[95752]: DEBUG oslo_concurrency.lockutils [None req-4e5bcbac-008a-423a-8704-5d5d83132c50 None None] Lock "00000000-0000-0000-0000-000000000000" acquired by "nova.context.set_target_cell..get_or_set_cached_cell_and_set_connections" :: waited 0.000s {{(pid=95752) inner /opt/stack/data/venv/lib/python3.12/site-packages/oslo_concurrency/lockutils.py:524}}
Jun 29 01:11:46.053903 np0000003884 devstack@n-api-meta.service[95752]: DEBUG oslo_concurrency.lockutils [None req-4e5bcbac-008a-423a-8704-5d5d83132c50 None None] Lock "00000000-0000-0000-0000-000000000000" "released" by "nova.context.set_target_cell..get_or_set_cached_cell_and_set_connections" :: held 0.000s {{(pid=95752) inner /opt/stack/data/venv/lib/python3.12/site-packages/oslo_concurrency/lockutils.py:543}}
Jun 29 01:11:46.054566 np0000003884 devstack@n-api-meta.service[95752]: DEBUG oslo_concurrency.lockutils [None req-4e5bcbac-008a-423a-8704-5d5d83132c50 None None] Acquiring lock "a0b3b035-0500-4c1d-b500-1e50ce089cd8" by "nova.context.set_target_cell..get_or_set_cached_cell_and_set_connections" {{(pid=95752) inner /opt/stack/data/venv/lib/python3.12/site-packages/oslo_concurrency/lockutils.py:511}}
Jun 29 01:11:46.054706 np0000003884 devstack@n-api-meta.service[95752]: DEBUG oslo_concurrency.lockutils [None req-4e5bcbac-008a-423a-8704-5d5d83132c50 None None] Lock "a0b3b035-0500-4c1d-b500-1e50ce089cd8" acquired by "nova.context.set_target_cell..get_or_set_cached_cell_and_set_connections" :: waited 0.000s {{(pid=95752) inner /opt/stack/data/venv/lib/python3.12/site-packages/oslo_concurrency/lockutils.py:524}}
Jun 29 01:11:46.055468 np0000003884 devstack@n-api-meta.service[95752]: DEBUG oslo_concurrency.lockutils [None req-4e5bcbac-008a-423a-8704-5d5d83132c50 None None] Lock "a0b3b035-0500-4c1d-b500-1e50ce089cd8" "released" by "nova.context.set_target_cell..get_or_set_cached_cell_and_set_connections" :: held 0.001s {{(pid=95752) inner /opt/stack/data/venv/lib/python3.12/site-packages/oslo_concurrency/lockutils.py:543}}
Jun 29 01:11:46.057475 np0000003884 devstack@n-api-meta.service[95752]: INFO dbcounter [None req-4e5bcbac-008a-423a-8704-5d5d83132c50 None None] Registered counter for database nova_cell0
Jun 29 01:11:46.057827 np0000003884 devstack@n-api-meta.service[95750]: DEBUG oslo_db.sqlalchemy.engines [None req-4af05bac-94c1-4dfc-89ee-2a5da9b4e72d None None] MySQL server mode set to STRICT_TRANS_TABLES,STRICT_ALL_TABLES,NO_ZERO_IN_DATE,NO_ZERO_DATE,ERROR_FOR_DIVISION_BY_ZERO,TRADITIONAL,NO_ENGINE_SUBSTITUTION {{(pid=95750) _check_effective_sql_mode /opt/stack/data/venv/lib/python3.12/site-packages/oslo_db/sqlalchemy/engines.py:325}}
Jun 29 01:11:46.060117 np0000003884 devstack@n-api-meta.service[95752]: INFO dbcounter [None req-4e5bcbac-008a-423a-8704-5d5d83132c50 None None] Registered counter for database nova_cell1
Jun 29 01:11:46.077182 np0000003884 devstack@n-api-meta.service[95753]: DEBUG oslo_db.sqlalchemy.engines [None req-7abaa598-45e3-4e63-8abe-dad9e514c9e9 None None] MySQL server mode set to STRICT_TRANS_TABLES,STRICT_ALL_TABLES,NO_ZERO_IN_DATE,NO_ZERO_DATE,ERROR_FOR_DIVISION_BY_ZERO,TRADITIONAL,NO_ENGINE_SUBSTITUTION {{(pid=95753) _check_effective_sql_mode /opt/stack/data/venv/lib/python3.12/site-packages/oslo_db/sqlalchemy/engines.py:325}}
Jun 29 01:11:46.080353 np0000003884 devstack@n-api-meta.service[95753]: DEBUG oslo_db.sqlalchemy.engines [None req-7abaa598-45e3-4e63-8abe-dad9e514c9e9 None None] MySQL server mode set to STRICT_TRANS_TABLES,STRICT_ALL_TABLES,NO_ZERO_IN_DATE,NO_ZERO_DATE,ERROR_FOR_DIVISION_BY_ZERO,TRADITIONAL,NO_ENGINE_SUBSTITUTION {{(pid=95753) _check_effective_sql_mode /opt/stack/data/venv/lib/python3.12/site-packages/oslo_db/sqlalchemy/engines.py:325}}
Jun 29 01:11:46.087602 np0000003884 devstack@n-api-meta.service[95750]: DEBUG dbcounter [-] [95750] Writer thread running {{(pid=95750) stat_writer /opt/stack/data/venv/lib/python3.12/site-packages/dbcounter.py:102}}
Jun 29 01:11:46.090125 np0000003884 devstack@n-api-meta.service[95750]: DEBUG nova.context [None req-4af05bac-94c1-4dfc-89ee-2a5da9b4e72d None None] Found 2 cells: 00000000-0000-0000-0000-000000000000(cell0),a0b3b035-0500-4c1d-b500-1e50ce089cd8(cell1) {{(pid=95750) load_cells /opt/stack/nova/nova/context.py:509}}
Jun 29 01:11:46.091964 np0000003884 devstack@n-api-meta.service[95750]: INFO nova.utils [None req-4af05bac-94c1-4dfc-89ee-2a5da9b4e72d None None] The cell worker thread pool MainProcess.cell_worker is initialized
Jun 29 01:11:46.092161 np0000003884 devstack@n-api-meta.service[95750]: DEBUG oslo_concurrency.lockutils [None req-4af05bac-94c1-4dfc-89ee-2a5da9b4e72d None None] Acquiring lock "00000000-0000-0000-0000-000000000000" by "nova.context.set_target_cell..get_or_set_cached_cell_and_set_connections" {{(pid=95750) inner /opt/stack/data/venv/lib/python3.12/site-packages/oslo_concurrency/lockutils.py:511}}
Jun 29 01:11:46.092263 np0000003884 devstack@n-api-meta.service[95750]: DEBUG oslo_concurrency.lockutils [None req-4af05bac-94c1-4dfc-89ee-2a5da9b4e72d None None] Lock "00000000-0000-0000-0000-000000000000" acquired by "nova.context.set_target_cell..get_or_set_cached_cell_and_set_connections" :: waited 0.000s {{(pid=95750) inner /opt/stack/data/venv/lib/python3.12/site-packages/oslo_concurrency/lockutils.py:524}}
Jun 29 01:11:46.092655 np0000003884 devstack@n-api-meta.service[95750]: DEBUG oslo_concurrency.lockutils [None req-4af05bac-94c1-4dfc-89ee-2a5da9b4e72d None None] Lock "00000000-0000-0000-0000-000000000000" "released" by "nova.context.set_target_cell..get_or_set_cached_cell_and_set_connections" :: held 0.000s {{(pid=95750) inner /opt/stack/data/venv/lib/python3.12/site-packages/oslo_concurrency/lockutils.py:543}}
Jun 29 01:11:46.093303 np0000003884 devstack@n-api-meta.service[95750]: DEBUG oslo_concurrency.lockutils [None req-4af05bac-94c1-4dfc-89ee-2a5da9b4e72d None None] Acquiring lock "a0b3b035-0500-4c1d-b500-1e50ce089cd8" by "nova.context.set_target_cell..get_or_set_cached_cell_and_set_connections" {{(pid=95750) inner /opt/stack/data/venv/lib/python3.12/site-packages/oslo_concurrency/lockutils.py:511}}
Jun 29 01:11:46.093468 np0000003884 devstack@n-api-meta.service[95750]: DEBUG oslo_concurrency.lockutils [None req-4af05bac-94c1-4dfc-89ee-2a5da9b4e72d None None] Lock "a0b3b035-0500-4c1d-b500-1e50ce089cd8" acquired by "nova.context.set_target_cell..get_or_set_cached_cell_and_set_connections" :: waited 0.000s {{(pid=95750) inner /opt/stack/data/venv/lib/python3.12/site-packages/oslo_concurrency/lockutils.py:524}}
Jun 29 01:11:46.099452 np0000003884 devstack@n-api-meta.service[95750]: INFO dbcounter [None req-4af05bac-94c1-4dfc-89ee-2a5da9b4e72d None None] Registered counter for database nova_cell0
Jun 29 01:11:46.101329 np0000003884 devstack@n-api-meta.service[95750]: DEBUG oslo_concurrency.lockutils [None req-4af05bac-94c1-4dfc-89ee-2a5da9b4e72d None None] Lock "a0b3b035-0500-4c1d-b500-1e50ce089cd8" "released" by "nova.context.set_target_cell..get_or_set_cached_cell_and_set_connections" :: held 0.002s {{(pid=95750) inner /opt/stack/data/venv/lib/python3.12/site-packages/oslo_concurrency/lockutils.py:543}}
Jun 29 01:11:46.102759 np0000003884 devstack@n-api-meta.service[95751]: DEBUG oslo_db.sqlalchemy.engines [None req-6270767b-8f29-4b2e-8db3-67f5f2536dfc None None] MySQL server mode set to STRICT_TRANS_TABLES,STRICT_ALL_TABLES,NO_ZERO_IN_DATE,NO_ZERO_DATE,ERROR_FOR_DIVISION_BY_ZERO,TRADITIONAL,NO_ENGINE_SUBSTITUTION {{(pid=95751) _check_effective_sql_mode /opt/stack/data/venv/lib/python3.12/site-packages/oslo_db/sqlalchemy/engines.py:325}}
Jun 29 01:11:46.103830 np0000003884 devstack@n-api-meta.service[95750]: INFO dbcounter [None req-4af05bac-94c1-4dfc-89ee-2a5da9b4e72d None None] Registered counter for database nova_cell1
Jun 29 01:11:46.105816 np0000003884 devstack@n-api-meta.service[95752]: DEBUG oslo_db.sqlalchemy.engines [None req-4e5bcbac-008a-423a-8704-5d5d83132c50 None None] MySQL server mode set to STRICT_TRANS_TABLES,STRICT_ALL_TABLES,NO_ZERO_IN_DATE,NO_ZERO_DATE,ERROR_FOR_DIVISION_BY_ZERO,TRADITIONAL,NO_ENGINE_SUBSTITUTION {{(pid=95752) _check_effective_sql_mode /opt/stack/data/venv/lib/python3.12/site-packages/oslo_db/sqlalchemy/engines.py:325}}
Jun 29 01:11:46.109396 np0000003884 devstack@n-api-meta.service[95751]: DEBUG oslo_db.sqlalchemy.engines [None req-6270767b-8f29-4b2e-8db3-67f5f2536dfc None None] MySQL server mode set to STRICT_TRANS_TABLES,STRICT_ALL_TABLES,NO_ZERO_IN_DATE,NO_ZERO_DATE,ERROR_FOR_DIVISION_BY_ZERO,TRADITIONAL,NO_ENGINE_SUBSTITUTION {{(pid=95751) _check_effective_sql_mode /opt/stack/data/venv/lib/python3.12/site-packages/oslo_db/sqlalchemy/engines.py:325}}
Jun 29 01:11:46.176591 np0000003884 devstack@n-api-meta.service[95750]: DEBUG oslo_db.sqlalchemy.engines [None req-4af05bac-94c1-4dfc-89ee-2a5da9b4e72d None None] MySQL server mode set to STRICT_TRANS_TABLES,STRICT_ALL_TABLES,NO_ZERO_IN_DATE,NO_ZERO_DATE,ERROR_FOR_DIVISION_BY_ZERO,TRADITIONAL,NO_ENGINE_SUBSTITUTION {{(pid=95750) _check_effective_sql_mode /opt/stack/data/venv/lib/python3.12/site-packages/oslo_db/sqlalchemy/engines.py:325}}
Jun 29 01:11:46.177498 np0000003884 devstack@n-api-meta.service[95752]: DEBUG oslo_db.sqlalchemy.engines [None req-4e5bcbac-008a-423a-8704-5d5d83132c50 None None] MySQL server mode set to STRICT_TRANS_TABLES,STRICT_ALL_TABLES,NO_ZERO_IN_DATE,NO_ZERO_DATE,ERROR_FOR_DIVISION_BY_ZERO,TRADITIONAL,NO_ENGINE_SUBSTITUTION {{(pid=95752) _check_effective_sql_mode /opt/stack/data/venv/lib/python3.12/site-packages/oslo_db/sqlalchemy/engines.py:325}}
Jun 29 01:11:46.181348 np0000003884 devstack@n-api-meta.service[95750]: DEBUG oslo_db.sqlalchemy.engines [None req-4af05bac-94c1-4dfc-89ee-2a5da9b4e72d None None] MySQL server mode set to STRICT_TRANS_TABLES,STRICT_ALL_TABLES,NO_ZERO_IN_DATE,NO_ZERO_DATE,ERROR_FOR_DIVISION_BY_ZERO,TRADITIONAL,NO_ENGINE_SUBSTITUTION {{(pid=95750) _check_effective_sql_mode /opt/stack/data/venv/lib/python3.12/site-packages/oslo_db/sqlalchemy/engines.py:325}}
Jun 29 01:11:46.183684 np0000003884 devstack@n-api-meta.service[95753]: DEBUG dbcounter [-] [95753] Writer thread running {{(pid=95753) stat_writer /opt/stack/data/venv/lib/python3.12/site-packages/dbcounter.py:102}}
Jun 29 01:11:46.184300 np0000003884 devstack@n-api-meta.service[95753]: DEBUG dbcounter [-] [95753] Writer thread running {{(pid=95753) stat_writer /opt/stack/data/venv/lib/python3.12/site-packages/dbcounter.py:102}}
Jun 29 01:11:46.188311 np0000003884 devstack@n-api-meta.service[95753]: INFO dbcounter [None req-7abaa598-45e3-4e63-8abe-dad9e514c9e9 None None] Registered counter for database nova_cell0
Jun 29 01:11:46.208882 np0000003884 devstack@n-api-meta.service[95752]: DEBUG dbcounter [-] [95752] Writer thread running {{(pid=95752) stat_writer /opt/stack/data/venv/lib/python3.12/site-packages/dbcounter.py:102}}
Jun 29 01:11:46.214848 np0000003884 devstack@n-api-meta.service[95751]: DEBUG dbcounter [-] [95751] Writer thread running {{(pid=95751) stat_writer /opt/stack/data/venv/lib/python3.12/site-packages/dbcounter.py:102}}
Jun 29 01:11:46.215158 np0000003884 devstack@n-api-meta.service[95752]: DEBUG dbcounter [-] [95752] Writer thread running {{(pid=95752) stat_writer /opt/stack/data/venv/lib/python3.12/site-packages/dbcounter.py:102}}
Jun 29 01:11:46.215345 np0000003884 devstack@n-api-meta.service[95751]: DEBUG dbcounter [-] [95751] Writer thread running {{(pid=95751) stat_writer /opt/stack/data/venv/lib/python3.12/site-packages/dbcounter.py:102}}
Jun 29 01:11:46.218321 np0000003884 devstack@n-api-meta.service[95752]: INFO dbcounter [None req-4e5bcbac-008a-423a-8704-5d5d83132c50 None None] Registered counter for database nova_cell0
Jun 29 01:11:46.219388 np0000003884 devstack@n-api-meta.service[95751]: INFO dbcounter [None req-6270767b-8f29-4b2e-8db3-67f5f2536dfc None None] Registered counter for database nova_cell0
Jun 29 01:11:46.223416 np0000003884 devstack@n-api-meta.service[95753]: DEBUG oslo_db.sqlalchemy.engines [None req-7abaa598-45e3-4e63-8abe-dad9e514c9e9 None None] MySQL server mode set to STRICT_TRANS_TABLES,STRICT_ALL_TABLES,NO_ZERO_IN_DATE,NO_ZERO_DATE,ERROR_FOR_DIVISION_BY_ZERO,TRADITIONAL,NO_ENGINE_SUBSTITUTION {{(pid=95753) _check_effective_sql_mode /opt/stack/data/venv/lib/python3.12/site-packages/oslo_db/sqlalchemy/engines.py:325}}
Jun 29 01:11:46.231044 np0000003884 devstack@n-api-meta.service[95753]: DEBUG dbcounter [-] [95753] Writer thread running {{(pid=95753) stat_writer /opt/stack/data/venv/lib/python3.12/site-packages/dbcounter.py:102}}
Jun 29 01:11:46.256624 np0000003884 devstack@n-api-meta.service[95752]: DEBUG oslo_db.sqlalchemy.engines [None req-4e5bcbac-008a-423a-8704-5d5d83132c50 None None] MySQL server mode set to STRICT_TRANS_TABLES,STRICT_ALL_TABLES,NO_ZERO_IN_DATE,NO_ZERO_DATE,ERROR_FOR_DIVISION_BY_ZERO,TRADITIONAL,NO_ENGINE_SUBSTITUTION {{(pid=95752) _check_effective_sql_mode /opt/stack/data/venv/lib/python3.12/site-packages/oslo_db/sqlalchemy/engines.py:325}}
Jun 29 01:11:46.259383 np0000003884 devstack@n-api-meta.service[95751]: DEBUG oslo_db.sqlalchemy.engines [None req-6270767b-8f29-4b2e-8db3-67f5f2536dfc None None] MySQL server mode set to STRICT_TRANS_TABLES,STRICT_ALL_TABLES,NO_ZERO_IN_DATE,NO_ZERO_DATE,ERROR_FOR_DIVISION_BY_ZERO,TRADITIONAL,NO_ENGINE_SUBSTITUTION {{(pid=95751) _check_effective_sql_mode /opt/stack/data/venv/lib/python3.12/site-packages/oslo_db/sqlalchemy/engines.py:325}}
Jun 29 01:11:46.263806 np0000003884 devstack@n-api-meta.service[95752]: DEBUG dbcounter [-] [95752] Writer thread running {{(pid=95752) stat_writer /opt/stack/data/venv/lib/python3.12/site-packages/dbcounter.py:102}}
Jun 29 01:11:46.265586 np0000003884 devstack@n-api-meta.service[95751]: DEBUG dbcounter [-] [95751] Writer thread running {{(pid=95751) stat_writer /opt/stack/data/venv/lib/python3.12/site-packages/dbcounter.py:102}}
Jun 29 01:11:46.268401 np0000003884 devstack@n-api-meta.service[95750]: DEBUG dbcounter [-] [95750] Writer thread running {{(pid=95750) stat_writer /opt/stack/data/venv/lib/python3.12/site-packages/dbcounter.py:102}}
Jun 29 01:11:46.272160 np0000003884 devstack@n-api-meta.service[95753]: WARNING nova.api.metadata.handler [None req-7abaa598-45e3-4e63-8abe-dad9e514c9e9 None None] metadata_proxy_shared_secret is not configured, the metadata information returned by the proxy cannot be trusted
Jun 29 01:11:46.272824 np0000003884 devstack@n-api-meta.service[95750]: DEBUG dbcounter [-] [95750] Writer thread running {{(pid=95750) stat_writer /opt/stack/data/venv/lib/python3.12/site-packages/dbcounter.py:102}}
Jun 29 01:11:46.274435 np0000003884 devstack@n-api-meta.service[95753]: DEBUG nova.api.openstack.wsgi_app [None req-7abaa598-45e3-4e63-8abe-dad9e514c9e9 None None] ******************************************************************************** {{(pid=95753) log_opt_values /opt/stack/data/venv/lib/python3.12/site-packages/oslo_config/cfg.py:3226}}
Jun 29 01:11:46.274786 np0000003884 devstack@n-api-meta.service[95753]: DEBUG nova.api.openstack.wsgi_app [None req-7abaa598-45e3-4e63-8abe-dad9e514c9e9 None None] Configuration options gathered from: {{(pid=95753) log_opt_values /opt/stack/data/venv/lib/python3.12/site-packages/oslo_config/cfg.py:3227}}
Jun 29 01:11:46.274786 np0000003884 devstack@n-api-meta.service[95753]: DEBUG nova.api.openstack.wsgi_app [None req-7abaa598-45e3-4e63-8abe-dad9e514c9e9 None None] command line args: [] {{(pid=95753) log_opt_values /opt/stack/data/venv/lib/python3.12/site-packages/oslo_config/cfg.py:3228}}
Jun 29 01:11:46.274786 np0000003884 devstack@n-api-meta.service[95753]: DEBUG nova.api.openstack.wsgi_app [None req-7abaa598-45e3-4e63-8abe-dad9e514c9e9 None None] config files: ['/etc/nova/api-paste.ini', '/etc/nova/nova.conf'] {{(pid=95753) log_opt_values /opt/stack/data/venv/lib/python3.12/site-packages/oslo_config/cfg.py:3229}}
Jun 29 01:11:46.274928 np0000003884 devstack@n-api-meta.service[95753]: DEBUG nova.api.openstack.wsgi_app [None req-7abaa598-45e3-4e63-8abe-dad9e514c9e9 None None] ================================================================================ {{(pid=95753) log_opt_values /opt/stack/data/venv/lib/python3.12/site-packages/oslo_config/cfg.py:3234}}
Jun 29 01:11:46.276220 np0000003884 devstack@n-api-meta.service[95753]: DEBUG nova.api.openstack.wsgi_app [None req-7abaa598-45e3-4e63-8abe-dad9e514c9e9 None None] allow_resize_to_same_host = True {{(pid=95753) log_opt_values /opt/stack/data/venv/lib/python3.12/site-packages/oslo_config/cfg.py:3242}}
Jun 29 01:11:46.276220 np0000003884 devstack@n-api-meta.service[95753]: DEBUG nova.api.openstack.wsgi_app [None req-7abaa598-45e3-4e63-8abe-dad9e514c9e9 None None] arq_binding_timeout = 300 {{(pid=95753) log_opt_values /opt/stack/data/venv/lib/python3.12/site-packages/oslo_config/cfg.py:3242}}
Jun 29 01:11:46.276220 np0000003884 devstack@n-api-meta.service[95753]: DEBUG nova.api.openstack.wsgi_app [None req-7abaa598-45e3-4e63-8abe-dad9e514c9e9 None None] block_device_allocate_retries = 60 {{(pid=95753) log_opt_values /opt/stack/data/venv/lib/python3.12/site-packages/oslo_config/cfg.py:3242}}
Jun 29 01:11:46.276220 np0000003884 devstack@n-api-meta.service[95753]: DEBUG nova.api.openstack.wsgi_app [None req-7abaa598-45e3-4e63-8abe-dad9e514c9e9 None None] block_device_allocate_retries_interval = 3 {{(pid=95753) log_opt_values /opt/stack/data/venv/lib/python3.12/site-packages/oslo_config/cfg.py:3242}}
Jun 29 01:11:46.276220 np0000003884 devstack@n-api-meta.service[95753]: DEBUG nova.api.openstack.wsgi_app [None req-7abaa598-45e3-4e63-8abe-dad9e514c9e9 None None] cell_worker_thread_pool_size = 5 {{(pid=95753) log_opt_values /opt/stack/data/venv/lib/python3.12/site-packages/oslo_config/cfg.py:3242}}
Jun 29 01:11:46.276220 np0000003884 devstack@n-api-meta.service[95753]: DEBUG nova.api.openstack.wsgi_app [None req-7abaa598-45e3-4e63-8abe-dad9e514c9e9 None None] cert = self.pem {{(pid=95753) log_opt_values /opt/stack/data/venv/lib/python3.12/site-packages/oslo_config/cfg.py:3242}}
Jun 29 01:11:46.276220 np0000003884 devstack@n-api-meta.service[95753]: DEBUG nova.api.openstack.wsgi_app [None req-7abaa598-45e3-4e63-8abe-dad9e514c9e9 None None] compute_driver = libvirt.LibvirtDriver {{(pid=95753) log_opt_values /opt/stack/data/venv/lib/python3.12/site-packages/oslo_config/cfg.py:3242}}
Jun 29 01:11:46.276417 np0000003884 devstack@n-api-meta.service[95753]: DEBUG nova.api.openstack.wsgi_app [None req-7abaa598-45e3-4e63-8abe-dad9e514c9e9 None None] compute_monitors = [] {{(pid=95753) log_opt_values /opt/stack/data/venv/lib/python3.12/site-packages/oslo_config/cfg.py:3242}}
Jun 29 01:11:46.276417 np0000003884 devstack@n-api-meta.service[95753]: DEBUG nova.api.openstack.wsgi_app [None req-7abaa598-45e3-4e63-8abe-dad9e514c9e9 None None] config_dir = [] {{(pid=95753) log_opt_values /opt/stack/data/venv/lib/python3.12/site-packages/oslo_config/cfg.py:3242}}
Jun 29 01:11:46.276417 np0000003884 devstack@n-api-meta.service[95753]: DEBUG nova.api.openstack.wsgi_app [None req-7abaa598-45e3-4e63-8abe-dad9e514c9e9 None None] config_drive_format = iso9660 {{(pid=95753) log_opt_values /opt/stack/data/venv/lib/python3.12/site-packages/oslo_config/cfg.py:3242}}
Jun 29 01:11:46.276492 np0000003884 devstack@n-api-meta.service[95753]: DEBUG nova.api.openstack.wsgi_app [None req-7abaa598-45e3-4e63-8abe-dad9e514c9e9 None None] config_file = ['/etc/nova/api-paste.ini', '/etc/nova/nova.conf'] {{(pid=95753) log_opt_values /opt/stack/data/venv/lib/python3.12/site-packages/oslo_config/cfg.py:3242}}
Jun 29 01:11:46.276567 np0000003884 devstack@n-api-meta.service[95750]: INFO dbcounter [None req-4af05bac-94c1-4dfc-89ee-2a5da9b4e72d None None] Registered counter for database nova_cell0
Jun 29 01:11:46.276619 np0000003884 devstack@n-api-meta.service[95753]: DEBUG nova.api.openstack.wsgi_app [None req-7abaa598-45e3-4e63-8abe-dad9e514c9e9 None None] config_source = [] {{(pid=95753) log_opt_values /opt/stack/data/venv/lib/python3.12/site-packages/oslo_config/cfg.py:3242}}
Jun 29 01:11:46.276782 np0000003884 devstack@n-api-meta.service[95753]: DEBUG nova.api.openstack.wsgi_app [None req-7abaa598-45e3-4e63-8abe-dad9e514c9e9 None None] console_host = np0000003884 {{(pid=95753) log_opt_values /opt/stack/data/venv/lib/python3.12/site-packages/oslo_config/cfg.py:3242}}
Jun 29 01:11:46.276926 np0000003884 devstack@n-api-meta.service[95753]: DEBUG nova.api.openstack.wsgi_app [None req-7abaa598-45e3-4e63-8abe-dad9e514c9e9 None None] control_exchange = nova {{(pid=95753) log_opt_values /opt/stack/data/venv/lib/python3.12/site-packages/oslo_config/cfg.py:3242}}
Jun 29 01:11:46.277069 np0000003884 devstack@n-api-meta.service[95753]: DEBUG nova.api.openstack.wsgi_app [None req-7abaa598-45e3-4e63-8abe-dad9e514c9e9 None None] cpu_allocation_ratio = None {{(pid=95753) log_opt_values /opt/stack/data/venv/lib/python3.12/site-packages/oslo_config/cfg.py:3242}}
Jun 29 01:11:46.277186 np0000003884 devstack@n-api-meta.service[95753]: DEBUG nova.api.openstack.wsgi_app [None req-7abaa598-45e3-4e63-8abe-dad9e514c9e9 None None] daemon = False {{(pid=95753) log_opt_values /opt/stack/data/venv/lib/python3.12/site-packages/oslo_config/cfg.py:3242}}
Jun 29 01:11:46.277330 np0000003884 devstack@n-api-meta.service[95753]: DEBUG nova.api.openstack.wsgi_app [None req-7abaa598-45e3-4e63-8abe-dad9e514c9e9 None None] debug = True {{(pid=95753) log_opt_values /opt/stack/data/venv/lib/python3.12/site-packages/oslo_config/cfg.py:3242}}
Jun 29 01:11:46.277447 np0000003884 devstack@n-api-meta.service[95753]: DEBUG nova.api.openstack.wsgi_app [None req-7abaa598-45e3-4e63-8abe-dad9e514c9e9 None None] default_access_ip_network_name = None {{(pid=95753) log_opt_values /opt/stack/data/venv/lib/python3.12/site-packages/oslo_config/cfg.py:3242}}
Jun 29 01:11:46.277577 np0000003884 devstack@n-api-meta.service[95753]: DEBUG nova.api.openstack.wsgi_app [None req-7abaa598-45e3-4e63-8abe-dad9e514c9e9 None None] default_availability_zone = nova {{(pid=95753) log_opt_values /opt/stack/data/venv/lib/python3.12/site-packages/oslo_config/cfg.py:3242}}
Jun 29 01:11:46.277694 np0000003884 devstack@n-api-meta.service[95753]: DEBUG nova.api.openstack.wsgi_app [None req-7abaa598-45e3-4e63-8abe-dad9e514c9e9 None None] default_ephemeral_format = ext4 {{(pid=95753) log_opt_values /opt/stack/data/venv/lib/python3.12/site-packages/oslo_config/cfg.py:3242}}
Jun 29 01:11:46.277814 np0000003884 devstack@n-api-meta.service[95753]: DEBUG nova.api.openstack.wsgi_app [None req-7abaa598-45e3-4e63-8abe-dad9e514c9e9 None None] default_green_pool_size = 1000 {{(pid=95753) log_opt_values /opt/stack/data/venv/lib/python3.12/site-packages/oslo_config/cfg.py:3242}}
Jun 29 01:11:46.278011 np0000003884 devstack@n-api-meta.service[95753]: DEBUG nova.api.openstack.wsgi_app [None req-7abaa598-45e3-4e63-8abe-dad9e514c9e9 None None] default_log_levels = ['amqp=WARN', 'boto=WARN', 'sqlalchemy=WARN', 'suds=INFO', 'oslo.messaging=INFO', 'oslo_messaging=INFO', 'iso8601=WARN', 'requests.packages.urllib3.connectionpool=WARN', 'urllib3.connectionpool=WARN', 'websocket=WARN', 'requests.packages.urllib3.util.retry=WARN', 'urllib3.util.retry=WARN', 'keystonemiddleware=WARN', 'routes.middleware=WARN', 'stevedore=WARN', 'taskflow=WARN', 'keystoneauth=WARN', 'oslo.cache=INFO', 'oslo_policy=INFO', 'dogpile.core.dogpile=INFO', 'glanceclient=WARN', 'oslo.privsep.daemon=INFO'] {{(pid=95753) log_opt_values /opt/stack/data/venv/lib/python3.12/site-packages/oslo_config/cfg.py:3242}}
Jun 29 01:11:46.278125 np0000003884 devstack@n-api-meta.service[95753]: DEBUG nova.api.openstack.wsgi_app [None req-7abaa598-45e3-4e63-8abe-dad9e514c9e9 None None] default_schedule_zone = None {{(pid=95753) log_opt_values /opt/stack/data/venv/lib/python3.12/site-packages/oslo_config/cfg.py:3242}}
Jun 29 01:11:46.278235 np0000003884 devstack@n-api-meta.service[95753]: DEBUG nova.api.openstack.wsgi_app [None req-7abaa598-45e3-4e63-8abe-dad9e514c9e9 None None] default_thread_pool_size = 10 {{(pid=95753) log_opt_values /opt/stack/data/venv/lib/python3.12/site-packages/oslo_config/cfg.py:3242}}
Jun 29 01:11:46.278362 np0000003884 devstack@n-api-meta.service[95753]: DEBUG nova.api.openstack.wsgi_app [None req-7abaa598-45e3-4e63-8abe-dad9e514c9e9 None None] disk_allocation_ratio = None {{(pid=95753) log_opt_values /opt/stack/data/venv/lib/python3.12/site-packages/oslo_config/cfg.py:3242}}
Jun 29 01:11:46.278475 np0000003884 devstack@n-api-meta.service[95753]: DEBUG nova.api.openstack.wsgi_app [None req-7abaa598-45e3-4e63-8abe-dad9e514c9e9 None None] enable_new_services = True {{(pid=95753) log_opt_values /opt/stack/data/venv/lib/python3.12/site-packages/oslo_config/cfg.py:3242}}
Jun 29 01:11:46.278603 np0000003884 devstack@n-api-meta.service[95753]: DEBUG nova.api.openstack.wsgi_app [None req-7abaa598-45e3-4e63-8abe-dad9e514c9e9 None None] flat_injected = False {{(pid=95753) log_opt_values /opt/stack/data/venv/lib/python3.12/site-packages/oslo_config/cfg.py:3242}}
Jun 29 01:11:46.278723 np0000003884 devstack@n-api-meta.service[95753]: DEBUG nova.api.openstack.wsgi_app [None req-7abaa598-45e3-4e63-8abe-dad9e514c9e9 None None] force_config_drive = True {{(pid=95753) log_opt_values /opt/stack/data/venv/lib/python3.12/site-packages/oslo_config/cfg.py:3242}}
Jun 29 01:11:46.278832 np0000003884 devstack@n-api-meta.service[95753]: DEBUG nova.api.openstack.wsgi_app [None req-7abaa598-45e3-4e63-8abe-dad9e514c9e9 None None] force_raw_images = True {{(pid=95753) log_opt_values /opt/stack/data/venv/lib/python3.12/site-packages/oslo_config/cfg.py:3242}}
Jun 29 01:11:46.278967 np0000003884 devstack@n-api-meta.service[95753]: DEBUG nova.api.openstack.wsgi_app [None req-7abaa598-45e3-4e63-8abe-dad9e514c9e9 None None] graceful_shutdown_timeout = 5 {{(pid=95753) log_opt_values /opt/stack/data/venv/lib/python3.12/site-packages/oslo_config/cfg.py:3242}}
Jun 29 01:11:46.279124 np0000003884 devstack@n-api-meta.service[95753]: DEBUG nova.api.openstack.wsgi_app [None req-7abaa598-45e3-4e63-8abe-dad9e514c9e9 None None] heal_instance_info_cache_interval = -1 {{(pid=95753) log_opt_values /opt/stack/data/venv/lib/python3.12/site-packages/oslo_config/cfg.py:3242}}
Jun 29 01:11:46.279342 np0000003884 devstack@n-api-meta.service[95753]: DEBUG nova.api.openstack.wsgi_app [None req-7abaa598-45e3-4e63-8abe-dad9e514c9e9 None None] host = np0000003884 {{(pid=95753) log_opt_values /opt/stack/data/venv/lib/python3.12/site-packages/oslo_config/cfg.py:3242}}
Jun 29 01:11:46.279519 np0000003884 devstack@n-api-meta.service[95753]: DEBUG nova.api.openstack.wsgi_app [None req-7abaa598-45e3-4e63-8abe-dad9e514c9e9 None None] initial_cpu_allocation_ratio = 4.0 {{(pid=95753) log_opt_values /opt/stack/data/venv/lib/python3.12/site-packages/oslo_config/cfg.py:3242}}
Jun 29 01:11:46.279666 np0000003884 devstack@n-api-meta.service[95753]: DEBUG nova.api.openstack.wsgi_app [None req-7abaa598-45e3-4e63-8abe-dad9e514c9e9 None None] initial_disk_allocation_ratio = 1.0 {{(pid=95753) log_opt_values /opt/stack/data/venv/lib/python3.12/site-packages/oslo_config/cfg.py:3242}}
Jun 29 01:11:46.280842 np0000003884 devstack@n-api-meta.service[95753]: DEBUG nova.api.openstack.wsgi_app [None req-7abaa598-45e3-4e63-8abe-dad9e514c9e9 None None] initial_ram_allocation_ratio = 1.0 {{(pid=95753) log_opt_values /opt/stack/data/venv/lib/python3.12/site-packages/oslo_config/cfg.py:3242}}
Jun 29 01:11:46.280842 np0000003884 devstack@n-api-meta.service[95753]: DEBUG nova.api.openstack.wsgi_app [None req-7abaa598-45e3-4e63-8abe-dad9e514c9e9 None None] injected_network_template = /opt/stack/nova/nova/virt/interfaces.template {{(pid=95753) log_opt_values /opt/stack/data/venv/lib/python3.12/site-packages/oslo_config/cfg.py:3242}}
Jun 29 01:11:46.280842 np0000003884 devstack@n-api-meta.service[95753]: DEBUG nova.api.openstack.wsgi_app [None req-7abaa598-45e3-4e63-8abe-dad9e514c9e9 None None] instance_build_timeout = 0 {{(pid=95753) log_opt_values /opt/stack/data/venv/lib/python3.12/site-packages/oslo_config/cfg.py:3242}}
Jun 29 01:11:46.280842 np0000003884 devstack@n-api-meta.service[95753]: DEBUG nova.api.openstack.wsgi_app [None req-7abaa598-45e3-4e63-8abe-dad9e514c9e9 None None] instance_delete_interval = 300 {{(pid=95753) log_opt_values /opt/stack/data/venv/lib/python3.12/site-packages/oslo_config/cfg.py:3242}}
Jun 29 01:11:46.280842 np0000003884 devstack@n-api-meta.service[95753]: DEBUG nova.api.openstack.wsgi_app [None req-7abaa598-45e3-4e63-8abe-dad9e514c9e9 None None] instance_format = [instance: %(uuid)s] {{(pid=95753) log_opt_values /opt/stack/data/venv/lib/python3.12/site-packages/oslo_config/cfg.py:3242}}
Jun 29 01:11:46.280842 np0000003884 devstack@n-api-meta.service[95753]: DEBUG nova.api.openstack.wsgi_app [None req-7abaa598-45e3-4e63-8abe-dad9e514c9e9 None None] instance_name_template = instance-%08x {{(pid=95753) log_opt_values /opt/stack/data/venv/lib/python3.12/site-packages/oslo_config/cfg.py:3242}}
Jun 29 01:11:46.280842 np0000003884 devstack@n-api-meta.service[95753]: DEBUG nova.api.openstack.wsgi_app [None req-7abaa598-45e3-4e63-8abe-dad9e514c9e9 None None] instance_usage_audit = False {{(pid=95753) log_opt_values /opt/stack/data/venv/lib/python3.12/site-packages/oslo_config/cfg.py:3242}}
Jun 29 01:11:46.281103 np0000003884 devstack@n-api-meta.service[95753]: DEBUG nova.api.openstack.wsgi_app [None req-7abaa598-45e3-4e63-8abe-dad9e514c9e9 None None] instance_usage_audit_period = month {{(pid=95753) log_opt_values /opt/stack/data/venv/lib/python3.12/site-packages/oslo_config/cfg.py:3242}}
Jun 29 01:11:46.281103 np0000003884 devstack@n-api-meta.service[95753]: DEBUG nova.api.openstack.wsgi_app [None req-7abaa598-45e3-4e63-8abe-dad9e514c9e9 None None] instance_uuid_format = [instance: %(uuid)s] {{(pid=95753) log_opt_values /opt/stack/data/venv/lib/python3.12/site-packages/oslo_config/cfg.py:3242}}
Jun 29 01:11:46.281179 np0000003884 devstack@n-api-meta.service[95753]: DEBUG nova.api.openstack.wsgi_app [None req-7abaa598-45e3-4e63-8abe-dad9e514c9e9 None None] instances_path = /opt/stack/data/nova/instances {{(pid=95753) log_opt_values /opt/stack/data/venv/lib/python3.12/site-packages/oslo_config/cfg.py:3242}}
Jun 29 01:11:46.281308 np0000003884 devstack@n-api-meta.service[95753]: DEBUG nova.api.openstack.wsgi_app [None req-7abaa598-45e3-4e63-8abe-dad9e514c9e9 None None] internal_service_availability_zone = internal {{(pid=95753) log_opt_values /opt/stack/data/venv/lib/python3.12/site-packages/oslo_config/cfg.py:3242}}
Jun 29 01:11:46.281456 np0000003884 devstack@n-api-meta.service[95753]: DEBUG nova.api.openstack.wsgi_app [None req-7abaa598-45e3-4e63-8abe-dad9e514c9e9 None None] key = None {{(pid=95753) log_opt_values /opt/stack/data/venv/lib/python3.12/site-packages/oslo_config/cfg.py:3242}}
Jun 29 01:11:46.281594 np0000003884 devstack@n-api-meta.service[95753]: DEBUG nova.api.openstack.wsgi_app [None req-7abaa598-45e3-4e63-8abe-dad9e514c9e9 None None] live_migration_retry_count = 30 {{(pid=95753) log_opt_values /opt/stack/data/venv/lib/python3.12/site-packages/oslo_config/cfg.py:3242}}
Jun 29 01:11:46.281731 np0000003884 devstack@n-api-meta.service[95753]: DEBUG nova.api.openstack.wsgi_app [None req-7abaa598-45e3-4e63-8abe-dad9e514c9e9 None None] log_color = False {{(pid=95753) log_opt_values /opt/stack/data/venv/lib/python3.12/site-packages/oslo_config/cfg.py:3242}}
Jun 29 01:11:46.281872 np0000003884 devstack@n-api-meta.service[95753]: DEBUG nova.api.openstack.wsgi_app [None req-7abaa598-45e3-4e63-8abe-dad9e514c9e9 None None] log_config_append = None {{(pid=95753) log_opt_values /opt/stack/data/venv/lib/python3.12/site-packages/oslo_config/cfg.py:3242}}
Jun 29 01:11:46.282061 np0000003884 devstack@n-api-meta.service[95753]: DEBUG nova.api.openstack.wsgi_app [None req-7abaa598-45e3-4e63-8abe-dad9e514c9e9 None None] log_date_format = %Y-%m-%d %H:%M:%S {{(pid=95753) log_opt_values /opt/stack/data/venv/lib/python3.12/site-packages/oslo_config/cfg.py:3242}}
Jun 29 01:11:46.282184 np0000003884 devstack@n-api-meta.service[95753]: DEBUG nova.api.openstack.wsgi_app [None req-7abaa598-45e3-4e63-8abe-dad9e514c9e9 None None] log_dir = None {{(pid=95753) log_opt_values /opt/stack/data/venv/lib/python3.12/site-packages/oslo_config/cfg.py:3242}}
Jun 29 01:11:46.282326 np0000003884 devstack@n-api-meta.service[95753]: DEBUG nova.api.openstack.wsgi_app [None req-7abaa598-45e3-4e63-8abe-dad9e514c9e9 None None] log_file = None {{(pid=95753) log_opt_values /opt/stack/data/venv/lib/python3.12/site-packages/oslo_config/cfg.py:3242}}
Jun 29 01:11:46.282446 np0000003884 devstack@n-api-meta.service[95753]: DEBUG nova.api.openstack.wsgi_app [None req-7abaa598-45e3-4e63-8abe-dad9e514c9e9 None None] log_options = True {{(pid=95753) log_opt_values /opt/stack/data/venv/lib/python3.12/site-packages/oslo_config/cfg.py:3242}}
Jun 29 01:11:46.282593 np0000003884 devstack@n-api-meta.service[95753]: DEBUG nova.api.openstack.wsgi_app [None req-7abaa598-45e3-4e63-8abe-dad9e514c9e9 None None] log_rotate_interval = 1 {{(pid=95753) log_opt_values /opt/stack/data/venv/lib/python3.12/site-packages/oslo_config/cfg.py:3242}}
Jun 29 01:11:46.282739 np0000003884 devstack@n-api-meta.service[95753]: DEBUG nova.api.openstack.wsgi_app [None req-7abaa598-45e3-4e63-8abe-dad9e514c9e9 None None] log_rotate_interval_type = days {{(pid=95753) log_opt_values /opt/stack/data/venv/lib/python3.12/site-packages/oslo_config/cfg.py:3242}}
Jun 29 01:11:46.282886 np0000003884 devstack@n-api-meta.service[95753]: DEBUG nova.api.openstack.wsgi_app [None req-7abaa598-45e3-4e63-8abe-dad9e514c9e9 None None] log_rotation_type = none {{(pid=95753) log_opt_values /opt/stack/data/venv/lib/python3.12/site-packages/oslo_config/cfg.py:3242}}
Jun 29 01:11:46.283030 np0000003884 devstack@n-api-meta.service[95753]: DEBUG nova.api.openstack.wsgi_app [None req-7abaa598-45e3-4e63-8abe-dad9e514c9e9 None None] logging_context_format_string = %(color)s%(levelname)s %(name)s [%(global_request_id)s %(request_id)s %(project_name)s %(user_name)s%(color)s] %(instance)s%(color)s%(message)s {{(pid=95753) log_opt_values /opt/stack/data/venv/lib/python3.12/site-packages/oslo_config/cfg.py:3242}}
Jun 29 01:11:46.283153 np0000003884 devstack@n-api-meta.service[95753]: DEBUG nova.api.openstack.wsgi_app [None req-7abaa598-45e3-4e63-8abe-dad9e514c9e9 None None] logging_debug_format_suffix = {{(pid=%(process)d) %(funcName)s %(pathname)s:%(lineno)d}} {{(pid=95753) log_opt_values /opt/stack/data/venv/lib/python3.12/site-packages/oslo_config/cfg.py:3242}}
Jun 29 01:11:46.283288 np0000003884 devstack@n-api-meta.service[95753]: DEBUG nova.api.openstack.wsgi_app [None req-7abaa598-45e3-4e63-8abe-dad9e514c9e9 None None] logging_default_format_string = %(color)s%(levelname)s %(name)s [-%(color)s] %(instance)s%(color)s%(message)s {{(pid=95753) log_opt_values /opt/stack/data/venv/lib/python3.12/site-packages/oslo_config/cfg.py:3242}}
Jun 29 01:11:46.283454 np0000003884 devstack@n-api-meta.service[95753]: DEBUG nova.api.openstack.wsgi_app [None req-7abaa598-45e3-4e63-8abe-dad9e514c9e9 None None] logging_exception_prefix = ERROR %(name)s %(instance)s {{(pid=95753) log_opt_values /opt/stack/data/venv/lib/python3.12/site-packages/oslo_config/cfg.py:3242}}
