Jun 29 01:11:51.026782 np0000003884 nova-conductor[98786]: DEBUG cotyledon.oslo_config_glue [-] profiler.es_doc_type = notification {{(pid=98786) log_opt_values /opt/stack/data/venv/lib/python3.12/site-packages/oslo_config/cfg.py:3253}}
Jun 29 01:11:51.026782 np0000003884 nova-conductor[98786]: DEBUG cotyledon.oslo_config_glue [-] profiler.es_scroll_size = 10000 {{(pid=98786) log_opt_values /opt/stack/data/venv/lib/python3.12/site-packages/oslo_config/cfg.py:3253}}
Jun 29 01:11:51.026782 np0000003884 nova-conductor[98786]: DEBUG cotyledon.oslo_config_glue [-] profiler.es_scroll_time = 2m {{(pid=98786) log_opt_values /opt/stack/data/venv/lib/python3.12/site-packages/oslo_config/cfg.py:3253}}
Jun 29 01:11:51.026782 np0000003884 nova-conductor[98786]: DEBUG cotyledon.oslo_config_glue [-] profiler.filter_error_trace = False {{(pid=98786) log_opt_values /opt/stack/data/venv/lib/python3.12/site-packages/oslo_config/cfg.py:3253}}
Jun 29 01:11:51.026782 np0000003884 nova-conductor[98786]: DEBUG cotyledon.oslo_config_glue [-] profiler.hmac_keys = **** {{(pid=98786) log_opt_values /opt/stack/data/venv/lib/python3.12/site-packages/oslo_config/cfg.py:3253}}
Jun 29 01:11:51.026964 np0000003884 nova-conductor[98786]: DEBUG cotyledon.oslo_config_glue [-] profiler.sentinel_service_name = mymaster {{(pid=98786) log_opt_values /opt/stack/data/venv/lib/python3.12/site-packages/oslo_config/cfg.py:3253}}
Jun 29 01:11:51.026964 np0000003884 nova-conductor[98786]: DEBUG cotyledon.oslo_config_glue [-] profiler.socket_timeout = 0.1 {{(pid=98786) log_opt_values /opt/stack/data/venv/lib/python3.12/site-packages/oslo_config/cfg.py:3253}}
Jun 29 01:11:51.026964 np0000003884 nova-conductor[98786]: DEBUG cotyledon.oslo_config_glue [-] profiler.trace_requests = False {{(pid=98786) log_opt_values /opt/stack/data/venv/lib/python3.12/site-packages/oslo_config/cfg.py:3253}}
Jun 29 01:11:51.026964 np0000003884 nova-conductor[98786]: DEBUG cotyledon.oslo_config_glue [-] profiler.trace_sqlalchemy = False {{(pid=98786) log_opt_values /opt/stack/data/venv/lib/python3.12/site-packages/oslo_config/cfg.py:3253}}
Jun 29 01:11:51.026964 np0000003884 nova-conductor[98786]: DEBUG cotyledon.oslo_config_glue [-] profiler_jaeger.process_tags = {} {{(pid=98786) log_opt_values /opt/stack/data/venv/lib/python3.12/site-packages/oslo_config/cfg.py:3253}}
Jun 29 01:11:51.026964 np0000003884 nova-conductor[98786]: DEBUG cotyledon.oslo_config_glue [-] profiler_jaeger.service_name_prefix = None {{(pid=98786) log_opt_values /opt/stack/data/venv/lib/python3.12/site-packages/oslo_config/cfg.py:3253}}
Jun 29 01:11:51.026964 np0000003884 nova-conductor[98786]: DEBUG cotyledon.oslo_config_glue [-] profiler_otlp.service_name_prefix = None {{(pid=98786) log_opt_values /opt/stack/data/venv/lib/python3.12/site-packages/oslo_config/cfg.py:3253}}
Jun 29 01:11:51.026964 np0000003884 nova-conductor[98786]: DEBUG cotyledon.oslo_config_glue [-] oslo_messaging_rabbit.amqp_auto_delete = False {{(pid=98786) log_opt_values /opt/stack/data/venv/lib/python3.12/site-packages/oslo_config/cfg.py:3253}}
Jun 29 01:11:51.026964 np0000003884 nova-conductor[98786]: DEBUG cotyledon.oslo_config_glue [-] oslo_messaging_rabbit.amqp_durable_queues = False {{(pid=98786) log_opt_values /opt/stack/data/venv/lib/python3.12/site-packages/oslo_config/cfg.py:3253}}
Jun 29 01:11:51.027156 np0000003884 nova-conductor[98786]: DEBUG cotyledon.oslo_config_glue [-] oslo_messaging_rabbit.conn_pool_min_size = 2 {{(pid=98786) log_opt_values /opt/stack/data/venv/lib/python3.12/site-packages/oslo_config/cfg.py:3253}}
Jun 29 01:11:51.027156 np0000003884 nova-conductor[98786]: DEBUG cotyledon.oslo_config_glue [-] oslo_messaging_rabbit.conn_pool_ttl = 1200 {{(pid=98786) log_opt_values /opt/stack/data/venv/lib/python3.12/site-packages/oslo_config/cfg.py:3253}}
Jun 29 01:11:51.027156 np0000003884 nova-conductor[98786]: DEBUG cotyledon.oslo_config_glue [-] oslo_messaging_rabbit.direct_mandatory_flag = True {{(pid=98786) log_opt_values /opt/stack/data/venv/lib/python3.12/site-packages/oslo_config/cfg.py:3253}}
Jun 29 01:11:51.027156 np0000003884 nova-conductor[98786]: DEBUG cotyledon.oslo_config_glue [-] oslo_messaging_rabbit.enable_cancel_on_failover = False {{(pid=98786) log_opt_values /opt/stack/data/venv/lib/python3.12/site-packages/oslo_config/cfg.py:3253}}
Jun 29 01:11:51.027156 np0000003884 nova-conductor[98786]: DEBUG cotyledon.oslo_config_glue [-] oslo_messaging_rabbit.heartbeat_rate = 3 {{(pid=98786) log_opt_values /opt/stack/data/venv/lib/python3.12/site-packages/oslo_config/cfg.py:3253}}
Jun 29 01:11:51.027156 np0000003884 nova-conductor[98786]: DEBUG cotyledon.oslo_config_glue [-] oslo_messaging_rabbit.heartbeat_timeout_threshold = 60 {{(pid=98786) log_opt_values /opt/stack/data/venv/lib/python3.12/site-packages/oslo_config/cfg.py:3253}}
Jun 29 01:11:51.027156 np0000003884 nova-conductor[98786]: DEBUG cotyledon.oslo_config_glue [-] oslo_messaging_rabbit.hostname = np0000003884 {{(pid=98786) log_opt_values /opt/stack/data/venv/lib/python3.12/site-packages/oslo_config/cfg.py:3253}}
Jun 29 01:11:51.027156 np0000003884 nova-conductor[98786]: DEBUG cotyledon.oslo_config_glue [-] oslo_messaging_rabbit.kombu_compression = None {{(pid=98786) log_opt_values /opt/stack/data/venv/lib/python3.12/site-packages/oslo_config/cfg.py:3253}}
Jun 29 01:11:51.027156 np0000003884 nova-conductor[98786]: DEBUG cotyledon.oslo_config_glue [-] oslo_messaging_rabbit.kombu_failover_strategy = round-robin {{(pid=98786) log_opt_values /opt/stack/data/venv/lib/python3.12/site-packages/oslo_config/cfg.py:3253}}
Jun 29 01:11:51.027325 np0000003884 nova-conductor[98786]: DEBUG cotyledon.oslo_config_glue [-] oslo_messaging_rabbit.kombu_missing_consumer_retry_timeout = 60 {{(pid=98786) log_opt_values /opt/stack/data/venv/lib/python3.12/site-packages/oslo_config/cfg.py:3253}}
Jun 29 01:11:51.027325 np0000003884 nova-conductor[98786]: DEBUG cotyledon.oslo_config_glue [-] oslo_messaging_rabbit.kombu_reconnect_delay = 1.0 {{(pid=98786) log_opt_values /opt/stack/data/venv/lib/python3.12/site-packages/oslo_config/cfg.py:3253}}
Jun 29 01:11:51.027325 np0000003884 nova-conductor[98786]: DEBUG cotyledon.oslo_config_glue [-] oslo_messaging_rabbit.kombu_reconnect_splay = 0.0 {{(pid=98786) log_opt_values /opt/stack/data/venv/lib/python3.12/site-packages/oslo_config/cfg.py:3253}}
Jun 29 01:11:51.027325 np0000003884 nova-conductor[98786]: DEBUG cotyledon.oslo_config_glue [-] oslo_messaging_rabbit.processname = nova-conductor {{(pid=98786) log_opt_values /opt/stack/data/venv/lib/python3.12/site-packages/oslo_config/cfg.py:3253}}
Jun 29 01:11:51.027325 np0000003884 nova-conductor[98786]: DEBUG cotyledon.oslo_config_glue [-] oslo_messaging_rabbit.rabbit_ha_queues = False {{(pid=98786) log_opt_values /opt/stack/data/venv/lib/python3.12/site-packages/oslo_config/cfg.py:3253}}
Jun 29 01:11:51.027325 np0000003884 nova-conductor[98786]: DEBUG cotyledon.oslo_config_glue [-] oslo_messaging_rabbit.rabbit_interval_max = 30 {{(pid=98786) log_opt_values /opt/stack/data/venv/lib/python3.12/site-packages/oslo_config/cfg.py:3253}}
Jun 29 01:11:51.027325 np0000003884 nova-conductor[98786]: DEBUG cotyledon.oslo_config_glue [-] oslo_messaging_rabbit.rabbit_login_method = AMQPLAIN {{(pid=98786) log_opt_values /opt/stack/data/venv/lib/python3.12/site-packages/oslo_config/cfg.py:3253}}
Jun 29 01:11:51.027325 np0000003884 nova-conductor[98786]: DEBUG cotyledon.oslo_config_glue [-] oslo_messaging_rabbit.rabbit_qos_prefetch_count = 0 {{(pid=98786) log_opt_values /opt/stack/data/venv/lib/python3.12/site-packages/oslo_config/cfg.py:3253}}
Jun 29 01:11:51.027325 np0000003884 nova-conductor[98786]: DEBUG cotyledon.oslo_config_glue [-] oslo_messaging_rabbit.rabbit_quorum_delivery_limit = 0 {{(pid=98786) log_opt_values /opt/stack/data/venv/lib/python3.12/site-packages/oslo_config/cfg.py:3253}}
Jun 29 01:11:51.027494 np0000003884 nova-conductor[98786]: DEBUG cotyledon.oslo_config_glue [-] oslo_messaging_rabbit.rabbit_quorum_max_memory_bytes = 0 {{(pid=98786) log_opt_values /opt/stack/data/venv/lib/python3.12/site-packages/oslo_config/cfg.py:3253}}
Jun 29 01:11:51.027494 np0000003884 nova-conductor[98786]: DEBUG cotyledon.oslo_config_glue [-] oslo_messaging_rabbit.rabbit_quorum_max_memory_length = 0 {{(pid=98786) log_opt_values /opt/stack/data/venv/lib/python3.12/site-packages/oslo_config/cfg.py:3253}}
Jun 29 01:11:51.027494 np0000003884 nova-conductor[98786]: DEBUG cotyledon.oslo_config_glue [-] oslo_messaging_rabbit.rabbit_quorum_queue = False {{(pid=98786) log_opt_values /opt/stack/data/venv/lib/python3.12/site-packages/oslo_config/cfg.py:3253}}
Jun 29 01:11:51.027494 np0000003884 nova-conductor[98786]: DEBUG cotyledon.oslo_config_glue [-] oslo_messaging_rabbit.rabbit_retry_backoff = 2 {{(pid=98786) log_opt_values /opt/stack/data/venv/lib/python3.12/site-packages/oslo_config/cfg.py:3253}}
Jun 29 01:11:51.027494 np0000003884 nova-conductor[98786]: DEBUG cotyledon.oslo_config_glue [-] oslo_messaging_rabbit.rabbit_retry_interval = 1 {{(pid=98786) log_opt_values /opt/stack/data/venv/lib/python3.12/site-packages/oslo_config/cfg.py:3253}}
Jun 29 01:11:51.027494 np0000003884 nova-conductor[98786]: DEBUG cotyledon.oslo_config_glue [-] oslo_messaging_rabbit.rabbit_stream_fanout = False {{(pid=98786) log_opt_values /opt/stack/data/venv/lib/python3.12/site-packages/oslo_config/cfg.py:3253}}
Jun 29 01:11:51.027494 np0000003884 nova-conductor[98786]: DEBUG cotyledon.oslo_config_glue [-] oslo_messaging_rabbit.rabbit_transient_queues_ttl = 1800 {{(pid=98786) log_opt_values /opt/stack/data/venv/lib/python3.12/site-packages/oslo_config/cfg.py:3253}}
Jun 29 01:11:51.027494 np0000003884 nova-conductor[98786]: DEBUG cotyledon.oslo_config_glue [-] oslo_messaging_rabbit.rabbit_transient_quorum_queue = False {{(pid=98786) log_opt_values /opt/stack/data/venv/lib/python3.12/site-packages/oslo_config/cfg.py:3253}}
Jun 29 01:11:51.027675 np0000003884 nova-conductor[98786]: DEBUG cotyledon.oslo_config_glue [-] oslo_messaging_rabbit.rpc_conn_pool_size = 30 {{(pid=98786) log_opt_values /opt/stack/data/venv/lib/python3.12/site-packages/oslo_config/cfg.py:3253}}
Jun 29 01:11:51.027675 np0000003884 nova-conductor[98786]: DEBUG cotyledon.oslo_config_glue [-] oslo_messaging_rabbit.ssl = False {{(pid=98786) log_opt_values /opt/stack/data/venv/lib/python3.12/site-packages/oslo_config/cfg.py:3253}}
Jun 29 01:11:51.027675 np0000003884 nova-conductor[98786]: DEBUG cotyledon.oslo_config_glue [-] oslo_messaging_rabbit.ssl_ca_file = {{(pid=98786) log_opt_values /opt/stack/data/venv/lib/python3.12/site-packages/oslo_config/cfg.py:3253}}
Jun 29 01:11:51.027675 np0000003884 nova-conductor[98786]: DEBUG cotyledon.oslo_config_glue [-] oslo_messaging_rabbit.ssl_cert_file = {{(pid=98786) log_opt_values /opt/stack/data/venv/lib/python3.12/site-packages/oslo_config/cfg.py:3253}}
Jun 29 01:11:51.027675 np0000003884 nova-conductor[98786]: DEBUG cotyledon.oslo_config_glue [-] oslo_messaging_rabbit.ssl_enforce_fips_mode = False {{(pid=98786) log_opt_values /opt/stack/data/venv/lib/python3.12/site-packages/oslo_config/cfg.py:3253}}
Jun 29 01:11:51.027675 np0000003884 nova-conductor[98786]: DEBUG cotyledon.oslo_config_glue [-] oslo_messaging_rabbit.ssl_enforce_hostname_verification = True {{(pid=98786) log_opt_values /opt/stack/data/venv/lib/python3.12/site-packages/oslo_config/cfg.py:3253}}
Jun 29 01:11:51.027675 np0000003884 nova-conductor[98786]: DEBUG cotyledon.oslo_config_glue [-] oslo_messaging_rabbit.ssl_key_file = {{(pid=98786) log_opt_values /opt/stack/data/venv/lib/python3.12/site-packages/oslo_config/cfg.py:3253}}
Jun 29 01:11:51.027675 np0000003884 nova-conductor[98786]: DEBUG cotyledon.oslo_config_glue [-] oslo_messaging_rabbit.ssl_version = {{(pid=98786) log_opt_values /opt/stack/data/venv/lib/python3.12/site-packages/oslo_config/cfg.py:3253}}
Jun 29 01:11:51.027675 np0000003884 nova-conductor[98786]: DEBUG cotyledon.oslo_config_glue [-] oslo_messaging_rabbit.use_queue_manager = False {{(pid=98786) log_opt_values /opt/stack/data/venv/lib/python3.12/site-packages/oslo_config/cfg.py:3253}}
Jun 29 01:11:51.027852 np0000003884 nova-conductor[98786]: DEBUG cotyledon.oslo_config_glue [-] oslo_messaging_notifications.driver = ['messagingv2'] {{(pid=98786) log_opt_values /opt/stack/data/venv/lib/python3.12/site-packages/oslo_config/cfg.py:3253}}
Jun 29 01:11:51.027852 np0000003884 nova-conductor[98786]: DEBUG cotyledon.oslo_config_glue [-] oslo_messaging_notifications.retry = -1 {{(pid=98786) log_opt_values /opt/stack/data/venv/lib/python3.12/site-packages/oslo_config/cfg.py:3253}}
Jun 29 01:11:51.027852 np0000003884 nova-conductor[98786]: DEBUG cotyledon.oslo_config_glue [-] oslo_messaging_notifications.topics = ['notifications'] {{(pid=98786) log_opt_values /opt/stack/data/venv/lib/python3.12/site-packages/oslo_config/cfg.py:3253}}
Jun 29 01:11:51.027852 np0000003884 nova-conductor[98786]: DEBUG cotyledon.oslo_config_glue [-] oslo_messaging_notifications.transport_url = **** {{(pid=98786) log_opt_values /opt/stack/data/venv/lib/python3.12/site-packages/oslo_config/cfg.py:3253}}
Jun 29 01:11:51.027852 np0000003884 nova-conductor[98786]: DEBUG cotyledon.oslo_config_glue [-] oslo_limit.auth_section = None {{(pid=98786) log_opt_values /opt/stack/data/venv/lib/python3.12/site-packages/oslo_config/cfg.py:3253}}
Jun 29 01:11:51.027852 np0000003884 nova-conductor[98786]: DEBUG cotyledon.oslo_config_glue [-] oslo_limit.auth_type = None {{(pid=98786) log_opt_values /opt/stack/data/venv/lib/python3.12/site-packages/oslo_config/cfg.py:3253}}
Jun 29 01:11:51.027852 np0000003884 nova-conductor[98786]: DEBUG cotyledon.oslo_config_glue [-] oslo_limit.cafile = None {{(pid=98786) log_opt_values /opt/stack/data/venv/lib/python3.12/site-packages/oslo_config/cfg.py:3253}}
Jun 29 01:11:51.027852 np0000003884 nova-conductor[98786]: DEBUG cotyledon.oslo_config_glue [-] oslo_limit.certfile = None {{(pid=98786) log_opt_values /opt/stack/data/venv/lib/python3.12/site-packages/oslo_config/cfg.py:3253}}
Jun 29 01:11:51.027852 np0000003884 nova-conductor[98786]: DEBUG cotyledon.oslo_config_glue [-] oslo_limit.collect_timing = False {{(pid=98786) log_opt_values /opt/stack/data/venv/lib/python3.12/site-packages/oslo_config/cfg.py:3253}}
Jun 29 01:11:51.028035 np0000003884 nova-conductor[98786]: DEBUG cotyledon.oslo_config_glue [-] oslo_limit.connect_retries = None {{(pid=98786) log_opt_values /opt/stack/data/venv/lib/python3.12/site-packages/oslo_config/cfg.py:3253}}
Jun 29 01:11:51.028035 np0000003884 nova-conductor[98786]: DEBUG cotyledon.oslo_config_glue [-] oslo_limit.connect_retry_delay = None {{(pid=98786) log_opt_values /opt/stack/data/venv/lib/python3.12/site-packages/oslo_config/cfg.py:3253}}
Jun 29 01:11:51.028035 np0000003884 nova-conductor[98786]: DEBUG cotyledon.oslo_config_glue [-] oslo_limit.endpoint_id = None {{(pid=98786) log_opt_values /opt/stack/data/venv/lib/python3.12/site-packages/oslo_config/cfg.py:3253}}
Jun 29 01:11:51.028035 np0000003884 nova-conductor[98786]: DEBUG cotyledon.oslo_config_glue [-] oslo_limit.endpoint_interface = public {{(pid=98786) log_opt_values /opt/stack/data/venv/lib/python3.12/site-packages/oslo_config/cfg.py:3253}}
Jun 29 01:11:51.028035 np0000003884 nova-conductor[98786]: DEBUG cotyledon.oslo_config_glue [-] oslo_limit.endpoint_override = None {{(pid=98786) log_opt_values /opt/stack/data/venv/lib/python3.12/site-packages/oslo_config/cfg.py:3253}}
Jun 29 01:11:51.028035 np0000003884 nova-conductor[98786]: DEBUG cotyledon.oslo_config_glue [-] oslo_limit.endpoint_region_name = None {{(pid=98786) log_opt_values /opt/stack/data/venv/lib/python3.12/site-packages/oslo_config/cfg.py:3253}}
Jun 29 01:11:51.028035 np0000003884 nova-conductor[98786]: DEBUG cotyledon.oslo_config_glue [-] oslo_limit.endpoint_service_name = None {{(pid=98786) log_opt_values /opt/stack/data/venv/lib/python3.12/site-packages/oslo_config/cfg.py:3253}}
Jun 29 01:11:51.028035 np0000003884 nova-conductor[98786]: DEBUG cotyledon.oslo_config_glue [-] oslo_limit.endpoint_service_type = None {{(pid=98786) log_opt_values /opt/stack/data/venv/lib/python3.12/site-packages/oslo_config/cfg.py:3253}}
Jun 29 01:11:51.028035 np0000003884 nova-conductor[98786]: DEBUG cotyledon.oslo_config_glue [-] oslo_limit.insecure = False {{(pid=98786) log_opt_values /opt/stack/data/venv/lib/python3.12/site-packages/oslo_config/cfg.py:3253}}
Jun 29 01:11:51.028222 np0000003884 nova-conductor[98786]: DEBUG cotyledon.oslo_config_glue [-] oslo_limit.keyfile = None {{(pid=98786) log_opt_values /opt/stack/data/venv/lib/python3.12/site-packages/oslo_config/cfg.py:3253}}
Jun 29 01:11:51.028222 np0000003884 nova-conductor[98786]: DEBUG cotyledon.oslo_config_glue [-] oslo_limit.max_version = None {{(pid=98786) log_opt_values /opt/stack/data/venv/lib/python3.12/site-packages/oslo_config/cfg.py:3253}}
Jun 29 01:11:51.028222 np0000003884 nova-conductor[98786]: DEBUG cotyledon.oslo_config_glue [-] oslo_limit.min_version = None {{(pid=98786) log_opt_values /opt/stack/data/venv/lib/python3.12/site-packages/oslo_config/cfg.py:3253}}
Jun 29 01:11:51.028222 np0000003884 nova-conductor[98786]: DEBUG cotyledon.oslo_config_glue [-] oslo_limit.region_name = None {{(pid=98786) log_opt_values /opt/stack/data/venv/lib/python3.12/site-packages/oslo_config/cfg.py:3253}}
Jun 29 01:11:51.028222 np0000003884 nova-conductor[98786]: DEBUG cotyledon.oslo_config_glue [-] oslo_limit.retriable_status_codes = None {{(pid=98786) log_opt_values /opt/stack/data/venv/lib/python3.12/site-packages/oslo_config/cfg.py:3253}}
Jun 29 01:11:51.028222 np0000003884 nova-conductor[98786]: DEBUG cotyledon.oslo_config_glue [-] oslo_limit.service_name = None {{(pid=98786) log_opt_values /opt/stack/data/venv/lib/python3.12/site-packages/oslo_config/cfg.py:3253}}
Jun 29 01:11:51.028222 np0000003884 nova-conductor[98786]: DEBUG cotyledon.oslo_config_glue [-] oslo_limit.service_type = None {{(pid=98786) log_opt_values /opt/stack/data/venv/lib/python3.12/site-packages/oslo_config/cfg.py:3253}}
Jun 29 01:11:51.028222 np0000003884 nova-conductor[98786]: DEBUG cotyledon.oslo_config_glue [-] oslo_limit.split_loggers = False {{(pid=98786) log_opt_values /opt/stack/data/venv/lib/python3.12/site-packages/oslo_config/cfg.py:3253}}
Jun 29 01:11:51.028222 np0000003884 nova-conductor[98786]: DEBUG cotyledon.oslo_config_glue [-] oslo_limit.status_code_retries = None {{(pid=98786) log_opt_values /opt/stack/data/venv/lib/python3.12/site-packages/oslo_config/cfg.py:3253}}
Jun 29 01:11:51.028387 np0000003884 nova-conductor[98786]: DEBUG cotyledon.oslo_config_glue [-] oslo_limit.status_code_retry_delay = None {{(pid=98786) log_opt_values /opt/stack/data/venv/lib/python3.12/site-packages/oslo_config/cfg.py:3253}}
Jun 29 01:11:51.028387 np0000003884 nova-conductor[98786]: DEBUG cotyledon.oslo_config_glue [-] oslo_limit.timeout = None {{(pid=98786) log_opt_values /opt/stack/data/venv/lib/python3.12/site-packages/oslo_config/cfg.py:3253}}
Jun 29 01:11:51.028387 np0000003884 nova-conductor[98786]: DEBUG cotyledon.oslo_config_glue [-] oslo_limit.valid_interfaces = None {{(pid=98786) log_opt_values /opt/stack/data/venv/lib/python3.12/site-packages/oslo_config/cfg.py:3253}}
Jun 29 01:11:51.028387 np0000003884 nova-conductor[98786]: DEBUG cotyledon.oslo_config_glue [-] oslo_limit.version = None {{(pid=98786) log_opt_values /opt/stack/data/venv/lib/python3.12/site-packages/oslo_config/cfg.py:3253}}
Jun 29 01:11:51.028387 np0000003884 nova-conductor[98786]: DEBUG cotyledon.oslo_config_glue [-] oslo_reports.file_event_handler = None {{(pid=98786) log_opt_values /opt/stack/data/venv/lib/python3.12/site-packages/oslo_config/cfg.py:3253}}
Jun 29 01:11:51.028387 np0000003884 nova-conductor[98786]: DEBUG cotyledon.oslo_config_glue [-] oslo_reports.file_event_handler_interval = 1 {{(pid=98786) log_opt_values /opt/stack/data/venv/lib/python3.12/site-packages/oslo_config/cfg.py:3253}}
Jun 29 01:11:51.028387 np0000003884 nova-conductor[98786]: DEBUG cotyledon.oslo_config_glue [-] oslo_reports.log_dir = None {{(pid=98786) log_opt_values /opt/stack/data/venv/lib/python3.12/site-packages/oslo_config/cfg.py:3253}}
Jun 29 01:11:51.028387 np0000003884 nova-conductor[98786]: DEBUG cotyledon.oslo_config_glue [-] ******************************************************************************** {{(pid=98786) log_opt_values /opt/stack/data/venv/lib/python3.12/site-packages/oslo_config/cfg.py:3260}}
Jun 29 01:11:51.028387 np0000003884 nova-conductor[98786]: DEBUG cotyledon._service_worker [-] Run service ServiceWrapper(3) [98786] {{(pid=98786) wait_forever /opt/stack/data/venv/lib/python3.12/site-packages/cotyledon/_service_worker.py:218}}
Jun 29 01:11:51.028567 np0000003884 nova-conductor[98786]: INFO nova.service [-] Starting conductor node (version 33.1.0)
Jun 29 01:11:51.028567 np0000003884 nova-conductor[98786]: INFO dbcounter [None req-cdca4ce7-362c-4551-926c-315fefda217c None None] Registered counter for database nova_cell0
Jun 29 01:11:51.028611 np0000003884 nova-conductor[98779]: DEBUG oslo_db.sqlalchemy.engines [None req-d3904b30-5aa1-45f1-b3c8-e3e223736388 None None] MySQL server mode set to STRICT_TRANS_TABLES,STRICT_ALL_TABLES,NO_ZERO_IN_DATE,NO_ZERO_DATE,ERROR_FOR_DIVISION_BY_ZERO,TRADITIONAL,NO_ENGINE_SUBSTITUTION {{(pid=98779) _check_effective_sql_mode /opt/stack/data/venv/lib/python3.12/site-packages/oslo_db/sqlalchemy/engines.py:325}}
Jun 29 01:11:51.030355 np0000003884 nova-conductor[98779]: DEBUG dbcounter [-] [98779] Writer thread running {{(pid=98779) stat_writer /opt/stack/data/venv/lib/python3.12/site-packages/dbcounter.py:102}}
Jun 29 01:11:51.043293 np0000003884 nova-conductor[98779]: DEBUG nova.service [None req-d3904b30-5aa1-45f1-b3c8-e3e223736388 None None] Creating RPC server for service: nova-conductor on topic: conductor {{(pid=98779) start /opt/stack/nova/nova/service.py:196}}
Jun 29 01:11:51.046235 np0000003884 nova-conductor[98784]: DEBUG oslo_db.sqlalchemy.engines [None req-2c93bb40-8de4-40b1-a8d1-eaa6a264c1d0 None None] MySQL server mode set to STRICT_TRANS_TABLES,STRICT_ALL_TABLES,NO_ZERO_IN_DATE,NO_ZERO_DATE,ERROR_FOR_DIVISION_BY_ZERO,TRADITIONAL,NO_ENGINE_SUBSTITUTION {{(pid=98784) _check_effective_sql_mode /opt/stack/data/venv/lib/python3.12/site-packages/oslo_db/sqlalchemy/engines.py:325}}
Jun 29 01:11:51.049506 np0000003884 nova-conductor[98782]: DEBUG oslo_db.sqlalchemy.engines [None req-ca4a7a7f-f0dd-4296-b0fa-6fe66dae4613 None None] MySQL server mode set to STRICT_TRANS_TABLES,STRICT_ALL_TABLES,NO_ZERO_IN_DATE,NO_ZERO_DATE,ERROR_FOR_DIVISION_BY_ZERO,TRADITIONAL,NO_ENGINE_SUBSTITUTION {{(pid=98782) _check_effective_sql_mode /opt/stack/data/venv/lib/python3.12/site-packages/oslo_db/sqlalchemy/engines.py:325}}
Jun 29 01:11:51.055069 np0000003884 nova-conductor[98784]: DEBUG dbcounter [-] [98784] Writer thread running {{(pid=98784) stat_writer /opt/stack/data/venv/lib/python3.12/site-packages/dbcounter.py:102}}
Jun 29 01:11:51.057772 np0000003884 nova-conductor[98784]: DEBUG nova.service [None req-2c93bb40-8de4-40b1-a8d1-eaa6a264c1d0 None None] Creating RPC server for service: nova-conductor on topic: conductor {{(pid=98784) start /opt/stack/nova/nova/service.py:196}}
Jun 29 01:11:51.058061 np0000003884 nova-conductor[98786]: DEBUG oslo_db.sqlalchemy.engines [None req-cdca4ce7-362c-4551-926c-315fefda217c None None] MySQL server mode set to STRICT_TRANS_TABLES,STRICT_ALL_TABLES,NO_ZERO_IN_DATE,NO_ZERO_DATE,ERROR_FOR_DIVISION_BY_ZERO,TRADITIONAL,NO_ENGINE_SUBSTITUTION {{(pid=98786) _check_effective_sql_mode /opt/stack/data/venv/lib/python3.12/site-packages/oslo_db/sqlalchemy/engines.py:325}}
Jun 29 01:11:51.059729 np0000003884 nova-conductor[98782]: DEBUG dbcounter [-] [98782] Writer thread running {{(pid=98782) stat_writer /opt/stack/data/venv/lib/python3.12/site-packages/dbcounter.py:102}}
Jun 29 01:11:51.063086 np0000003884 nova-conductor[98782]: DEBUG nova.service [None req-ca4a7a7f-f0dd-4296-b0fa-6fe66dae4613 None None] Creating RPC server for service: nova-conductor on topic: conductor {{(pid=98782) start /opt/stack/nova/nova/service.py:196}}
Jun 29 01:11:51.068452 np0000003884 nova-conductor[98779]: DEBUG nova.service [None req-d3904b30-5aa1-45f1-b3c8-e3e223736388 None None] Join ServiceGroup membership for this service conductor {{(pid=98779) start /opt/stack/nova/nova/service.py:222}}
Jun 29 01:11:51.068587 np0000003884 nova-conductor[98786]: DEBUG dbcounter [-] [98786] Writer thread running {{(pid=98786) stat_writer /opt/stack/data/venv/lib/python3.12/site-packages/dbcounter.py:102}}
Jun 29 01:11:51.068644 np0000003884 nova-conductor[98779]: DEBUG nova.servicegroup.drivers.db [None req-d3904b30-5aa1-45f1-b3c8-e3e223736388 None None] DB_Driver: join new ServiceGroup member np0000003884 to the conductor group, service = {{(pid=98779) join /opt/stack/nova/nova/servicegroup/drivers/db.py:44}}
Jun 29 01:11:51.071775 np0000003884 nova-conductor[98786]: DEBUG nova.service [None req-cdca4ce7-362c-4551-926c-315fefda217c None None] Creating RPC server for service: nova-conductor on topic: conductor {{(pid=98786) start /opt/stack/nova/nova/service.py:196}}
Jun 29 01:11:51.074826 np0000003884 nova-conductor[98784]: DEBUG nova.service [None req-2c93bb40-8de4-40b1-a8d1-eaa6a264c1d0 None None] Join ServiceGroup membership for this service conductor {{(pid=98784) start /opt/stack/nova/nova/service.py:222}}
Jun 29 01:11:51.075268 np0000003884 nova-conductor[98784]: DEBUG nova.servicegroup.drivers.db [None req-2c93bb40-8de4-40b1-a8d1-eaa6a264c1d0 None None] DB_Driver: join new ServiceGroup member np0000003884 to the conductor group, service = {{(pid=98784) join /opt/stack/nova/nova/servicegroup/drivers/db.py:44}}
Jun 29 01:11:51.080190 np0000003884 nova-conductor[98782]: DEBUG nova.service [None req-ca4a7a7f-f0dd-4296-b0fa-6fe66dae4613 None None] Join ServiceGroup membership for this service conductor {{(pid=98782) start /opt/stack/nova/nova/service.py:222}}
Jun 29 01:11:51.080450 np0000003884 nova-conductor[98782]: DEBUG nova.servicegroup.drivers.db [None req-ca4a7a7f-f0dd-4296-b0fa-6fe66dae4613 None None] DB_Driver: join new ServiceGroup member np0000003884 to the conductor group, service = {{(pid=98782) join /opt/stack/nova/nova/servicegroup/drivers/db.py:44}}
Jun 29 01:11:51.088457 np0000003884 nova-conductor[98786]: DEBUG nova.service [None req-cdca4ce7-362c-4551-926c-315fefda217c None None] Join ServiceGroup membership for this service conductor {{(pid=98786) start /opt/stack/nova/nova/service.py:222}}
Jun 29 01:11:51.088640 np0000003884 nova-conductor[98786]: DEBUG nova.servicegroup.drivers.db [None req-cdca4ce7-362c-4551-926c-315fefda217c None None] DB_Driver: join new ServiceGroup member np0000003884 to the conductor group, service = {{(pid=98786) join /opt/stack/nova/nova/servicegroup/drivers/db.py:44}}
Jun 29 01:11:56.086822 np0000003884 nova-conductor[98779]: DEBUG oslo.service.backend._threading.loopingcall [-] Fixed interval looping call 'nova.servicegroup.drivers.db.DbDriver._report_state' sleeping for 119.99 seconds {{(pid=98779) _run_loop /opt/stack/data/venv/lib/python3.12/site-packages/oslo_service/backend/_threading/loopingcall.py:125}}
Jun 29 01:11:56.093855 np0000003884 nova-conductor[98784]: DEBUG oslo.service.backend._threading.loopingcall [-] Fixed interval looping call 'nova.servicegroup.drivers.db.DbDriver._report_state' sleeping for 119.98 seconds {{(pid=98784) _run_loop /opt/stack/data/venv/lib/python3.12/site-packages/oslo_service/backend/_threading/loopingcall.py:125}}
Jun 29 01:11:56.099012 np0000003884 nova-conductor[98786]: DEBUG oslo.service.backend._threading.loopingcall [-] Fixed interval looping call 'nova.servicegroup.drivers.db.DbDriver._report_state' sleeping for 119.99 seconds {{(pid=98786) _run_loop /opt/stack/data/venv/lib/python3.12/site-packages/oslo_service/backend/_threading/loopingcall.py:125}}
Jun 29 01:11:56.105235 np0000003884 nova-conductor[98782]: DEBUG oslo.service.backend._threading.loopingcall [-] Fixed interval looping call 'nova.servicegroup.drivers.db.DbDriver._report_state' sleeping for 119.98 seconds {{(pid=98782) _run_loop /opt/stack/data/venv/lib/python3.12/site-packages/oslo_service/backend/_threading/loopingcall.py:125}}
Jun 29 01:11:59.651851 np0000003884 nova-conductor[97271]: DEBUG dbcounter [-] [97271] Writing DB stats nova_api:SELECT=1 {{(pid=97271) stat_writer /opt/stack/data/venv/lib/python3.12/site-packages/dbcounter.py:115}}
Jun 29 01:11:59.791959 np0000003884 nova-conductor[97271]: DEBUG dbcounter [-] [97271] Writing DB stats nova_cell0:SELECT=1 {{(pid=97271) stat_writer /opt/stack/data/venv/lib/python3.12/site-packages/dbcounter.py:115}}
Jun 29 01:11:59.795987 np0000003884 nova-conductor[97271]: DEBUG dbcounter [-] [97271] Writing DB stats nova_cell1:SELECT=1 {{(pid=97271) stat_writer /opt/stack/data/venv/lib/python3.12/site-packages/dbcounter.py:115}}
Jun 29 01:12:01.078063 np0000003884 nova-conductor[98784]: DEBUG oslo.service.backend._threading.loopingcall [None req-c529167c-442a-489b-87c1-00a908981f3c None None] Dynamic interval looping call 'nova.service.Service.periodic_tasks' sleeping for 60.00 seconds {{(pid=98784) _run_loop /opt/stack/data/venv/lib/python3.12/site-packages/oslo_service/backend/_threading/loopingcall.py:125}}
Jun 29 01:12:06.080747 np0000003884 nova-conductor[98779]: DEBUG dbcounter [-] [98779] Writing DB stats nova_cell0:SELECT=4,nova_cell0:INSERT=1,nova_cell0:UPDATE=1 {{(pid=98779) stat_writer /opt/stack/data/venv/lib/python3.12/site-packages/dbcounter.py:115}}
Jun 29 01:12:06.092678 np0000003884 nova-conductor[98784]: DEBUG dbcounter [-] [98784] Writing DB stats nova_cell0:SELECT=3,nova_cell0:UPDATE=1 {{(pid=98784) stat_writer /opt/stack/data/venv/lib/python3.12/site-packages/dbcounter.py:115}}
Jun 29 01:12:06.096202 np0000003884 nova-conductor[98786]: DEBUG dbcounter [-] [98786] Writing DB stats nova_cell0:SELECT=3 {{(pid=98786) stat_writer /opt/stack/data/venv/lib/python3.12/site-packages/dbcounter.py:115}}
Jun 29 01:12:06.096775 np0000003884 nova-conductor[98782]: DEBUG dbcounter [-] [98782] Writing DB stats nova_cell0:SELECT=3 {{(pid=98782) stat_writer /opt/stack/data/venv/lib/python3.12/site-packages/dbcounter.py:115}}
Jun 29 01:12:11.070387 np0000003884 nova-conductor[98779]: DEBUG oslo.service.backend._threading.loopingcall [None req-492bcbf4-5dfb-4855-afa6-422aeecd392c None None] Dynamic interval looping call 'nova.service.Service.periodic_tasks' sleeping for 60.00 seconds {{(pid=98779) _run_loop /opt/stack/data/venv/lib/python3.12/site-packages/oslo_service/backend/_threading/loopingcall.py:125}}
Jun 29 01:12:29.082830 np0000003884 nova-conductor[98782]: DEBUG oslo.service.backend._threading.loopingcall [None req-46f3a69e-c28f-434f-84ec-43c5cc67f8fe None None] Dynamic interval looping call 'nova.service.Service.periodic_tasks' sleeping for 60.00 seconds {{(pid=98782) _run_loop /opt/stack/data/venv/lib/python3.12/site-packages/oslo_service/backend/_threading/loopingcall.py:125}}
Jun 29 01:12:46.090872 np0000003884 nova-conductor[98786]: DEBUG oslo.service.backend._threading.loopingcall [None req-2b25d218-a720-4e3b-8121-f09ff9814de8 None None] Dynamic interval looping call 'nova.service.Service.periodic_tasks' sleeping for 60.00 seconds {{(pid=98786) _run_loop /opt/stack/data/venv/lib/python3.12/site-packages/oslo_service/backend/_threading/loopingcall.py:125}}
Jun 29 01:13:01.078636 np0000003884 nova-conductor[98784]: DEBUG oslo.service.backend._threading.loopingcall [None req-c529167c-442a-489b-87c1-00a908981f3c None None] Dynamic interval looping call 'nova.service.Service.periodic_tasks' sleeping for 60.00 seconds {{(pid=98784) _run_loop /opt/stack/data/venv/lib/python3.12/site-packages/oslo_service/backend/_threading/loopingcall.py:125}}
Jun 29 01:13:11.070847 np0000003884 nova-conductor[98779]: DEBUG oslo.service.backend._threading.loopingcall [None req-492bcbf4-5dfb-4855-afa6-422aeecd392c None None] Dynamic interval looping call 'nova.service.Service.periodic_tasks' sleeping for 60.00 seconds {{(pid=98779) _run_loop /opt/stack/data/venv/lib/python3.12/site-packages/oslo_service/backend/_threading/loopingcall.py:125}}
Jun 29 01:13:29.083479 np0000003884 nova-conductor[98782]: DEBUG oslo.service.backend._threading.loopingcall [None req-46f3a69e-c28f-434f-84ec-43c5cc67f8fe None None] Dynamic interval looping call 'nova.service.Service.periodic_tasks' sleeping for 60.00 seconds {{(pid=98782) _run_loop /opt/stack/data/venv/lib/python3.12/site-packages/oslo_service/backend/_threading/loopingcall.py:125}}
Jun 29 01:13:46.091754 np0000003884 nova-conductor[98786]: DEBUG oslo.service.backend._threading.loopingcall [None req-2b25d218-a720-4e3b-8121-f09ff9814de8 None None] Dynamic interval looping call 'nova.service.Service.periodic_tasks' sleeping for 60.00 seconds {{(pid=98786) _run_loop /opt/stack/data/venv/lib/python3.12/site-packages/oslo_service/backend/_threading/loopingcall.py:125}}
Jun 29 01:13:56.085607 np0000003884 nova-conductor[98784]: DEBUG oslo.service.backend._threading.loopingcall [-] Fixed interval looping call 'nova.servicegroup.drivers.db.DbDriver._report_state' sleeping for 119.99 seconds {{(pid=98784) _run_loop /opt/stack/data/venv/lib/python3.12/site-packages/oslo_service/backend/_threading/loopingcall.py:125}}
Jun 29 01:13:56.086319 np0000003884 nova-conductor[98779]: DEBUG oslo.service.backend._threading.loopingcall [-] Fixed interval looping call 'nova.servicegroup.drivers.db.DbDriver._report_state' sleeping for 119.99 seconds {{(pid=98779) _run_loop /opt/stack/data/venv/lib/python3.12/site-packages/oslo_service/backend/_threading/loopingcall.py:125}}
Jun 29 01:13:56.088634 np0000003884 nova-conductor[98782]: DEBUG oslo.service.backend._threading.loopingcall [-] Fixed interval looping call 'nova.servicegroup.drivers.db.DbDriver._report_state' sleeping for 120.00 seconds {{(pid=98782) _run_loop /opt/stack/data/venv/lib/python3.12/site-packages/oslo_service/backend/_threading/loopingcall.py:125}}
Jun 29 01:13:56.092766 np0000003884 nova-conductor[98786]: DEBUG oslo.service.backend._threading.loopingcall [-] Fixed interval looping call 'nova.servicegroup.drivers.db.DbDriver._report_state' sleeping for 120.00 seconds {{(pid=98786) _run_loop /opt/stack/data/venv/lib/python3.12/site-packages/oslo_service/backend/_threading/loopingcall.py:125}}
Jun 29 01:14:01.079200 np0000003884 nova-conductor[98784]: DEBUG oslo.service.backend._threading.loopingcall [None req-c529167c-442a-489b-87c1-00a908981f3c None None] Dynamic interval looping call 'nova.service.Service.periodic_tasks' sleeping for 60.00 seconds {{(pid=98784) _run_loop /opt/stack/data/venv/lib/python3.12/site-packages/oslo_service/backend/_threading/loopingcall.py:125}}
Jun 29 01:14:06.077566 np0000003884 nova-conductor[98784]: DEBUG dbcounter [-] [98784] Writing DB stats nova_cell0:SELECT=1,nova_cell0:UPDATE=1 {{(pid=98784) stat_writer /opt/stack/data/venv/lib/python3.12/site-packages/dbcounter.py:115}}
Jun 29 01:14:06.081245 np0000003884 nova-conductor[98779]: DEBUG dbcounter [-] [98779] Writing DB stats nova_cell0:SELECT=1,nova_cell0:UPDATE=1 {{(pid=98779) stat_writer /opt/stack/data/venv/lib/python3.12/site-packages/dbcounter.py:115}}
Jun 29 01:14:06.087089 np0000003884 nova-conductor[98782]: DEBUG dbcounter [-] [98782] Writing DB stats nova_cell0:SELECT=1 {{(pid=98782) stat_writer /opt/stack/data/venv/lib/python3.12/site-packages/dbcounter.py:115}}
Jun 29 01:14:06.091002 np0000003884 nova-conductor[98786]: DEBUG dbcounter [-] [98786] Writing DB stats nova_cell0:SELECT=1 {{(pid=98786) stat_writer /opt/stack/data/venv/lib/python3.12/site-packages/dbcounter.py:115}}
Jun 29 01:14:11.072228 np0000003884 nova-conductor[98779]: DEBUG oslo.service.backend._threading.loopingcall [None req-492bcbf4-5dfb-4855-afa6-422aeecd392c None None] Dynamic interval looping call 'nova.service.Service.periodic_tasks' sleeping for 60.00 seconds {{(pid=98779) _run_loop /opt/stack/data/venv/lib/python3.12/site-packages/oslo_service/backend/_threading/loopingcall.py:125}}
Jun 29 01:14:20.473419 np0000003884 nova-conductor[98779]: DEBUG oslo_db.sqlalchemy.engines [None req-039224da-7f99-472e-bd6b-7a6bd0681d23 tempest-ServersNegativeTestJSON-238427102 tempest-ServersNegativeTestJSON-238427102-project-member] Parent process 97271 forked (98779) with an open database connection, which is being discarded and recreated. {{(pid=98779) checkout /opt/stack/data/venv/lib/python3.12/site-packages/oslo_db/sqlalchemy/engines.py:402}}
Jun 29 01:14:20.527626 np0000003884 nova-conductor[98779]: DEBUG dbcounter [-] [98779] Writer thread running {{(pid=98779) stat_writer /opt/stack/data/venv/lib/python3.12/site-packages/dbcounter.py:102}}
Jun 29 01:14:22.055161 np0000003884 nova-conductor[98779]: DEBUG nova.conductor.manager [None req-039224da-7f99-472e-bd6b-7a6bd0681d23 tempest-ServersNegativeTestJSON-238427102 tempest-ServersNegativeTestJSON-238427102-project-member] Took 1.53 seconds to select destinations for 1 instance(s). {{(pid=98779) _schedule_instances /opt/stack/nova/nova/conductor/manager.py:968}}
Jun 29 01:14:22.087836 np0000003884 nova-conductor[98779]: DEBUG oslo_concurrency.lockutils [None req-039224da-7f99-472e-bd6b-7a6bd0681d23 tempest-ServersNegativeTestJSON-238427102 tempest-ServersNegativeTestJSON-238427102-project-member] Acquiring lock "a0b3b035-0500-4c1d-b500-1e50ce089cd8" by "nova.context.set_target_cell..get_or_set_cached_cell_and_set_connections" {{(pid=98779) inner /opt/stack/data/venv/lib/python3.12/site-packages/oslo_concurrency/lockutils.py:511}}
Jun 29 01:14:22.088017 np0000003884 nova-conductor[98779]: DEBUG oslo_concurrency.lockutils [None req-039224da-7f99-472e-bd6b-7a6bd0681d23 tempest-ServersNegativeTestJSON-238427102 tempest-ServersNegativeTestJSON-238427102-project-member] Lock "a0b3b035-0500-4c1d-b500-1e50ce089cd8" acquired by "nova.context.set_target_cell..get_or_set_cached_cell_and_set_connections" :: waited 0.000s {{(pid=98779) inner /opt/stack/data/venv/lib/python3.12/site-packages/oslo_concurrency/lockutils.py:524}}
Jun 29 01:14:22.090393 np0000003884 nova-conductor[98779]: DEBUG oslo_concurrency.lockutils [None req-039224da-7f99-472e-bd6b-7a6bd0681d23 tempest-ServersNegativeTestJSON-238427102 tempest-ServersNegativeTestJSON-238427102-project-member] Lock "a0b3b035-0500-4c1d-b500-1e50ce089cd8" "released" by "nova.context.set_target_cell..get_or_set_cached_cell_and_set_connections" :: held 0.002s {{(pid=98779) inner /opt/stack/data/venv/lib/python3.12/site-packages/oslo_concurrency/lockutils.py:543}}
Jun 29 01:14:22.094991 np0000003884 nova-conductor[98779]: INFO dbcounter [None req-039224da-7f99-472e-bd6b-7a6bd0681d23 tempest-ServersNegativeTestJSON-238427102 tempest-ServersNegativeTestJSON-238427102-project-member] Registered counter for database nova_cell1
Jun 29 01:14:22.147172 np0000003884 nova-conductor[98779]: DEBUG oslo_db.sqlalchemy.engines [None req-039224da-7f99-472e-bd6b-7a6bd0681d23 tempest-ServersNegativeTestJSON-238427102 tempest-ServersNegativeTestJSON-238427102-project-member] MySQL server mode set to STRICT_TRANS_TABLES,STRICT_ALL_TABLES,NO_ZERO_IN_DATE,NO_ZERO_DATE,ERROR_FOR_DIVISION_BY_ZERO,TRADITIONAL,NO_ENGINE_SUBSTITUTION {{(pid=98779) _check_effective_sql_mode /opt/stack/data/venv/lib/python3.12/site-packages/oslo_db/sqlalchemy/engines.py:325}}
Jun 29 01:14:22.157884 np0000003884 nova-conductor[98779]: DEBUG dbcounter [-] [98779] Writer thread running {{(pid=98779) stat_writer /opt/stack/data/venv/lib/python3.12/site-packages/dbcounter.py:102}}
Jun 29 01:14:22.244534 np0000003884 nova-conductor[98779]: INFO nova.utils [None req-039224da-7f99-472e-bd6b-7a6bd0681d23 tempest-ServersNegativeTestJSON-238427102 tempest-ServersNegativeTestJSON-238427102-project-member] The cell worker thread pool ForkProcess-1.cell_worker is initialized
Jun 29 01:14:22.244953 np0000003884 nova-conductor[98779]: DEBUG oslo_concurrency.lockutils [None req-039224da-7f99-472e-bd6b-7a6bd0681d23 tempest-ServersNegativeTestJSON-238427102 tempest-ServersNegativeTestJSON-238427102-project-member] Acquiring lock "00000000-0000-0000-0000-000000000000" by "nova.context.set_target_cell..get_or_set_cached_cell_and_set_connections" {{(pid=98779) inner /opt/stack/data/venv/lib/python3.12/site-packages/oslo_concurrency/lockutils.py:511}}
Jun 29 01:14:22.245184 np0000003884 nova-conductor[98779]: DEBUG oslo_concurrency.lockutils [None req-039224da-7f99-472e-bd6b-7a6bd0681d23 tempest-ServersNegativeTestJSON-238427102 tempest-ServersNegativeTestJSON-238427102-project-member] Lock "00000000-0000-0000-0000-000000000000" acquired by "nova.context.set_target_cell..get_or_set_cached_cell_and_set_connections" :: waited 0.000s {{(pid=98779) inner /opt/stack/data/venv/lib/python3.12/site-packages/oslo_concurrency/lockutils.py:524}}
Jun 29 01:14:22.245732 np0000003884 nova-conductor[98779]: DEBUG oslo_concurrency.lockutils [None req-039224da-7f99-472e-bd6b-7a6bd0681d23 tempest-ServersNegativeTestJSON-238427102 tempest-ServersNegativeTestJSON-238427102-project-member] Lock "00000000-0000-0000-0000-000000000000" "released" by "nova.context.set_target_cell..get_or_set_cached_cell_and_set_connections" :: held 0.001s {{(pid=98779) inner /opt/stack/data/venv/lib/python3.12/site-packages/oslo_concurrency/lockutils.py:543}}
Jun 29 01:14:22.246495 np0000003884 nova-conductor[98779]: DEBUG oslo_concurrency.lockutils [None req-039224da-7f99-472e-bd6b-7a6bd0681d23 tempest-ServersNegativeTestJSON-238427102 tempest-ServersNegativeTestJSON-238427102-project-member] Acquiring lock "a0b3b035-0500-4c1d-b500-1e50ce089cd8" by "nova.context.set_target_cell..get_or_set_cached_cell_and_set_connections" {{(pid=98779) inner /opt/stack/data/venv/lib/python3.12/site-packages/oslo_concurrency/lockutils.py:511}}
Jun 29 01:14:22.246661 np0000003884 nova-conductor[98779]: DEBUG oslo_concurrency.lockutils [None req-039224da-7f99-472e-bd6b-7a6bd0681d23 tempest-ServersNegativeTestJSON-238427102 tempest-ServersNegativeTestJSON-238427102-project-member] Lock "a0b3b035-0500-4c1d-b500-1e50ce089cd8" acquired by "nova.context.set_target_cell..get_or_set_cached_cell_and_set_connections" :: waited 0.000s {{(pid=98779) inner /opt/stack/data/venv/lib/python3.12/site-packages/oslo_concurrency/lockutils.py:524}}
Jun 29 01:14:22.246802 np0000003884 nova-conductor[98779]: DEBUG oslo_concurrency.lockutils [None req-039224da-7f99-472e-bd6b-7a6bd0681d23 tempest-ServersNegativeTestJSON-238427102 tempest-ServersNegativeTestJSON-238427102-project-member] Lock "a0b3b035-0500-4c1d-b500-1e50ce089cd8" "released" by "nova.context.set_target_cell..get_or_set_cached_cell_and_set_connections" :: held 0.000s {{(pid=98779) inner /opt/stack/data/venv/lib/python3.12/site-packages/oslo_concurrency/lockutils.py:543}}
Jun 29 01:14:22.248695 np0000003884 nova-conductor[98779]: INFO dbcounter [None req-039224da-7f99-472e-bd6b-7a6bd0681d23 tempest-ServersNegativeTestJSON-238427102 tempest-ServersNegativeTestJSON-238427102-project-member] Registered counter for database nova_cell0
Jun 29 01:14:22.303903 np0000003884 nova-conductor[98779]: DEBUG oslo_db.sqlalchemy.engines [None req-039224da-7f99-472e-bd6b-7a6bd0681d23 tempest-ServersNegativeTestJSON-238427102 tempest-ServersNegativeTestJSON-238427102-project-member] MySQL server mode set to STRICT_TRANS_TABLES,STRICT_ALL_TABLES,NO_ZERO_IN_DATE,NO_ZERO_DATE,ERROR_FOR_DIVISION_BY_ZERO,TRADITIONAL,NO_ENGINE_SUBSTITUTION {{(pid=98779) _check_effective_sql_mode /opt/stack/data/venv/lib/python3.12/site-packages/oslo_db/sqlalchemy/engines.py:325}}
Jun 29 01:14:22.321958 np0000003884 nova-conductor[98779]: DEBUG dbcounter [-] [98779] Writer thread running {{(pid=98779) stat_writer /opt/stack/data/venv/lib/python3.12/site-packages/dbcounter.py:102}}
Jun 29 01:14:22.344768 np0000003884 nova-conductor[98779]: DEBUG nova.quota [None req-039224da-7f99-472e-bd6b-7a6bd0681d23 tempest-ServersNegativeTestJSON-238427102 tempest-ServersNegativeTestJSON-238427102-project-member] Getting quotas for project b7a2b489e78e4db4b33ddcb937157553. Resources: {'cores', 'ram', 'instances'} {{(pid=98779) _get_quotas /opt/stack/nova/nova/quota.py:389}}
Jun 29 01:14:22.352798 np0000003884 nova-conductor[98779]: DEBUG nova.quota [None req-039224da-7f99-472e-bd6b-7a6bd0681d23 tempest-ServersNegativeTestJSON-238427102 tempest-ServersNegativeTestJSON-238427102-project-member] Getting quotas for user 2cbad33a1cb943578cce01727c4d2d06 and project b7a2b489e78e4db4b33ddcb937157553. Resources: {'cores', 'ram', 'instances'} {{(pid=98779) _get_quotas /opt/stack/nova/nova/quota.py:379}}
Jun 29 01:14:22.364460 np0000003884 nova-conductor[98779]: DEBUG nova.conductor.manager [None req-039224da-7f99-472e-bd6b-7a6bd0681d23 tempest-ServersNegativeTestJSON-238427102 tempest-ServersNegativeTestJSON-238427102-project-member] [instance: 9b446080-18cd-4838-a523-e0ad10573044] Selected host: np0000003884; Selected node: np0000003884; Alternates: [] {{(pid=98779) schedule_and_build_instances /opt/stack/nova/nova/conductor/manager.py:1784}}
Jun 29 01:14:22.365147 np0000003884 nova-conductor[98779]: DEBUG oslo_concurrency.lockutils [None req-039224da-7f99-472e-bd6b-7a6bd0681d23 tempest-ServersNegativeTestJSON-238427102 tempest-ServersNegativeTestJSON-238427102-project-member] Acquiring lock "a0b3b035-0500-4c1d-b500-1e50ce089cd8" by "nova.context.set_target_cell..get_or_set_cached_cell_and_set_connections" {{(pid=98779) inner /opt/stack/data/venv/lib/python3.12/site-packages/oslo_concurrency/lockutils.py:511}}
Jun 29 01:14:22.365353 np0000003884 nova-conductor[98779]: DEBUG oslo_concurrency.lockutils [None req-039224da-7f99-472e-bd6b-7a6bd0681d23 tempest-ServersNegativeTestJSON-238427102 tempest-ServersNegativeTestJSON-238427102-project-member] Lock "a0b3b035-0500-4c1d-b500-1e50ce089cd8" acquired by "nova.context.set_target_cell..get_or_set_cached_cell_and_set_connections" :: waited 0.000s {{(pid=98779) inner /opt/stack/data/venv/lib/python3.12/site-packages/oslo_concurrency/lockutils.py:524}}
Jun 29 01:14:22.365512 np0000003884 nova-conductor[98779]: DEBUG oslo_concurrency.lockutils [None req-039224da-7f99-472e-bd6b-7a6bd0681d23 tempest-ServersNegativeTestJSON-238427102 tempest-ServersNegativeTestJSON-238427102-project-member] Lock "a0b3b035-0500-4c1d-b500-1e50ce089cd8" "released" by "nova.context.set_target_cell..get_or_set_cached_cell_and_set_connections" :: held 0.000s {{(pid=98779) inner /opt/stack/data/venv/lib/python3.12/site-packages/oslo_concurrency/lockutils.py:543}}
Jun 29 01:14:22.386004 np0000003884 nova-conductor[98779]: DEBUG nova.conductor.manager [None req-039224da-7f99-472e-bd6b-7a6bd0681d23 tempest-ServersNegativeTestJSON-238427102 tempest-ServersNegativeTestJSON-238427102-project-member] [instance: 9b446080-18cd-4838-a523-e0ad10573044] block_device_mapping [BlockDeviceMapping(attachment_id=,boot_index=0,connection_info=None,created_at=,delete_on_termination=True,deleted=,deleted_at=,destination_type='local',device_name=None,device_type='disk',disk_bus=None,encrypted=False,encryption_format=None,encryption_options=None,encryption_secret_uuid=None,guest_format=None,id=,image_id='6a7563de-cbe7-4baf-b439-0bad7a5662da',instance=,instance_uuid=,no_device=False,snapshot_id=None,source_type='image',tag=None,updated_at=,uuid=,volume_id=None,volume_size=None,volume_type=None)] {{(pid=98779) _create_block_device_mapping /opt/stack/nova/nova/conductor/manager.py:1529}}
Jun 29 01:14:22.387441 np0000003884 nova-conductor[98779]: DEBUG oslo_concurrency.lockutils [None req-039224da-7f99-472e-bd6b-7a6bd0681d23 tempest-ServersNegativeTestJSON-238427102 tempest-ServersNegativeTestJSON-238427102-project-member] Acquiring lock "a0b3b035-0500-4c1d-b500-1e50ce089cd8" by "nova.context.set_target_cell..get_or_set_cached_cell_and_set_connections" {{(pid=98779) inner /opt/stack/data/venv/lib/python3.12/site-packages/oslo_concurrency/lockutils.py:511}}
Jun 29 01:14:22.388282 np0000003884 nova-conductor[98779]: DEBUG oslo_concurrency.lockutils [None req-039224da-7f99-472e-bd6b-7a6bd0681d23 tempest-ServersNegativeTestJSON-238427102 tempest-ServersNegativeTestJSON-238427102-project-member] Lock "a0b3b035-0500-4c1d-b500-1e50ce089cd8" acquired by "nova.context.set_target_cell..get_or_set_cached_cell_and_set_connections" :: waited 0.000s {{(pid=98779) inner /opt/stack/data/venv/lib/python3.12/site-packages/oslo_concurrency/lockutils.py:524}}
Jun 29 01:14:22.388282 np0000003884 nova-conductor[98779]: DEBUG oslo_concurrency.lockutils [None req-039224da-7f99-472e-bd6b-7a6bd0681d23 tempest-ServersNegativeTestJSON-238427102 tempest-ServersNegativeTestJSON-238427102-project-member] Lock "a0b3b035-0500-4c1d-b500-1e50ce089cd8" "released" by "nova.context.set_target_cell..get_or_set_cached_cell_and_set_connections" :: held 0.000s {{(pid=98779) inner /opt/stack/data/venv/lib/python3.12/site-packages/oslo_concurrency/lockutils.py:543}}
Jun 29 01:14:22.457566 np0000003884 nova-conductor[98779]: DEBUG oslo_concurrency.lockutils [None req-039224da-7f99-472e-bd6b-7a6bd0681d23 tempest-ServersNegativeTestJSON-238427102 tempest-ServersNegativeTestJSON-238427102-project-member] Acquiring lock "a0b3b035-0500-4c1d-b500-1e50ce089cd8" by "nova.context.set_target_cell..get_or_set_cached_cell_and_set_connections" {{(pid=98779) inner /opt/stack/data/venv/lib/python3.12/site-packages/oslo_concurrency/lockutils.py:511}}
Jun 29 01:14:22.457757 np0000003884 nova-conductor[98779]: DEBUG oslo_concurrency.lockutils [None req-039224da-7f99-472e-bd6b-7a6bd0681d23 tempest-ServersNegativeTestJSON-238427102 tempest-ServersNegativeTestJSON-238427102-project-member] Lock "a0b3b035-0500-4c1d-b500-1e50ce089cd8" acquired by "nova.context.set_target_cell..get_or_set_cached_cell_and_set_connections" :: waited 0.000s {{(pid=98779) inner /opt/stack/data/venv/lib/python3.12/site-packages/oslo_concurrency/lockutils.py:524}}
