Jul 27 07:23:29.211779 np0000005879 nova-scheduler[93437]: DEBUG cotyledon.oslo_config_glue [-] oslo_messaging_rabbit.rabbit_quorum_delivery_limit = 0 {{(pid=93437) log_opt_values /opt/stack/data/venv/lib/python3.12/site-packages/oslo_config/cfg.py:3253}}
Jul 27 07:23:29.211779 np0000005879 nova-scheduler[93437]: DEBUG cotyledon.oslo_config_glue [-] oslo_messaging_rabbit.rabbit_quorum_max_memory_bytes = 0 {{(pid=93437) log_opt_values /opt/stack/data/venv/lib/python3.12/site-packages/oslo_config/cfg.py:3253}}
Jul 27 07:23:29.211779 np0000005879 nova-scheduler[93437]: DEBUG cotyledon.oslo_config_glue [-] oslo_messaging_rabbit.rabbit_quorum_max_memory_length = 0 {{(pid=93437) log_opt_values /opt/stack/data/venv/lib/python3.12/site-packages/oslo_config/cfg.py:3253}}
Jul 27 07:23:29.211779 np0000005879 nova-scheduler[93437]: DEBUG cotyledon.oslo_config_glue [-] oslo_messaging_rabbit.rabbit_quorum_queue = False {{(pid=93437) log_opt_values /opt/stack/data/venv/lib/python3.12/site-packages/oslo_config/cfg.py:3253}}
Jul 27 07:23:29.211779 np0000005879 nova-scheduler[93437]: DEBUG cotyledon.oslo_config_glue [-] oslo_messaging_rabbit.rabbit_retry_backoff = 2 {{(pid=93437) log_opt_values /opt/stack/data/venv/lib/python3.12/site-packages/oslo_config/cfg.py:3253}}
Jul 27 07:23:29.212079 np0000005879 nova-scheduler[93437]: DEBUG cotyledon.oslo_config_glue [-] oslo_messaging_rabbit.rabbit_retry_interval = 1 {{(pid=93437) log_opt_values /opt/stack/data/venv/lib/python3.12/site-packages/oslo_config/cfg.py:3253}}
Jul 27 07:23:29.212079 np0000005879 nova-scheduler[93437]: DEBUG cotyledon.oslo_config_glue [-] oslo_messaging_rabbit.rabbit_stream_fanout = False {{(pid=93437) log_opt_values /opt/stack/data/venv/lib/python3.12/site-packages/oslo_config/cfg.py:3253}}
Jul 27 07:23:29.212079 np0000005879 nova-scheduler[93437]: DEBUG cotyledon.oslo_config_glue [-] oslo_messaging_rabbit.rabbit_transient_queues_ttl = 1800 {{(pid=93437) log_opt_values /opt/stack/data/venv/lib/python3.12/site-packages/oslo_config/cfg.py:3253}}
Jul 27 07:23:29.212079 np0000005879 nova-scheduler[93437]: DEBUG cotyledon.oslo_config_glue [-] oslo_messaging_rabbit.rabbit_transient_quorum_queue = False {{(pid=93437) log_opt_values /opt/stack/data/venv/lib/python3.12/site-packages/oslo_config/cfg.py:3253}}
Jul 27 07:23:29.212079 np0000005879 nova-scheduler[93437]: DEBUG cotyledon.oslo_config_glue [-] oslo_messaging_rabbit.rpc_conn_pool_size = 30 {{(pid=93437) log_opt_values /opt/stack/data/venv/lib/python3.12/site-packages/oslo_config/cfg.py:3253}}
Jul 27 07:23:29.212079 np0000005879 nova-scheduler[93437]: DEBUG cotyledon.oslo_config_glue [-] oslo_messaging_rabbit.ssl = False {{(pid=93437) log_opt_values /opt/stack/data/venv/lib/python3.12/site-packages/oslo_config/cfg.py:3253}}
Jul 27 07:23:29.212079 np0000005879 nova-scheduler[93437]: DEBUG cotyledon.oslo_config_glue [-] oslo_messaging_rabbit.ssl_ca_file = {{(pid=93437) log_opt_values /opt/stack/data/venv/lib/python3.12/site-packages/oslo_config/cfg.py:3253}}
Jul 27 07:23:29.212079 np0000005879 nova-scheduler[93437]: DEBUG cotyledon.oslo_config_glue [-] oslo_messaging_rabbit.ssl_cert_file = {{(pid=93437) log_opt_values /opt/stack/data/venv/lib/python3.12/site-packages/oslo_config/cfg.py:3253}}
Jul 27 07:23:29.212079 np0000005879 nova-scheduler[93437]: DEBUG cotyledon.oslo_config_glue [-] oslo_messaging_rabbit.ssl_enforce_fips_mode = False {{(pid=93437) log_opt_values /opt/stack/data/venv/lib/python3.12/site-packages/oslo_config/cfg.py:3253}}
Jul 27 07:23:29.212399 np0000005879 nova-scheduler[93437]: DEBUG cotyledon.oslo_config_glue [-] oslo_messaging_rabbit.ssl_enforce_hostname_verification = True {{(pid=93437) log_opt_values /opt/stack/data/venv/lib/python3.12/site-packages/oslo_config/cfg.py:3253}}
Jul 27 07:23:29.212399 np0000005879 nova-scheduler[93437]: DEBUG cotyledon.oslo_config_glue [-] oslo_messaging_rabbit.ssl_key_file = {{(pid=93437) log_opt_values /opt/stack/data/venv/lib/python3.12/site-packages/oslo_config/cfg.py:3253}}
Jul 27 07:23:29.212399 np0000005879 nova-scheduler[93437]: DEBUG cotyledon.oslo_config_glue [-] oslo_messaging_rabbit.ssl_version = {{(pid=93437) log_opt_values /opt/stack/data/venv/lib/python3.12/site-packages/oslo_config/cfg.py:3253}}
Jul 27 07:23:29.212399 np0000005879 nova-scheduler[93437]: DEBUG cotyledon.oslo_config_glue [-] oslo_messaging_rabbit.use_queue_manager = False {{(pid=93437) log_opt_values /opt/stack/data/venv/lib/python3.12/site-packages/oslo_config/cfg.py:3253}}
Jul 27 07:23:29.212399 np0000005879 nova-scheduler[93437]: DEBUG cotyledon.oslo_config_glue [-] oslo_messaging_notifications.driver = ['messagingv2'] {{(pid=93437) log_opt_values /opt/stack/data/venv/lib/python3.12/site-packages/oslo_config/cfg.py:3253}}
Jul 27 07:23:29.212399 np0000005879 nova-scheduler[93437]: DEBUG cotyledon.oslo_config_glue [-] oslo_messaging_notifications.retry = -1 {{(pid=93437) log_opt_values /opt/stack/data/venv/lib/python3.12/site-packages/oslo_config/cfg.py:3253}}
Jul 27 07:23:29.212399 np0000005879 nova-scheduler[93437]: DEBUG cotyledon.oslo_config_glue [-] oslo_messaging_notifications.topics = ['notifications'] {{(pid=93437) log_opt_values /opt/stack/data/venv/lib/python3.12/site-packages/oslo_config/cfg.py:3253}}
Jul 27 07:23:29.212399 np0000005879 nova-scheduler[93437]: DEBUG cotyledon.oslo_config_glue [-] oslo_messaging_notifications.transport_url = **** {{(pid=93437) log_opt_values /opt/stack/data/venv/lib/python3.12/site-packages/oslo_config/cfg.py:3253}}
Jul 27 07:23:29.212399 np0000005879 nova-scheduler[93437]: DEBUG cotyledon.oslo_config_glue [-] oslo_limit.auth_section = None {{(pid=93437) log_opt_values /opt/stack/data/venv/lib/python3.12/site-packages/oslo_config/cfg.py:3253}}
Jul 27 07:23:29.212715 np0000005879 nova-scheduler[93437]: DEBUG cotyledon.oslo_config_glue [-] oslo_limit.auth_type = None {{(pid=93437) log_opt_values /opt/stack/data/venv/lib/python3.12/site-packages/oslo_config/cfg.py:3253}}
Jul 27 07:23:29.212715 np0000005879 nova-scheduler[93437]: DEBUG cotyledon.oslo_config_glue [-] oslo_limit.cafile = None {{(pid=93437) log_opt_values /opt/stack/data/venv/lib/python3.12/site-packages/oslo_config/cfg.py:3253}}
Jul 27 07:23:29.212715 np0000005879 nova-scheduler[93437]: DEBUG cotyledon.oslo_config_glue [-] oslo_limit.certfile = None {{(pid=93437) log_opt_values /opt/stack/data/venv/lib/python3.12/site-packages/oslo_config/cfg.py:3253}}
Jul 27 07:23:29.212715 np0000005879 nova-scheduler[93437]: DEBUG cotyledon.oslo_config_glue [-] oslo_limit.collect_timing = False {{(pid=93437) log_opt_values /opt/stack/data/venv/lib/python3.12/site-packages/oslo_config/cfg.py:3253}}
Jul 27 07:23:29.212715 np0000005879 nova-scheduler[93437]: DEBUG cotyledon.oslo_config_glue [-] oslo_limit.connect_retries = None {{(pid=93437) log_opt_values /opt/stack/data/venv/lib/python3.12/site-packages/oslo_config/cfg.py:3253}}
Jul 27 07:23:29.212715 np0000005879 nova-scheduler[93437]: DEBUG cotyledon.oslo_config_glue [-] oslo_limit.connect_retry_delay = None {{(pid=93437) log_opt_values /opt/stack/data/venv/lib/python3.12/site-packages/oslo_config/cfg.py:3253}}
Jul 27 07:23:29.212715 np0000005879 nova-scheduler[93437]: DEBUG cotyledon.oslo_config_glue [-] oslo_limit.endpoint_id = None {{(pid=93437) log_opt_values /opt/stack/data/venv/lib/python3.12/site-packages/oslo_config/cfg.py:3253}}
Jul 27 07:23:29.212715 np0000005879 nova-scheduler[93437]: DEBUG cotyledon.oslo_config_glue [-] oslo_limit.endpoint_interface = public {{(pid=93437) log_opt_values /opt/stack/data/venv/lib/python3.12/site-packages/oslo_config/cfg.py:3253}}
Jul 27 07:23:29.212715 np0000005879 nova-scheduler[93437]: DEBUG cotyledon.oslo_config_glue [-] oslo_limit.endpoint_override = None {{(pid=93437) log_opt_values /opt/stack/data/venv/lib/python3.12/site-packages/oslo_config/cfg.py:3253}}
Jul 27 07:23:29.213016 np0000005879 nova-scheduler[93437]: DEBUG cotyledon.oslo_config_glue [-] oslo_limit.endpoint_region_name = None {{(pid=93437) log_opt_values /opt/stack/data/venv/lib/python3.12/site-packages/oslo_config/cfg.py:3253}}
Jul 27 07:23:29.213016 np0000005879 nova-scheduler[93437]: DEBUG cotyledon.oslo_config_glue [-] oslo_limit.endpoint_service_name = None {{(pid=93437) log_opt_values /opt/stack/data/venv/lib/python3.12/site-packages/oslo_config/cfg.py:3253}}
Jul 27 07:23:29.213016 np0000005879 nova-scheduler[93437]: DEBUG cotyledon.oslo_config_glue [-] oslo_limit.endpoint_service_type = None {{(pid=93437) log_opt_values /opt/stack/data/venv/lib/python3.12/site-packages/oslo_config/cfg.py:3253}}
Jul 27 07:23:29.213016 np0000005879 nova-scheduler[93437]: DEBUG cotyledon.oslo_config_glue [-] oslo_limit.insecure = False {{(pid=93437) log_opt_values /opt/stack/data/venv/lib/python3.12/site-packages/oslo_config/cfg.py:3253}}
Jul 27 07:23:29.213016 np0000005879 nova-scheduler[93437]: DEBUG cotyledon.oslo_config_glue [-] oslo_limit.keyfile = None {{(pid=93437) log_opt_values /opt/stack/data/venv/lib/python3.12/site-packages/oslo_config/cfg.py:3253}}
Jul 27 07:23:29.213016 np0000005879 nova-scheduler[93437]: DEBUG cotyledon.oslo_config_glue [-] oslo_limit.max_version = None {{(pid=93437) log_opt_values /opt/stack/data/venv/lib/python3.12/site-packages/oslo_config/cfg.py:3253}}
Jul 27 07:23:29.213016 np0000005879 nova-scheduler[93437]: DEBUG cotyledon.oslo_config_glue [-] oslo_limit.min_version = None {{(pid=93437) log_opt_values /opt/stack/data/venv/lib/python3.12/site-packages/oslo_config/cfg.py:3253}}
Jul 27 07:23:29.213016 np0000005879 nova-scheduler[93437]: DEBUG cotyledon.oslo_config_glue [-] oslo_limit.region_name = None {{(pid=93437) log_opt_values /opt/stack/data/venv/lib/python3.12/site-packages/oslo_config/cfg.py:3253}}
Jul 27 07:23:29.213016 np0000005879 nova-scheduler[93437]: DEBUG cotyledon.oslo_config_glue [-] oslo_limit.retriable_status_codes = None {{(pid=93437) log_opt_values /opt/stack/data/venv/lib/python3.12/site-packages/oslo_config/cfg.py:3253}}
Jul 27 07:23:29.213334 np0000005879 nova-scheduler[93437]: DEBUG cotyledon.oslo_config_glue [-] oslo_limit.service_name = None {{(pid=93437) log_opt_values /opt/stack/data/venv/lib/python3.12/site-packages/oslo_config/cfg.py:3253}}
Jul 27 07:23:29.213334 np0000005879 nova-scheduler[93437]: DEBUG cotyledon.oslo_config_glue [-] oslo_limit.service_type = None {{(pid=93437) log_opt_values /opt/stack/data/venv/lib/python3.12/site-packages/oslo_config/cfg.py:3253}}
Jul 27 07:23:29.213334 np0000005879 nova-scheduler[93437]: DEBUG cotyledon.oslo_config_glue [-] oslo_limit.split_loggers = False {{(pid=93437) log_opt_values /opt/stack/data/venv/lib/python3.12/site-packages/oslo_config/cfg.py:3253}}
Jul 27 07:23:29.213334 np0000005879 nova-scheduler[93437]: DEBUG cotyledon.oslo_config_glue [-] oslo_limit.status_code_retries = None {{(pid=93437) log_opt_values /opt/stack/data/venv/lib/python3.12/site-packages/oslo_config/cfg.py:3253}}
Jul 27 07:23:29.213334 np0000005879 nova-scheduler[93437]: DEBUG cotyledon.oslo_config_glue [-] oslo_limit.status_code_retry_delay = None {{(pid=93437) log_opt_values /opt/stack/data/venv/lib/python3.12/site-packages/oslo_config/cfg.py:3253}}
Jul 27 07:23:29.213334 np0000005879 nova-scheduler[93437]: DEBUG cotyledon.oslo_config_glue [-] oslo_limit.timeout = None {{(pid=93437) log_opt_values /opt/stack/data/venv/lib/python3.12/site-packages/oslo_config/cfg.py:3253}}
Jul 27 07:23:29.213334 np0000005879 nova-scheduler[93437]: DEBUG cotyledon.oslo_config_glue [-] oslo_limit.valid_interfaces = None {{(pid=93437) log_opt_values /opt/stack/data/venv/lib/python3.12/site-packages/oslo_config/cfg.py:3253}}
Jul 27 07:23:29.213334 np0000005879 nova-scheduler[93437]: DEBUG cotyledon.oslo_config_glue [-] oslo_limit.version = None {{(pid=93437) log_opt_values /opt/stack/data/venv/lib/python3.12/site-packages/oslo_config/cfg.py:3253}}
Jul 27 07:23:29.213334 np0000005879 nova-scheduler[93437]: DEBUG cotyledon.oslo_config_glue [-] oslo_reports.file_event_handler = None {{(pid=93437) log_opt_values /opt/stack/data/venv/lib/python3.12/site-packages/oslo_config/cfg.py:3253}}
Jul 27 07:23:29.213640 np0000005879 nova-scheduler[93437]: DEBUG cotyledon.oslo_config_glue [-] oslo_reports.file_event_handler_interval = 1 {{(pid=93437) log_opt_values /opt/stack/data/venv/lib/python3.12/site-packages/oslo_config/cfg.py:3253}}
Jul 27 07:23:29.213640 np0000005879 nova-scheduler[93437]: DEBUG cotyledon.oslo_config_glue [-] oslo_reports.log_dir = None {{(pid=93437) log_opt_values /opt/stack/data/venv/lib/python3.12/site-packages/oslo_config/cfg.py:3253}}
Jul 27 07:23:29.213640 np0000005879 nova-scheduler[93437]: DEBUG cotyledon.oslo_config_glue [-] ******************************************************************************** {{(pid=93437) log_opt_values /opt/stack/data/venv/lib/python3.12/site-packages/oslo_config/cfg.py:3260}}
Jul 27 07:23:29.213640 np0000005879 nova-scheduler[93437]: DEBUG cotyledon._service_worker [-] Run service ServiceWrapper(2) [93437] {{(pid=93437) wait_forever /opt/stack/data/venv/lib/python3.12/site-packages/cotyledon/_service_worker.py:218}}
Jul 27 07:23:29.213640 np0000005879 nova-scheduler[93437]: INFO nova.service [-] Starting scheduler node (version 33.1.0)
Jul 27 07:23:29.213894 np0000005879 nova-scheduler[93433]: INFO dbcounter [None req-9f6ce561-2408-4f52-b251-8be304aa6124 None None] Registered counter for database nova_cell0
Jul 27 07:23:29.213940 np0000005879 nova-scheduler[93437]: INFO dbcounter [None req-841df6b2-f6c6-42d0-ab68-6212624d5cba None None] Registered counter for database nova_cell0
Jul 27 07:23:29.213980 np0000005879 nova-scheduler[93431]: DEBUG oslo_db.sqlalchemy.engines [None req-c8da0ac4-5076-497b-be31-a38638fc3322 None None] MySQL server mode set to STRICT_TRANS_TABLES,STRICT_ALL_TABLES,NO_ZERO_IN_DATE,NO_ZERO_DATE,ERROR_FOR_DIVISION_BY_ZERO,TRADITIONAL,NO_ENGINE_SUBSTITUTION {{(pid=93431) _check_effective_sql_mode /opt/stack/data/venv/lib/python3.12/site-packages/oslo_db/sqlalchemy/engines.py:325}}
Jul 27 07:23:29.213980 np0000005879 nova-scheduler[93431]: DEBUG dbcounter [-] [93431] Writer thread running {{(pid=93431) stat_writer /opt/stack/data/venv/lib/python3.12/site-packages/dbcounter.py:102}}
Jul 27 07:23:29.217543 np0000005879 nova-scheduler[93437]: DEBUG oslo_db.sqlalchemy.engines [None req-841df6b2-f6c6-42d0-ab68-6212624d5cba None None] MySQL server mode set to STRICT_TRANS_TABLES,STRICT_ALL_TABLES,NO_ZERO_IN_DATE,NO_ZERO_DATE,ERROR_FOR_DIVISION_BY_ZERO,TRADITIONAL,NO_ENGINE_SUBSTITUTION {{(pid=93437) _check_effective_sql_mode /opt/stack/data/venv/lib/python3.12/site-packages/oslo_db/sqlalchemy/engines.py:325}}
Jul 27 07:23:29.224286 np0000005879 nova-scheduler[93431]: DEBUG nova.service [None req-c8da0ac4-5076-497b-be31-a38638fc3322 None None] Creating RPC server for service: nova-scheduler on topic: scheduler {{(pid=93431) start /opt/stack/nova/nova/service.py:196}}
Jul 27 07:23:29.229372 np0000005879 nova-scheduler[93433]: DEBUG oslo_db.sqlalchemy.engines [None req-9f6ce561-2408-4f52-b251-8be304aa6124 None None] MySQL server mode set to STRICT_TRANS_TABLES,STRICT_ALL_TABLES,NO_ZERO_IN_DATE,NO_ZERO_DATE,ERROR_FOR_DIVISION_BY_ZERO,TRADITIONAL,NO_ENGINE_SUBSTITUTION {{(pid=93433) _check_effective_sql_mode /opt/stack/data/venv/lib/python3.12/site-packages/oslo_db/sqlalchemy/engines.py:325}}
Jul 27 07:23:29.234129 np0000005879 nova-scheduler[93437]: DEBUG dbcounter [-] [93437] Writer thread running {{(pid=93437) stat_writer /opt/stack/data/venv/lib/python3.12/site-packages/dbcounter.py:102}}
Jul 27 07:23:29.237741 np0000005879 nova-scheduler[93437]: DEBUG nova.service [None req-841df6b2-f6c6-42d0-ab68-6212624d5cba None None] Creating RPC server for service: nova-scheduler on topic: scheduler {{(pid=93437) start /opt/stack/nova/nova/service.py:196}}
Jul 27 07:23:29.240603 np0000005879 nova-scheduler[93433]: DEBUG dbcounter [-] [93433] Writer thread running {{(pid=93433) stat_writer /opt/stack/data/venv/lib/python3.12/site-packages/dbcounter.py:102}}
Jul 27 07:23:29.246871 np0000005879 nova-scheduler[93433]: DEBUG nova.service [None req-9f6ce561-2408-4f52-b251-8be304aa6124 None None] Creating RPC server for service: nova-scheduler on topic: scheduler {{(pid=93433) start /opt/stack/nova/nova/service.py:196}}
Jul 27 07:23:29.248823 np0000005879 nova-scheduler[93431]: DEBUG nova.service [None req-c8da0ac4-5076-497b-be31-a38638fc3322 None None] Join ServiceGroup membership for this service scheduler {{(pid=93431) start /opt/stack/nova/nova/service.py:222}}
Jul 27 07:23:29.249089 np0000005879 nova-scheduler[93431]: DEBUG nova.servicegroup.drivers.db [None req-c8da0ac4-5076-497b-be31-a38638fc3322 None None] DB_Driver: join new ServiceGroup member np0000005879 to the scheduler group, service = {{(pid=93431) join /opt/stack/nova/nova/servicegroup/drivers/db.py:44}}
Jul 27 07:23:29.256882 np0000005879 nova-scheduler[93437]: DEBUG nova.service [None req-841df6b2-f6c6-42d0-ab68-6212624d5cba None None] Join ServiceGroup membership for this service scheduler {{(pid=93437) start /opt/stack/nova/nova/service.py:222}}
Jul 27 07:23:29.257037 np0000005879 nova-scheduler[93437]: DEBUG nova.servicegroup.drivers.db [None req-841df6b2-f6c6-42d0-ab68-6212624d5cba None None] DB_Driver: join new ServiceGroup member np0000005879 to the scheduler group, service = {{(pid=93437) join /opt/stack/nova/nova/servicegroup/drivers/db.py:44}}
Jul 27 07:23:29.266391 np0000005879 nova-scheduler[93433]: DEBUG nova.service [None req-9f6ce561-2408-4f52-b251-8be304aa6124 None None] Join ServiceGroup membership for this service scheduler {{(pid=93433) start /opt/stack/nova/nova/service.py:222}}
Jul 27 07:23:29.266628 np0000005879 nova-scheduler[93433]: DEBUG nova.servicegroup.drivers.db [None req-9f6ce561-2408-4f52-b251-8be304aa6124 None None] DB_Driver: join new ServiceGroup member np0000005879 to the scheduler group, service = {{(pid=93433) join /opt/stack/nova/nova/servicegroup/drivers/db.py:44}}
Jul 27 07:23:34.273209 np0000005879 nova-scheduler[93431]: DEBUG oslo.service.backend._threading.loopingcall [-] Fixed interval looping call 'nova.servicegroup.drivers.db.DbDriver._report_state' sleeping for 119.98 seconds {{(pid=93431) _run_loop /opt/stack/data/venv/lib/python3.12/site-packages/oslo_service/backend/_threading/loopingcall.py:125}}
Jul 27 07:23:34.274014 np0000005879 nova-scheduler[93437]: DEBUG oslo.service.backend._threading.loopingcall [-] Fixed interval looping call 'nova.servicegroup.drivers.db.DbDriver._report_state' sleeping for 119.98 seconds {{(pid=93437) _run_loop /opt/stack/data/venv/lib/python3.12/site-packages/oslo_service/backend/_threading/loopingcall.py:125}}
Jul 27 07:23:34.280395 np0000005879 nova-scheduler[93433]: DEBUG oslo.service.backend._threading.loopingcall [-] Fixed interval looping call 'nova.servicegroup.drivers.db.DbDriver._report_state' sleeping for 119.99 seconds {{(pid=93433) _run_loop /opt/stack/data/venv/lib/python3.12/site-packages/oslo_service/backend/_threading/loopingcall.py:125}}
Jul 27 07:23:37.841668 np0000005879 nova-scheduler[92239]: DEBUG dbcounter [-] [92239] Writing DB stats nova_api:SELECT=3 {{(pid=92239) stat_writer /opt/stack/data/venv/lib/python3.12/site-packages/dbcounter.py:115}}
Jul 27 07:23:37.968131 np0000005879 nova-scheduler[92239]: DEBUG dbcounter [-] [92239] Writing DB stats nova_cell0:SELECT=1 {{(pid=92239) stat_writer /opt/stack/data/venv/lib/python3.12/site-packages/dbcounter.py:115}}
Jul 27 07:23:37.971757 np0000005879 nova-scheduler[92239]: DEBUG dbcounter [-] [92239] Writing DB stats nova_cell1:SELECT=1 {{(pid=92239) stat_writer /opt/stack/data/venv/lib/python3.12/site-packages/dbcounter.py:115}}
Jul 27 07:23:44.260440 np0000005879 nova-scheduler[93431]: DEBUG dbcounter [-] [93431] Writing DB stats nova_cell0:SELECT=4,nova_cell0:INSERT=1,nova_cell0:UPDATE=1 {{(pid=93431) stat_writer /opt/stack/data/venv/lib/python3.12/site-packages/dbcounter.py:115}}
Jul 27 07:23:44.270857 np0000005879 nova-scheduler[93437]: DEBUG dbcounter [-] [93437] Writing DB stats nova_cell0:SELECT=3,nova_cell0:UPDATE=1 {{(pid=93437) stat_writer /opt/stack/data/venv/lib/python3.12/site-packages/dbcounter.py:115}}
Jul 27 07:23:44.278753 np0000005879 nova-scheduler[93433]: DEBUG dbcounter [-] [93433] Writing DB stats nova_cell0:SELECT=3 {{(pid=93433) stat_writer /opt/stack/data/venv/lib/python3.12/site-packages/dbcounter.py:115}}
Jul 27 07:24:02.268855 np0000005879 nova-scheduler[93433]: DEBUG oslo.service.backend._threading.loopingcall [None req-f426fc27-e572-4e43-97a3-5c418161b5bb None None] Dynamic interval looping call 'nova.service.Service.periodic_tasks' sleeping for 60.00 seconds {{(pid=93433) _run_loop /opt/stack/data/venv/lib/python3.12/site-packages/oslo_service/backend/_threading/loopingcall.py:125}}
Jul 27 07:24:07.251305 np0000005879 nova-scheduler[93431]: DEBUG oslo.service.backend._threading.loopingcall [None req-df16c9db-7647-4937-b527-4e20e1eb5ebc None None] Dynamic interval looping call 'nova.service.Service.periodic_tasks' sleeping for 60.00 seconds {{(pid=93431) _run_loop /opt/stack/data/venv/lib/python3.12/site-packages/oslo_service/backend/_threading/loopingcall.py:125}}
Jul 27 07:24:13.259420 np0000005879 nova-scheduler[93437]: DEBUG oslo.service.backend._threading.loopingcall [None req-17a39338-9e7e-4831-8b51-b2b1e60823f7 None None] Dynamic interval looping call 'nova.service.Service.periodic_tasks' sleeping for 60.00 seconds {{(pid=93437) _run_loop /opt/stack/data/venv/lib/python3.12/site-packages/oslo_service/backend/_threading/loopingcall.py:125}}
Jul 27 07:25:02.269318 np0000005879 nova-scheduler[93433]: DEBUG oslo.service.backend._threading.loopingcall [None req-f426fc27-e572-4e43-97a3-5c418161b5bb None None] Dynamic interval looping call 'nova.service.Service.periodic_tasks' sleeping for 60.00 seconds {{(pid=93433) _run_loop /opt/stack/data/venv/lib/python3.12/site-packages/oslo_service/backend/_threading/loopingcall.py:125}}
Jul 27 07:25:07.251843 np0000005879 nova-scheduler[93431]: DEBUG oslo.service.backend._threading.loopingcall [None req-df16c9db-7647-4937-b527-4e20e1eb5ebc None None] Dynamic interval looping call 'nova.service.Service.periodic_tasks' sleeping for 60.00 seconds {{(pid=93431) _run_loop /opt/stack/data/venv/lib/python3.12/site-packages/oslo_service/backend/_threading/loopingcall.py:125}}
Jul 27 07:25:13.259927 np0000005879 nova-scheduler[93437]: DEBUG oslo.service.backend._threading.loopingcall [None req-17a39338-9e7e-4831-8b51-b2b1e60823f7 None None] Dynamic interval looping call 'nova.service.Service.periodic_tasks' sleeping for 60.00 seconds {{(pid=93437) _run_loop /opt/stack/data/venv/lib/python3.12/site-packages/oslo_service/backend/_threading/loopingcall.py:125}}
Jul 27 07:25:34.267794 np0000005879 nova-scheduler[93431]: DEBUG oslo.service.backend._threading.loopingcall [-] Fixed interval looping call 'nova.servicegroup.drivers.db.DbDriver._report_state' sleeping for 119.99 seconds {{(pid=93431) _run_loop /opt/stack/data/venv/lib/python3.12/site-packages/oslo_service/backend/_threading/loopingcall.py:125}}
Jul 27 07:25:34.268248 np0000005879 nova-scheduler[93437]: DEBUG oslo.service.backend._threading.loopingcall [-] Fixed interval looping call 'nova.servicegroup.drivers.db.DbDriver._report_state' sleeping for 119.99 seconds {{(pid=93437) _run_loop /opt/stack/data/venv/lib/python3.12/site-packages/oslo_service/backend/_threading/loopingcall.py:125}}
Jul 27 07:25:34.273874 np0000005879 nova-scheduler[93433]: DEBUG oslo.service.backend._threading.loopingcall [-] Fixed interval looping call 'nova.servicegroup.drivers.db.DbDriver._report_state' sleeping for 120.00 seconds {{(pid=93433) _run_loop /opt/stack/data/venv/lib/python3.12/site-packages/oslo_service/backend/_threading/loopingcall.py:125}}
Jul 27 07:25:44.256687 np0000005879 nova-scheduler[93431]: DEBUG dbcounter [-] [93431] Writing DB stats nova_cell0:SELECT=1,nova_cell0:UPDATE=1 {{(pid=93431) stat_writer /opt/stack/data/venv/lib/python3.12/site-packages/dbcounter.py:115}}
Jul 27 07:25:44.257103 np0000005879 nova-scheduler[93437]: DEBUG dbcounter [-] [93437] Writing DB stats nova_cell0:SELECT=1,nova_cell0:UPDATE=1 {{(pid=93437) stat_writer /opt/stack/data/venv/lib/python3.12/site-packages/dbcounter.py:115}}
Jul 27 07:25:44.272186 np0000005879 nova-scheduler[93433]: DEBUG dbcounter [-] [93433] Writing DB stats nova_cell0:SELECT=1 {{(pid=93433) stat_writer /opt/stack/data/venv/lib/python3.12/site-packages/dbcounter.py:115}}
Jul 27 07:26:02.269944 np0000005879 nova-scheduler[93433]: DEBUG oslo.service.backend._threading.loopingcall [None req-f426fc27-e572-4e43-97a3-5c418161b5bb None None] Dynamic interval looping call 'nova.service.Service.periodic_tasks' sleeping for 60.00 seconds {{(pid=93433) _run_loop /opt/stack/data/venv/lib/python3.12/site-packages/oslo_service/backend/_threading/loopingcall.py:125}}
Jul 27 07:26:07.252408 np0000005879 nova-scheduler[93431]: DEBUG oslo.service.backend._threading.loopingcall [None req-df16c9db-7647-4937-b527-4e20e1eb5ebc None None] Dynamic interval looping call 'nova.service.Service.periodic_tasks' sleeping for 60.00 seconds {{(pid=93431) _run_loop /opt/stack/data/venv/lib/python3.12/site-packages/oslo_service/backend/_threading/loopingcall.py:125}}
Jul 27 07:26:07.655182 np0000005879 nova-scheduler[93431]: DEBUG nova.scheduler.manager [None req-b63efb7a-6bd7-4d12-a524-7619c59a3222 tempest-ServerBootFromVolumeStableRescueTest-1089168329 tempest-ServerBootFromVolumeStableRescueTest-1089168329-project-member] Starting to schedule for instances: ['a35a7951-d410-4a24-910b-151fe6e0ff41'] {{(pid=93431) select_destinations /opt/stack/nova/nova/scheduler/manager.py:209}}
Jul 27 07:26:07.655571 np0000005879 nova-scheduler[93431]: DEBUG nova.scheduler.request_filter [None req-b63efb7a-6bd7-4d12-a524-7619c59a3222 tempest-ServerBootFromVolumeStableRescueTest-1089168329 tempest-ServerBootFromVolumeStableRescueTest-1089168329-project-member] compute_status_filter request filter added forbidden trait COMPUTE_STATUS_DISABLED {{(pid=93431) compute_status_filter /opt/stack/nova/nova/scheduler/request_filter.py:253}}
Jul 27 07:26:07.655727 np0000005879 nova-scheduler[93431]: DEBUG nova.scheduler.request_filter [None req-b63efb7a-6bd7-4d12-a524-7619c59a3222 tempest-ServerBootFromVolumeStableRescueTest-1089168329 tempest-ServerBootFromVolumeStableRescueTest-1089168329-project-member] Request filter 'compute_status_filter' took 0.0 seconds {{(pid=93431) wrapper /opt/stack/nova/nova/scheduler/request_filter.py:46}}
Jul 27 07:26:07.656438 np0000005879 nova-scheduler[93431]: DEBUG nova.scheduler.request_filter [None req-b63efb7a-6bd7-4d12-a524-7619c59a3222 tempest-ServerBootFromVolumeStableRescueTest-1089168329 tempest-ServerBootFromVolumeStableRescueTest-1089168329-project-member] Request filter 'accelerators_filter' took 0.0 seconds {{(pid=93431) wrapper /opt/stack/nova/nova/scheduler/request_filter.py:46}}
Jul 27 07:26:07.656688 np0000005879 nova-scheduler[93431]: DEBUG nova.scheduler.request_filter [None req-b63efb7a-6bd7-4d12-a524-7619c59a3222 tempest-ServerBootFromVolumeStableRescueTest-1089168329 tempest-ServerBootFromVolumeStableRescueTest-1089168329-project-member] Request filter 'packed_virtqueue_filter' took 0.0 seconds {{(pid=93431) wrapper /opt/stack/nova/nova/scheduler/request_filter.py:46}}
Jul 27 07:26:07.657083 np0000005879 nova-scheduler[93431]: DEBUG nova.scheduler.request_filter [None req-b63efb7a-6bd7-4d12-a524-7619c59a3222 tempest-ServerBootFromVolumeStableRescueTest-1089168329 tempest-ServerBootFromVolumeStableRescueTest-1089168329-project-member] Request filter 'remote_managed_ports_filter' took 0.0 seconds {{(pid=93431) wrapper /opt/stack/nova/nova/scheduler/request_filter.py:46}}
Jul 27 07:26:07.657260 np0000005879 nova-scheduler[93431]: DEBUG nova.scheduler.request_filter [None req-b63efb7a-6bd7-4d12-a524-7619c59a3222 tempest-ServerBootFromVolumeStableRescueTest-1089168329 tempest-ServerBootFromVolumeStableRescueTest-1089168329-project-member] ephemeral_encryption_filter skipped {{(pid=93431) ephemeral_encryption_filter /opt/stack/nova/nova/scheduler/request_filter.py:426}}
Jul 27 07:26:07.657498 np0000005879 nova-scheduler[93431]: DEBUG nova.scheduler.request_filter [None req-b63efb7a-6bd7-4d12-a524-7619c59a3222 tempest-ServerBootFromVolumeStableRescueTest-1089168329 tempest-ServerBootFromVolumeStableRescueTest-1089168329-project-member] virtio_sound_filter skipped {{(pid=93431) virtio_sound_filter /opt/stack/nova/nova/scheduler/request_filter.py:460}}
Jul 27 07:26:07.657714 np0000005879 nova-scheduler[93431]: DEBUG nova.scheduler.request_filter [None req-b63efb7a-6bd7-4d12-a524-7619c59a3222 tempest-ServerBootFromVolumeStableRescueTest-1089168329 tempest-ServerBootFromVolumeStableRescueTest-1089168329-project-member] tpm_secret_security_filter skipped {{(pid=93431) tpm_secret_security_filter /opt/stack/nova/nova/scheduler/request_filter.py:477}}
Jul 27 07:26:08.369408 np0000005879 nova-scheduler[93431]: INFO nova.utils [None req-b63efb7a-6bd7-4d12-a524-7619c59a3222 tempest-ServerBootFromVolumeStableRescueTest-1089168329 tempest-ServerBootFromVolumeStableRescueTest-1089168329-project-member] The cell worker thread pool ForkProcess-1.cell_worker is initialized
Jul 27 07:26:08.371154 np0000005879 nova-scheduler[93431]: DEBUG oslo_concurrency.lockutils [None req-b63efb7a-6bd7-4d12-a524-7619c59a3222 tempest-ServerBootFromVolumeStableRescueTest-1089168329 tempest-ServerBootFromVolumeStableRescueTest-1089168329-project-member] Acquiring lock "3b3e39d1-4063-4d12-972f-b08ae3f25912" by "nova.context.set_target_cell..get_or_set_cached_cell_and_set_connections" {{(pid=93431) inner /opt/stack/data/venv/lib/python3.12/site-packages/oslo_concurrency/lockutils.py:512}}
Jul 27 07:26:08.371154 np0000005879 nova-scheduler[93431]: DEBUG oslo_concurrency.lockutils [None req-b63efb7a-6bd7-4d12-a524-7619c59a3222 tempest-ServerBootFromVolumeStableRescueTest-1089168329 tempest-ServerBootFromVolumeStableRescueTest-1089168329-project-member] Lock "3b3e39d1-4063-4d12-972f-b08ae3f25912" acquired by "nova.context.set_target_cell..get_or_set_cached_cell_and_set_connections" :: waited 0.000s {{(pid=93431) inner /opt/stack/data/venv/lib/python3.12/site-packages/oslo_concurrency/lockutils.py:525}}
Jul 27 07:26:08.372778 np0000005879 nova-scheduler[93431]: DEBUG oslo_concurrency.lockutils [None req-b63efb7a-6bd7-4d12-a524-7619c59a3222 tempest-ServerBootFromVolumeStableRescueTest-1089168329 tempest-ServerBootFromVolumeStableRescueTest-1089168329-project-member] Lock "3b3e39d1-4063-4d12-972f-b08ae3f25912" "released" by "nova.context.set_target_cell..get_or_set_cached_cell_and_set_connections" :: held 0.002s {{(pid=93431) inner /opt/stack/data/venv/lib/python3.12/site-packages/oslo_concurrency/lockutils.py:544}}
Jul 27 07:26:08.375308 np0000005879 nova-scheduler[93431]: INFO dbcounter [None req-b63efb7a-6bd7-4d12-a524-7619c59a3222 tempest-ServerBootFromVolumeStableRescueTest-1089168329 tempest-ServerBootFromVolumeStableRescueTest-1089168329-project-member] Registered counter for database nova_cell1
Jul 27 07:26:08.415036 np0000005879 nova-scheduler[93431]: DEBUG oslo_db.sqlalchemy.engines [None req-b63efb7a-6bd7-4d12-a524-7619c59a3222 tempest-ServerBootFromVolumeStableRescueTest-1089168329 tempest-ServerBootFromVolumeStableRescueTest-1089168329-project-member] MySQL server mode set to STRICT_TRANS_TABLES,STRICT_ALL_TABLES,NO_ZERO_IN_DATE,NO_ZERO_DATE,ERROR_FOR_DIVISION_BY_ZERO,TRADITIONAL,NO_ENGINE_SUBSTITUTION {{(pid=93431) _check_effective_sql_mode /opt/stack/data/venv/lib/python3.12/site-packages/oslo_db/sqlalchemy/engines.py:325}}
Jul 27 07:26:08.422259 np0000005879 nova-scheduler[93431]: DEBUG dbcounter [-] [93431] Writer thread running {{(pid=93431) stat_writer /opt/stack/data/venv/lib/python3.12/site-packages/dbcounter.py:102}}
Jul 27 07:26:08.436294 np0000005879 nova-scheduler[93431]: DEBUG oslo_db.sqlalchemy.engines [None req-b63efb7a-6bd7-4d12-a524-7619c59a3222 tempest-ServerBootFromVolumeStableRescueTest-1089168329 tempest-ServerBootFromVolumeStableRescueTest-1089168329-project-member] Parent process 92239 forked (93431) with an open database connection, which is being discarded and recreated. {{(pid=93431) checkout /opt/stack/data/venv/lib/python3.12/site-packages/oslo_db/sqlalchemy/engines.py:402}}
Jul 27 07:26:08.493026 np0000005879 nova-scheduler[93431]: DEBUG dbcounter [-] [93431] Writer thread running {{(pid=93431) stat_writer /opt/stack/data/venv/lib/python3.12/site-packages/dbcounter.py:102}}
Jul 27 07:26:08.503185 np0000005879 nova-scheduler[93431]: DEBUG oslo_concurrency.lockutils [None req-b63efb7a-6bd7-4d12-a524-7619c59a3222 tempest-ServerBootFromVolumeStableRescueTest-1089168329 tempest-ServerBootFromVolumeStableRescueTest-1089168329-project-member] Acquiring lock "3b3e39d1-4063-4d12-972f-b08ae3f25912" by "nova.context.set_target_cell..get_or_set_cached_cell_and_set_connections" {{(pid=93431) inner /opt/stack/data/venv/lib/python3.12/site-packages/oslo_concurrency/lockutils.py:512}}
Jul 27 07:26:08.503289 np0000005879 nova-scheduler[93431]: DEBUG oslo_concurrency.lockutils [None req-b63efb7a-6bd7-4d12-a524-7619c59a3222 tempest-ServerBootFromVolumeStableRescueTest-1089168329 tempest-ServerBootFromVolumeStableRescueTest-1089168329-project-member] Lock "3b3e39d1-4063-4d12-972f-b08ae3f25912" acquired by "nova.context.set_target_cell..get_or_set_cached_cell_and_set_connections" :: waited 0.000s {{(pid=93431) inner /opt/stack/data/venv/lib/python3.12/site-packages/oslo_concurrency/lockutils.py:525}}
Jul 27 07:26:08.503473 np0000005879 nova-scheduler[93431]: DEBUG oslo_concurrency.lockutils [None req-b63efb7a-6bd7-4d12-a524-7619c59a3222 tempest-ServerBootFromVolumeStableRescueTest-1089168329 tempest-ServerBootFromVolumeStableRescueTest-1089168329-project-member] Lock "3b3e39d1-4063-4d12-972f-b08ae3f25912" "released" by "nova.context.set_target_cell..get_or_set_cached_cell_and_set_connections" :: held 0.000s {{(pid=93431) inner /opt/stack/data/venv/lib/python3.12/site-packages/oslo_concurrency/lockutils.py:544}}
Jul 27 07:26:08.507425 np0000005879 nova-scheduler[93431]: DEBUG oslo_concurrency.lockutils [None req-b63efb7a-6bd7-4d12-a524-7619c59a3222 tempest-ServerBootFromVolumeStableRescueTest-1089168329 tempest-ServerBootFromVolumeStableRescueTest-1089168329-project-member] Acquiring lock "np0000005879-np0000005879" by "nova.scheduler.host_manager.HostState.update.._locked_update" {{(pid=93431) inner /opt/stack/data/venv/lib/python3.12/site-packages/oslo_concurrency/lockutils.py:512}}
Jul 27 07:26:08.507613 np0000005879 nova-scheduler[93431]: DEBUG oslo_concurrency.lockutils [None req-b63efb7a-6bd7-4d12-a524-7619c59a3222 tempest-ServerBootFromVolumeStableRescueTest-1089168329 tempest-ServerBootFromVolumeStableRescueTest-1089168329-project-member] Lock "np0000005879-np0000005879" acquired by "nova.scheduler.host_manager.HostState.update.._locked_update" :: waited 0.000s {{(pid=93431) inner /opt/stack/data/venv/lib/python3.12/site-packages/oslo_concurrency/lockutils.py:525}}
Jul 27 07:26:08.509691 np0000005879 nova-scheduler[93431]: DEBUG nova.scheduler.host_manager [None req-b63efb7a-6bd7-4d12-a524-7619c59a3222 tempest-ServerBootFromVolumeStableRescueTest-1089168329 tempest-ServerBootFromVolumeStableRescueTest-1089168329-project-member] Update host state from compute node: ComputeNode(cpu_allocation_ratio=4.0,cpu_info='{"arch": "x86_64", "model": "EPYC-Milan", "vendor": "AMD", "topology": {"cells": 1, "sockets": 16, "cores": 1, "threads": 1}, "maxphysaddr": {"mode": "emulate", "bits": 40}, "features": ["adx", "fxsr", "mce", "sse", "sse4.2", "pclmuldq", "tsc-scale", "fpu", "mtrr", "msr", "rdctl-no", "hypervisor", "movbe", "cmp_legacy", "rdrand", "popcnt", "3dnowprefetch", "nrip-save", "x2apic", "cmov", "wbnoinvd", "gds-no", "fma", "mmx", "mca", "amd-ssbd", "svm", "invpcid", "pse", "vme", "lbrv", "pcid", "arch-capabilities", "arat", "cx16", "ibrs", "mds-no", "sha-ni", "lm", "vaes", "no-nested-data-bp", "smep", "pschange-mc-no", "ssbd", "ssse3", "umip", "pni", "fsgsbase", "xsaveerptr", "lfence-always-serializing", "pse36", "rdseed", "stibp", "npt", "cr8legacy", "apic", "f16c", "mmxext", "xgetbv1", "ibpb", "pku", "osvw", "tsc", "clflush", "syscall", "fsrm", "xsaveopt", "erms", "sse4.1", "svme-addr-chk", "spec-ctrl", "null-sel-clr-base", "clzero", "amd-stibp", "tsc-deadline", "bmi2", "flushbyasid", "stibp-always-on", "avx", "sep", "skip-l1dfl-vmentry", "clwb", "topoext", "cx8", "bmi1", "pge", "pause-filter", "smap", "abm", "lahf_lm", "sse2", "tsc_adjust", "nx", "clflushopt", "perfctr_core", "fxsr_opt", "amd-psfd", "rdpid", "vgif", "vmcb-clean", "xsavec", "misalignsse", "pae", "virt-ssbd", "aes", "v-vmsave-vmload", "xsaves", "avx2", "pdpe1gb", "pfthreshold", "de", "rdtscp", "sse4a", "xsave", "vpclmulqdq", "pat"]}',created_at=2026-07-27T07:23:51Z,current_workload=0,deleted=False,deleted_at=None,disk_allocation_ratio=1.0,disk_available_least=73,free_disk_gb=95,free_ram_mb=62765,host='np0000005879',host_ip=10.4.3.97,hypervisor_hostname='np0000005879',hypervisor_type='QEMU',hypervisor_version=8002002,id=1,local_gb=95,local_gb_used=0,mapped=1,memory_mb=63277,memory_mb_used=512,metrics='[]',numa_topology='{"nova_object.name": "NUMATopology", "nova_object.namespace": "nova", "nova_object.version": "1.2", "nova_object.data": {"cells": [{"nova_object.name": "NUMACell", "nova_object.namespace": "nova", "nova_object.version": "1.5", "nova_object.data": {"id": 0, "cpuset": [0, 1, 2, 3, 4, 5, 6, 7, 8, 9, 10, 11, 12, 13, 14, 15], "pcpuset": [0, 1, 2, 3, 4, 5, 6, 7, 8, 9, 10, 11, 12, 13, 14, 15], "memory": 63277, "cpu_usage": 0, "memory_usage": 0, "pinned_cpus": [], "siblings": [[6], [12], [2], [15], [5], [11], [8], [14], [4], [1], [7], [10], [0], [13], [3], [9]], "mempages": [{"nova_object.name": "NUMAPagesTopology", "nova_object.namespace": "nova", "nova_object.version": "1.1", "nova_object.data": {"size_kb": 4, "total": 16177929, "used": 0, "reserved": 0}, "nova_object.changes": ["size_kb", "reserved", "total", "used"]}, {"nova_object.name": "NUMAPagesTopology", "nova_object.namespace": "nova", "nova_object.version": "1.1", "nova_object.data": {"size_kb": 2048, "total": 41, "used": 0, "reserved": 0}, "nova_object.changes": ["size_kb", "reserved", "total", "used"]}, {"nova_object.name": "NUMAPagesTopology", "nova_object.namespace": "nova", "nova_object.version": "1.1", "nova_object.data": {"size_kb": 1048576, "total": 0, "used": 0, "reserved": 0}, "nova_object.changes": ["size_kb", "reserved", "total", "used"]}], "network_metadata": {"nova_object.name": "NetworkMetadata", "nova_object.namespace": "nova", "nova_object.version": "1.0", "nova_object.data": {"physnets": [], "tunneled": false}, "nova_object.changes": ["tunneled", "physnets"]}, "socket": null}, "nova_object.changes": ["memory", "pcpuset", "cpuset", "pinned_cpus", "mempages", "memory_usage", "network_metadata", "cpu_usage", "id", "siblings", "socket"]}]}, "nova_object.changes": ["cells"]}',pci_device_pools=PciDevicePoolList,ram_allocation_ratio=1.0,running_vms=0,service_id=3,stats={failed_builds='0',uptime=' 07:25:37 up 15 min, 2 users, load average: 1.33, 1.62, 0.97
Jul 27 07:26:08.509691 np0000005879 nova-scheduler[93431]: '},supported_hv_specs=[HVSpec,HVSpec,HVSpec,HVSpec,HVSpec,HVSpec,HVSpec,HVSpec,HVSpec,HVSpec,HVSpec,HVSpec,HVSpec,HVSpec,HVSpec,HVSpec,HVSpec,HVSpec,HVSpec,HVSpec,HVSpec,HVSpec,HVSpec,HVSpec,HVSpec],updated_at=2026-07-27T07:25:38Z,uuid=dc705ff3-58a4-40dc-9a70-54a8da551698,vcpus=16,vcpus_used=0) {{(pid=93431) _locked_update /opt/stack/nova/nova/scheduler/host_manager.py:168}}
Jul 27 07:26:08.510990 np0000005879 nova-scheduler[93431]: DEBUG nova.scheduler.host_manager [None req-b63efb7a-6bd7-4d12-a524-7619c59a3222 tempest-ServerBootFromVolumeStableRescueTest-1089168329 tempest-ServerBootFromVolumeStableRescueTest-1089168329-project-member] Update host state with aggregates: [] {{(pid=93431) _locked_update /opt/stack/nova/nova/scheduler/host_manager.py:171}}
Jul 27 07:26:08.511109 np0000005879 nova-scheduler[93431]: DEBUG nova.scheduler.host_manager [None req-b63efb7a-6bd7-4d12-a524-7619c59a3222 tempest-ServerBootFromVolumeStableRescueTest-1089168329 tempest-ServerBootFromVolumeStableRescueTest-1089168329-project-member] Update host state with service dict: {'id': 3, 'uuid': 'f15506c7-588d-4d32-91f7-9ab199df9a96', 'host': 'np0000005879', 'binary': 'nova-compute', 'topic': 'compute', 'report_count': 2, 'disabled': False, 'disabled_reason': None, 'last_seen_up': datetime.datetime(2026, 7, 27, 7, 25, 58, tzinfo=datetime.timezone.utc), 'forced_down': False, 'version': 72, 'created_at': datetime.datetime(2026, 7, 27, 7, 23, 51, tzinfo=datetime.timezone.utc), 'updated_at': datetime.datetime(2026, 7, 27, 7, 25, 58, tzinfo=datetime.timezone.utc), 'deleted_at': None, 'deleted': False} {{(pid=93431) _locked_update /opt/stack/nova/nova/scheduler/host_manager.py:174}}
Jul 27 07:26:08.511228 np0000005879 nova-scheduler[93431]: DEBUG nova.scheduler.host_manager [None req-b63efb7a-6bd7-4d12-a524-7619c59a3222 tempest-ServerBootFromVolumeStableRescueTest-1089168329 tempest-ServerBootFromVolumeStableRescueTest-1089168329-project-member] Update host state with instances: [] {{(pid=93431) _locked_update /opt/stack/nova/nova/scheduler/host_manager.py:177}}
Jul 27 07:26:08.511348 np0000005879 nova-scheduler[93431]: DEBUG oslo_concurrency.lockutils [None req-b63efb7a-6bd7-4d12-a524-7619c59a3222 tempest-ServerBootFromVolumeStableRescueTest-1089168329 tempest-ServerBootFromVolumeStableRescueTest-1089168329-project-member] Lock "np0000005879-np0000005879" "released" by "nova.scheduler.host_manager.HostState.update.._locked_update" :: held 0.004s {{(pid=93431) inner /opt/stack/data/venv/lib/python3.12/site-packages/oslo_concurrency/lockutils.py:544}}
Jul 27 07:26:08.511896 np0000005879 nova-scheduler[93431]: DEBUG nova.filters [None req-b63efb7a-6bd7-4d12-a524-7619c59a3222 tempest-ServerBootFromVolumeStableRescueTest-1089168329 tempest-ServerBootFromVolumeStableRescueTest-1089168329-project-member] Starting with 1 host(s) {{(pid=93431) get_filtered_objects /opt/stack/nova/nova/filters.py:70}}
Jul 27 07:26:08.512181 np0000005879 nova-scheduler[93431]: DEBUG nova.filters [None req-b63efb7a-6bd7-4d12-a524-7619c59a3222 tempest-ServerBootFromVolumeStableRescueTest-1089168329 tempest-ServerBootFromVolumeStableRescueTest-1089168329-project-member] Filter ComputeFilter returned 1 host(s) {{(pid=93431) get_filtered_objects /opt/stack/nova/nova/filters.py:102}}
Jul 27 07:26:08.512410 np0000005879 nova-scheduler[93431]: DEBUG nova.filters [None req-b63efb7a-6bd7-4d12-a524-7619c59a3222 tempest-ServerBootFromVolumeStableRescueTest-1089168329 tempest-ServerBootFromVolumeStableRescueTest-1089168329-project-member] Filter ComputeCapabilitiesFilter returned 1 host(s) {{(pid=93431) get_filtered_objects /opt/stack/nova/nova/filters.py:102}}
Jul 27 07:26:08.512876 np0000005879 nova-scheduler[93431]: DEBUG nova.filters [None req-b63efb7a-6bd7-4d12-a524-7619c59a3222 tempest-ServerBootFromVolumeStableRescueTest-1089168329 tempest-ServerBootFromVolumeStableRescueTest-1089168329-project-member] Filter ImagePropertiesFilter returned 1 host(s) {{(pid=93431) get_filtered_objects /opt/stack/nova/nova/filters.py:102}}
Jul 27 07:26:08.512876 np0000005879 nova-scheduler[93431]: DEBUG nova.filters [None req-b63efb7a-6bd7-4d12-a524-7619c59a3222 tempest-ServerBootFromVolumeStableRescueTest-1089168329 tempest-ServerBootFromVolumeStableRescueTest-1089168329-project-member] Filter ServerGroupAntiAffinityFilter returned 1 host(s) {{(pid=93431) get_filtered_objects /opt/stack/nova/nova/filters.py:102}}
Jul 27 07:26:08.520610 np0000005879 nova-scheduler[93431]: DEBUG nova.filters [None req-b63efb7a-6bd7-4d12-a524-7619c59a3222 tempest-ServerBootFromVolumeStableRescueTest-1089168329 tempest-ServerBootFromVolumeStableRescueTest-1089168329-project-member] Filter ServerGroupAffinityFilter returned 1 host(s) {{(pid=93431) get_filtered_objects /opt/stack/nova/nova/filters.py:102}}
Jul 27 07:26:08.520610 np0000005879 nova-scheduler[93431]: DEBUG nova.filters [None req-b63efb7a-6bd7-4d12-a524-7619c59a3222 tempest-ServerBootFromVolumeStableRescueTest-1089168329 tempest-ServerBootFromVolumeStableRescueTest-1089168329-project-member] Filter SameHostFilter returned 1 host(s) {{(pid=93431) get_filtered_objects /opt/stack/nova/nova/filters.py:102}}
Jul 27 07:26:08.520610 np0000005879 nova-scheduler[93431]: DEBUG nova.filters [None req-b63efb7a-6bd7-4d12-a524-7619c59a3222 tempest-ServerBootFromVolumeStableRescueTest-1089168329 tempest-ServerBootFromVolumeStableRescueTest-1089168329-project-member] Filter DifferentHostFilter returned 1 host(s) {{(pid=93431) get_filtered_objects /opt/stack/nova/nova/filters.py:102}}
Jul 27 07:26:08.520610 np0000005879 nova-scheduler[93431]: DEBUG nova.scheduler.manager [None req-b63efb7a-6bd7-4d12-a524-7619c59a3222 tempest-ServerBootFromVolumeStableRescueTest-1089168329 tempest-ServerBootFromVolumeStableRescueTest-1089168329-project-member] Filtered [(np0000005879, np0000005879) ram: 62765MB disk: 74752MB io_ops: 0 instances: 0, allocation_candidates: 1] {{(pid=93431) _get_sorted_hosts /opt/stack/nova/nova/scheduler/manager.py:742}}
Jul 27 07:26:08.520610 np0000005879 nova-scheduler[93431]: DEBUG nova.scheduler.manager [None req-b63efb7a-6bd7-4d12-a524-7619c59a3222 tempest-ServerBootFromVolumeStableRescueTest-1089168329 tempest-ServerBootFromVolumeStableRescueTest-1089168329-project-member] Weighed [WeighedHost [host: (np0000005879, np0000005879) ram: 62765MB disk: 74752MB io_ops: 0 instances: 0, allocation_candidates: 1, weight: 0.0]] {{(pid=93431) _get_sorted_hosts /opt/stack/nova/nova/scheduler/manager.py:764}}
Jul 27 07:26:08.520610 np0000005879 nova-scheduler[93431]: DEBUG nova.scheduler.utils [None req-b63efb7a-6bd7-4d12-a524-7619c59a3222 tempest-ServerBootFromVolumeStableRescueTest-1089168329 tempest-ServerBootFromVolumeStableRescueTest-1089168329-project-member] Attempting to claim resources in the placement API for instance a35a7951-d410-4a24-910b-151fe6e0ff41 {{(pid=93431) claim_resources /opt/stack/nova/nova/scheduler/utils.py:1345}}
Jul 27 07:26:08.813696 np0000005879 nova-scheduler[93431]: DEBUG nova.scheduler.manager [None req-b63efb7a-6bd7-4d12-a524-7619c59a3222 tempest-ServerBootFromVolumeStableRescueTest-1089168329 tempest-ServerBootFromVolumeStableRescueTest-1089168329-project-member] [instance: a35a7951-d410-4a24-910b-151fe6e0ff41] Selected host: (np0000005879, np0000005879) ram: 62765MB disk: 74752MB io_ops: 0 instances: 0, allocation_candidates: 1 {{(pid=93431) _consume_selected_host /opt/stack/nova/nova/scheduler/manager.py:624}}
Jul 27 07:26:08.813984 np0000005879 nova-scheduler[93431]: DEBUG oslo_concurrency.lockutils [None req-b63efb7a-6bd7-4d12-a524-7619c59a3222 tempest-ServerBootFromVolumeStableRescueTest-1089168329 tempest-ServerBootFromVolumeStableRescueTest-1089168329-project-member] Acquiring lock "np0000005879-np0000005879" by "nova.scheduler.host_manager.HostState.consume_from_request.._locked" {{(pid=93431) inner /opt/stack/data/venv/lib/python3.12/site-packages/oslo_concurrency/lockutils.py:512}}
Jul 27 07:26:08.814177 np0000005879 nova-scheduler[93431]: DEBUG oslo_concurrency.lockutils [None req-b63efb7a-6bd7-4d12-a524-7619c59a3222 tempest-ServerBootFromVolumeStableRescueTest-1089168329 tempest-ServerBootFromVolumeStableRescueTest-1089168329-project-member] Lock "np0000005879-np0000005879" acquired by "nova.scheduler.host_manager.HostState.consume_from_request.._locked" :: waited 0.000s {{(pid=93431) inner /opt/stack/data/venv/lib/python3.12/site-packages/oslo_concurrency/lockutils.py:525}}
Jul 27 07:26:08.814369 np0000005879 nova-scheduler[93431]: DEBUG oslo_concurrency.lockutils [None req-b63efb7a-6bd7-4d12-a524-7619c59a3222 tempest-ServerBootFromVolumeStableRescueTest-1089168329 tempest-ServerBootFromVolumeStableRescueTest-1089168329-project-member] Lock "np0000005879-np0000005879" "released" by "nova.scheduler.host_manager.HostState.consume_from_request.._locked" :: held 0.000s {{(pid=93431) inner /opt/stack/data/venv/lib/python3.12/site-packages/oslo_concurrency/lockutils.py:544}}
Jul 27 07:26:13.260533 np0000005879 nova-scheduler[93437]: DEBUG oslo.service.backend._threading.loopingcall [None req-17a39338-9e7e-4831-8b51-b2b1e60823f7 None None] Dynamic interval looping call 'nova.service.Service.periodic_tasks' sleeping for 60.00 seconds {{(pid=93437) _run_loop /opt/stack/data/venv/lib/python3.12/site-packages/oslo_service/backend/_threading/loopingcall.py:125}}
Jul 27 07:26:17.405394 np0000005879 nova-scheduler[93437]: DEBUG nova.scheduler.manager [None req-10b441d4-d0f3-46d7-8c64-a240a1220ca2 tempest-ServerActionsTestOtherB-609239204 tempest-ServerActionsTestOtherB-609239204-project-member] Starting to schedule for instances: ['5bed97c9-96a8-4394-a010-cc2dcb432241'] {{(pid=93437) select_destinations /opt/stack/nova/nova/scheduler/manager.py:209}}
Jul 27 07:26:17.407824 np0000005879 nova-scheduler[93437]: DEBUG nova.scheduler.request_filter [None req-10b441d4-d0f3-46d7-8c64-a240a1220ca2 tempest-ServerActionsTestOtherB-609239204 tempest-ServerActionsTestOtherB-609239204-project-member] compute_status_filter request filter added forbidden trait COMPUTE_STATUS_DISABLED {{(pid=93437) compute_status_filter /opt/stack/nova/nova/scheduler/request_filter.py:253}}
Jul 27 07:26:17.412390 np0000005879 nova-scheduler[93437]: DEBUG nova.scheduler.request_filter [None req-10b441d4-d0f3-46d7-8c64-a240a1220ca2 tempest-ServerActionsTestOtherB-609239204 tempest-ServerActionsTestOtherB-609239204-project-member] Request filter 'compute_status_filter' took 0.0 seconds {{(pid=93437) wrapper /opt/stack/nova/nova/scheduler/request_filter.py:46}}
