Jul 27 07:23:34.637804 np0000005879 nova-conductor[95848]: DEBUG cotyledon.oslo_config_glue [-] oslo_messaging_rabbit.rabbit_qos_prefetch_count = 0 {{(pid=95848) log_opt_values /opt/stack/data/venv/lib/python3.12/site-packages/oslo_config/cfg.py:3253}}
Jul 27 07:23:34.637804 np0000005879 nova-conductor[95848]: DEBUG cotyledon.oslo_config_glue [-] oslo_messaging_rabbit.rabbit_quorum_delivery_limit = 0 {{(pid=95848) log_opt_values /opt/stack/data/venv/lib/python3.12/site-packages/oslo_config/cfg.py:3253}}
Jul 27 07:23:34.637804 np0000005879 nova-conductor[95848]: DEBUG cotyledon.oslo_config_glue [-] oslo_messaging_rabbit.rabbit_quorum_max_memory_bytes = 0 {{(pid=95848) log_opt_values /opt/stack/data/venv/lib/python3.12/site-packages/oslo_config/cfg.py:3253}}
Jul 27 07:23:34.637804 np0000005879 nova-conductor[95848]: DEBUG cotyledon.oslo_config_glue [-] oslo_messaging_rabbit.rabbit_quorum_max_memory_length = 0 {{(pid=95848) log_opt_values /opt/stack/data/venv/lib/python3.12/site-packages/oslo_config/cfg.py:3253}}
Jul 27 07:23:34.637804 np0000005879 nova-conductor[95848]: DEBUG cotyledon.oslo_config_glue [-] oslo_messaging_rabbit.rabbit_quorum_queue = False {{(pid=95848) log_opt_values /opt/stack/data/venv/lib/python3.12/site-packages/oslo_config/cfg.py:3253}}
Jul 27 07:23:34.637804 np0000005879 nova-conductor[95848]: DEBUG cotyledon.oslo_config_glue [-] oslo_messaging_rabbit.rabbit_retry_backoff = 2 {{(pid=95848) log_opt_values /opt/stack/data/venv/lib/python3.12/site-packages/oslo_config/cfg.py:3253}}
Jul 27 07:23:34.637804 np0000005879 nova-conductor[95848]: DEBUG cotyledon.oslo_config_glue [-] oslo_messaging_rabbit.rabbit_retry_interval = 1 {{(pid=95848) log_opt_values /opt/stack/data/venv/lib/python3.12/site-packages/oslo_config/cfg.py:3253}}
Jul 27 07:23:34.637804 np0000005879 nova-conductor[95848]: DEBUG cotyledon.oslo_config_glue [-] oslo_messaging_rabbit.rabbit_stream_fanout = False {{(pid=95848) log_opt_values /opt/stack/data/venv/lib/python3.12/site-packages/oslo_config/cfg.py:3253}}
Jul 27 07:23:34.638051 np0000005879 nova-conductor[95848]: DEBUG cotyledon.oslo_config_glue [-] oslo_messaging_rabbit.rabbit_transient_queues_ttl = 1800 {{(pid=95848) log_opt_values /opt/stack/data/venv/lib/python3.12/site-packages/oslo_config/cfg.py:3253}}
Jul 27 07:23:34.638051 np0000005879 nova-conductor[95848]: DEBUG cotyledon.oslo_config_glue [-] oslo_messaging_rabbit.rabbit_transient_quorum_queue = False {{(pid=95848) log_opt_values /opt/stack/data/venv/lib/python3.12/site-packages/oslo_config/cfg.py:3253}}
Jul 27 07:23:34.638051 np0000005879 nova-conductor[95848]: DEBUG cotyledon.oslo_config_glue [-] oslo_messaging_rabbit.rpc_conn_pool_size = 30 {{(pid=95848) log_opt_values /opt/stack/data/venv/lib/python3.12/site-packages/oslo_config/cfg.py:3253}}
Jul 27 07:23:34.638051 np0000005879 nova-conductor[95848]: DEBUG cotyledon.oslo_config_glue [-] oslo_messaging_rabbit.ssl = False {{(pid=95848) log_opt_values /opt/stack/data/venv/lib/python3.12/site-packages/oslo_config/cfg.py:3253}}
Jul 27 07:23:34.638051 np0000005879 nova-conductor[95848]: DEBUG cotyledon.oslo_config_glue [-] oslo_messaging_rabbit.ssl_ca_file = {{(pid=95848) log_opt_values /opt/stack/data/venv/lib/python3.12/site-packages/oslo_config/cfg.py:3253}}
Jul 27 07:23:34.638051 np0000005879 nova-conductor[95848]: DEBUG cotyledon.oslo_config_glue [-] oslo_messaging_rabbit.ssl_cert_file = {{(pid=95848) log_opt_values /opt/stack/data/venv/lib/python3.12/site-packages/oslo_config/cfg.py:3253}}
Jul 27 07:23:34.638051 np0000005879 nova-conductor[95848]: DEBUG cotyledon.oslo_config_glue [-] oslo_messaging_rabbit.ssl_enforce_fips_mode = False {{(pid=95848) log_opt_values /opt/stack/data/venv/lib/python3.12/site-packages/oslo_config/cfg.py:3253}}
Jul 27 07:23:34.638051 np0000005879 nova-conductor[95848]: DEBUG cotyledon.oslo_config_glue [-] oslo_messaging_rabbit.ssl_enforce_hostname_verification = True {{(pid=95848) log_opt_values /opt/stack/data/venv/lib/python3.12/site-packages/oslo_config/cfg.py:3253}}
Jul 27 07:23:34.638051 np0000005879 nova-conductor[95848]: DEBUG cotyledon.oslo_config_glue [-] oslo_messaging_rabbit.ssl_key_file = {{(pid=95848) log_opt_values /opt/stack/data/venv/lib/python3.12/site-packages/oslo_config/cfg.py:3253}}
Jul 27 07:23:34.638328 np0000005879 nova-conductor[95848]: DEBUG cotyledon.oslo_config_glue [-] oslo_messaging_rabbit.ssl_version = {{(pid=95848) log_opt_values /opt/stack/data/venv/lib/python3.12/site-packages/oslo_config/cfg.py:3253}}
Jul 27 07:23:34.638328 np0000005879 nova-conductor[95848]: DEBUG cotyledon.oslo_config_glue [-] oslo_messaging_rabbit.use_queue_manager = False {{(pid=95848) log_opt_values /opt/stack/data/venv/lib/python3.12/site-packages/oslo_config/cfg.py:3253}}
Jul 27 07:23:34.638328 np0000005879 nova-conductor[95848]: DEBUG cotyledon.oslo_config_glue [-] oslo_messaging_notifications.driver = ['messagingv2'] {{(pid=95848) log_opt_values /opt/stack/data/venv/lib/python3.12/site-packages/oslo_config/cfg.py:3253}}
Jul 27 07:23:34.638328 np0000005879 nova-conductor[95848]: DEBUG cotyledon.oslo_config_glue [-] oslo_messaging_notifications.retry = -1 {{(pid=95848) log_opt_values /opt/stack/data/venv/lib/python3.12/site-packages/oslo_config/cfg.py:3253}}
Jul 27 07:23:34.638328 np0000005879 nova-conductor[95848]: DEBUG cotyledon.oslo_config_glue [-] oslo_messaging_notifications.topics = ['notifications'] {{(pid=95848) log_opt_values /opt/stack/data/venv/lib/python3.12/site-packages/oslo_config/cfg.py:3253}}
Jul 27 07:23:34.638328 np0000005879 nova-conductor[95848]: DEBUG cotyledon.oslo_config_glue [-] oslo_messaging_notifications.transport_url = **** {{(pid=95848) log_opt_values /opt/stack/data/venv/lib/python3.12/site-packages/oslo_config/cfg.py:3253}}
Jul 27 07:23:34.638328 np0000005879 nova-conductor[95848]: DEBUG cotyledon.oslo_config_glue [-] oslo_limit.auth_section = None {{(pid=95848) log_opt_values /opt/stack/data/venv/lib/python3.12/site-packages/oslo_config/cfg.py:3253}}
Jul 27 07:23:34.638328 np0000005879 nova-conductor[95848]: DEBUG cotyledon.oslo_config_glue [-] oslo_limit.auth_type = None {{(pid=95848) log_opt_values /opt/stack/data/venv/lib/python3.12/site-packages/oslo_config/cfg.py:3253}}
Jul 27 07:23:34.638328 np0000005879 nova-conductor[95848]: DEBUG cotyledon.oslo_config_glue [-] oslo_limit.cafile = None {{(pid=95848) log_opt_values /opt/stack/data/venv/lib/python3.12/site-packages/oslo_config/cfg.py:3253}}
Jul 27 07:23:34.638649 np0000005879 nova-conductor[95848]: DEBUG cotyledon.oslo_config_glue [-] oslo_limit.certfile = None {{(pid=95848) log_opt_values /opt/stack/data/venv/lib/python3.12/site-packages/oslo_config/cfg.py:3253}}
Jul 27 07:23:34.638649 np0000005879 nova-conductor[95848]: DEBUG cotyledon.oslo_config_glue [-] oslo_limit.collect_timing = False {{(pid=95848) log_opt_values /opt/stack/data/venv/lib/python3.12/site-packages/oslo_config/cfg.py:3253}}
Jul 27 07:23:34.638649 np0000005879 nova-conductor[95848]: DEBUG cotyledon.oslo_config_glue [-] oslo_limit.connect_retries = None {{(pid=95848) log_opt_values /opt/stack/data/venv/lib/python3.12/site-packages/oslo_config/cfg.py:3253}}
Jul 27 07:23:34.638649 np0000005879 nova-conductor[95848]: DEBUG cotyledon.oslo_config_glue [-] oslo_limit.connect_retry_delay = None {{(pid=95848) log_opt_values /opt/stack/data/venv/lib/python3.12/site-packages/oslo_config/cfg.py:3253}}
Jul 27 07:23:34.638649 np0000005879 nova-conductor[95848]: DEBUG cotyledon.oslo_config_glue [-] oslo_limit.endpoint_id = None {{(pid=95848) log_opt_values /opt/stack/data/venv/lib/python3.12/site-packages/oslo_config/cfg.py:3253}}
Jul 27 07:23:34.638649 np0000005879 nova-conductor[95848]: DEBUG cotyledon.oslo_config_glue [-] oslo_limit.endpoint_interface = public {{(pid=95848) log_opt_values /opt/stack/data/venv/lib/python3.12/site-packages/oslo_config/cfg.py:3253}}
Jul 27 07:23:34.638649 np0000005879 nova-conductor[95848]: DEBUG cotyledon.oslo_config_glue [-] oslo_limit.endpoint_override = None {{(pid=95848) log_opt_values /opt/stack/data/venv/lib/python3.12/site-packages/oslo_config/cfg.py:3253}}
Jul 27 07:23:34.638649 np0000005879 nova-conductor[95848]: DEBUG cotyledon.oslo_config_glue [-] oslo_limit.endpoint_region_name = None {{(pid=95848) log_opt_values /opt/stack/data/venv/lib/python3.12/site-packages/oslo_config/cfg.py:3253}}
Jul 27 07:23:34.638649 np0000005879 nova-conductor[95848]: DEBUG cotyledon.oslo_config_glue [-] oslo_limit.endpoint_service_name = None {{(pid=95848) log_opt_values /opt/stack/data/venv/lib/python3.12/site-packages/oslo_config/cfg.py:3253}}
Jul 27 07:23:34.638904 np0000005879 nova-conductor[95848]: DEBUG cotyledon.oslo_config_glue [-] oslo_limit.endpoint_service_type = None {{(pid=95848) log_opt_values /opt/stack/data/venv/lib/python3.12/site-packages/oslo_config/cfg.py:3253}}
Jul 27 07:23:34.638904 np0000005879 nova-conductor[95848]: DEBUG cotyledon.oslo_config_glue [-] oslo_limit.insecure = False {{(pid=95848) log_opt_values /opt/stack/data/venv/lib/python3.12/site-packages/oslo_config/cfg.py:3253}}
Jul 27 07:23:34.638904 np0000005879 nova-conductor[95848]: DEBUG cotyledon.oslo_config_glue [-] oslo_limit.keyfile = None {{(pid=95848) log_opt_values /opt/stack/data/venv/lib/python3.12/site-packages/oslo_config/cfg.py:3253}}
Jul 27 07:23:34.638904 np0000005879 nova-conductor[95848]: DEBUG cotyledon.oslo_config_glue [-] oslo_limit.max_version = None {{(pid=95848) log_opt_values /opt/stack/data/venv/lib/python3.12/site-packages/oslo_config/cfg.py:3253}}
Jul 27 07:23:34.638904 np0000005879 nova-conductor[95848]: DEBUG cotyledon.oslo_config_glue [-] oslo_limit.min_version = None {{(pid=95848) log_opt_values /opt/stack/data/venv/lib/python3.12/site-packages/oslo_config/cfg.py:3253}}
Jul 27 07:23:34.638904 np0000005879 nova-conductor[95848]: DEBUG cotyledon.oslo_config_glue [-] oslo_limit.region_name = None {{(pid=95848) log_opt_values /opt/stack/data/venv/lib/python3.12/site-packages/oslo_config/cfg.py:3253}}
Jul 27 07:23:34.638904 np0000005879 nova-conductor[95848]: DEBUG cotyledon.oslo_config_glue [-] oslo_limit.retriable_status_codes = None {{(pid=95848) log_opt_values /opt/stack/data/venv/lib/python3.12/site-packages/oslo_config/cfg.py:3253}}
Jul 27 07:23:34.639224 np0000005879 nova-conductor[95831]: DEBUG oslo_db.sqlalchemy.engines [None req-c83b189d-4510-4848-87f1-d560ba7815aa None None] MySQL server mode set to STRICT_TRANS_TABLES,STRICT_ALL_TABLES,NO_ZERO_IN_DATE,NO_ZERO_DATE,ERROR_FOR_DIVISION_BY_ZERO,TRADITIONAL,NO_ENGINE_SUBSTITUTION {{(pid=95831) _check_effective_sql_mode /opt/stack/data/venv/lib/python3.12/site-packages/oslo_db/sqlalchemy/engines.py:325}}
Jul 27 07:23:34.639298 np0000005879 nova-conductor[95848]: DEBUG cotyledon.oslo_config_glue [-] oslo_limit.service_name = None {{(pid=95848) log_opt_values /opt/stack/data/venv/lib/python3.12/site-packages/oslo_config/cfg.py:3253}}
Jul 27 07:23:34.639298 np0000005879 nova-conductor[95848]: DEBUG cotyledon.oslo_config_glue [-] oslo_limit.service_type = None {{(pid=95848) log_opt_values /opt/stack/data/venv/lib/python3.12/site-packages/oslo_config/cfg.py:3253}}
Jul 27 07:23:34.639298 np0000005879 nova-conductor[95848]: DEBUG cotyledon.oslo_config_glue [-] oslo_limit.split_loggers = False {{(pid=95848) log_opt_values /opt/stack/data/venv/lib/python3.12/site-packages/oslo_config/cfg.py:3253}}
Jul 27 07:23:34.639298 np0000005879 nova-conductor[95848]: DEBUG cotyledon.oslo_config_glue [-] oslo_limit.status_code_retries = None {{(pid=95848) log_opt_values /opt/stack/data/venv/lib/python3.12/site-packages/oslo_config/cfg.py:3253}}
Jul 27 07:23:34.639298 np0000005879 nova-conductor[95848]: DEBUG cotyledon.oslo_config_glue [-] oslo_limit.status_code_retry_delay = None {{(pid=95848) log_opt_values /opt/stack/data/venv/lib/python3.12/site-packages/oslo_config/cfg.py:3253}}
Jul 27 07:23:34.639298 np0000005879 nova-conductor[95848]: DEBUG cotyledon.oslo_config_glue [-] oslo_limit.timeout = None {{(pid=95848) log_opt_values /opt/stack/data/venv/lib/python3.12/site-packages/oslo_config/cfg.py:3253}}
Jul 27 07:23:34.639298 np0000005879 nova-conductor[95848]: DEBUG cotyledon.oslo_config_glue [-] oslo_limit.valid_interfaces = None {{(pid=95848) log_opt_values /opt/stack/data/venv/lib/python3.12/site-packages/oslo_config/cfg.py:3253}}
Jul 27 07:23:34.639298 np0000005879 nova-conductor[95848]: DEBUG cotyledon.oslo_config_glue [-] oslo_limit.version = None {{(pid=95848) log_opt_values /opt/stack/data/venv/lib/python3.12/site-packages/oslo_config/cfg.py:3253}}
Jul 27 07:23:34.639298 np0000005879 nova-conductor[95848]: DEBUG cotyledon.oslo_config_glue [-] oslo_reports.file_event_handler = None {{(pid=95848) log_opt_values /opt/stack/data/venv/lib/python3.12/site-packages/oslo_config/cfg.py:3253}}
Jul 27 07:23:34.639682 np0000005879 nova-conductor[95848]: DEBUG cotyledon.oslo_config_glue [-] oslo_reports.file_event_handler_interval = 1 {{(pid=95848) log_opt_values /opt/stack/data/venv/lib/python3.12/site-packages/oslo_config/cfg.py:3253}}
Jul 27 07:23:34.639682 np0000005879 nova-conductor[95848]: DEBUG cotyledon.oslo_config_glue [-] oslo_reports.log_dir = None {{(pid=95848) log_opt_values /opt/stack/data/venv/lib/python3.12/site-packages/oslo_config/cfg.py:3253}}
Jul 27 07:23:34.639682 np0000005879 nova-conductor[95848]: DEBUG cotyledon.oslo_config_glue [-] ******************************************************************************** {{(pid=95848) log_opt_values /opt/stack/data/venv/lib/python3.12/site-packages/oslo_config/cfg.py:3260}}
Jul 27 07:23:34.639682 np0000005879 nova-conductor[95848]: DEBUG cotyledon._service_worker [-] Run service ServiceWrapper(2) [95848] {{(pid=95848) wait_forever /opt/stack/data/venv/lib/python3.12/site-packages/cotyledon/_service_worker.py:218}}
Jul 27 07:23:34.639682 np0000005879 nova-conductor[95848]: INFO nova.service [-] Starting conductor node (version 33.1.0)
Jul 27 07:23:34.639682 np0000005879 nova-conductor[95848]: INFO dbcounter [None req-fb02dd08-f5fc-4fd3-9307-488f55b4b8a7 None None] Registered counter for database nova_cell0
Jul 27 07:23:34.639907 np0000005879 nova-conductor[95831]: DEBUG dbcounter [-] [95831] Writer thread running {{(pid=95831) stat_writer /opt/stack/data/venv/lib/python3.12/site-packages/dbcounter.py:102}}
Jul 27 07:23:34.647090 np0000005879 nova-conductor[95836]: DEBUG oslo_db.sqlalchemy.engines [None req-c2beb211-799e-4931-a283-b20b4c619f52 None None] MySQL server mode set to STRICT_TRANS_TABLES,STRICT_ALL_TABLES,NO_ZERO_IN_DATE,NO_ZERO_DATE,ERROR_FOR_DIVISION_BY_ZERO,TRADITIONAL,NO_ENGINE_SUBSTITUTION {{(pid=95836) _check_effective_sql_mode /opt/stack/data/venv/lib/python3.12/site-packages/oslo_db/sqlalchemy/engines.py:325}}
Jul 27 07:23:34.657220 np0000005879 nova-conductor[95836]: DEBUG dbcounter [-] [95836] Writer thread running {{(pid=95836) stat_writer /opt/stack/data/venv/lib/python3.12/site-packages/dbcounter.py:102}}
Jul 27 07:23:34.660785 np0000005879 nova-conductor[95831]: DEBUG nova.service [None req-c83b189d-4510-4848-87f1-d560ba7815aa None None] Creating RPC server for service: nova-conductor on topic: conductor {{(pid=95831) start /opt/stack/nova/nova/service.py:196}}
Jul 27 07:23:34.672753 np0000005879 nova-conductor[95848]: DEBUG oslo_db.sqlalchemy.engines [None req-fb02dd08-f5fc-4fd3-9307-488f55b4b8a7 None None] MySQL server mode set to STRICT_TRANS_TABLES,STRICT_ALL_TABLES,NO_ZERO_IN_DATE,NO_ZERO_DATE,ERROR_FOR_DIVISION_BY_ZERO,TRADITIONAL,NO_ENGINE_SUBSTITUTION {{(pid=95848) _check_effective_sql_mode /opt/stack/data/venv/lib/python3.12/site-packages/oslo_db/sqlalchemy/engines.py:325}}
Jul 27 07:23:34.678106 np0000005879 nova-conductor[95836]: DEBUG nova.service [None req-c2beb211-799e-4931-a283-b20b4c619f52 None None] Creating RPC server for service: nova-conductor on topic: conductor {{(pid=95836) start /opt/stack/nova/nova/service.py:196}}
Jul 27 07:23:34.682984 np0000005879 nova-conductor[95848]: DEBUG dbcounter [-] [95848] Writer thread running {{(pid=95848) stat_writer /opt/stack/data/venv/lib/python3.12/site-packages/dbcounter.py:102}}
Jul 27 07:23:34.686586 np0000005879 nova-conductor[95848]: DEBUG nova.service [None req-fb02dd08-f5fc-4fd3-9307-488f55b4b8a7 None None] Creating RPC server for service: nova-conductor on topic: conductor {{(pid=95848) start /opt/stack/nova/nova/service.py:196}}
Jul 27 07:23:34.698072 np0000005879 nova-conductor[95831]: DEBUG nova.service [None req-c83b189d-4510-4848-87f1-d560ba7815aa None None] Join ServiceGroup membership for this service conductor {{(pid=95831) start /opt/stack/nova/nova/service.py:222}}
Jul 27 07:23:34.698323 np0000005879 nova-conductor[95831]: DEBUG nova.servicegroup.drivers.db [None req-c83b189d-4510-4848-87f1-d560ba7815aa None None] DB_Driver: join new ServiceGroup member np0000005879 to the conductor group, service = {{(pid=95831) join /opt/stack/nova/nova/servicegroup/drivers/db.py:44}}
Jul 27 07:23:34.701282 np0000005879 nova-conductor[95836]: DEBUG nova.service [None req-c2beb211-799e-4931-a283-b20b4c619f52 None None] Join ServiceGroup membership for this service conductor {{(pid=95836) start /opt/stack/nova/nova/service.py:222}}
Jul 27 07:23:34.701628 np0000005879 nova-conductor[95836]: DEBUG nova.servicegroup.drivers.db [None req-c2beb211-799e-4931-a283-b20b4c619f52 None None] DB_Driver: join new ServiceGroup member np0000005879 to the conductor group, service = {{(pid=95836) join /opt/stack/nova/nova/servicegroup/drivers/db.py:44}}
Jul 27 07:23:34.708697 np0000005879 nova-conductor[95848]: DEBUG nova.service [None req-fb02dd08-f5fc-4fd3-9307-488f55b4b8a7 None None] Join ServiceGroup membership for this service conductor {{(pid=95848) start /opt/stack/nova/nova/service.py:222}}
Jul 27 07:23:34.708697 np0000005879 nova-conductor[95848]: DEBUG nova.servicegroup.drivers.db [None req-fb02dd08-f5fc-4fd3-9307-488f55b4b8a7 None None] DB_Driver: join new ServiceGroup member np0000005879 to the conductor group, service = {{(pid=95848) join /opt/stack/nova/nova/servicegroup/drivers/db.py:44}}
Jul 27 07:23:39.716357 np0000005879 nova-conductor[95831]: DEBUG oslo.service.backend._threading.loopingcall [-] Fixed interval looping call 'nova.servicegroup.drivers.db.DbDriver._report_state' sleeping for 119.98 seconds {{(pid=95831) _run_loop /opt/stack/data/venv/lib/python3.12/site-packages/oslo_service/backend/_threading/loopingcall.py:125}}
Jul 27 07:23:39.717011 np0000005879 nova-conductor[95836]: DEBUG oslo.service.backend._threading.loopingcall [-] Fixed interval looping call 'nova.servicegroup.drivers.db.DbDriver._report_state' sleeping for 119.99 seconds {{(pid=95836) _run_loop /opt/stack/data/venv/lib/python3.12/site-packages/oslo_service/backend/_threading/loopingcall.py:125}}
Jul 27 07:23:39.721112 np0000005879 nova-conductor[95848]: DEBUG oslo.service.backend._threading.loopingcall [-] Fixed interval looping call 'nova.servicegroup.drivers.db.DbDriver._report_state' sleeping for 119.99 seconds {{(pid=95848) _run_loop /opt/stack/data/venv/lib/python3.12/site-packages/oslo_service/backend/_threading/loopingcall.py:125}}
Jul 27 07:23:43.253285 np0000005879 nova-conductor[94358]: DEBUG dbcounter [-] [94358] Writing DB stats nova_api:SELECT=1 {{(pid=94358) stat_writer /opt/stack/data/venv/lib/python3.12/site-packages/dbcounter.py:115}}
Jul 27 07:23:43.398534 np0000005879 nova-conductor[94358]: DEBUG dbcounter [-] [94358] Writing DB stats nova_cell0:SELECT=1 {{(pid=94358) stat_writer /opt/stack/data/venv/lib/python3.12/site-packages/dbcounter.py:115}}
Jul 27 07:23:43.399896 np0000005879 nova-conductor[94358]: DEBUG dbcounter [-] [94358] Writing DB stats nova_cell1:SELECT=1 {{(pid=94358) stat_writer /opt/stack/data/venv/lib/python3.12/site-packages/dbcounter.py:115}}
Jul 27 07:23:49.708101 np0000005879 nova-conductor[95831]: DEBUG dbcounter [-] [95831] Writing DB stats nova_cell0:SELECT=4,nova_cell0:INSERT=1,nova_cell0:UPDATE=1 {{(pid=95831) stat_writer /opt/stack/data/venv/lib/python3.12/site-packages/dbcounter.py:115}}
Jul 27 07:23:49.708604 np0000005879 nova-conductor[95836]: DEBUG dbcounter [-] [95836] Writing DB stats nova_cell0:SELECT=4,nova_cell0:INSERT=1,nova_cell0:UPDATE=1 {{(pid=95836) stat_writer /opt/stack/data/venv/lib/python3.12/site-packages/dbcounter.py:115}}
Jul 27 07:23:49.718332 np0000005879 nova-conductor[95848]: DEBUG dbcounter [-] [95848] Writing DB stats nova_cell0:SELECT=3 {{(pid=95848) stat_writer /opt/stack/data/venv/lib/python3.12/site-packages/dbcounter.py:115}}
Jul 27 07:24:10.701166 np0000005879 nova-conductor[95831]: DEBUG oslo.service.backend._threading.loopingcall [None req-26eb0a29-c53a-439f-99b1-7838bdf6db11 None None] Dynamic interval looping call 'nova.service.Service.periodic_tasks' sleeping for 60.00 seconds {{(pid=95831) _run_loop /opt/stack/data/venv/lib/python3.12/site-packages/oslo_service/backend/_threading/loopingcall.py:125}}
Jul 27 07:24:10.710718 np0000005879 nova-conductor[95848]: DEBUG oslo.service.backend._threading.loopingcall [None req-6b9446ee-d0c4-4343-8df1-18be0a4c8c98 None None] Dynamic interval looping call 'nova.service.Service.periodic_tasks' sleeping for 60.00 seconds {{(pid=95848) _run_loop /opt/stack/data/venv/lib/python3.12/site-packages/oslo_service/backend/_threading/loopingcall.py:125}}
Jul 27 07:24:30.704291 np0000005879 nova-conductor[95836]: DEBUG oslo.service.backend._threading.loopingcall [None req-b5a4acca-f5cf-4db9-a3dc-208476ebc297 None None] Dynamic interval looping call 'nova.service.Service.periodic_tasks' sleeping for 60.00 seconds {{(pid=95836) _run_loop /opt/stack/data/venv/lib/python3.12/site-packages/oslo_service/backend/_threading/loopingcall.py:125}}
Jul 27 07:25:10.701731 np0000005879 nova-conductor[95831]: DEBUG oslo.service.backend._threading.loopingcall [None req-26eb0a29-c53a-439f-99b1-7838bdf6db11 None None] Dynamic interval looping call 'nova.service.Service.periodic_tasks' sleeping for 60.00 seconds {{(pid=95831) _run_loop /opt/stack/data/venv/lib/python3.12/site-packages/oslo_service/backend/_threading/loopingcall.py:125}}
Jul 27 07:25:10.711227 np0000005879 nova-conductor[95848]: DEBUG oslo.service.backend._threading.loopingcall [None req-6b9446ee-d0c4-4343-8df1-18be0a4c8c98 None None] Dynamic interval looping call 'nova.service.Service.periodic_tasks' sleeping for 60.00 seconds {{(pid=95848) _run_loop /opt/stack/data/venv/lib/python3.12/site-packages/oslo_service/backend/_threading/loopingcall.py:125}}
Jul 27 07:25:30.704787 np0000005879 nova-conductor[95836]: DEBUG oslo.service.backend._threading.loopingcall [None req-b5a4acca-f5cf-4db9-a3dc-208476ebc297 None None] Dynamic interval looping call 'nova.service.Service.periodic_tasks' sleeping for 60.00 seconds {{(pid=95836) _run_loop /opt/stack/data/venv/lib/python3.12/site-packages/oslo_service/backend/_threading/loopingcall.py:125}}
Jul 27 07:25:39.712041 np0000005879 nova-conductor[95831]: DEBUG oslo.service.backend._threading.loopingcall [-] Fixed interval looping call 'nova.servicegroup.drivers.db.DbDriver._report_state' sleeping for 119.98 seconds {{(pid=95831) _run_loop /opt/stack/data/venv/lib/python3.12/site-packages/oslo_service/backend/_threading/loopingcall.py:125}}
Jul 27 07:25:39.713321 np0000005879 nova-conductor[95836]: DEBUG oslo.service.backend._threading.loopingcall [-] Fixed interval looping call 'nova.servicegroup.drivers.db.DbDriver._report_state' sleeping for 119.99 seconds {{(pid=95836) _run_loop /opt/stack/data/venv/lib/python3.12/site-packages/oslo_service/backend/_threading/loopingcall.py:125}}
Jul 27 07:25:39.715081 np0000005879 nova-conductor[95848]: DEBUG oslo.service.backend._threading.loopingcall [-] Fixed interval looping call 'nova.servicegroup.drivers.db.DbDriver._report_state' sleeping for 120.00 seconds {{(pid=95848) _run_loop /opt/stack/data/venv/lib/python3.12/site-packages/oslo_service/backend/_threading/loopingcall.py:125}}
Jul 27 07:25:49.701083 np0000005879 nova-conductor[95831]: DEBUG dbcounter [-] [95831] Writing DB stats nova_cell0:SELECT=1,nova_cell0:UPDATE=1 {{(pid=95831) stat_writer /opt/stack/data/venv/lib/python3.12/site-packages/dbcounter.py:115}}
Jul 27 07:25:49.711486 np0000005879 nova-conductor[95836]: DEBUG dbcounter [-] [95836] Writing DB stats nova_cell0:SELECT=1,nova_cell0:UPDATE=1 {{(pid=95836) stat_writer /opt/stack/data/venv/lib/python3.12/site-packages/dbcounter.py:115}}
Jul 27 07:25:49.713889 np0000005879 nova-conductor[95848]: DEBUG dbcounter [-] [95848] Writing DB stats nova_cell0:SELECT=1 {{(pid=95848) stat_writer /opt/stack/data/venv/lib/python3.12/site-packages/dbcounter.py:115}}
Jul 27 07:26:07.564031 np0000005879 nova-conductor[95831]: DEBUG oslo_db.sqlalchemy.engines [None req-b63efb7a-6bd7-4d12-a524-7619c59a3222 tempest-ServerBootFromVolumeStableRescueTest-1089168329 tempest-ServerBootFromVolumeStableRescueTest-1089168329-project-member] Parent process 94358 forked (95831) with an open database connection, which is being discarded and recreated. {{(pid=95831) checkout /opt/stack/data/venv/lib/python3.12/site-packages/oslo_db/sqlalchemy/engines.py:402}}
Jul 27 07:26:07.611536 np0000005879 nova-conductor[95831]: DEBUG dbcounter [-] [95831] Writer thread running {{(pid=95831) stat_writer /opt/stack/data/venv/lib/python3.12/site-packages/dbcounter.py:102}}
Jul 27 07:26:08.832710 np0000005879 nova-conductor[95831]: DEBUG nova.conductor.manager [None req-b63efb7a-6bd7-4d12-a524-7619c59a3222 tempest-ServerBootFromVolumeStableRescueTest-1089168329 tempest-ServerBootFromVolumeStableRescueTest-1089168329-project-member] Took 1.22 seconds to select destinations for 1 instance(s). {{(pid=95831) _schedule_instances /opt/stack/nova/nova/conductor/manager.py:968}}
Jul 27 07:26:08.868238 np0000005879 nova-conductor[95831]: DEBUG oslo_concurrency.lockutils [None req-b63efb7a-6bd7-4d12-a524-7619c59a3222 tempest-ServerBootFromVolumeStableRescueTest-1089168329 tempest-ServerBootFromVolumeStableRescueTest-1089168329-project-member] Acquiring lock "3b3e39d1-4063-4d12-972f-b08ae3f25912" by "nova.context.set_target_cell..get_or_set_cached_cell_and_set_connections" {{(pid=95831) inner /opt/stack/data/venv/lib/python3.12/site-packages/oslo_concurrency/lockutils.py:512}}
Jul 27 07:26:08.868532 np0000005879 nova-conductor[95831]: DEBUG oslo_concurrency.lockutils [None req-b63efb7a-6bd7-4d12-a524-7619c59a3222 tempest-ServerBootFromVolumeStableRescueTest-1089168329 tempest-ServerBootFromVolumeStableRescueTest-1089168329-project-member] Lock "3b3e39d1-4063-4d12-972f-b08ae3f25912" acquired by "nova.context.set_target_cell..get_or_set_cached_cell_and_set_connections" :: waited 0.000s {{(pid=95831) inner /opt/stack/data/venv/lib/python3.12/site-packages/oslo_concurrency/lockutils.py:525}}
Jul 27 07:26:08.870120 np0000005879 nova-conductor[95831]: DEBUG oslo_concurrency.lockutils [None req-b63efb7a-6bd7-4d12-a524-7619c59a3222 tempest-ServerBootFromVolumeStableRescueTest-1089168329 tempest-ServerBootFromVolumeStableRescueTest-1089168329-project-member] Lock "3b3e39d1-4063-4d12-972f-b08ae3f25912" "released" by "nova.context.set_target_cell..get_or_set_cached_cell_and_set_connections" :: held 0.002s {{(pid=95831) inner /opt/stack/data/venv/lib/python3.12/site-packages/oslo_concurrency/lockutils.py:544}}
Jul 27 07:26:08.872353 np0000005879 nova-conductor[95831]: INFO dbcounter [None req-b63efb7a-6bd7-4d12-a524-7619c59a3222 tempest-ServerBootFromVolumeStableRescueTest-1089168329 tempest-ServerBootFromVolumeStableRescueTest-1089168329-project-member] Registered counter for database nova_cell1
Jul 27 07:26:08.916824 np0000005879 nova-conductor[95831]: DEBUG oslo_db.sqlalchemy.engines [None req-b63efb7a-6bd7-4d12-a524-7619c59a3222 tempest-ServerBootFromVolumeStableRescueTest-1089168329 tempest-ServerBootFromVolumeStableRescueTest-1089168329-project-member] MySQL server mode set to STRICT_TRANS_TABLES,STRICT_ALL_TABLES,NO_ZERO_IN_DATE,NO_ZERO_DATE,ERROR_FOR_DIVISION_BY_ZERO,TRADITIONAL,NO_ENGINE_SUBSTITUTION {{(pid=95831) _check_effective_sql_mode /opt/stack/data/venv/lib/python3.12/site-packages/oslo_db/sqlalchemy/engines.py:325}}
Jul 27 07:26:08.923568 np0000005879 nova-conductor[95831]: DEBUG dbcounter [-] [95831] Writer thread running {{(pid=95831) stat_writer /opt/stack/data/venv/lib/python3.12/site-packages/dbcounter.py:102}}
Jul 27 07:26:09.026238 np0000005879 nova-conductor[95831]: INFO nova.utils [None req-b63efb7a-6bd7-4d12-a524-7619c59a3222 tempest-ServerBootFromVolumeStableRescueTest-1089168329 tempest-ServerBootFromVolumeStableRescueTest-1089168329-project-member] The cell worker thread pool ForkProcess-1.cell_worker is initialized
Jul 27 07:26:09.026522 np0000005879 nova-conductor[95831]: DEBUG oslo_concurrency.lockutils [None req-b63efb7a-6bd7-4d12-a524-7619c59a3222 tempest-ServerBootFromVolumeStableRescueTest-1089168329 tempest-ServerBootFromVolumeStableRescueTest-1089168329-project-member] Acquiring lock "00000000-0000-0000-0000-000000000000" by "nova.context.set_target_cell..get_or_set_cached_cell_and_set_connections" {{(pid=95831) inner /opt/stack/data/venv/lib/python3.12/site-packages/oslo_concurrency/lockutils.py:512}}
Jul 27 07:26:09.026657 np0000005879 nova-conductor[95831]: DEBUG oslo_concurrency.lockutils [None req-b63efb7a-6bd7-4d12-a524-7619c59a3222 tempest-ServerBootFromVolumeStableRescueTest-1089168329 tempest-ServerBootFromVolumeStableRescueTest-1089168329-project-member] Lock "00000000-0000-0000-0000-000000000000" acquired by "nova.context.set_target_cell..get_or_set_cached_cell_and_set_connections" :: waited 0.000s {{(pid=95831) inner /opt/stack/data/venv/lib/python3.12/site-packages/oslo_concurrency/lockutils.py:525}}
Jul 27 07:26:09.026962 np0000005879 nova-conductor[95831]: DEBUG oslo_concurrency.lockutils [None req-b63efb7a-6bd7-4d12-a524-7619c59a3222 tempest-ServerBootFromVolumeStableRescueTest-1089168329 tempest-ServerBootFromVolumeStableRescueTest-1089168329-project-member] Lock "00000000-0000-0000-0000-000000000000" "released" by "nova.context.set_target_cell..get_or_set_cached_cell_and_set_connections" :: held 0.000s {{(pid=95831) inner /opt/stack/data/venv/lib/python3.12/site-packages/oslo_concurrency/lockutils.py:544}}
Jul 27 07:26:09.027504 np0000005879 nova-conductor[95831]: DEBUG oslo_concurrency.lockutils [None req-b63efb7a-6bd7-4d12-a524-7619c59a3222 tempest-ServerBootFromVolumeStableRescueTest-1089168329 tempest-ServerBootFromVolumeStableRescueTest-1089168329-project-member] Acquiring lock "3b3e39d1-4063-4d12-972f-b08ae3f25912" by "nova.context.set_target_cell..get_or_set_cached_cell_and_set_connections" {{(pid=95831) inner /opt/stack/data/venv/lib/python3.12/site-packages/oslo_concurrency/lockutils.py:512}}
Jul 27 07:26:09.027654 np0000005879 nova-conductor[95831]: DEBUG oslo_concurrency.lockutils [None req-b63efb7a-6bd7-4d12-a524-7619c59a3222 tempest-ServerBootFromVolumeStableRescueTest-1089168329 tempest-ServerBootFromVolumeStableRescueTest-1089168329-project-member] Lock "3b3e39d1-4063-4d12-972f-b08ae3f25912" acquired by "nova.context.set_target_cell..get_or_set_cached_cell_and_set_connections" :: waited 0.000s {{(pid=95831) inner /opt/stack/data/venv/lib/python3.12/site-packages/oslo_concurrency/lockutils.py:525}}
Jul 27 07:26:09.028713 np0000005879 nova-conductor[95831]: DEBUG oslo_concurrency.lockutils [None req-b63efb7a-6bd7-4d12-a524-7619c59a3222 tempest-ServerBootFromVolumeStableRescueTest-1089168329 tempest-ServerBootFromVolumeStableRescueTest-1089168329-project-member] Lock "3b3e39d1-4063-4d12-972f-b08ae3f25912" "released" by "nova.context.set_target_cell..get_or_set_cached_cell_and_set_connections" :: held 0.001s {{(pid=95831) inner /opt/stack/data/venv/lib/python3.12/site-packages/oslo_concurrency/lockutils.py:544}}
Jul 27 07:26:09.031531 np0000005879 nova-conductor[95831]: INFO dbcounter [None req-b63efb7a-6bd7-4d12-a524-7619c59a3222 tempest-ServerBootFromVolumeStableRescueTest-1089168329 tempest-ServerBootFromVolumeStableRescueTest-1089168329-project-member] Registered counter for database nova_cell0
Jul 27 07:26:09.081175 np0000005879 nova-conductor[95831]: DEBUG oslo_db.sqlalchemy.engines [None req-b63efb7a-6bd7-4d12-a524-7619c59a3222 tempest-ServerBootFromVolumeStableRescueTest-1089168329 tempest-ServerBootFromVolumeStableRescueTest-1089168329-project-member] MySQL server mode set to STRICT_TRANS_TABLES,STRICT_ALL_TABLES,NO_ZERO_IN_DATE,NO_ZERO_DATE,ERROR_FOR_DIVISION_BY_ZERO,TRADITIONAL,NO_ENGINE_SUBSTITUTION {{(pid=95831) _check_effective_sql_mode /opt/stack/data/venv/lib/python3.12/site-packages/oslo_db/sqlalchemy/engines.py:325}}
Jul 27 07:26:09.086911 np0000005879 nova-conductor[95831]: DEBUG dbcounter [-] [95831] Writer thread running {{(pid=95831) stat_writer /opt/stack/data/venv/lib/python3.12/site-packages/dbcounter.py:102}}
Jul 27 07:26:09.098554 np0000005879 nova-conductor[95831]: DEBUG nova.quota [None req-b63efb7a-6bd7-4d12-a524-7619c59a3222 tempest-ServerBootFromVolumeStableRescueTest-1089168329 tempest-ServerBootFromVolumeStableRescueTest-1089168329-project-member] Getting quotas for project d2600faa11da4de49f26d3c0cc1d2e4a. Resources: {'instances', 'cores', 'ram'} {{(pid=95831) _get_quotas /opt/stack/nova/nova/quota.py:389}}
Jul 27 07:26:09.102544 np0000005879 nova-conductor[95831]: DEBUG nova.quota [None req-b63efb7a-6bd7-4d12-a524-7619c59a3222 tempest-ServerBootFromVolumeStableRescueTest-1089168329 tempest-ServerBootFromVolumeStableRescueTest-1089168329-project-member] Getting quotas for user 4322662ae4ca4924b6afe8d8eeff89d6 and project d2600faa11da4de49f26d3c0cc1d2e4a. Resources: {'instances', 'cores', 'ram'} {{(pid=95831) _get_quotas /opt/stack/nova/nova/quota.py:379}}
Jul 27 07:26:09.111917 np0000005879 nova-conductor[95831]: DEBUG nova.conductor.manager [None req-b63efb7a-6bd7-4d12-a524-7619c59a3222 tempest-ServerBootFromVolumeStableRescueTest-1089168329 tempest-ServerBootFromVolumeStableRescueTest-1089168329-project-member] [instance: a35a7951-d410-4a24-910b-151fe6e0ff41] Selected host: np0000005879; Selected node: np0000005879; Alternates: [] {{(pid=95831) schedule_and_build_instances /opt/stack/nova/nova/conductor/manager.py:1784}}
Jul 27 07:26:09.112374 np0000005879 nova-conductor[95831]: DEBUG oslo_concurrency.lockutils [None req-b63efb7a-6bd7-4d12-a524-7619c59a3222 tempest-ServerBootFromVolumeStableRescueTest-1089168329 tempest-ServerBootFromVolumeStableRescueTest-1089168329-project-member] Acquiring lock "3b3e39d1-4063-4d12-972f-b08ae3f25912" by "nova.context.set_target_cell..get_or_set_cached_cell_and_set_connections" {{(pid=95831) inner /opt/stack/data/venv/lib/python3.12/site-packages/oslo_concurrency/lockutils.py:512}}
Jul 27 07:26:09.112588 np0000005879 nova-conductor[95831]: DEBUG oslo_concurrency.lockutils [None req-b63efb7a-6bd7-4d12-a524-7619c59a3222 tempest-ServerBootFromVolumeStableRescueTest-1089168329 tempest-ServerBootFromVolumeStableRescueTest-1089168329-project-member] Lock "3b3e39d1-4063-4d12-972f-b08ae3f25912" acquired by "nova.context.set_target_cell..get_or_set_cached_cell_and_set_connections" :: waited 0.000s {{(pid=95831) inner /opt/stack/data/venv/lib/python3.12/site-packages/oslo_concurrency/lockutils.py:525}}
Jul 27 07:26:09.112711 np0000005879 nova-conductor[95831]: DEBUG oslo_concurrency.lockutils [None req-b63efb7a-6bd7-4d12-a524-7619c59a3222 tempest-ServerBootFromVolumeStableRescueTest-1089168329 tempest-ServerBootFromVolumeStableRescueTest-1089168329-project-member] Lock "3b3e39d1-4063-4d12-972f-b08ae3f25912" "released" by "nova.context.set_target_cell..get_or_set_cached_cell_and_set_connections" :: held 0.000s {{(pid=95831) inner /opt/stack/data/venv/lib/python3.12/site-packages/oslo_concurrency/lockutils.py:544}}
Jul 27 07:26:09.124045 np0000005879 nova-conductor[95831]: DEBUG nova.conductor.manager [None req-b63efb7a-6bd7-4d12-a524-7619c59a3222 tempest-ServerBootFromVolumeStableRescueTest-1089168329 tempest-ServerBootFromVolumeStableRescueTest-1089168329-project-member] [instance: a35a7951-d410-4a24-910b-151fe6e0ff41] block_device_mapping [BlockDeviceMapping(attachment_id=,boot_index=0,connection_info=None,created_at=,delete_on_termination=True,deleted=,deleted_at=,destination_type='local',device_name=None,device_type='disk',disk_bus=None,encrypted=False,encryption_format=None,encryption_options=None,encryption_secret_uuid=None,guest_format=None,id=,image_id='2ad7569b-4694-4a9e-b63a-99d303a6b9ca',instance=,instance_uuid=,no_device=False,snapshot_id=None,source_type='image',tag=None,updated_at=,uuid=,volume_id=None,volume_size=None,volume_type=None)] {{(pid=95831) _create_block_device_mapping /opt/stack/nova/nova/conductor/manager.py:1529}}
Jul 27 07:26:09.125551 np0000005879 nova-conductor[95831]: DEBUG oslo_concurrency.lockutils [None req-b63efb7a-6bd7-4d12-a524-7619c59a3222 tempest-ServerBootFromVolumeStableRescueTest-1089168329 tempest-ServerBootFromVolumeStableRescueTest-1089168329-project-member] Acquiring lock "3b3e39d1-4063-4d12-972f-b08ae3f25912" by "nova.context.set_target_cell..get_or_set_cached_cell_and_set_connections" {{(pid=95831) inner /opt/stack/data/venv/lib/python3.12/site-packages/oslo_concurrency/lockutils.py:512}}
Jul 27 07:26:09.125717 np0000005879 nova-conductor[95831]: DEBUG oslo_concurrency.lockutils [None req-b63efb7a-6bd7-4d12-a524-7619c59a3222 tempest-ServerBootFromVolumeStableRescueTest-1089168329 tempest-ServerBootFromVolumeStableRescueTest-1089168329-project-member] Lock "3b3e39d1-4063-4d12-972f-b08ae3f25912" acquired by "nova.context.set_target_cell..get_or_set_cached_cell_and_set_connections" :: waited 0.000s {{(pid=95831) inner /opt/stack/data/venv/lib/python3.12/site-packages/oslo_concurrency/lockutils.py:525}}
Jul 27 07:26:09.125841 np0000005879 nova-conductor[95831]: DEBUG oslo_concurrency.lockutils [None req-b63efb7a-6bd7-4d12-a524-7619c59a3222 tempest-ServerBootFromVolumeStableRescueTest-1089168329 tempest-ServerBootFromVolumeStableRescueTest-1089168329-project-member] Lock "3b3e39d1-4063-4d12-972f-b08ae3f25912" "released" by "nova.context.set_target_cell..get_or_set_cached_cell_and_set_connections" :: held 0.000s {{(pid=95831) inner /opt/stack/data/venv/lib/python3.12/site-packages/oslo_concurrency/lockutils.py:544}}
Jul 27 07:26:09.177789 np0000005879 nova-conductor[95831]: DEBUG oslo_concurrency.lockutils [None req-b63efb7a-6bd7-4d12-a524-7619c59a3222 tempest-ServerBootFromVolumeStableRescueTest-1089168329 tempest-ServerBootFromVolumeStableRescueTest-1089168329-project-member] Acquiring lock "3b3e39d1-4063-4d12-972f-b08ae3f25912" by "nova.context.set_target_cell..get_or_set_cached_cell_and_set_connections" {{(pid=95831) inner /opt/stack/data/venv/lib/python3.12/site-packages/oslo_concurrency/lockutils.py:512}}
Jul 27 07:26:09.177789 np0000005879 nova-conductor[95831]: DEBUG oslo_concurrency.lockutils [None req-b63efb7a-6bd7-4d12-a524-7619c59a3222 tempest-ServerBootFromVolumeStableRescueTest-1089168329 tempest-ServerBootFromVolumeStableRescueTest-1089168329-project-member] Lock "3b3e39d1-4063-4d12-972f-b08ae3f25912" acquired by "nova.context.set_target_cell..get_or_set_cached_cell_and_set_connections" :: waited 0.000s {{(pid=95831) inner /opt/stack/data/venv/lib/python3.12/site-packages/oslo_concurrency/lockutils.py:525}}
Jul 27 07:26:09.177947 np0000005879 nova-conductor[95831]: DEBUG oslo_concurrency.lockutils [None req-b63efb7a-6bd7-4d12-a524-7619c59a3222 tempest-ServerBootFromVolumeStableRescueTest-1089168329 tempest-ServerBootFromVolumeStableRescueTest-1089168329-project-member] Lock "3b3e39d1-4063-4d12-972f-b08ae3f25912" "released" by "nova.context.set_target_cell..get_or_set_cached_cell_and_set_connections" :: held 0.000s {{(pid=95831) inner /opt/stack/data/venv/lib/python3.12/site-packages/oslo_concurrency/lockutils.py:544}}
Jul 27 07:26:09.178238 np0000005879 nova-conductor[95831]: DEBUG oslo_concurrency.lockutils [None req-b63efb7a-6bd7-4d12-a524-7619c59a3222 tempest-ServerBootFromVolumeStableRescueTest-1089168329 tempest-ServerBootFromVolumeStableRescueTest-1089168329-project-member] Acquiring lock "compute-rpcapi-router" {{(pid=95831) lock /opt/stack/data/venv/lib/python3.12/site-packages/oslo_concurrency/lockutils.py:396}}
Jul 27 07:26:09.178563 np0000005879 nova-conductor[95831]: DEBUG oslo_concurrency.lockutils [None req-b63efb7a-6bd7-4d12-a524-7619c59a3222 tempest-ServerBootFromVolumeStableRescueTest-1089168329 tempest-ServerBootFromVolumeStableRescueTest-1089168329-project-member] Acquired lock "compute-rpcapi-router" {{(pid=95831) lock /opt/stack/data/venv/lib/python3.12/site-packages/oslo_concurrency/lockutils.py:399}}
Jul 27 07:26:09.178893 np0000005879 nova-conductor[95831]: DEBUG oslo_concurrency.lockutils [None req-1f0f708e-53aa-4b0f-9e90-94bb623b147c None None] Acquiring lock "00000000-0000-0000-0000-000000000000" by "nova.context.set_target_cell..get_or_set_cached_cell_and_set_connections" {{(pid=95831) inner /opt/stack/data/venv/lib/python3.12/site-packages/oslo_concurrency/lockutils.py:512}}
Jul 27 07:26:09.179166 np0000005879 nova-conductor[95831]: DEBUG oslo_concurrency.lockutils [None req-1f0f708e-53aa-4b0f-9e90-94bb623b147c None None] Lock "00000000-0000-0000-0000-000000000000" acquired by "nova.context.set_target_cell..get_or_set_cached_cell_and_set_connections" :: waited 0.000s {{(pid=95831) inner /opt/stack/data/venv/lib/python3.12/site-packages/oslo_concurrency/lockutils.py:525}}
Jul 27 07:26:09.180732 np0000005879 nova-conductor[95831]: DEBUG oslo_concurrency.lockutils [None req-1f0f708e-53aa-4b0f-9e90-94bb623b147c None None] Lock "00000000-0000-0000-0000-000000000000" "released" by "nova.context.set_target_cell..get_or_set_cached_cell_and_set_connections" :: held 0.000s {{(pid=95831) inner /opt/stack/data/venv/lib/python3.12/site-packages/oslo_concurrency/lockutils.py:544}}
Jul 27 07:26:09.180732 np0000005879 nova-conductor[95831]: DEBUG oslo_concurrency.lockutils [None req-1f0f708e-53aa-4b0f-9e90-94bb623b147c None None] Acquiring lock "3b3e39d1-4063-4d12-972f-b08ae3f25912" by "nova.context.set_target_cell..get_or_set_cached_cell_and_set_connections" {{(pid=95831) inner /opt/stack/data/venv/lib/python3.12/site-packages/oslo_concurrency/lockutils.py:512}}
Jul 27 07:26:09.180732 np0000005879 nova-conductor[95831]: DEBUG oslo_concurrency.lockutils [None req-1f0f708e-53aa-4b0f-9e90-94bb623b147c None None] Lock "3b3e39d1-4063-4d12-972f-b08ae3f25912" acquired by "nova.context.set_target_cell..get_or_set_cached_cell_and_set_connections" :: waited 0.000s {{(pid=95831) inner /opt/stack/data/venv/lib/python3.12/site-packages/oslo_concurrency/lockutils.py:525}}
Jul 27 07:26:09.180732 np0000005879 nova-conductor[95831]: DEBUG oslo_concurrency.lockutils [None req-1f0f708e-53aa-4b0f-9e90-94bb623b147c None None] Lock "3b3e39d1-4063-4d12-972f-b08ae3f25912" "released" by "nova.context.set_target_cell..get_or_set_cached_cell_and_set_connections" :: held 0.000s {{(pid=95831) inner /opt/stack/data/venv/lib/python3.12/site-packages/oslo_concurrency/lockutils.py:544}}
Jul 27 07:26:09.191934 np0000005879 nova-conductor[95831]: INFO nova.compute.rpcapi [None req-1f0f708e-53aa-4b0f-9e90-94bb623b147c None None] Automatically selected compute RPC version 6.5 from minimum service version 72
Jul 27 07:26:09.192405 np0000005879 nova-conductor[95831]: DEBUG oslo_concurrency.lockutils [None req-1f0f708e-53aa-4b0f-9e90-94bb623b147c None None] Releasing lock "compute-rpcapi-router" {{(pid=95831) lock /opt/stack/data/venv/lib/python3.12/site-packages/oslo_concurrency/lockutils.py:419}}
Jul 27 07:26:10.702499 np0000005879 nova-conductor[95831]: DEBUG oslo.service.backend._threading.loopingcall [None req-26eb0a29-c53a-439f-99b1-7838bdf6db11 None None] Dynamic interval looping call 'nova.service.Service.periodic_tasks' sleeping for 60.00 seconds {{(pid=95831) _run_loop /opt/stack/data/venv/lib/python3.12/site-packages/oslo_service/backend/_threading/loopingcall.py:125}}
Jul 27 07:26:10.711874 np0000005879 nova-conductor[95848]: DEBUG oslo.service.backend._threading.loopingcall [None req-6b9446ee-d0c4-4343-8df1-18be0a4c8c98 None None] Dynamic interval looping call 'nova.service.Service.periodic_tasks' sleeping for 60.00 seconds {{(pid=95848) _run_loop /opt/stack/data/venv/lib/python3.12/site-packages/oslo_service/backend/_threading/loopingcall.py:125}}
Jul 27 07:26:17.367132 np0000005879 nova-conductor[95836]: DEBUG dbcounter [-] [95836] Writer thread running {{(pid=95836) stat_writer /opt/stack/data/venv/lib/python3.12/site-packages/dbcounter.py:102}}
Jul 27 07:26:17.948806 np0000005879 nova-conductor[95836]: DEBUG nova.conductor.manager [None req-10b441d4-d0f3-46d7-8c64-a240a1220ca2 tempest-ServerActionsTestOtherB-609239204 tempest-ServerActionsTestOtherB-609239204-project-member] Took 0.58 seconds to select destinations for 1 instance(s). {{(pid=95836) _schedule_instances /opt/stack/nova/nova/conductor/manager.py:968}}
Jul 27 07:26:17.992247 np0000005879 nova-conductor[95836]: DEBUG oslo_concurrency.lockutils [None req-10b441d4-d0f3-46d7-8c64-a240a1220ca2 tempest-ServerActionsTestOtherB-609239204 tempest-ServerActionsTestOtherB-609239204-project-member] Acquiring lock "3b3e39d1-4063-4d12-972f-b08ae3f25912" by "nova.context.set_target_cell..get_or_set_cached_cell_and_set_connections" {{(pid=95836) inner /opt/stack/data/venv/lib/python3.12/site-packages/oslo_concurrency/lockutils.py:512}}
Jul 27 07:26:17.992524 np0000005879 nova-conductor[95836]: DEBUG oslo_concurrency.lockutils [None req-10b441d4-d0f3-46d7-8c64-a240a1220ca2 tempest-ServerActionsTestOtherB-609239204 tempest-ServerActionsTestOtherB-609239204-project-member] Lock "3b3e39d1-4063-4d12-972f-b08ae3f25912" acquired by "nova.context.set_target_cell..get_or_set_cached_cell_and_set_connections" :: waited 0.000s {{(pid=95836) inner /opt/stack/data/venv/lib/python3.12/site-packages/oslo_concurrency/lockutils.py:525}}
Jul 27 07:26:17.995709 np0000005879 nova-conductor[95836]: DEBUG oslo_concurrency.lockutils [None req-10b441d4-d0f3-46d7-8c64-a240a1220ca2 tempest-ServerActionsTestOtherB-609239204 tempest-ServerActionsTestOtherB-609239204-project-member] Lock "3b3e39d1-4063-4d12-972f-b08ae3f25912" "released" by "nova.context.set_target_cell..get_or_set_cached_cell_and_set_connections" :: held 0.002s {{(pid=95836) inner /opt/stack/data/venv/lib/python3.12/site-packages/oslo_concurrency/lockutils.py:544}}
Jul 27 07:26:17.996852 np0000005879 nova-conductor[95836]: INFO dbcounter [None req-10b441d4-d0f3-46d7-8c64-a240a1220ca2 tempest-ServerActionsTestOtherB-609239204 tempest-ServerActionsTestOtherB-609239204-project-member] Registered counter for database nova_cell1
Jul 27 07:26:18.038562 np0000005879 nova-conductor[95836]: DEBUG oslo_db.sqlalchemy.engines [None req-10b441d4-d0f3-46d7-8c64-a240a1220ca2 tempest-ServerActionsTestOtherB-609239204 tempest-ServerActionsTestOtherB-609239204-project-member] MySQL server mode set to STRICT_TRANS_TABLES,STRICT_ALL_TABLES,NO_ZERO_IN_DATE,NO_ZERO_DATE,ERROR_FOR_DIVISION_BY_ZERO,TRADITIONAL,NO_ENGINE_SUBSTITUTION {{(pid=95836) _check_effective_sql_mode /opt/stack/data/venv/lib/python3.12/site-packages/oslo_db/sqlalchemy/engines.py:325}}
Jul 27 07:26:18.049468 np0000005879 nova-conductor[95836]: DEBUG dbcounter [-] [95836] Writer thread running {{(pid=95836) stat_writer /opt/stack/data/venv/lib/python3.12/site-packages/dbcounter.py:102}}
Jul 27 07:26:18.187056 np0000005879 nova-conductor[95836]: INFO nova.utils [None req-10b441d4-d0f3-46d7-8c64-a240a1220ca2 tempest-ServerActionsTestOtherB-609239204 tempest-ServerActionsTestOtherB-609239204-project-member] The cell worker thread pool ForkProcess-2.cell_worker is initialized
Jul 27 07:26:18.187638 np0000005879 nova-conductor[95836]: DEBUG oslo_concurrency.lockutils [None req-10b441d4-d0f3-46d7-8c64-a240a1220ca2 tempest-ServerActionsTestOtherB-609239204 tempest-ServerActionsTestOtherB-609239204-project-member] Acquiring lock "00000000-0000-0000-0000-000000000000" by "nova.context.set_target_cell..get_or_set_cached_cell_and_set_connections" {{(pid=95836) inner /opt/stack/data/venv/lib/python3.12/site-packages/oslo_concurrency/lockutils.py:512}}
Jul 27 07:26:18.187638 np0000005879 nova-conductor[95836]: DEBUG oslo_concurrency.lockutils [None req-10b441d4-d0f3-46d7-8c64-a240a1220ca2 tempest-ServerActionsTestOtherB-609239204 tempest-ServerActionsTestOtherB-609239204-project-member] Lock "00000000-0000-0000-0000-000000000000" acquired by "nova.context.set_target_cell..get_or_set_cached_cell_and_set_connections" :: waited 0.000s {{(pid=95836) inner /opt/stack/data/venv/lib/python3.12/site-packages/oslo_concurrency/lockutils.py:525}}
Jul 27 07:26:18.188002 np0000005879 nova-conductor[95836]: DEBUG oslo_concurrency.lockutils [None req-10b441d4-d0f3-46d7-8c64-a240a1220ca2 tempest-ServerActionsTestOtherB-609239204 tempest-ServerActionsTestOtherB-609239204-project-member] Lock "00000000-0000-0000-0000-000000000000" "released" by "nova.context.set_target_cell..get_or_set_cached_cell_and_set_connections" :: held 0.000s {{(pid=95836) inner /opt/stack/data/venv/lib/python3.12/site-packages/oslo_concurrency/lockutils.py:544}}
Jul 27 07:26:18.189180 np0000005879 nova-conductor[95836]: DEBUG oslo_concurrency.lockutils [None req-10b441d4-d0f3-46d7-8c64-a240a1220ca2 tempest-ServerActionsTestOtherB-609239204 tempest-ServerActionsTestOtherB-609239204-project-member] Acquiring lock "3b3e39d1-4063-4d12-972f-b08ae3f25912" by "nova.context.set_target_cell..get_or_set_cached_cell_and_set_connections" {{(pid=95836) inner /opt/stack/data/venv/lib/python3.12/site-packages/oslo_concurrency/lockutils.py:512}}
Jul 27 07:26:18.189180 np0000005879 nova-conductor[95836]: DEBUG oslo_concurrency.lockutils [None req-10b441d4-d0f3-46d7-8c64-a240a1220ca2 tempest-ServerActionsTestOtherB-609239204 tempest-ServerActionsTestOtherB-609239204-project-member] Lock "3b3e39d1-4063-4d12-972f-b08ae3f25912" acquired by "nova.context.set_target_cell..get_or_set_cached_cell_and_set_connections" :: waited 0.000s {{(pid=95836) inner /opt/stack/data/venv/lib/python3.12/site-packages/oslo_concurrency/lockutils.py:525}}
