Jun 29 13:37:23.629239 np0000003914 nova-scheduler[96449]: DEBUG cotyledon.oslo_config_glue [-] profiler.es_scroll_size = 10000 {{(pid=96449) log_opt_values /opt/stack/data/venv/lib/python3.12/site-packages/oslo_config/cfg.py:3253}}
Jun 29 13:37:23.629239 np0000003914 nova-scheduler[96449]: DEBUG cotyledon.oslo_config_glue [-] profiler.es_scroll_time = 2m {{(pid=96449) log_opt_values /opt/stack/data/venv/lib/python3.12/site-packages/oslo_config/cfg.py:3253}}
Jun 29 13:37:23.629239 np0000003914 nova-scheduler[96449]: DEBUG cotyledon.oslo_config_glue [-] profiler.filter_error_trace = False {{(pid=96449) log_opt_values /opt/stack/data/venv/lib/python3.12/site-packages/oslo_config/cfg.py:3253}}
Jun 29 13:37:23.629239 np0000003914 nova-scheduler[96449]: DEBUG cotyledon.oslo_config_glue [-] profiler.hmac_keys = **** {{(pid=96449) log_opt_values /opt/stack/data/venv/lib/python3.12/site-packages/oslo_config/cfg.py:3253}}
Jun 29 13:37:23.629391 np0000003914 nova-scheduler[96449]: DEBUG cotyledon.oslo_config_glue [-] profiler.sentinel_service_name = mymaster {{(pid=96449) log_opt_values /opt/stack/data/venv/lib/python3.12/site-packages/oslo_config/cfg.py:3253}}
Jun 29 13:37:23.629391 np0000003914 nova-scheduler[96449]: DEBUG cotyledon.oslo_config_glue [-] profiler.socket_timeout = 0.1 {{(pid=96449) log_opt_values /opt/stack/data/venv/lib/python3.12/site-packages/oslo_config/cfg.py:3253}}
Jun 29 13:37:23.629391 np0000003914 nova-scheduler[96449]: DEBUG cotyledon.oslo_config_glue [-] profiler.trace_requests = False {{(pid=96449) log_opt_values /opt/stack/data/venv/lib/python3.12/site-packages/oslo_config/cfg.py:3253}}
Jun 29 13:37:23.629391 np0000003914 nova-scheduler[96449]: DEBUG cotyledon.oslo_config_glue [-] profiler.trace_sqlalchemy = False {{(pid=96449) log_opt_values /opt/stack/data/venv/lib/python3.12/site-packages/oslo_config/cfg.py:3253}}
Jun 29 13:37:23.629391 np0000003914 nova-scheduler[96449]: DEBUG cotyledon.oslo_config_glue [-] profiler_jaeger.process_tags = {} {{(pid=96449) log_opt_values /opt/stack/data/venv/lib/python3.12/site-packages/oslo_config/cfg.py:3253}}
Jun 29 13:37:23.629391 np0000003914 nova-scheduler[96449]: DEBUG cotyledon.oslo_config_glue [-] profiler_jaeger.service_name_prefix = None {{(pid=96449) log_opt_values /opt/stack/data/venv/lib/python3.12/site-packages/oslo_config/cfg.py:3253}}
Jun 29 13:37:23.629391 np0000003914 nova-scheduler[96449]: DEBUG cotyledon.oslo_config_glue [-] profiler_otlp.service_name_prefix = None {{(pid=96449) log_opt_values /opt/stack/data/venv/lib/python3.12/site-packages/oslo_config/cfg.py:3253}}
Jun 29 13:37:23.629391 np0000003914 nova-scheduler[96449]: DEBUG cotyledon.oslo_config_glue [-] oslo_messaging_rabbit.amqp_auto_delete = False {{(pid=96449) log_opt_values /opt/stack/data/venv/lib/python3.12/site-packages/oslo_config/cfg.py:3253}}
Jun 29 13:37:23.629391 np0000003914 nova-scheduler[96449]: DEBUG cotyledon.oslo_config_glue [-] oslo_messaging_rabbit.amqp_durable_queues = False {{(pid=96449) log_opt_values /opt/stack/data/venv/lib/python3.12/site-packages/oslo_config/cfg.py:3253}}
Jun 29 13:37:23.629617 np0000003914 nova-scheduler[96449]: DEBUG cotyledon.oslo_config_glue [-] oslo_messaging_rabbit.conn_pool_min_size = 2 {{(pid=96449) log_opt_values /opt/stack/data/venv/lib/python3.12/site-packages/oslo_config/cfg.py:3253}}
Jun 29 13:37:23.629617 np0000003914 nova-scheduler[96449]: DEBUG cotyledon.oslo_config_glue [-] oslo_messaging_rabbit.conn_pool_ttl = 1200 {{(pid=96449) log_opt_values /opt/stack/data/venv/lib/python3.12/site-packages/oslo_config/cfg.py:3253}}
Jun 29 13:37:23.629617 np0000003914 nova-scheduler[96449]: DEBUG cotyledon.oslo_config_glue [-] oslo_messaging_rabbit.direct_mandatory_flag = True {{(pid=96449) log_opt_values /opt/stack/data/venv/lib/python3.12/site-packages/oslo_config/cfg.py:3253}}
Jun 29 13:37:23.629617 np0000003914 nova-scheduler[96449]: DEBUG cotyledon.oslo_config_glue [-] oslo_messaging_rabbit.enable_cancel_on_failover = False {{(pid=96449) log_opt_values /opt/stack/data/venv/lib/python3.12/site-packages/oslo_config/cfg.py:3253}}
Jun 29 13:37:23.629617 np0000003914 nova-scheduler[96449]: DEBUG cotyledon.oslo_config_glue [-] oslo_messaging_rabbit.heartbeat_rate = 3 {{(pid=96449) log_opt_values /opt/stack/data/venv/lib/python3.12/site-packages/oslo_config/cfg.py:3253}}
Jun 29 13:37:23.629617 np0000003914 nova-scheduler[96449]: DEBUG cotyledon.oslo_config_glue [-] oslo_messaging_rabbit.heartbeat_timeout_threshold = 60 {{(pid=96449) log_opt_values /opt/stack/data/venv/lib/python3.12/site-packages/oslo_config/cfg.py:3253}}
Jun 29 13:37:23.629617 np0000003914 nova-scheduler[96449]: DEBUG cotyledon.oslo_config_glue [-] oslo_messaging_rabbit.hostname = np0000003914 {{(pid=96449) log_opt_values /opt/stack/data/venv/lib/python3.12/site-packages/oslo_config/cfg.py:3253}}
Jun 29 13:37:23.629617 np0000003914 nova-scheduler[96449]: DEBUG cotyledon.oslo_config_glue [-] oslo_messaging_rabbit.kombu_compression = None {{(pid=96449) log_opt_values /opt/stack/data/venv/lib/python3.12/site-packages/oslo_config/cfg.py:3253}}
Jun 29 13:37:23.629617 np0000003914 nova-scheduler[96449]: DEBUG cotyledon.oslo_config_glue [-] oslo_messaging_rabbit.kombu_failover_strategy = round-robin {{(pid=96449) log_opt_values /opt/stack/data/venv/lib/python3.12/site-packages/oslo_config/cfg.py:3253}}
Jun 29 13:37:23.629775 np0000003914 nova-scheduler[96449]: DEBUG cotyledon.oslo_config_glue [-] oslo_messaging_rabbit.kombu_missing_consumer_retry_timeout = 60 {{(pid=96449) log_opt_values /opt/stack/data/venv/lib/python3.12/site-packages/oslo_config/cfg.py:3253}}
Jun 29 13:37:23.629775 np0000003914 nova-scheduler[96449]: DEBUG cotyledon.oslo_config_glue [-] oslo_messaging_rabbit.kombu_reconnect_delay = 1.0 {{(pid=96449) log_opt_values /opt/stack/data/venv/lib/python3.12/site-packages/oslo_config/cfg.py:3253}}
Jun 29 13:37:23.629775 np0000003914 nova-scheduler[96449]: DEBUG cotyledon.oslo_config_glue [-] oslo_messaging_rabbit.kombu_reconnect_splay = 0.0 {{(pid=96449) log_opt_values /opt/stack/data/venv/lib/python3.12/site-packages/oslo_config/cfg.py:3253}}
Jun 29 13:37:23.629775 np0000003914 nova-scheduler[96449]: DEBUG cotyledon.oslo_config_glue [-] oslo_messaging_rabbit.processname = nova-scheduler {{(pid=96449) log_opt_values /opt/stack/data/venv/lib/python3.12/site-packages/oslo_config/cfg.py:3253}}
Jun 29 13:37:23.629775 np0000003914 nova-scheduler[96449]: DEBUG cotyledon.oslo_config_glue [-] oslo_messaging_rabbit.rabbit_ha_queues = False {{(pid=96449) log_opt_values /opt/stack/data/venv/lib/python3.12/site-packages/oslo_config/cfg.py:3253}}
Jun 29 13:37:23.629775 np0000003914 nova-scheduler[96449]: DEBUG cotyledon.oslo_config_glue [-] oslo_messaging_rabbit.rabbit_interval_max = 30 {{(pid=96449) log_opt_values /opt/stack/data/venv/lib/python3.12/site-packages/oslo_config/cfg.py:3253}}
Jun 29 13:37:23.629775 np0000003914 nova-scheduler[96449]: DEBUG cotyledon.oslo_config_glue [-] oslo_messaging_rabbit.rabbit_login_method = AMQPLAIN {{(pid=96449) log_opt_values /opt/stack/data/venv/lib/python3.12/site-packages/oslo_config/cfg.py:3253}}
Jun 29 13:37:23.629775 np0000003914 nova-scheduler[96449]: DEBUG cotyledon.oslo_config_glue [-] oslo_messaging_rabbit.rabbit_qos_prefetch_count = 0 {{(pid=96449) log_opt_values /opt/stack/data/venv/lib/python3.12/site-packages/oslo_config/cfg.py:3253}}
Jun 29 13:37:23.629775 np0000003914 nova-scheduler[96449]: DEBUG cotyledon.oslo_config_glue [-] oslo_messaging_rabbit.rabbit_quorum_delivery_limit = 0 {{(pid=96449) log_opt_values /opt/stack/data/venv/lib/python3.12/site-packages/oslo_config/cfg.py:3253}}
Jun 29 13:37:23.629933 np0000003914 nova-scheduler[96449]: DEBUG cotyledon.oslo_config_glue [-] oslo_messaging_rabbit.rabbit_quorum_max_memory_bytes = 0 {{(pid=96449) log_opt_values /opt/stack/data/venv/lib/python3.12/site-packages/oslo_config/cfg.py:3253}}
Jun 29 13:37:23.629933 np0000003914 nova-scheduler[96449]: DEBUG cotyledon.oslo_config_glue [-] oslo_messaging_rabbit.rabbit_quorum_max_memory_length = 0 {{(pid=96449) log_opt_values /opt/stack/data/venv/lib/python3.12/site-packages/oslo_config/cfg.py:3253}}
Jun 29 13:37:23.629933 np0000003914 nova-scheduler[96449]: DEBUG cotyledon.oslo_config_glue [-] oslo_messaging_rabbit.rabbit_quorum_queue = False {{(pid=96449) log_opt_values /opt/stack/data/venv/lib/python3.12/site-packages/oslo_config/cfg.py:3253}}
Jun 29 13:37:23.629933 np0000003914 nova-scheduler[96449]: DEBUG cotyledon.oslo_config_glue [-] oslo_messaging_rabbit.rabbit_retry_backoff = 2 {{(pid=96449) log_opt_values /opt/stack/data/venv/lib/python3.12/site-packages/oslo_config/cfg.py:3253}}
Jun 29 13:37:23.629933 np0000003914 nova-scheduler[96449]: DEBUG cotyledon.oslo_config_glue [-] oslo_messaging_rabbit.rabbit_retry_interval = 1 {{(pid=96449) log_opt_values /opt/stack/data/venv/lib/python3.12/site-packages/oslo_config/cfg.py:3253}}
Jun 29 13:37:23.629933 np0000003914 nova-scheduler[96449]: DEBUG cotyledon.oslo_config_glue [-] oslo_messaging_rabbit.rabbit_stream_fanout = False {{(pid=96449) log_opt_values /opt/stack/data/venv/lib/python3.12/site-packages/oslo_config/cfg.py:3253}}
Jun 29 13:37:23.629933 np0000003914 nova-scheduler[96449]: DEBUG cotyledon.oslo_config_glue [-] oslo_messaging_rabbit.rabbit_transient_queues_ttl = 1800 {{(pid=96449) log_opt_values /opt/stack/data/venv/lib/python3.12/site-packages/oslo_config/cfg.py:3253}}
Jun 29 13:37:23.629933 np0000003914 nova-scheduler[96449]: DEBUG cotyledon.oslo_config_glue [-] oslo_messaging_rabbit.rabbit_transient_quorum_queue = False {{(pid=96449) log_opt_values /opt/stack/data/venv/lib/python3.12/site-packages/oslo_config/cfg.py:3253}}
Jun 29 13:37:23.630111 np0000003914 nova-scheduler[96449]: DEBUG cotyledon.oslo_config_glue [-] oslo_messaging_rabbit.rpc_conn_pool_size = 30 {{(pid=96449) log_opt_values /opt/stack/data/venv/lib/python3.12/site-packages/oslo_config/cfg.py:3253}}
Jun 29 13:37:23.630111 np0000003914 nova-scheduler[96449]: DEBUG cotyledon.oslo_config_glue [-] oslo_messaging_rabbit.ssl = False {{(pid=96449) log_opt_values /opt/stack/data/venv/lib/python3.12/site-packages/oslo_config/cfg.py:3253}}
Jun 29 13:37:23.630111 np0000003914 nova-scheduler[96449]: DEBUG cotyledon.oslo_config_glue [-] oslo_messaging_rabbit.ssl_ca_file = {{(pid=96449) log_opt_values /opt/stack/data/venv/lib/python3.12/site-packages/oslo_config/cfg.py:3253}}
Jun 29 13:37:23.630111 np0000003914 nova-scheduler[96449]: DEBUG cotyledon.oslo_config_glue [-] oslo_messaging_rabbit.ssl_cert_file = {{(pid=96449) log_opt_values /opt/stack/data/venv/lib/python3.12/site-packages/oslo_config/cfg.py:3253}}
Jun 29 13:37:23.630188 np0000003914 nova-scheduler[96449]: DEBUG cotyledon.oslo_config_glue [-] oslo_messaging_rabbit.ssl_enforce_fips_mode = False {{(pid=96449) log_opt_values /opt/stack/data/venv/lib/python3.12/site-packages/oslo_config/cfg.py:3253}}
Jun 29 13:37:23.630188 np0000003914 nova-scheduler[96449]: DEBUG cotyledon.oslo_config_glue [-] oslo_messaging_rabbit.ssl_enforce_hostname_verification = True {{(pid=96449) log_opt_values /opt/stack/data/venv/lib/python3.12/site-packages/oslo_config/cfg.py:3253}}
Jun 29 13:37:23.630268 np0000003914 nova-scheduler[96449]: DEBUG cotyledon.oslo_config_glue [-] oslo_messaging_rabbit.ssl_key_file = {{(pid=96449) log_opt_values /opt/stack/data/venv/lib/python3.12/site-packages/oslo_config/cfg.py:3253}}
Jun 29 13:37:23.630347 np0000003914 nova-scheduler[96449]: DEBUG cotyledon.oslo_config_glue [-] oslo_messaging_rabbit.ssl_version = {{(pid=96449) log_opt_values /opt/stack/data/venv/lib/python3.12/site-packages/oslo_config/cfg.py:3253}}
Jun 29 13:37:23.630414 np0000003914 nova-scheduler[96449]: DEBUG cotyledon.oslo_config_glue [-] oslo_messaging_rabbit.use_queue_manager = False {{(pid=96449) log_opt_values /opt/stack/data/venv/lib/python3.12/site-packages/oslo_config/cfg.py:3253}}
Jun 29 13:37:23.630511 np0000003914 nova-scheduler[96449]: DEBUG cotyledon.oslo_config_glue [-] oslo_messaging_notifications.driver = ['messagingv2'] {{(pid=96449) log_opt_values /opt/stack/data/venv/lib/python3.12/site-packages/oslo_config/cfg.py:3253}}
Jun 29 13:37:23.630593 np0000003914 nova-scheduler[96449]: DEBUG cotyledon.oslo_config_glue [-] oslo_messaging_notifications.retry = -1 {{(pid=96449) log_opt_values /opt/stack/data/venv/lib/python3.12/site-packages/oslo_config/cfg.py:3253}}
Jun 29 13:37:23.630677 np0000003914 nova-scheduler[96449]: DEBUG cotyledon.oslo_config_glue [-] oslo_messaging_notifications.topics = ['notifications'] {{(pid=96449) log_opt_values /opt/stack/data/venv/lib/python3.12/site-packages/oslo_config/cfg.py:3253}}
Jun 29 13:37:23.630771 np0000003914 nova-scheduler[96449]: DEBUG cotyledon.oslo_config_glue [-] oslo_messaging_notifications.transport_url = **** {{(pid=96449) log_opt_values /opt/stack/data/venv/lib/python3.12/site-packages/oslo_config/cfg.py:3253}}
Jun 29 13:37:23.630876 np0000003914 nova-scheduler[96449]: DEBUG cotyledon.oslo_config_glue [-] oslo_limit.auth_section = None {{(pid=96449) log_opt_values /opt/stack/data/venv/lib/python3.12/site-packages/oslo_config/cfg.py:3253}}
Jun 29 13:37:23.630979 np0000003914 nova-scheduler[96449]: DEBUG cotyledon.oslo_config_glue [-] oslo_limit.auth_type = None {{(pid=96449) log_opt_values /opt/stack/data/venv/lib/python3.12/site-packages/oslo_config/cfg.py:3253}}
Jun 29 13:37:23.631080 np0000003914 nova-scheduler[96449]: DEBUG cotyledon.oslo_config_glue [-] oslo_limit.cafile = None {{(pid=96449) log_opt_values /opt/stack/data/venv/lib/python3.12/site-packages/oslo_config/cfg.py:3253}}
Jun 29 13:37:23.631145 np0000003914 nova-scheduler[96449]: DEBUG cotyledon.oslo_config_glue [-] oslo_limit.certfile = None {{(pid=96449) log_opt_values /opt/stack/data/venv/lib/python3.12/site-packages/oslo_config/cfg.py:3253}}
Jun 29 13:37:23.631220 np0000003914 nova-scheduler[96449]: DEBUG cotyledon.oslo_config_glue [-] oslo_limit.collect_timing = False {{(pid=96449) log_opt_values /opt/stack/data/venv/lib/python3.12/site-packages/oslo_config/cfg.py:3253}}
Jun 29 13:37:23.631306 np0000003914 nova-scheduler[96449]: DEBUG cotyledon.oslo_config_glue [-] oslo_limit.connect_retries = None {{(pid=96449) log_opt_values /opt/stack/data/venv/lib/python3.12/site-packages/oslo_config/cfg.py:3253}}
Jun 29 13:37:23.631380 np0000003914 nova-scheduler[96449]: DEBUG cotyledon.oslo_config_glue [-] oslo_limit.connect_retry_delay = None {{(pid=96449) log_opt_values /opt/stack/data/venv/lib/python3.12/site-packages/oslo_config/cfg.py:3253}}
Jun 29 13:37:23.631450 np0000003914 nova-scheduler[96449]: DEBUG cotyledon.oslo_config_glue [-] oslo_limit.endpoint_id = None {{(pid=96449) log_opt_values /opt/stack/data/venv/lib/python3.12/site-packages/oslo_config/cfg.py:3253}}
Jun 29 13:37:23.631516 np0000003914 nova-scheduler[96449]: DEBUG cotyledon.oslo_config_glue [-] oslo_limit.endpoint_interface = public {{(pid=96449) log_opt_values /opt/stack/data/venv/lib/python3.12/site-packages/oslo_config/cfg.py:3253}}
Jun 29 13:37:23.631575 np0000003914 nova-scheduler[96449]: DEBUG cotyledon.oslo_config_glue [-] oslo_limit.endpoint_override = None {{(pid=96449) log_opt_values /opt/stack/data/venv/lib/python3.12/site-packages/oslo_config/cfg.py:3253}}
Jun 29 13:37:23.631630 np0000003914 nova-scheduler[96449]: DEBUG cotyledon.oslo_config_glue [-] oslo_limit.endpoint_region_name = None {{(pid=96449) log_opt_values /opt/stack/data/venv/lib/python3.12/site-packages/oslo_config/cfg.py:3253}}
Jun 29 13:37:23.631695 np0000003914 nova-scheduler[96449]: DEBUG cotyledon.oslo_config_glue [-] oslo_limit.endpoint_service_name = None {{(pid=96449) log_opt_values /opt/stack/data/venv/lib/python3.12/site-packages/oslo_config/cfg.py:3253}}
Jun 29 13:37:23.631759 np0000003914 nova-scheduler[96449]: DEBUG cotyledon.oslo_config_glue [-] oslo_limit.endpoint_service_type = None {{(pid=96449) log_opt_values /opt/stack/data/venv/lib/python3.12/site-packages/oslo_config/cfg.py:3253}}
Jun 29 13:37:23.631829 np0000003914 nova-scheduler[96449]: DEBUG cotyledon.oslo_config_glue [-] oslo_limit.insecure = False {{(pid=96449) log_opt_values /opt/stack/data/venv/lib/python3.12/site-packages/oslo_config/cfg.py:3253}}
Jun 29 13:37:23.631902 np0000003914 nova-scheduler[96449]: DEBUG cotyledon.oslo_config_glue [-] oslo_limit.keyfile = None {{(pid=96449) log_opt_values /opt/stack/data/venv/lib/python3.12/site-packages/oslo_config/cfg.py:3253}}
Jun 29 13:37:23.631994 np0000003914 nova-scheduler[96449]: DEBUG cotyledon.oslo_config_glue [-] oslo_limit.max_version = None {{(pid=96449) log_opt_values /opt/stack/data/venv/lib/python3.12/site-packages/oslo_config/cfg.py:3253}}
Jun 29 13:37:23.632085 np0000003914 nova-scheduler[96449]: DEBUG cotyledon.oslo_config_glue [-] oslo_limit.min_version = None {{(pid=96449) log_opt_values /opt/stack/data/venv/lib/python3.12/site-packages/oslo_config/cfg.py:3253}}
Jun 29 13:37:23.632159 np0000003914 nova-scheduler[96449]: DEBUG cotyledon.oslo_config_glue [-] oslo_limit.region_name = None {{(pid=96449) log_opt_values /opt/stack/data/venv/lib/python3.12/site-packages/oslo_config/cfg.py:3253}}
Jun 29 13:37:23.632234 np0000003914 nova-scheduler[96449]: DEBUG cotyledon.oslo_config_glue [-] oslo_limit.retriable_status_codes = None {{(pid=96449) log_opt_values /opt/stack/data/venv/lib/python3.12/site-packages/oslo_config/cfg.py:3253}}
Jun 29 13:37:23.632316 np0000003914 nova-scheduler[96449]: DEBUG cotyledon.oslo_config_glue [-] oslo_limit.service_name = None {{(pid=96449) log_opt_values /opt/stack/data/venv/lib/python3.12/site-packages/oslo_config/cfg.py:3253}}
Jun 29 13:37:23.632380 np0000003914 nova-scheduler[96449]: DEBUG cotyledon.oslo_config_glue [-] oslo_limit.service_type = None {{(pid=96449) log_opt_values /opt/stack/data/venv/lib/python3.12/site-packages/oslo_config/cfg.py:3253}}
Jun 29 13:37:23.632436 np0000003914 nova-scheduler[96449]: DEBUG cotyledon.oslo_config_glue [-] oslo_limit.split_loggers = False {{(pid=96449) log_opt_values /opt/stack/data/venv/lib/python3.12/site-packages/oslo_config/cfg.py:3253}}
Jun 29 13:37:23.632494 np0000003914 nova-scheduler[96449]: DEBUG cotyledon.oslo_config_glue [-] oslo_limit.status_code_retries = None {{(pid=96449) log_opt_values /opt/stack/data/venv/lib/python3.12/site-packages/oslo_config/cfg.py:3253}}
Jun 29 13:37:23.632556 np0000003914 nova-scheduler[96449]: DEBUG cotyledon.oslo_config_glue [-] oslo_limit.status_code_retry_delay = None {{(pid=96449) log_opt_values /opt/stack/data/venv/lib/python3.12/site-packages/oslo_config/cfg.py:3253}}
Jun 29 13:37:23.632614 np0000003914 nova-scheduler[96449]: DEBUG cotyledon.oslo_config_glue [-] oslo_limit.timeout = None {{(pid=96449) log_opt_values /opt/stack/data/venv/lib/python3.12/site-packages/oslo_config/cfg.py:3253}}
Jun 29 13:37:23.632675 np0000003914 nova-scheduler[96449]: DEBUG cotyledon.oslo_config_glue [-] oslo_limit.valid_interfaces = None {{(pid=96449) log_opt_values /opt/stack/data/venv/lib/python3.12/site-packages/oslo_config/cfg.py:3253}}
Jun 29 13:37:23.632734 np0000003914 nova-scheduler[96449]: DEBUG cotyledon.oslo_config_glue [-] oslo_limit.version = None {{(pid=96449) log_opt_values /opt/stack/data/venv/lib/python3.12/site-packages/oslo_config/cfg.py:3253}}
Jun 29 13:37:23.632830 np0000003914 nova-scheduler[96449]: DEBUG cotyledon.oslo_config_glue [-] oslo_reports.file_event_handler = None {{(pid=96449) log_opt_values /opt/stack/data/venv/lib/python3.12/site-packages/oslo_config/cfg.py:3253}}
Jun 29 13:37:23.632875 np0000003914 nova-scheduler[96449]: DEBUG cotyledon.oslo_config_glue [-] oslo_reports.file_event_handler_interval = 1 {{(pid=96449) log_opt_values /opt/stack/data/venv/lib/python3.12/site-packages/oslo_config/cfg.py:3253}}
Jun 29 13:37:23.632988 np0000003914 nova-scheduler[96449]: DEBUG cotyledon.oslo_config_glue [-] oslo_reports.log_dir = None {{(pid=96449) log_opt_values /opt/stack/data/venv/lib/python3.12/site-packages/oslo_config/cfg.py:3253}}
Jun 29 13:37:23.633029 np0000003914 nova-scheduler[96449]: DEBUG cotyledon.oslo_config_glue [-] ******************************************************************************** {{(pid=96449) log_opt_values /opt/stack/data/venv/lib/python3.12/site-packages/oslo_config/cfg.py:3260}}
Jun 29 13:37:23.633209 np0000003914 nova-scheduler[96449]: DEBUG cotyledon._service_worker [-] Run service ServiceWrapper(3) [96449] {{(pid=96449) wait_forever /opt/stack/data/venv/lib/python3.12/site-packages/cotyledon/_service_worker.py:218}}
Jun 29 13:37:23.633860 np0000003914 nova-scheduler[96423]: DEBUG dbcounter [-] [96423] Writer thread running {{(pid=96423) stat_writer /opt/stack/data/venv/lib/python3.12/site-packages/dbcounter.py:102}}
Jun 29 13:37:23.634749 np0000003914 nova-scheduler[96449]: INFO nova.service [-] Starting scheduler node (version 33.1.0)
Jun 29 13:37:23.635449 np0000003914 nova-scheduler[96418]: DEBUG oslo_db.sqlalchemy.engines [None req-71e05b6e-9cf0-4b98-bf91-90291a652c3b None None] MySQL server mode set to STRICT_TRANS_TABLES,STRICT_ALL_TABLES,NO_ZERO_IN_DATE,NO_ZERO_DATE,ERROR_FOR_DIVISION_BY_ZERO,TRADITIONAL,NO_ENGINE_SUBSTITUTION {{(pid=96418) _check_effective_sql_mode /opt/stack/data/venv/lib/python3.12/site-packages/oslo_db/sqlalchemy/engines.py:325}}
Jun 29 13:37:23.639446 np0000003914 nova-scheduler[96449]: INFO dbcounter [None req-6bbf169e-13cc-4715-9d63-7b61b7b53601 None None] Registered counter for database nova_cell0
Jun 29 13:37:23.645275 np0000003914 nova-scheduler[96418]: DEBUG dbcounter [-] [96418] Writer thread running {{(pid=96418) stat_writer /opt/stack/data/venv/lib/python3.12/site-packages/dbcounter.py:102}}
Jun 29 13:37:23.652292 np0000003914 nova-scheduler[96423]: DEBUG nova.service [None req-aceb0f57-0be9-479f-8dd2-c1a0948d646c None None] Creating RPC server for service: nova-scheduler on topic: scheduler {{(pid=96423) start /opt/stack/nova/nova/service.py:196}}
Jun 29 13:37:23.660310 np0000003914 nova-scheduler[96418]: DEBUG nova.service [None req-71e05b6e-9cf0-4b98-bf91-90291a652c3b None None] Creating RPC server for service: nova-scheduler on topic: scheduler {{(pid=96418) start /opt/stack/nova/nova/service.py:196}}
Jun 29 13:37:23.665538 np0000003914 nova-scheduler[96425]: DEBUG oslo_db.sqlalchemy.engines [None req-63b6e470-5059-4cbc-984d-137d49c6f3c8 None None] MySQL server mode set to STRICT_TRANS_TABLES,STRICT_ALL_TABLES,NO_ZERO_IN_DATE,NO_ZERO_DATE,ERROR_FOR_DIVISION_BY_ZERO,TRADITIONAL,NO_ENGINE_SUBSTITUTION {{(pid=96425) _check_effective_sql_mode /opt/stack/data/venv/lib/python3.12/site-packages/oslo_db/sqlalchemy/engines.py:325}}
Jun 29 13:37:23.675308 np0000003914 nova-scheduler[96425]: DEBUG dbcounter [-] [96425] Writer thread running {{(pid=96425) stat_writer /opt/stack/data/venv/lib/python3.12/site-packages/dbcounter.py:102}}
Jun 29 13:37:23.678607 np0000003914 nova-scheduler[96425]: DEBUG nova.service [None req-63b6e470-5059-4cbc-984d-137d49c6f3c8 None None] Creating RPC server for service: nova-scheduler on topic: scheduler {{(pid=96425) start /opt/stack/nova/nova/service.py:196}}
Jun 29 13:37:23.679737 np0000003914 nova-scheduler[96449]: DEBUG oslo_db.sqlalchemy.engines [None req-6bbf169e-13cc-4715-9d63-7b61b7b53601 None None] MySQL server mode set to STRICT_TRANS_TABLES,STRICT_ALL_TABLES,NO_ZERO_IN_DATE,NO_ZERO_DATE,ERROR_FOR_DIVISION_BY_ZERO,TRADITIONAL,NO_ENGINE_SUBSTITUTION {{(pid=96449) _check_effective_sql_mode /opt/stack/data/venv/lib/python3.12/site-packages/oslo_db/sqlalchemy/engines.py:325}}
Jun 29 13:37:23.679861 np0000003914 nova-scheduler[96418]: DEBUG nova.service [None req-71e05b6e-9cf0-4b98-bf91-90291a652c3b None None] Join ServiceGroup membership for this service scheduler {{(pid=96418) start /opt/stack/nova/nova/service.py:222}}
Jun 29 13:37:23.680130 np0000003914 nova-scheduler[96418]: DEBUG nova.servicegroup.drivers.db [None req-71e05b6e-9cf0-4b98-bf91-90291a652c3b None None] DB_Driver: join new ServiceGroup member np0000003914 to the scheduler group, service = {{(pid=96418) join /opt/stack/nova/nova/servicegroup/drivers/db.py:44}}
Jun 29 13:37:23.682962 np0000003914 nova-scheduler[96423]: DEBUG nova.service [None req-aceb0f57-0be9-479f-8dd2-c1a0948d646c None None] Join ServiceGroup membership for this service scheduler {{(pid=96423) start /opt/stack/nova/nova/service.py:222}}
Jun 29 13:37:23.683676 np0000003914 nova-scheduler[96423]: DEBUG nova.servicegroup.drivers.db [None req-aceb0f57-0be9-479f-8dd2-c1a0948d646c None None] DB_Driver: join new ServiceGroup member np0000003914 to the scheduler group, service = {{(pid=96423) join /opt/stack/nova/nova/servicegroup/drivers/db.py:44}}
Jun 29 13:37:23.689530 np0000003914 nova-scheduler[96449]: DEBUG dbcounter [-] [96449] Writer thread running {{(pid=96449) stat_writer /opt/stack/data/venv/lib/python3.12/site-packages/dbcounter.py:102}}
Jun 29 13:37:23.692841 np0000003914 nova-scheduler[96449]: DEBUG nova.service [None req-6bbf169e-13cc-4715-9d63-7b61b7b53601 None None] Creating RPC server for service: nova-scheduler on topic: scheduler {{(pid=96449) start /opt/stack/nova/nova/service.py:196}}
Jun 29 13:37:23.697689 np0000003914 nova-scheduler[96425]: DEBUG nova.service [None req-63b6e470-5059-4cbc-984d-137d49c6f3c8 None None] Join ServiceGroup membership for this service scheduler {{(pid=96425) start /opt/stack/nova/nova/service.py:222}}
Jun 29 13:37:23.697865 np0000003914 nova-scheduler[96425]: DEBUG nova.servicegroup.drivers.db [None req-63b6e470-5059-4cbc-984d-137d49c6f3c8 None None] DB_Driver: join new ServiceGroup member np0000003914 to the scheduler group, service = {{(pid=96425) join /opt/stack/nova/nova/servicegroup/drivers/db.py:44}}
Jun 29 13:37:23.710508 np0000003914 nova-scheduler[96449]: DEBUG nova.service [None req-6bbf169e-13cc-4715-9d63-7b61b7b53601 None None] Join ServiceGroup membership for this service scheduler {{(pid=96449) start /opt/stack/nova/nova/service.py:222}}
Jun 29 13:37:23.710680 np0000003914 nova-scheduler[96449]: DEBUG nova.servicegroup.drivers.db [None req-6bbf169e-13cc-4715-9d63-7b61b7b53601 None None] DB_Driver: join new ServiceGroup member np0000003914 to the scheduler group, service = {{(pid=96449) join /opt/stack/nova/nova/servicegroup/drivers/db.py:44}}
Jun 29 13:37:24.682772 np0000003914 nova-scheduler[96418]: DEBUG oslo.service.backend._threading.loopingcall [None req-1d83241e-f56e-4c08-b41d-6fc34554bb39 None None] Dynamic interval looping call 'nova.service.Service.periodic_tasks' sleeping for 60.00 seconds {{(pid=96418) _run_loop /opt/stack/data/venv/lib/python3.12/site-packages/oslo_service/backend/_threading/loopingcall.py:125}}
Jun 29 13:37:28.694461 np0000003914 nova-scheduler[96418]: DEBUG oslo.service.backend._threading.loopingcall [-] Fixed interval looping call 'nova.servicegroup.drivers.db.DbDriver._report_state' sleeping for 119.99 seconds {{(pid=96418) _run_loop /opt/stack/data/venv/lib/python3.12/site-packages/oslo_service/backend/_threading/loopingcall.py:125}}
Jun 29 13:37:28.695982 np0000003914 nova-scheduler[96423]: DEBUG oslo.service.backend._threading.loopingcall [-] Fixed interval looping call 'nova.servicegroup.drivers.db.DbDriver._report_state' sleeping for 119.99 seconds {{(pid=96423) _run_loop /opt/stack/data/venv/lib/python3.12/site-packages/oslo_service/backend/_threading/loopingcall.py:125}}
Jun 29 13:37:28.708581 np0000003914 nova-scheduler[96425]: DEBUG oslo.service.backend._threading.loopingcall [-] Fixed interval looping call 'nova.servicegroup.drivers.db.DbDriver._report_state' sleeping for 119.99 seconds {{(pid=96425) _run_loop /opt/stack/data/venv/lib/python3.12/site-packages/oslo_service/backend/_threading/loopingcall.py:125}}
Jun 29 13:37:28.724657 np0000003914 nova-scheduler[96449]: DEBUG oslo.service.backend._threading.loopingcall [-] Fixed interval looping call 'nova.servicegroup.drivers.db.DbDriver._report_state' sleeping for 119.99 seconds {{(pid=96449) _run_loop /opt/stack/data/venv/lib/python3.12/site-packages/oslo_service/backend/_threading/loopingcall.py:125}}
Jun 29 13:37:32.193997 np0000003914 nova-scheduler[95168]: DEBUG dbcounter [-] [95168] Writing DB stats nova_api:SELECT=3 {{(pid=95168) stat_writer /opt/stack/data/venv/lib/python3.12/site-packages/dbcounter.py:115}}
Jun 29 13:37:32.329367 np0000003914 nova-scheduler[95168]: DEBUG dbcounter [-] [95168] Writing DB stats nova_cell0:SELECT=1 {{(pid=95168) stat_writer /opt/stack/data/venv/lib/python3.12/site-packages/dbcounter.py:115}}
Jun 29 13:37:32.332526 np0000003914 nova-scheduler[95168]: DEBUG dbcounter [-] [95168] Writing DB stats nova_cell1:SELECT=1 {{(pid=95168) stat_writer /opt/stack/data/venv/lib/python3.12/site-packages/dbcounter.py:115}}
Jun 29 13:37:34.712727 np0000003914 nova-scheduler[96449]: DEBUG oslo.service.backend._threading.loopingcall [None req-57b4dfb3-1392-4018-81b7-e829ce12615d None None] Dynamic interval looping call 'nova.service.Service.periodic_tasks' sleeping for 60.00 seconds {{(pid=96449) _run_loop /opt/stack/data/venv/lib/python3.12/site-packages/oslo_service/backend/_threading/loopingcall.py:125}}
Jun 29 13:37:38.688962 np0000003914 nova-scheduler[96418]: DEBUG dbcounter [-] [96418] Writing DB stats nova_cell0:SELECT=5,nova_cell0:INSERT=1,nova_cell0:UPDATE=1 {{(pid=96418) stat_writer /opt/stack/data/venv/lib/python3.12/site-packages/dbcounter.py:115}}
Jun 29 13:37:38.694688 np0000003914 nova-scheduler[96423]: DEBUG dbcounter [-] [96423] Writing DB stats nova_cell0:SELECT=4,nova_cell0:INSERT=1,nova_cell0:UPDATE=1 {{(pid=96423) stat_writer /opt/stack/data/venv/lib/python3.12/site-packages/dbcounter.py:115}}
Jun 29 13:37:38.705222 np0000003914 nova-scheduler[96425]: DEBUG dbcounter [-] [96425] Writing DB stats nova_cell0:SELECT=3 {{(pid=96425) stat_writer /opt/stack/data/venv/lib/python3.12/site-packages/dbcounter.py:115}}
Jun 29 13:37:38.719480 np0000003914 nova-scheduler[96449]: DEBUG dbcounter [-] [96449] Writing DB stats nova_cell0:SELECT=3 {{(pid=96449) stat_writer /opt/stack/data/venv/lib/python3.12/site-packages/dbcounter.py:115}}
Jun 29 13:37:49.685376 np0000003914 nova-scheduler[96423]: DEBUG oslo.service.backend._threading.loopingcall [None req-1e6a5d7f-0ca7-46c0-b5a5-60b9f6da9f6c None None] Dynamic interval looping call 'nova.service.Service.periodic_tasks' sleeping for 60.00 seconds {{(pid=96423) _run_loop /opt/stack/data/venv/lib/python3.12/site-packages/oslo_service/backend/_threading/loopingcall.py:125}}
Jun 29 13:38:11.699889 np0000003914 nova-scheduler[96425]: DEBUG oslo.service.backend._threading.loopingcall [None req-169d6558-9d2f-4a84-9ccb-3394c10f06e6 None None] Dynamic interval looping call 'nova.service.Service.periodic_tasks' sleeping for 60.00 seconds {{(pid=96425) _run_loop /opt/stack/data/venv/lib/python3.12/site-packages/oslo_service/backend/_threading/loopingcall.py:125}}
Jun 29 13:38:24.683282 np0000003914 nova-scheduler[96418]: DEBUG oslo.service.backend._threading.loopingcall [None req-1d83241e-f56e-4c08-b41d-6fc34554bb39 None None] Dynamic interval looping call 'nova.service.Service.periodic_tasks' sleeping for 60.00 seconds {{(pid=96418) _run_loop /opt/stack/data/venv/lib/python3.12/site-packages/oslo_service/backend/_threading/loopingcall.py:125}}
Jun 29 13:38:34.713415 np0000003914 nova-scheduler[96449]: DEBUG oslo.service.backend._threading.loopingcall [None req-57b4dfb3-1392-4018-81b7-e829ce12615d None None] Dynamic interval looping call 'nova.service.Service.periodic_tasks' sleeping for 60.00 seconds {{(pid=96449) _run_loop /opt/stack/data/venv/lib/python3.12/site-packages/oslo_service/backend/_threading/loopingcall.py:125}}
Jun 29 13:38:49.685898 np0000003914 nova-scheduler[96423]: DEBUG oslo.service.backend._threading.loopingcall [None req-1e6a5d7f-0ca7-46c0-b5a5-60b9f6da9f6c None None] Dynamic interval looping call 'nova.service.Service.periodic_tasks' sleeping for 60.00 seconds {{(pid=96423) _run_loop /opt/stack/data/venv/lib/python3.12/site-packages/oslo_service/backend/_threading/loopingcall.py:125}}
Jun 29 13:39:11.700419 np0000003914 nova-scheduler[96425]: DEBUG oslo.service.backend._threading.loopingcall [None req-169d6558-9d2f-4a84-9ccb-3394c10f06e6 None None] Dynamic interval looping call 'nova.service.Service.periodic_tasks' sleeping for 60.00 seconds {{(pid=96425) _run_loop /opt/stack/data/venv/lib/python3.12/site-packages/oslo_service/backend/_threading/loopingcall.py:125}}
Jun 29 13:39:24.683873 np0000003914 nova-scheduler[96418]: DEBUG oslo.service.backend._threading.loopingcall [None req-1d83241e-f56e-4c08-b41d-6fc34554bb39 None None] Dynamic interval looping call 'nova.service.Service.periodic_tasks' sleeping for 60.00 seconds {{(pid=96418) _run_loop /opt/stack/data/venv/lib/python3.12/site-packages/oslo_service/backend/_threading/loopingcall.py:125}}
Jun 29 13:39:28.692758 np0000003914 nova-scheduler[96418]: DEBUG oslo.service.backend._threading.loopingcall [-] Fixed interval looping call 'nova.servicegroup.drivers.db.DbDriver._report_state' sleeping for 119.99 seconds {{(pid=96418) _run_loop /opt/stack/data/venv/lib/python3.12/site-packages/oslo_service/backend/_threading/loopingcall.py:125}}
Jun 29 13:39:28.693245 np0000003914 nova-scheduler[96423]: DEBUG oslo.service.backend._threading.loopingcall [-] Fixed interval looping call 'nova.servicegroup.drivers.db.DbDriver._report_state' sleeping for 119.99 seconds {{(pid=96423) _run_loop /opt/stack/data/venv/lib/python3.12/site-packages/oslo_service/backend/_threading/loopingcall.py:125}}
Jun 29 13:39:28.702549 np0000003914 nova-scheduler[96425]: DEBUG oslo.service.backend._threading.loopingcall [-] Fixed interval looping call 'nova.servicegroup.drivers.db.DbDriver._report_state' sleeping for 120.00 seconds {{(pid=96425) _run_loop /opt/stack/data/venv/lib/python3.12/site-packages/oslo_service/backend/_threading/loopingcall.py:125}}
Jun 29 13:39:28.718563 np0000003914 nova-scheduler[96449]: DEBUG oslo.service.backend._threading.loopingcall [-] Fixed interval looping call 'nova.servicegroup.drivers.db.DbDriver._report_state' sleeping for 120.00 seconds {{(pid=96449) _run_loop /opt/stack/data/venv/lib/python3.12/site-packages/oslo_service/backend/_threading/loopingcall.py:125}}
Jun 29 13:39:34.713850 np0000003914 nova-scheduler[96449]: DEBUG oslo.service.backend._threading.loopingcall [None req-57b4dfb3-1392-4018-81b7-e829ce12615d None None] Dynamic interval looping call 'nova.service.Service.periodic_tasks' sleeping for 60.00 seconds {{(pid=96449) _run_loop /opt/stack/data/venv/lib/python3.12/site-packages/oslo_service/backend/_threading/loopingcall.py:125}}
Jun 29 13:39:38.687862 np0000003914 nova-scheduler[96418]: DEBUG dbcounter [-] [96418] Writing DB stats nova_cell0:SELECT=1,nova_cell0:UPDATE=1 {{(pid=96418) stat_writer /opt/stack/data/venv/lib/python3.12/site-packages/dbcounter.py:115}}
Jun 29 13:39:38.689740 np0000003914 nova-scheduler[96423]: DEBUG dbcounter [-] [96423] Writing DB stats nova_cell0:SELECT=1,nova_cell0:UPDATE=1 {{(pid=96423) stat_writer /opt/stack/data/venv/lib/python3.12/site-packages/dbcounter.py:115}}
Jun 29 13:39:38.700842 np0000003914 nova-scheduler[96425]: DEBUG dbcounter [-] [96425] Writing DB stats nova_cell0:SELECT=1 {{(pid=96425) stat_writer /opt/stack/data/venv/lib/python3.12/site-packages/dbcounter.py:115}}
Jun 29 13:39:38.716762 np0000003914 nova-scheduler[96449]: DEBUG dbcounter [-] [96449] Writing DB stats nova_cell0:SELECT=1 {{(pid=96449) stat_writer /opt/stack/data/venv/lib/python3.12/site-packages/dbcounter.py:115}}
Jun 29 13:39:49.686545 np0000003914 nova-scheduler[96423]: DEBUG oslo.service.backend._threading.loopingcall [None req-1e6a5d7f-0ca7-46c0-b5a5-60b9f6da9f6c None None] Dynamic interval looping call 'nova.service.Service.periodic_tasks' sleeping for 60.00 seconds {{(pid=96423) _run_loop /opt/stack/data/venv/lib/python3.12/site-packages/oslo_service/backend/_threading/loopingcall.py:125}}
Jun 29 13:39:57.897870 np0000003914 nova-scheduler[96418]: DEBUG nova.scheduler.manager [None req-7a92f295-e560-4a89-b9d6-be1ac8e1a698 tempest-ServersNegativeTestJSON-1996800323 tempest-ServersNegativeTestJSON-1996800323-project-member] Starting to schedule for instances: ['fc037f88-c55f-4d06-bbed-c5a8fc72f36b'] {{(pid=96418) select_destinations /opt/stack/nova/nova/scheduler/manager.py:209}}
Jun 29 13:39:57.897870 np0000003914 nova-scheduler[96418]: DEBUG nova.scheduler.request_filter [None req-7a92f295-e560-4a89-b9d6-be1ac8e1a698 tempest-ServersNegativeTestJSON-1996800323 tempest-ServersNegativeTestJSON-1996800323-project-member] compute_status_filter request filter added forbidden trait COMPUTE_STATUS_DISABLED {{(pid=96418) compute_status_filter /opt/stack/nova/nova/scheduler/request_filter.py:253}}
Jun 29 13:39:57.897870 np0000003914 nova-scheduler[96418]: DEBUG nova.scheduler.request_filter [None req-7a92f295-e560-4a89-b9d6-be1ac8e1a698 tempest-ServersNegativeTestJSON-1996800323 tempest-ServersNegativeTestJSON-1996800323-project-member] Request filter 'compute_status_filter' took 0.0 seconds {{(pid=96418) wrapper /opt/stack/nova/nova/scheduler/request_filter.py:46}}
Jun 29 13:39:57.897870 np0000003914 nova-scheduler[96418]: DEBUG nova.scheduler.request_filter [None req-7a92f295-e560-4a89-b9d6-be1ac8e1a698 tempest-ServersNegativeTestJSON-1996800323 tempest-ServersNegativeTestJSON-1996800323-project-member] Request filter 'accelerators_filter' took 0.0 seconds {{(pid=96418) wrapper /opt/stack/nova/nova/scheduler/request_filter.py:46}}
Jun 29 13:39:57.898456 np0000003914 nova-scheduler[96418]: DEBUG nova.scheduler.request_filter [None req-7a92f295-e560-4a89-b9d6-be1ac8e1a698 tempest-ServersNegativeTestJSON-1996800323 tempest-ServersNegativeTestJSON-1996800323-project-member] Request filter 'packed_virtqueue_filter' took 0.0 seconds {{(pid=96418) wrapper /opt/stack/nova/nova/scheduler/request_filter.py:46}}
Jun 29 13:39:57.898601 np0000003914 nova-scheduler[96418]: DEBUG nova.scheduler.request_filter [None req-7a92f295-e560-4a89-b9d6-be1ac8e1a698 tempest-ServersNegativeTestJSON-1996800323 tempest-ServersNegativeTestJSON-1996800323-project-member] Request filter 'remote_managed_ports_filter' took 0.0 seconds {{(pid=96418) wrapper /opt/stack/nova/nova/scheduler/request_filter.py:46}}
Jun 29 13:39:57.898798 np0000003914 nova-scheduler[96418]: DEBUG nova.scheduler.request_filter [None req-7a92f295-e560-4a89-b9d6-be1ac8e1a698 tempest-ServersNegativeTestJSON-1996800323 tempest-ServersNegativeTestJSON-1996800323-project-member] ephemeral_encryption_filter skipped {{(pid=96418) ephemeral_encryption_filter /opt/stack/nova/nova/scheduler/request_filter.py:426}}
Jun 29 13:39:57.898975 np0000003914 nova-scheduler[96418]: DEBUG nova.scheduler.request_filter [None req-7a92f295-e560-4a89-b9d6-be1ac8e1a698 tempest-ServersNegativeTestJSON-1996800323 tempest-ServersNegativeTestJSON-1996800323-project-member] virtio_sound_filter skipped {{(pid=96418) virtio_sound_filter /opt/stack/nova/nova/scheduler/request_filter.py:460}}
Jun 29 13:39:57.899184 np0000003914 nova-scheduler[96418]: DEBUG nova.scheduler.request_filter [None req-7a92f295-e560-4a89-b9d6-be1ac8e1a698 tempest-ServersNegativeTestJSON-1996800323 tempest-ServersNegativeTestJSON-1996800323-project-member] tpm_secret_security_filter skipped {{(pid=96418) tpm_secret_security_filter /opt/stack/nova/nova/scheduler/request_filter.py:477}}
Jun 29 13:39:58.647961 np0000003914 nova-scheduler[96423]: DEBUG nova.scheduler.manager [None req-b938726c-417c-45e2-aa1a-e99a1ec33623 tempest-AttachVolumeNegativeTest-1002026652 tempest-AttachVolumeNegativeTest-1002026652-project-member] Starting to schedule for instances: ['850d304a-ecd5-4ef4-ac1f-069c258c46b9'] {{(pid=96423) select_destinations /opt/stack/nova/nova/scheduler/manager.py:209}}
Jun 29 13:39:58.650798 np0000003914 nova-scheduler[96423]: DEBUG nova.scheduler.request_filter [None req-b938726c-417c-45e2-aa1a-e99a1ec33623 tempest-AttachVolumeNegativeTest-1002026652 tempest-AttachVolumeNegativeTest-1002026652-project-member] compute_status_filter request filter added forbidden trait COMPUTE_STATUS_DISABLED {{(pid=96423) compute_status_filter /opt/stack/nova/nova/scheduler/request_filter.py:253}}
Jun 29 13:39:58.651251 np0000003914 nova-scheduler[96423]: DEBUG nova.scheduler.request_filter [None req-b938726c-417c-45e2-aa1a-e99a1ec33623 tempest-AttachVolumeNegativeTest-1002026652 tempest-AttachVolumeNegativeTest-1002026652-project-member] Request filter 'compute_status_filter' took 0.0 seconds {{(pid=96423) wrapper /opt/stack/nova/nova/scheduler/request_filter.py:46}}
Jun 29 13:39:58.651714 np0000003914 nova-scheduler[96423]: DEBUG nova.scheduler.request_filter [None req-b938726c-417c-45e2-aa1a-e99a1ec33623 tempest-AttachVolumeNegativeTest-1002026652 tempest-AttachVolumeNegativeTest-1002026652-project-member] Request filter 'accelerators_filter' took 0.0 seconds {{(pid=96423) wrapper /opt/stack/nova/nova/scheduler/request_filter.py:46}}
Jun 29 13:39:58.652124 np0000003914 nova-scheduler[96423]: DEBUG nova.scheduler.request_filter [None req-b938726c-417c-45e2-aa1a-e99a1ec33623 tempest-AttachVolumeNegativeTest-1002026652 tempest-AttachVolumeNegativeTest-1002026652-project-member] Request filter 'packed_virtqueue_filter' took 0.0 seconds {{(pid=96423) wrapper /opt/stack/nova/nova/scheduler/request_filter.py:46}}
Jun 29 13:39:58.653217 np0000003914 nova-scheduler[96423]: DEBUG nova.scheduler.request_filter [None req-b938726c-417c-45e2-aa1a-e99a1ec33623 tempest-AttachVolumeNegativeTest-1002026652 tempest-AttachVolumeNegativeTest-1002026652-project-member] Request filter 'remote_managed_ports_filter' took 0.0 seconds {{(pid=96423) wrapper /opt/stack/nova/nova/scheduler/request_filter.py:46}}
Jun 29 13:39:58.653217 np0000003914 nova-scheduler[96423]: DEBUG nova.scheduler.request_filter [None req-b938726c-417c-45e2-aa1a-e99a1ec33623 tempest-AttachVolumeNegativeTest-1002026652 tempest-AttachVolumeNegativeTest-1002026652-project-member] ephemeral_encryption_filter skipped {{(pid=96423) ephemeral_encryption_filter /opt/stack/nova/nova/scheduler/request_filter.py:426}}
Jun 29 13:39:58.653217 np0000003914 nova-scheduler[96423]: DEBUG nova.scheduler.request_filter [None req-b938726c-417c-45e2-aa1a-e99a1ec33623 tempest-AttachVolumeNegativeTest-1002026652 tempest-AttachVolumeNegativeTest-1002026652-project-member] virtio_sound_filter skipped {{(pid=96423) virtio_sound_filter /opt/stack/nova/nova/scheduler/request_filter.py:460}}
Jun 29 13:39:58.653447 np0000003914 nova-scheduler[96423]: DEBUG nova.scheduler.request_filter [None req-b938726c-417c-45e2-aa1a-e99a1ec33623 tempest-AttachVolumeNegativeTest-1002026652 tempest-AttachVolumeNegativeTest-1002026652-project-member] tpm_secret_security_filter skipped {{(pid=96423) tpm_secret_security_filter /opt/stack/nova/nova/scheduler/request_filter.py:477}}
Jun 29 13:39:58.684344 np0000003914 nova-scheduler[96418]: INFO nova.utils [None req-7a92f295-e560-4a89-b9d6-be1ac8e1a698 tempest-ServersNegativeTestJSON-1996800323 tempest-ServersNegativeTestJSON-1996800323-project-member] The cell worker thread pool ForkProcess-1.cell_worker is initialized
Jun 29 13:39:58.684753 np0000003914 nova-scheduler[96418]: DEBUG oslo_concurrency.lockutils [None req-7a92f295-e560-4a89-b9d6-be1ac8e1a698 tempest-ServersNegativeTestJSON-1996800323 tempest-ServersNegativeTestJSON-1996800323-project-member] Acquiring lock "95c55880-e6ed-44fd-9250-b5b0e6620c7d" by "nova.context.set_target_cell..get_or_set_cached_cell_and_set_connections" {{(pid=96418) inner /opt/stack/data/venv/lib/python3.12/site-packages/oslo_concurrency/lockutils.py:511}}
Jun 29 13:39:58.685058 np0000003914 nova-scheduler[96418]: DEBUG oslo_concurrency.lockutils [None req-7a92f295-e560-4a89-b9d6-be1ac8e1a698 tempest-ServersNegativeTestJSON-1996800323 tempest-ServersNegativeTestJSON-1996800323-project-member] Lock "95c55880-e6ed-44fd-9250-b5b0e6620c7d" acquired by "nova.context.set_target_cell..get_or_set_cached_cell_and_set_connections" :: waited 0.000s {{(pid=96418) inner /opt/stack/data/venv/lib/python3.12/site-packages/oslo_concurrency/lockutils.py:524}}
Jun 29 13:39:58.687047 np0000003914 nova-scheduler[96418]: DEBUG oslo_concurrency.lockutils [None req-7a92f295-e560-4a89-b9d6-be1ac8e1a698 tempest-ServersNegativeTestJSON-1996800323 tempest-ServersNegativeTestJSON-1996800323-project-member] Lock "95c55880-e6ed-44fd-9250-b5b0e6620c7d" "released" by "nova.context.set_target_cell..get_or_set_cached_cell_and_set_connections" :: held 0.002s {{(pid=96418) inner /opt/stack/data/venv/lib/python3.12/site-packages/oslo_concurrency/lockutils.py:543}}
Jun 29 13:39:58.689675 np0000003914 nova-scheduler[96418]: INFO dbcounter [None req-7a92f295-e560-4a89-b9d6-be1ac8e1a698 tempest-ServersNegativeTestJSON-1996800323 tempest-ServersNegativeTestJSON-1996800323-project-member] Registered counter for database nova_cell1
Jun 29 13:39:58.752913 np0000003914 nova-scheduler[96418]: DEBUG oslo_db.sqlalchemy.engines [None req-7a92f295-e560-4a89-b9d6-be1ac8e1a698 tempest-ServersNegativeTestJSON-1996800323 tempest-ServersNegativeTestJSON-1996800323-project-member] MySQL server mode set to STRICT_TRANS_TABLES,STRICT_ALL_TABLES,NO_ZERO_IN_DATE,NO_ZERO_DATE,ERROR_FOR_DIVISION_BY_ZERO,TRADITIONAL,NO_ENGINE_SUBSTITUTION {{(pid=96418) _check_effective_sql_mode /opt/stack/data/venv/lib/python3.12/site-packages/oslo_db/sqlalchemy/engines.py:325}}
Jun 29 13:39:58.761022 np0000003914 nova-scheduler[96418]: DEBUG dbcounter [-] [96418] Writer thread running {{(pid=96418) stat_writer /opt/stack/data/venv/lib/python3.12/site-packages/dbcounter.py:102}}
Jun 29 13:39:58.787688 np0000003914 nova-scheduler[96418]: DEBUG oslo_db.sqlalchemy.engines [None req-7a92f295-e560-4a89-b9d6-be1ac8e1a698 tempest-ServersNegativeTestJSON-1996800323 tempest-ServersNegativeTestJSON-1996800323-project-member] Parent process 95168 forked (96418) with an open database connection, which is being discarded and recreated. {{(pid=96418) checkout /opt/stack/data/venv/lib/python3.12/site-packages/oslo_db/sqlalchemy/engines.py:402}}
Jun 29 13:39:58.794473 np0000003914 nova-scheduler[96423]: INFO nova.utils [None req-b938726c-417c-45e2-aa1a-e99a1ec33623 tempest-AttachVolumeNegativeTest-1002026652 tempest-AttachVolumeNegativeTest-1002026652-project-member] The cell worker thread pool ForkProcess-2.cell_worker is initialized
Jun 29 13:39:58.795039 np0000003914 nova-scheduler[96423]: DEBUG oslo_concurrency.lockutils [None req-b938726c-417c-45e2-aa1a-e99a1ec33623 tempest-AttachVolumeNegativeTest-1002026652 tempest-AttachVolumeNegativeTest-1002026652-project-member] Acquiring lock "95c55880-e6ed-44fd-9250-b5b0e6620c7d" by "nova.context.set_target_cell..get_or_set_cached_cell_and_set_connections" {{(pid=96423) inner /opt/stack/data/venv/lib/python3.12/site-packages/oslo_concurrency/lockutils.py:511}}
Jun 29 13:39:58.795700 np0000003914 nova-scheduler[96423]: DEBUG oslo_concurrency.lockutils [None req-b938726c-417c-45e2-aa1a-e99a1ec33623 tempest-AttachVolumeNegativeTest-1002026652 tempest-AttachVolumeNegativeTest-1002026652-project-member] Lock "95c55880-e6ed-44fd-9250-b5b0e6620c7d" acquired by "nova.context.set_target_cell..get_or_set_cached_cell_and_set_connections" :: waited 0.000s {{(pid=96423) inner /opt/stack/data/venv/lib/python3.12/site-packages/oslo_concurrency/lockutils.py:524}}
Jun 29 13:39:58.797191 np0000003914 nova-scheduler[96423]: DEBUG oslo_concurrency.lockutils [None req-b938726c-417c-45e2-aa1a-e99a1ec33623 tempest-AttachVolumeNegativeTest-1002026652 tempest-AttachVolumeNegativeTest-1002026652-project-member] Lock "95c55880-e6ed-44fd-9250-b5b0e6620c7d" "released" by "nova.context.set_target_cell..get_or_set_cached_cell_and_set_connections" :: held 0.002s {{(pid=96423) inner /opt/stack/data/venv/lib/python3.12/site-packages/oslo_concurrency/lockutils.py:543}}
Jun 29 13:39:58.799849 np0000003914 nova-scheduler[96423]: INFO dbcounter [None req-b938726c-417c-45e2-aa1a-e99a1ec33623 tempest-AttachVolumeNegativeTest-1002026652 tempest-AttachVolumeNegativeTest-1002026652-project-member] Registered counter for database nova_cell1
Jun 29 13:39:58.845981 np0000003914 nova-scheduler[96418]: DEBUG dbcounter [-] [96418] Writer thread running {{(pid=96418) stat_writer /opt/stack/data/venv/lib/python3.12/site-packages/dbcounter.py:102}}
Jun 29 13:39:58.849292 np0000003914 nova-scheduler[96418]: DEBUG oslo_concurrency.lockutils [None req-7a92f295-e560-4a89-b9d6-be1ac8e1a698 tempest-ServersNegativeTestJSON-1996800323 tempest-ServersNegativeTestJSON-1996800323-project-member] Acquiring lock "95c55880-e6ed-44fd-9250-b5b0e6620c7d" by "nova.context.set_target_cell..get_or_set_cached_cell_and_set_connections" {{(pid=96418) inner /opt/stack/data/venv/lib/python3.12/site-packages/oslo_concurrency/lockutils.py:511}}
Jun 29 13:39:58.849428 np0000003914 nova-scheduler[96418]: DEBUG oslo_concurrency.lockutils [None req-7a92f295-e560-4a89-b9d6-be1ac8e1a698 tempest-ServersNegativeTestJSON-1996800323 tempest-ServersNegativeTestJSON-1996800323-project-member] Lock "95c55880-e6ed-44fd-9250-b5b0e6620c7d" acquired by "nova.context.set_target_cell..get_or_set_cached_cell_and_set_connections" :: waited 0.000s {{(pid=96418) inner /opt/stack/data/venv/lib/python3.12/site-packages/oslo_concurrency/lockutils.py:524}}
Jun 29 13:39:58.849566 np0000003914 nova-scheduler[96418]: DEBUG oslo_concurrency.lockutils [None req-7a92f295-e560-4a89-b9d6-be1ac8e1a698 tempest-ServersNegativeTestJSON-1996800323 tempest-ServersNegativeTestJSON-1996800323-project-member] Lock "95c55880-e6ed-44fd-9250-b5b0e6620c7d" "released" by "nova.context.set_target_cell..get_or_set_cached_cell_and_set_connections" :: held 0.000s {{(pid=96418) inner /opt/stack/data/venv/lib/python3.12/site-packages/oslo_concurrency/lockutils.py:543}}
