Jul 28 18:20:30.632720 np0000006038 devstack@neutron-api.service[87706]: DEBUG neutron.plugins.ml2.drivers.ovn.mech_driver.ovsdb.ovsdb_monitor [None req-7e58d06d-2471-461e-b9e4-f1f25de33f97 None None] Hash Ring: Node 240962e53799545d91e42bda890bb008 (host: np0000006038) handling event "create" for row 402f09a9-467a-4b44-b007-cedda1fdd149 (table: NB_Global) {{(pid=87706) notify /opt/stack/neutron/neutron/plugins/ml2/drivers/ovn/mech_driver/ovsdb/ovsdb_monitor.py:1013}}
Jul 28 18:20:30.632909 np0000006038 devstack@neutron-api.service[87706]: DEBUG neutron.plugins.ml2.drivers.ovn.mech_driver.ovsdb.ovsdb_monitor [None req-7e58d06d-2471-461e-b9e4-f1f25de33f97 None None] Hash Ring: Node 240962e53799545d91e42bda890bb008 (host: np0000006038) handling event "create" for row c944d9c7-a97f-4362-95a9-33f453260781 (table: Port_Group) {{(pid=87706) notify /opt/stack/neutron/neutron/plugins/ml2/drivers/ovn/mech_driver/ovsdb/ovsdb_monitor.py:1013}}
Jul 28 18:20:30.633766 np0000006038 devstack@neutron-api.service[87706]: INFO neutron.plugins.ml2.drivers.ovn.mech_driver.ovsdb.impl_idl_ovn [None req-7e58d06d-2471-461e-b9e4-f1f25de33f97 None None] Getting OvsdbSbOvnIdl for WorkerService with retry
Jul 28 18:20:30.634337 np0000006038 devstack@neutron-api.service[87705]: DEBUG ovsdbapp.backend.ovs_idl [None req-f84051db-a0a2-415d-9878-a654a65350ed None None] Created lookup_table index Chassis.name {{(pid=87705) autocreate_indices /opt/stack/data/venv/lib/python3.12/site-packages/ovsdbapp/backend/ovs_idl/__init__.py:87}}
Jul 28 18:20:30.634450 np0000006038 devstack@neutron-api.service[87705]: DEBUG ovsdbapp.backend.ovs_idl [None req-f84051db-a0a2-415d-9878-a654a65350ed None None] Created lookup_table index Port_Binding.logical_port {{(pid=87705) autocreate_indices /opt/stack/data/venv/lib/python3.12/site-packages/ovsdbapp/backend/ovs_idl/__init__.py:87}}
Jul 28 18:20:30.634541 np0000006038 devstack@neutron-api.service[87705]: DEBUG ovsdbapp.backend.ovs_idl [None req-f84051db-a0a2-415d-9878-a654a65350ed None None] Created schema index Chassis_Private.name {{(pid=87705) autocreate_indices /opt/stack/data/venv/lib/python3.12/site-packages/ovsdbapp/backend/ovs_idl/__init__.py:106}}
Jul 28 18:20:30.634629 np0000006038 devstack@neutron-api.service[87705]: DEBUG ovsdbapp.backend.ovs_idl [None req-f84051db-a0a2-415d-9878-a654a65350ed None None] Created schema index Datapath_Binding.tunnel_key {{(pid=87705) autocreate_indices /opt/stack/data/venv/lib/python3.12/site-packages/ovsdbapp/backend/ovs_idl/__init__.py:106}}
Jul 28 18:20:30.639515 np0000006038 devstack@neutron-api.service[87705]: INFO ovsdbapp.backend.ovs_idl.vlog [None req-f84051db-a0a2-415d-9878-a654a65350ed None None] ssl:10.4.3.179:6642: connecting...
Jul 28 18:20:30.644260 np0000006038 devstack@neutron-api.service[87705]: INFO ovsdbapp.backend.ovs_idl.vlog [None req-f84051db-a0a2-415d-9878-a654a65350ed None None] ssl:10.4.3.179:6642: connected
Jul 28 18:20:30.658522 np0000006038 devstack@neutron-api.service[87706]: DEBUG ovsdbapp.backend.ovs_idl [None req-7e58d06d-2471-461e-b9e4-f1f25de33f97 None None] Created lookup_table index Chassis.name {{(pid=87706) autocreate_indices /opt/stack/data/venv/lib/python3.12/site-packages/ovsdbapp/backend/ovs_idl/__init__.py:87}}
Jul 28 18:20:30.658616 np0000006038 devstack@neutron-api.service[87706]: DEBUG ovsdbapp.backend.ovs_idl [None req-7e58d06d-2471-461e-b9e4-f1f25de33f97 None None] Created lookup_table index Port_Binding.logical_port {{(pid=87706) autocreate_indices /opt/stack/data/venv/lib/python3.12/site-packages/ovsdbapp/backend/ovs_idl/__init__.py:87}}
Jul 28 18:20:30.658712 np0000006038 devstack@neutron-api.service[87706]: DEBUG ovsdbapp.backend.ovs_idl [None req-7e58d06d-2471-461e-b9e4-f1f25de33f97 None None] Created schema index Chassis_Private.name {{(pid=87706) autocreate_indices /opt/stack/data/venv/lib/python3.12/site-packages/ovsdbapp/backend/ovs_idl/__init__.py:106}}
Jul 28 18:20:30.658823 np0000006038 devstack@neutron-api.service[87706]: DEBUG ovsdbapp.backend.ovs_idl [None req-7e58d06d-2471-461e-b9e4-f1f25de33f97 None None] Created schema index Datapath_Binding.tunnel_key {{(pid=87706) autocreate_indices /opt/stack/data/venv/lib/python3.12/site-packages/ovsdbapp/backend/ovs_idl/__init__.py:106}}
Jul 28 18:20:30.660951 np0000006038 devstack@neutron-api.service[87706]: INFO ovsdbapp.backend.ovs_idl.vlog [None req-7e58d06d-2471-461e-b9e4-f1f25de33f97 None None] ssl:10.4.3.179:6642: connecting...
Jul 28 18:20:30.665229 np0000006038 devstack@neutron-api.service[87706]: INFO ovsdbapp.backend.ovs_idl.vlog [None req-7e58d06d-2471-461e-b9e4-f1f25de33f97 None None] ssl:10.4.3.179:6642: connected
Jul 28 18:20:30.667864 np0000006038 devstack@neutron-api.service[87705]: DEBUG neutron.common.ovn.hash_ring_manager [None req-f84051db-a0a2-415d-9878-a654a65350ed None None] Allow caching, nodes 3>=3 {{(pid=87705) _wait_startup_before_caching /opt/stack/neutron/neutron/common/ovn/hash_ring_manager.py:71}}
Jul 28 18:20:30.673311 np0000006038 devstack@neutron-api.service[87705]: DEBUG neutron.common.ovn.hash_ring_manager [None req-f84051db-a0a2-415d-9878-a654a65350ed None None] Hash Ring loaded. 3 active nodes. 0 offline nodes {{(pid=87705) _load_hash_ring /opt/stack/neutron/neutron/common/ovn/hash_ring_manager.py:110}}
Jul 28 18:20:30.673869 np0000006038 devstack@neutron-api.service[87705]: DEBUG ovsdbapp.backend.ovs_idl.event [None req-f84051db-a0a2-415d-9878-a654a65350ed None None] Matched CREATE: ChassisAgentWriteEvent(events=('create', 'update'), table='Chassis_Private', conditions=None, old_conditions=None), priority=20 to row=Chassis_Private(uuid=99cde5a9-a4ce-41c9-85f6-a24bee2158a3, chassis=816c7e8a-8d6b-43de-b668-3a3433b5f488, external_ids={'neutron:ovn-bridge': 'br-int', 'neutron:ovn-neutron-agent-id': '9e66a166-31dd-50a2-80ff-eac4732a77a9', 'neutron:ovn-neutron-agent-sb-cfg': '0'}, name='1b2c1eec-a028-4f81-bdc8-f197ac308959', nb_cfg=0, nb_cfg_timestamp=0) old= {{(pid=87705) matches /opt/stack/data/venv/lib/python3.12/site-packages/ovsdbapp/backend/ovs_idl/event.py:55}}
Jul 28 18:20:30.674223 np0000006038 devstack@neutron-api.service[87705]: DEBUG ovsdbapp.backend.ovs_idl.event [None req-f84051db-a0a2-415d-9878-a654a65350ed None None] Matched CREATE: ChassisOVNAgentWriteEvent(events=('create', 'update'), table='Chassis_Private', conditions=None, old_conditions=None), priority=20 to row=Chassis_Private(uuid=99cde5a9-a4ce-41c9-85f6-a24bee2158a3, chassis=816c7e8a-8d6b-43de-b668-3a3433b5f488, external_ids={'neutron:ovn-bridge': 'br-int', 'neutron:ovn-neutron-agent-id': '9e66a166-31dd-50a2-80ff-eac4732a77a9', 'neutron:ovn-neutron-agent-sb-cfg': '0'}, name='1b2c1eec-a028-4f81-bdc8-f197ac308959', nb_cfg=0, nb_cfg_timestamp=0) old= {{(pid=87705) matches /opt/stack/data/venv/lib/python3.12/site-packages/ovsdbapp/backend/ovs_idl/event.py:55}}
Jul 28 18:20:30.674514 np0000006038 devstack@neutron-api.service[87705]: DEBUG neutron.plugins.ml2.drivers.ovn.mech_driver.ovsdb.ovsdb_monitor [None req-f84051db-a0a2-415d-9878-a654a65350ed None None] Hash Ring: Node 9c7f86a62e38524fb7f18c624be89eb4 (host: np0000006038) handling event "create" for row 3a3a9588-8bfe-4b0a-9da1-2e2894c37ebe (table: Encap) {{(pid=87705) notify /opt/stack/neutron/neutron/plugins/ml2/drivers/ovn/mech_driver/ovsdb/ovsdb_monitor.py:1013}}
Jul 28 18:20:30.676019 np0000006038 devstack@neutron-api.service[87705]: INFO neutron.plugins.ml2.drivers.ovn.mech_driver.mech_driver [None req-f84051db-a0a2-415d-9878-a654a65350ed None None] WorkerService process has finished the post initialization
Jul 28 18:20:30.676299 np0000006038 devstack@neutron-api.service[87705]: DEBUG oslo_concurrency.processutils [None req-f84051db-a0a2-415d-9878-a654a65350ed None None] Running cmd (subprocess): ovsdb-client transact ssl:10.4.3.179:6641 --timeout 180 -p /opt/stack/data/CA/int-ca/private/devstack-cert.key -c /opt/stack/data/CA/int-ca/devstack-cert.crt -C /opt/stack/data/CA/int-ca/ca-chain.pem ["OVN_Northbound", {"op": "wait", "timeout": 0, "table": "Port_Group", "where": [["name", "==", "pvlan_pg_drop"]], "until": "==", "rows": []}, {"op": "insert", "table": "ACL", "row": {"action": "drop", "direction": "to-lport", "match": "outport == @pvlan_pg_drop && ip", "priority": 1010}, "uuid-name": "pvlandroptoport"}, {"op": "insert", "table": "ACL", "row": {"action": "drop", "direction": "from-lport", "match": "inport == @pvlan_pg_drop && ip", "priority": 1010}, "uuid-name": "pvlandropfromport"}, {"op": "insert", "table": "Port_Group", "row": {"name": "pvlan_pg_drop", "acls": ["set", [["named-uuid", "pvlandroptoport"], ["named-uuid", "pvlandropfromport"]]]}}] {{(pid=87705) execute /opt/stack/data/venv/lib/python3.12/site-packages/oslo_concurrency/processutils.py:440}}
Jul 28 18:20:30.689001 np0000006038 devstack@neutron-api.service[87706]: DEBUG neutron.common.ovn.hash_ring_manager [None req-7e58d06d-2471-461e-b9e4-f1f25de33f97 None None] Allow caching, nodes 3>=3 {{(pid=87706) _wait_startup_before_caching /opt/stack/neutron/neutron/common/ovn/hash_ring_manager.py:71}}
Jul 28 18:20:30.693353 np0000006038 devstack@neutron-api.service[87706]: DEBUG neutron.common.ovn.hash_ring_manager [None req-7e58d06d-2471-461e-b9e4-f1f25de33f97 None None] Hash Ring loaded. 3 active nodes. 0 offline nodes {{(pid=87706) _load_hash_ring /opt/stack/neutron/neutron/common/ovn/hash_ring_manager.py:110}}
Jul 28 18:20:30.693353 np0000006038 devstack@neutron-api.service[87706]: DEBUG ovsdbapp.backend.ovs_idl.event [None req-7e58d06d-2471-461e-b9e4-f1f25de33f97 None None] Matched CREATE: ChassisOVNAgentWriteEvent(events=('create', 'update'), table='Chassis_Private', conditions=None, old_conditions=None), priority=20 to row=Chassis_Private(uuid=99cde5a9-a4ce-41c9-85f6-a24bee2158a3, chassis=816c7e8a-8d6b-43de-b668-3a3433b5f488, external_ids={'neutron:ovn-bridge': 'br-int', 'neutron:ovn-neutron-agent-id': '9e66a166-31dd-50a2-80ff-eac4732a77a9', 'neutron:ovn-neutron-agent-sb-cfg': '0'}, name='1b2c1eec-a028-4f81-bdc8-f197ac308959', nb_cfg=0, nb_cfg_timestamp=0) old= {{(pid=87706) matches /opt/stack/data/venv/lib/python3.12/site-packages/ovsdbapp/backend/ovs_idl/event.py:55}}
Jul 28 18:20:30.693520 np0000006038 devstack@neutron-api.service[87706]: DEBUG ovsdbapp.backend.ovs_idl.event [None req-7e58d06d-2471-461e-b9e4-f1f25de33f97 None None] Matched CREATE: ChassisAgentWriteEvent(events=('create', 'update'), table='Chassis_Private', conditions=None, old_conditions=None), priority=20 to row=Chassis_Private(uuid=99cde5a9-a4ce-41c9-85f6-a24bee2158a3, chassis=816c7e8a-8d6b-43de-b668-3a3433b5f488, external_ids={'neutron:ovn-bridge': 'br-int', 'neutron:ovn-neutron-agent-id': '9e66a166-31dd-50a2-80ff-eac4732a77a9', 'neutron:ovn-neutron-agent-sb-cfg': '0'}, name='1b2c1eec-a028-4f81-bdc8-f197ac308959', nb_cfg=0, nb_cfg_timestamp=0) old= {{(pid=87706) matches /opt/stack/data/venv/lib/python3.12/site-packages/ovsdbapp/backend/ovs_idl/event.py:55}}
Jul 28 18:20:30.694442 np0000006038 devstack@neutron-api.service[87706]: INFO neutron.plugins.ml2.drivers.ovn.mech_driver.mech_driver [None req-7e58d06d-2471-461e-b9e4-f1f25de33f97 None None] WorkerService process has finished the post initialization
Jul 28 18:20:30.694753 np0000006038 devstack@neutron-api.service[87706]: DEBUG oslo_concurrency.processutils [None req-7e58d06d-2471-461e-b9e4-f1f25de33f97 None None] Running cmd (subprocess): ovsdb-client transact ssl:10.4.3.179:6641 --timeout 180 -p /opt/stack/data/CA/int-ca/private/devstack-cert.key -c /opt/stack/data/CA/int-ca/devstack-cert.crt -C /opt/stack/data/CA/int-ca/ca-chain.pem ["OVN_Northbound", {"op": "wait", "timeout": 0, "table": "Port_Group", "where": [["name", "==", "pvlan_pg_drop"]], "until": "==", "rows": []}, {"op": "insert", "table": "ACL", "row": {"action": "drop", "direction": "to-lport", "match": "outport == @pvlan_pg_drop && ip", "priority": 1010}, "uuid-name": "pvlandroptoport"}, {"op": "insert", "table": "ACL", "row": {"action": "drop", "direction": "from-lport", "match": "inport == @pvlan_pg_drop && ip", "priority": 1010}, "uuid-name": "pvlandropfromport"}, {"op": "insert", "table": "Port_Group", "row": {"name": "pvlan_pg_drop", "acls": ["set", [["named-uuid", "pvlandroptoport"], ["named-uuid", "pvlandropfromport"]]]}}] {{(pid=87706) execute /opt/stack/data/venv/lib/python3.12/site-packages/oslo_concurrency/processutils.py:440}}
Jul 28 18:20:30.698389 np0000006038 devstack@neutron-api.service[87705]: DEBUG oslo_concurrency.processutils [None req-f84051db-a0a2-415d-9878-a654a65350ed None None] CMD "ovsdb-client transact ssl:10.4.3.179:6641 --timeout 180 -p /opt/stack/data/CA/int-ca/private/devstack-cert.key -c /opt/stack/data/CA/int-ca/devstack-cert.crt -C /opt/stack/data/CA/int-ca/ca-chain.pem ["OVN_Northbound", {"op": "wait", "timeout": 0, "table": "Port_Group", "where": [["name", "==", "pvlan_pg_drop"]], "until": "==", "rows": []}, {"op": "insert", "table": "ACL", "row": {"action": "drop", "direction": "to-lport", "match": "outport == @pvlan_pg_drop && ip", "priority": 1010}, "uuid-name": "pvlandroptoport"}, {"op": "insert", "table": "ACL", "row": {"action": "drop", "direction": "from-lport", "match": "inport == @pvlan_pg_drop && ip", "priority": 1010}, "uuid-name": "pvlandropfromport"}, {"op": "insert", "table": "Port_Group", "row": {"name": "pvlan_pg_drop", "acls": ["set", [["named-uuid", "pvlandroptoport"], ["named-uuid", "pvlandropfromport"]]]}}]" returned: 0 in 0.022s {{(pid=87705) execute /opt/stack/data/venv/lib/python3.12/site-packages/oslo_concurrency/processutils.py:468}}
Jul 28 18:20:30.701128 np0000006038 devstack@neutron-api.service[87705]: WSGI app 0 (mountpoint='') ready in 6 seconds on interpreter 0x75b9d18a4668 pid: 87705 (default app)
Jul 28 18:20:30.717668 np0000006038 devstack@neutron-api.service[87706]: DEBUG oslo_concurrency.processutils [None req-7e58d06d-2471-461e-b9e4-f1f25de33f97 None None] CMD "ovsdb-client transact ssl:10.4.3.179:6641 --timeout 180 -p /opt/stack/data/CA/int-ca/private/devstack-cert.key -c /opt/stack/data/CA/int-ca/devstack-cert.crt -C /opt/stack/data/CA/int-ca/ca-chain.pem ["OVN_Northbound", {"op": "wait", "timeout": 0, "table": "Port_Group", "where": [["name", "==", "pvlan_pg_drop"]], "until": "==", "rows": []}, {"op": "insert", "table": "ACL", "row": {"action": "drop", "direction": "to-lport", "match": "outport == @pvlan_pg_drop && ip", "priority": 1010}, "uuid-name": "pvlandroptoport"}, {"op": "insert", "table": "ACL", "row": {"action": "drop", "direction": "from-lport", "match": "inport == @pvlan_pg_drop && ip", "priority": 1010}, "uuid-name": "pvlandropfromport"}, {"op": "insert", "table": "Port_Group", "row": {"name": "pvlan_pg_drop", "acls": ["set", [["named-uuid", "pvlandroptoport"], ["named-uuid", "pvlandropfromport"]]]}}]" returned: 0 in 0.023s {{(pid=87706) execute /opt/stack/data/venv/lib/python3.12/site-packages/oslo_concurrency/processutils.py:468}}
Jul 28 18:20:30.719673 np0000006038 devstack@neutron-api.service[87706]: WSGI app 0 (mountpoint='') ready in 6 seconds on interpreter 0x75b9d18a4668 pid: 87706 (default app)
Jul 28 18:20:31.530435 np0000006038 devstack@neutron-api.service[87706]: DEBUG neutron.plugins.ml2.drivers.ovn.mech_driver.ovsdb.ovsdb_monitor [-] Hash Ring: Node 240962e53799545d91e42bda890bb008 (host: np0000006038) handling event "update" for row 9ef51e79-dff6-4e02-9df1-cc53599baf5c (table: Connection) {{(pid=87706) notify /opt/stack/neutron/neutron/plugins/ml2/drivers/ovn/mech_driver/ovsdb/ovsdb_monitor.py:1013}}
Jul 28 18:20:31.533618 np0000006038 devstack@neutron-api.service[87704]: DEBUG neutron.common.ovn.hash_ring_manager [-] Allow caching, nodes 3>=3 {{(pid=87704) _wait_startup_before_caching /opt/stack/neutron/neutron/common/ovn/hash_ring_manager.py:71}}
Jul 28 18:20:31.533618 np0000006038 devstack@neutron-api.service[87704]: DEBUG neutron.plugins.ml2.drivers.ovn.mech_driver.ovsdb.ovsdb_monitor [-] Hash Ring: Node 01be27607303523c8d70bade91818f43 (host: np0000006038) handling event "update" for row 9ef51e79-dff6-4e02-9df1-cc53599baf5c (table: Connection) {{(pid=87704) notify /opt/stack/neutron/neutron/plugins/ml2/drivers/ovn/mech_driver/ovsdb/ovsdb_monitor.py:1013}}
Jul 28 18:20:34.030902 np0000006038 devstack@neutron-api.service[87706]: DEBUG neutron.plugins.ml2.drivers.ovn.mech_driver.ovsdb.ovsdb_monitor [-] Hash Ring: Node 240962e53799545d91e42bda890bb008 (host: np0000006038) handling event "update" for row 9ef51e79-dff6-4e02-9df1-cc53599baf5c (table: Connection) {{(pid=87706) notify /opt/stack/neutron/neutron/plugins/ml2/drivers/ovn/mech_driver/ovsdb/ovsdb_monitor.py:1013}}
Jul 28 18:20:34.031790 np0000006038 devstack@neutron-api.service[87704]: DEBUG neutron.plugins.ml2.drivers.ovn.mech_driver.ovsdb.ovsdb_monitor [-] Hash Ring: Node 01be27607303523c8d70bade91818f43 (host: np0000006038) handling event "update" for row 9ef51e79-dff6-4e02-9df1-cc53599baf5c (table: Connection) {{(pid=87704) notify /opt/stack/neutron/neutron/plugins/ml2/drivers/ovn/mech_driver/ovsdb/ovsdb_monitor.py:1013}}
Jul 28 18:20:34.438316 np0000006038 devstack@neutron-api.service[87704]: DEBUG neutron.api.wsgi [None req-8c2a2211-8bc8-4026-8cd3-65335df9d5df admin admin] Missing Content-Type {{(pid=87704) get_content_type /opt/stack/neutron/neutron/api/wsgi.py:80}}
Jul 28 18:20:34.438764 np0000006038 devstack@neutron-api.service[87704]: DEBUG neutron.api.wsgi [None req-8c2a2211-8bc8-4026-8cd3-65335df9d5df admin admin] https://10.4.3.179/networking/v2.0/extensions returned with HTTP 200 {{(pid=87704) __call__ /opt/stack/neutron/neutron/api/wsgi.py:540}}
Jul 28 18:20:34.439200 np0000006038 devstack@neutron-api.service[87704]: [pid: 87704|app: 0|req: 2/2] 10.4.3.179 () {64 vars in 1292 bytes} [Tue Jul 28 18:20:33 2026] GET /networking/v2.0/extensions => generated 16171 bytes in 547 msecs (HTTP/1.1 200) 4 headers in 159 bytes (1 switches on core 0)
Jul 28 18:20:34.784087 np0000006038 devstack@neutron-api.service[87705]: DEBUG neutron.api.v2.base [None req-0b7f02cf-363c-4935-bcc7-734fd942b90e admin admin] Request body: {'subnetpool': {'name': 'shared-default-subnetpool-v4', 'default_prefixlen': 26, 'shared': True, 'is_default': True, 'prefixes': ['10.1.0.0/20']}} {{(pid=87705) prepare_request_body /opt/stack/neutron/neutron/api/v2/base.py:727}}
Jul 28 18:20:34.966091 np0000006038 devstack@neutron-api.service[87705]: DEBUG neutron.policy [None req-0b7f02cf-363c-4935-bcc7-734fd942b90e admin admin] Loaded default policies from ['neutron'] under neutron.policies entry points {{(pid=87705) register_rules /opt/stack/neutron/neutron/policy.py:65}}
Jul 28 18:20:35.094605 np0000006038 devstack@neutron-api.service[87705]: DEBUG neutron_lib.callbacks.manager [None req-0b7f02cf-363c-4935-bcc7-734fd942b90e admin admin] Publish callbacks ['neutron.objects.securitygroup.RbacNeutronDbObjectMixin.validate_rbac_policy_change-1546239754000', 'neutron.objects.address_group.RbacNeutronDbObjectMixin.validate_rbac_policy_change-1546239797215', 'neutron.objects.network.RbacNeutronDbObjectMixin.validate_rbac_policy_change-1546239644635', 'neutron.objects.qos.policy.RbacNeutronDbObjectMixin.validate_rbac_policy_change-1546239691806', 'neutron.objects.subnetpool.RbacNeutronDbObjectMixin.validate_rbac_policy_change-1546239675071', 'neutron.objects.address_scope.RbacNeutronDbObjectMixin.validate_rbac_policy_change-1546239676442', 'neutron.plugins.ml2.plugin.External_net_db_mixin._process_ext_policy_create-6907781', 'neutron.plugins.ml2.plugin.NeutronDbPluginV2.validate_network_rbac_policy_change-6901741'] for rbac-policy (None), before_create {{(pid=87705) _notify_loop /opt/stack/data/venv/lib/python3.12/site-packages/neutron_lib/callbacks/manager.py:184}}
Jul 28 18:20:35.136153 np0000006038 devstack@neutron-api.service[87705]: DEBUG neutron_lib.callbacks.manager [None req-0b7f02cf-363c-4935-bcc7-734fd942b90e admin admin] Publish callbacks [] for subnetpool (None), before_response {{(pid=87705) _notify_loop /opt/stack/data/venv/lib/python3.12/site-packages/neutron_lib/callbacks/manager.py:184}}
Jul 28 18:20:35.136656 np0000006038 devstack@neutron-api.service[87705]: [pid: 87705|app: 0|req: 1/3] 10.4.3.179 () {68 vars in 1336 bytes} [Tue Jul 28 18:20:34 2026] POST /networking/v2.0/subnetpools => generated 533 bytes in 446 msecs (HTTP/1.1 201) 4 headers in 162 bytes (1 switches on core 0)
Jul 28 18:20:35.425788 np0000006038 devstack@neutron-api.service[87706]: DEBUG neutron.api.v2.base [None req-7315bf0a-78bf-4515-b596-a6d13e3f6ee5 admin admin] Request body: {'subnetpool': {'name': 'shared-default-subnetpool-v6', 'default_prefixlen': 64, 'shared': True, 'is_default': True, 'prefixes': ['fdaf:5f3c:ecc4::/56']}} {{(pid=87706) prepare_request_body /opt/stack/neutron/neutron/api/v2/base.py:727}}
Jul 28 18:20:35.579223 np0000006038 devstack@neutron-api.service[87706]: DEBUG neutron.policy [None req-7315bf0a-78bf-4515-b596-a6d13e3f6ee5 admin admin] Loaded default policies from ['neutron'] under neutron.policies entry points {{(pid=87706) register_rules /opt/stack/neutron/neutron/policy.py:65}}
Jul 28 18:20:35.707905 np0000006038 devstack@neutron-api.service[87706]: DEBUG neutron_lib.callbacks.manager [None req-7315bf0a-78bf-4515-b596-a6d13e3f6ee5 admin admin] Publish callbacks ['neutron.objects.securitygroup.RbacNeutronDbObjectMixin.validate_rbac_policy_change-1546239802827', 'neutron.objects.address_group.RbacNeutronDbObjectMixin.validate_rbac_policy_change-1546239743188', 'neutron.objects.network.RbacNeutronDbObjectMixin.validate_rbac_policy_change-1546239631404', 'neutron.objects.qos.policy.RbacNeutronDbObjectMixin.validate_rbac_policy_change-1546239705418', 'neutron.objects.subnetpool.RbacNeutronDbObjectMixin.validate_rbac_policy_change-1546239737054', 'neutron.objects.address_scope.RbacNeutronDbObjectMixin.validate_rbac_policy_change-1546239731643', 'neutron.plugins.ml2.plugin.External_net_db_mixin._process_ext_policy_create-1452420', 'neutron.plugins.ml2.plugin.NeutronDbPluginV2.validate_network_rbac_policy_change-1444476'] for rbac-policy (None), before_create {{(pid=87706) _notify_loop /opt/stack/data/venv/lib/python3.12/site-packages/neutron_lib/callbacks/manager.py:184}}
Jul 28 18:20:35.747404 np0000006038 devstack@neutron-api.service[87706]: DEBUG neutron_lib.callbacks.manager [None req-7315bf0a-78bf-4515-b596-a6d13e3f6ee5 admin admin] Publish callbacks [] for subnetpool (None), before_response {{(pid=87706) _notify_loop /opt/stack/data/venv/lib/python3.12/site-packages/neutron_lib/callbacks/manager.py:184}}
Jul 28 18:20:35.748109 np0000006038 devstack@neutron-api.service[87706]: [pid: 87706|app: 0|req: 1/4] 10.4.3.179 () {68 vars in 1336 bytes} [Tue Jul 28 18:20:35 2026] POST /networking/v2.0/subnetpools => generated 543 bytes in 412 msecs (HTTP/1.1 201) 4 headers in 162 bytes (1 switches on core 0)
Jul 28 18:20:35.961728 np0000006038 devstack@neutron-api.service[87704]: DEBUG neutron.api.v2.base [None req-f6f1b9d1-c8a6-47d0-9a13-32530a981222 admin admin] Request body: {'network': {'name': 'private', 'admin_state_up': True}} {{(pid=87704) prepare_request_body /opt/stack/neutron/neutron/api/v2/base.py:727}}
Jul 28 18:20:35.986975 np0000006038 devstack@neutron-api.service[87704]: DEBUG neutron.pecan_wsgi.hooks.quota_enforcement [None req-f6f1b9d1-c8a6-47d0-9a13-32530a981222 admin admin] Made reservation on behalf of 2dde5cf916904032ae7188af40079977 for: {'network': 1} {{(pid=87704) before /opt/stack/neutron/neutron/pecan_wsgi/hooks/quota_enforcement.py:66}}
Jul 28 18:20:36.131127 np0000006038 devstack@neutron-api.service[87704]: DEBUG neutron.policy [None req-f6f1b9d1-c8a6-47d0-9a13-32530a981222 admin admin] Loaded default policies from ['neutron'] under neutron.policies entry points {{(pid=87704) register_rules /opt/stack/neutron/neutron/policy.py:65}}
Jul 28 18:20:36.216957 np0000006038 devstack@neutron-api.service[87704]: DEBUG neutron_lib.callbacks.manager [None req-f6f1b9d1-c8a6-47d0-9a13-32530a981222 admin admin] Publish callbacks ['neutron.plugins.ml2.plugin.SecurityGroupDbMixin._ensure_default_security_group_handler-1137843'] for network (None), before_create {{(pid=87704) _notify_loop /opt/stack/data/venv/lib/python3.12/site-packages/neutron_lib/callbacks/manager.py:184}}
Jul 28 18:20:36.247294 np0000006038 devstack@neutron-api.service[87704]: DEBUG neutron_lib.callbacks.manager [None req-f6f1b9d1-c8a6-47d0-9a13-32530a981222 admin admin] Publish callbacks [] for security_group (None), before_create {{(pid=87704) _notify_loop /opt/stack/data/venv/lib/python3.12/site-packages/neutron_lib/callbacks/manager.py:184}}
Jul 28 18:20:36.345512 np0000006038 devstack@neutron-api.service[87704]: DEBUG neutron_lib.callbacks.manager [None req-f6f1b9d1-c8a6-47d0-9a13-32530a981222 admin admin] Publish callbacks ['neutron.plugins.ml2.drivers.ovn.mech_driver.mech_driver.OVNMechanismDriver._create_security_group_precommit-988849'] for security_group (85846da4-22a7-4af9-a618-6df2a8c7c0c7), precommit_create {{(pid=87704) _notify_loop /opt/stack/data/venv/lib/python3.12/site-packages/neutron_lib/callbacks/manager.py:184}}
Jul 28 18:20:36.345648 np0000006038 devstack@neutron-api.service[87704]: DEBUG neutron.db.ovn_revision_numbers_db [None req-f6f1b9d1-c8a6-47d0-9a13-32530a981222 admin admin] create_initial_revision uuid=85846da4-22a7-4af9-a618-6df2a8c7c0c7, type=security_groups, rev=-1 {{(pid=87704) create_initial_revision /opt/stack/neutron/neutron/db/ovn_revision_numbers_db.py:98}}
Jul 28 18:20:36.347981 np0000006038 devstack@neutron-api.service[87704]: DEBUG neutron.db.ovn_revision_numbers_db [None req-f6f1b9d1-c8a6-47d0-9a13-32530a981222 admin admin] create_initial_revision uuid=345f87e9-b77e-42a8-a229-cfce2e45295c, type=security_group_rules, rev=-1 {{(pid=87704) create_initial_revision /opt/stack/neutron/neutron/db/ovn_revision_numbers_db.py:98}}
Jul 28 18:20:36.348969 np0000006038 devstack@neutron-api.service[87704]: DEBUG neutron.db.ovn_revision_numbers_db [None req-f6f1b9d1-c8a6-47d0-9a13-32530a981222 admin admin] create_initial_revision uuid=66fb9909-16de-480f-bc06-df1b71e9a19f, type=security_group_rules, rev=-1 {{(pid=87704) create_initial_revision /opt/stack/neutron/neutron/db/ovn_revision_numbers_db.py:98}}
Jul 28 18:20:36.349930 np0000006038 devstack@neutron-api.service[87704]: DEBUG neutron.db.ovn_revision_numbers_db [None req-f6f1b9d1-c8a6-47d0-9a13-32530a981222 admin admin] create_initial_revision uuid=8d6f9f34-156d-4b70-a55c-2f787bee7dd6, type=security_group_rules, rev=-1 {{(pid=87704) create_initial_revision /opt/stack/neutron/neutron/db/ovn_revision_numbers_db.py:98}}
Jul 28 18:20:36.351024 np0000006038 devstack@neutron-api.service[87704]: DEBUG neutron.db.ovn_revision_numbers_db [None req-f6f1b9d1-c8a6-47d0-9a13-32530a981222 admin admin] create_initial_revision uuid=b382acda-8079-4eae-8959-c78406885f9d, type=security_group_rules, rev=-1 {{(pid=87704) create_initial_revision /opt/stack/neutron/neutron/db/ovn_revision_numbers_db.py:98}}
Jul 28 18:20:36.365339 np0000006038 devstack@neutron-api.service[87704]: DEBUG neutron_lib.callbacks.manager [None req-f6f1b9d1-c8a6-47d0-9a13-32530a981222 admin admin] Publish callbacks ['neutron.plugins.ml2.drivers.ovn.mech_driver.mech_driver.OVNMechanismDriver._create_security_group-988859', 'neutron.plugins.ml2.ovo_rpc._ObjectChangeHandler.handle_event-3173433'] for security_group (85846da4-22a7-4af9-a618-6df2a8c7c0c7), after_create {{(pid=87704) _notify_loop /opt/stack/data/venv/lib/python3.12/site-packages/neutron_lib/callbacks/manager.py:184}}
Jul 28 18:20:36.366841 np0000006038 devstack@neutron-api.service[87704]: DEBUG ovsdbapp.backend.ovs_idl.transaction [-] Running txn n=1 command(idx=0): PgAddCommand(_result=None, name=pg_85846da4_22a7_4af9_a618_6df2a8c7c0c7, may_exist=False, columns={'acls': [], 'external_ids': {'neutron:security_group_id': '85846da4-22a7-4af9-a618-6df2a8c7c0c7'}}) {{(pid=87704) do_commit /opt/stack/data/venv/lib/python3.12/site-packages/ovsdbapp/backend/ovs_idl/transaction.py:89}}
Jul 28 18:20:36.367401 np0000006038 devstack@neutron-api.service[87704]: DEBUG ovsdbapp.backend.ovs_idl.transaction [-] Running txn n=1 command(idx=1): PgAclAddCommand(_result=None, entity=pg_85846da4_22a7_4af9_a618_6df2a8c7c0c7, direction=to-lport, priority=1002, match=outport == @pg_85846da4_22a7_4af9_a618_6df2a8c7c0c7 && ip4 && ip4.src == $pg_85846da4_22a7_4af9_a618_6df2a8c7c0c7_ip4, action=allow-related, log=False, may_exist=True, severity=[], name=[], meter=[], external_ids={'neutron:security_group_rule_id': '345f87e9-b77e-42a8-a229-cfce2e45295c'}) {{(pid=87704) do_commit /opt/stack/data/venv/lib/python3.12/site-packages/ovsdbapp/backend/ovs_idl/transaction.py:89}}
Jul 28 18:20:36.367769 np0000006038 devstack@neutron-api.service[87704]: DEBUG ovsdbapp.backend.ovs_idl.transaction [-] Running txn n=1 command(idx=2): PgAclAddCommand(_result=None, entity=pg_85846da4_22a7_4af9_a618_6df2a8c7c0c7, direction=from-lport, priority=1002, match=inport == @pg_85846da4_22a7_4af9_a618_6df2a8c7c0c7 && ip6, action=allow-related, log=False, may_exist=True, severity=[], name=[], meter=[], external_ids={'neutron:security_group_rule_id': '66fb9909-16de-480f-bc06-df1b71e9a19f'}) {{(pid=87704) do_commit /opt/stack/data/venv/lib/python3.12/site-packages/ovsdbapp/backend/ovs_idl/transaction.py:89}}
Jul 28 18:20:36.368046 np0000006038 devstack@neutron-api.service[87704]: DEBUG ovsdbapp.backend.ovs_idl.transaction [-] Running txn n=1 command(idx=3): PgAclAddCommand(_result=None, entity=pg_85846da4_22a7_4af9_a618_6df2a8c7c0c7, direction=to-lport, priority=1002, match=outport == @pg_85846da4_22a7_4af9_a618_6df2a8c7c0c7 && ip6 && ip6.src == $pg_85846da4_22a7_4af9_a618_6df2a8c7c0c7_ip6, action=allow-related, log=False, may_exist=True, severity=[], name=[], meter=[], external_ids={'neutron:security_group_rule_id': '8d6f9f34-156d-4b70-a55c-2f787bee7dd6'}) {{(pid=87704) do_commit /opt/stack/data/venv/lib/python3.12/site-packages/ovsdbapp/backend/ovs_idl/transaction.py:89}}
Jul 28 18:20:36.368246 np0000006038 devstack@neutron-api.service[87704]: DEBUG ovsdbapp.backend.ovs_idl.transaction [-] Running txn n=1 command(idx=4): PgAclAddCommand(_result=None, entity=pg_85846da4_22a7_4af9_a618_6df2a8c7c0c7, direction=from-lport, priority=1002, match=inport == @pg_85846da4_22a7_4af9_a618_6df2a8c7c0c7 && ip4, action=allow-related, log=False, may_exist=True, severity=[], name=[], meter=[], external_ids={'neutron:security_group_rule_id': 'b382acda-8079-4eae-8959-c78406885f9d'}) {{(pid=87704) do_commit /opt/stack/data/venv/lib/python3.12/site-packages/ovsdbapp/backend/ovs_idl/transaction.py:89}}
Jul 28 18:20:36.371914 np0000006038 devstack@neutron-api.service[87704]: DEBUG neutron.plugins.ml2.drivers.ovn.mech_driver.ovsdb.ovsdb_monitor [-] Hash Ring: Node 01be27607303523c8d70bade91818f43 (host: np0000006038) handling event "create" for row 0bbc052c-8786-4f46-ac8f-f116d885c6d9 (table: ACL) {{(pid=87704) notify /opt/stack/neutron/neutron/plugins/ml2/drivers/ovn/mech_driver/ovsdb/ovsdb_monitor.py:1013}}
Jul 28 18:20:36.372108 np0000006038 devstack@neutron-api.service[87704]: DEBUG neutron.plugins.ml2.drivers.ovn.mech_driver.ovsdb.ovsdb_monitor [-] Hash Ring: Node 01be27607303523c8d70bade91818f43 (host: np0000006038) handling event "create" for row 120c6ba5-4a98-4133-af24-1a1b84ff24e0 (table: ACL) {{(pid=87704) notify /opt/stack/neutron/neutron/plugins/ml2/drivers/ovn/mech_driver/ovsdb/ovsdb_monitor.py:1013}}
Jul 28 18:20:36.372108 np0000006038 devstack@neutron-api.service[87704]: DEBUG neutron.plugins.ml2.drivers.ovn.mech_driver.ovsdb.ovsdb_monitor [-] Hash Ring: Node 01be27607303523c8d70bade91818f43 (host: np0000006038) handling event "create" for row 97779173-1262-456c-8e35-d98925f49b02 (table: ACL) {{(pid=87704) notify /opt/stack/neutron/neutron/plugins/ml2/drivers/ovn/mech_driver/ovsdb/ovsdb_monitor.py:1013}}
Jul 28 18:20:36.372588 np0000006038 devstack@neutron-api.service[87704]: DEBUG neutron.plugins.ml2.drivers.ovn.mech_driver.ovsdb.ovsdb_monitor [-] Hash Ring: Node 01be27607303523c8d70bade91818f43 (host: np0000006038) handling event "create" for row aea1edc1-f048-4bb3-9f0b-86b323ec1896 (table: ACL) {{(pid=87704) notify /opt/stack/neutron/neutron/plugins/ml2/drivers/ovn/mech_driver/ovsdb/ovsdb_monitor.py:1013}}
Jul 28 18:20:36.372588 np0000006038 devstack@neutron-api.service[87704]: DEBUG neutron.plugins.ml2.drivers.ovn.mech_driver.ovsdb.ovsdb_monitor [-] Hash Ring: Node 01be27607303523c8d70bade91818f43 (host: np0000006038) handling event "create" for row 5d489eb9-5e9a-4f91-a43c-5d13e2463882 (table: Port_Group) {{(pid=87704) notify /opt/stack/neutron/neutron/plugins/ml2/drivers/ovn/mech_driver/ovsdb/ovsdb_monitor.py:1013}}
Jul 28 18:20:36.373300 np0000006038 devstack@neutron-api.service[87705]: DEBUG neutron.plugins.ml2.drivers.ovn.mech_driver.ovsdb.ovsdb_monitor [-] Hash Ring: Node 9c7f86a62e38524fb7f18c624be89eb4 (host: np0000006038) handling event "create" for row 120c6ba5-4a98-4133-af24-1a1b84ff24e0 (table: ACL) {{(pid=87705) notify /opt/stack/neutron/neutron/plugins/ml2/drivers/ovn/mech_driver/ovsdb/ovsdb_monitor.py:1013}}
Jul 28 18:20:36.373613 np0000006038 devstack@neutron-api.service[87705]: DEBUG neutron.plugins.ml2.drivers.ovn.mech_driver.ovsdb.ovsdb_monitor [-] Hash Ring: Node 9c7f86a62e38524fb7f18c624be89eb4 (host: np0000006038) handling event "create" for row aea1edc1-f048-4bb3-9f0b-86b323ec1896 (table: ACL) {{(pid=87705) notify /opt/stack/neutron/neutron/plugins/ml2/drivers/ovn/mech_driver/ovsdb/ovsdb_monitor.py:1013}}
Jul 28 18:20:36.373613 np0000006038 devstack@neutron-api.service[87705]: DEBUG neutron.plugins.ml2.drivers.ovn.mech_driver.ovsdb.ovsdb_monitor [-] Hash Ring: Node 9c7f86a62e38524fb7f18c624be89eb4 (host: np0000006038) handling event "create" for row 5d489eb9-5e9a-4f91-a43c-5d13e2463882 (table: Port_Group) {{(pid=87705) notify /opt/stack/neutron/neutron/plugins/ml2/drivers/ovn/mech_driver/ovsdb/ovsdb_monitor.py:1013}}
Jul 28 18:20:36.377358 np0000006038 devstack@neutron-api.service[87706]: DEBUG neutron.plugins.ml2.drivers.ovn.mech_driver.ovsdb.ovsdb_monitor [-] Hash Ring: Node 240962e53799545d91e42bda890bb008 (host: np0000006038) handling event "create" for row 97779173-1262-456c-8e35-d98925f49b02 (table: ACL) {{(pid=87706) notify /opt/stack/neutron/neutron/plugins/ml2/drivers/ovn/mech_driver/ovsdb/ovsdb_monitor.py:1013}}
Jul 28 18:20:36.399170 np0000006038 devstack@neutron-api.service[87704]: INFO neutron.db.ovn_revision_numbers_db [None req-f6f1b9d1-c8a6-47d0-9a13-32530a981222 admin admin] Successfully bumped revision number for resource 85846da4-22a7-4af9-a618-6df2a8c7c0c7 (type: security_groups) to 1
Jul 28 18:20:36.417330 np0000006038 devstack@neutron-api.service[87704]: INFO neutron.db.ovn_revision_numbers_db [None req-f6f1b9d1-c8a6-47d0-9a13-32530a981222 admin admin] Successfully bumped revision number for resource 345f87e9-b77e-42a8-a229-cfce2e45295c (type: security_group_rules) to 0
Jul 28 18:20:36.429583 np0000006038 devstack@neutron-api.service[87704]: INFO neutron.db.ovn_revision_numbers_db [None req-f6f1b9d1-c8a6-47d0-9a13-32530a981222 admin admin] Successfully bumped revision number for resource 66fb9909-16de-480f-bc06-df1b71e9a19f (type: security_group_rules) to 0
Jul 28 18:20:36.439283 np0000006038 devstack@neutron-api.service[87704]: INFO neutron.db.ovn_revision_numbers_db [None req-f6f1b9d1-c8a6-47d0-9a13-32530a981222 admin admin] Successfully bumped revision number for resource 8d6f9f34-156d-4b70-a55c-2f787bee7dd6 (type: security_group_rules) to 0
Jul 28 18:20:36.451847 np0000006038 devstack@neutron-api.service[87704]: INFO neutron.db.ovn_revision_numbers_db [None req-f6f1b9d1-c8a6-47d0-9a13-32530a981222 admin admin] Successfully bumped revision number for resource b382acda-8079-4eae-8959-c78406885f9d (type: security_group_rules) to 0
Jul 28 18:20:36.471003 np0000006038 devstack@neutron-api.service[87704]: DEBUG neutron.api.rpc.handlers.resources_rpc [None req-f6f1b9d1-c8a6-47d0-9a13-32530a981222 admin admin] Pushing event updated for resources: {'SecurityGroup': ['ID=85846da4-22a7-4af9-a618-6df2a8c7c0c7,revision_number=1']} {{(pid=87704) push /opt/stack/neutron/neutron/api/rpc/handlers/resources_rpc.py:237}}
Jul 28 18:20:36.477274 np0000006038 devstack@neutron-api.service[87704]: DEBUG ovsdbapp.backend.ovs_idl.transaction [-] Running txn n=1 command(idx=0): CheckLivenessCommand(_result=None) {{(pid=87704) do_commit /opt/stack/data/venv/lib/python3.12/site-packages/ovsdbapp/backend/ovs_idl/transaction.py:89}}
Jul 28 18:20:36.478792 np0000006038 devstack@neutron-api.service[87704]: DEBUG neutron.plugins.ml2.drivers.ovn.mech_driver.ovsdb.ovsdb_monitor [-] Hash Ring: Node 01be27607303523c8d70bade91818f43 (host: np0000006038) handling event "update" for row 402f09a9-467a-4b44-b007-cedda1fdd149 (table: NB_Global) {{(pid=87704) notify /opt/stack/neutron/neutron/plugins/ml2/drivers/ovn/mech_driver/ovsdb/ovsdb_monitor.py:1013}}
Jul 28 18:20:36.481578 np0000006038 devstack@neutron-api.service[87704]: DEBUG neutron.api.rpc.callbacks.version_manager [None req-f6f1b9d1-c8a6-47d0-9a13-32530a981222 admin admin] Tracked resource versions report:
Jul 28 18:20:36.481578 np0000006038 devstack@neutron-api.service[87704]: pushed versions:
Jul 28 18:20:36.481578 np0000006038 devstack@neutron-api.service[87704]: { 'AddressGroup': {'1.2'},
Jul 28 18:20:36.481578 np0000006038 devstack@neutron-api.service[87704]: 'Agent': {'1.1'},
Jul 28 18:20:36.481578 np0000006038 devstack@neutron-api.service[87704]: 'ConntrackHelper': {'1.0'},
Jul 28 18:20:36.481578 np0000006038 devstack@neutron-api.service[87704]: 'LocalIPAssociation': {'1.0'},
Jul 28 18:20:36.481578 np0000006038 devstack@neutron-api.service[87704]: 'Log': {'1.0'},
Jul 28 18:20:36.481578 np0000006038 devstack@neutron-api.service[87704]: 'NDPProxy': {'1.0'},
Jul 28 18:20:36.481578 np0000006038 devstack@neutron-api.service[87704]: 'Network': {'1.3'},
Jul 28 18:20:36.481578 np0000006038 devstack@neutron-api.service[87704]: 'Port': {'1.11'},
Jul 28 18:20:36.481578 np0000006038 devstack@neutron-api.service[87704]: 'PortForwarding': {'1.3'},
Jul 28 18:20:36.481578 np0000006038 devstack@neutron-api.service[87704]: 'QosPolicy': {'1.10'},
Jul 28 18:20:36.481578 np0000006038 devstack@neutron-api.service[87704]: 'SecurityGroup': {'1.6'},
Jul 28 18:20:36.481578 np0000006038 devstack@neutron-api.service[87704]: 'SecurityGroupRule': {'1.3'},
Jul 28 18:20:36.481578 np0000006038 devstack@neutron-api.service[87704]: 'SubPort': {'1.0'},
Jul 28 18:20:36.481578 np0000006038 devstack@neutron-api.service[87704]: 'Subnet': {'1.2'},
Jul 28 18:20:36.481578 np0000006038 devstack@neutron-api.service[87704]: 'Trunk': {'1.1'}}
Jul 28 18:20:36.481578 np0000006038 devstack@neutron-api.service[87704]: consumer versions:
Jul 28 18:20:36.481578 np0000006038 devstack@neutron-api.service[87704]: {}
Jul 28 18:20:36.481578 np0000006038 devstack@neutron-api.service[87704]: {{(pid=87704) report /opt/stack/neutron/neutron/api/rpc/callbacks/version_manager.py:183}}
Jul 28 18:20:36.482011 np0000006038 devstack@neutron-api.service[87706]: DEBUG neutron.plugins.ml2.drivers.ovn.mech_driver.ovsdb.ovsdb_monitor [-] Hash Ring: Node 240962e53799545d91e42bda890bb008 (host: np0000006038) handling event "update" for row 402f09a9-467a-4b44-b007-cedda1fdd149 (table: NB_Global) {{(pid=87706) notify /opt/stack/neutron/neutron/plugins/ml2/drivers/ovn/mech_driver/ovsdb/ovsdb_monitor.py:1013}}
Jul 28 18:20:36.483610 np0000006038 devstack@neutron-api.service[87706]: DEBUG ovsdbapp.backend.ovs_idl.event [-] Matched UPDATE: ChassisAgentWriteEvent(events=('create', 'update'), table='Chassis_Private', conditions=None, old_conditions=None), priority=20 to row=Chassis_Private(uuid=99cde5a9-a4ce-41c9-85f6-a24bee2158a3, chassis=816c7e8a-8d6b-43de-b668-3a3433b5f488, external_ids={'neutron:ovn-bridge': 'br-int', 'neutron:ovn-neutron-agent-id': '9e66a166-31dd-50a2-80ff-eac4732a77a9', 'neutron:ovn-neutron-agent-sb-cfg': '0'}, name='1b2c1eec-a028-4f81-bdc8-f197ac308959', nb_cfg=1, nb_cfg_timestamp=1785262836481) old=Chassis_Private(uuid=99cde5a9-a4ce-41c9-85f6-a24bee2158a3, nb_cfg=0, nb_cfg_timestamp=0) {{(pid=87706) matches /opt/stack/data/venv/lib/python3.12/site-packages/ovsdbapp/backend/ovs_idl/event.py:55}}
Jul 28 18:20:36.485278 np0000006038 devstack@neutron-api.service[87705]: DEBUG ovsdbapp.backend.ovs_idl.event [-] Matched UPDATE: ChassisAgentWriteEvent(events=('create', 'update'), table='Chassis_Private', conditions=None, old_conditions=None), priority=20 to row=Chassis_Private(uuid=99cde5a9-a4ce-41c9-85f6-a24bee2158a3, chassis=816c7e8a-8d6b-43de-b668-3a3433b5f488, external_ids={'neutron:ovn-bridge': 'br-int', 'neutron:ovn-neutron-agent-id': '9e66a166-31dd-50a2-80ff-eac4732a77a9', 'neutron:ovn-neutron-agent-sb-cfg': '0'}, name='1b2c1eec-a028-4f81-bdc8-f197ac308959', nb_cfg=1, nb_cfg_timestamp=1785262836481) old=Chassis_Private(uuid=99cde5a9-a4ce-41c9-85f6-a24bee2158a3, nb_cfg=0, nb_cfg_timestamp=0) {{(pid=87705) matches /opt/stack/data/venv/lib/python3.12/site-packages/ovsdbapp/backend/ovs_idl/event.py:55}}
Jul 28 18:20:36.486347 np0000006038 devstack@neutron-api.service[87704]: DEBUG neutron.plugins.ml2.drivers.ovn.mech_driver.ovsdb.ovsdb_monitor [-] Hash Ring: Node 01be27607303523c8d70bade91818f43 (host: np0000006038) handling event "update" for row 402f09a9-467a-4b44-b007-cedda1fdd149 (table: NB_Global) {{(pid=87704) notify /opt/stack/neutron/neutron/plugins/ml2/drivers/ovn/mech_driver/ovsdb/ovsdb_monitor.py:1013}}
Jul 28 18:20:36.486545 np0000006038 devstack@neutron-api.service[87706]: DEBUG neutron.plugins.ml2.drivers.ovn.mech_driver.ovsdb.ovsdb_monitor [-] Hash Ring: Node 240962e53799545d91e42bda890bb008 (host: np0000006038) handling event "update" for row 402f09a9-467a-4b44-b007-cedda1fdd149 (table: NB_Global) {{(pid=87706) notify /opt/stack/neutron/neutron/plugins/ml2/drivers/ovn/mech_driver/ovsdb/ovsdb_monitor.py:1013}}
Jul 28 18:20:36.488147 np0000006038 devstack@neutron-api.service[87704]: DEBUG neutron.plugins.ml2.drivers.ovn.mech_driver.ovsdb.ovsdb_monitor [-] Hash Ring: Node 01be27607303523c8d70bade91818f43 (host: np0000006038) handling event "update" for row 402f09a9-467a-4b44-b007-cedda1fdd149 (table: NB_Global) {{(pid=87704) notify /opt/stack/neutron/neutron/plugins/ml2/drivers/ovn/mech_driver/ovsdb/ovsdb_monitor.py:1013}}
Jul 28 18:20:36.488997 np0000006038 devstack@neutron-api.service[87706]: DEBUG ovsdbapp.backend.ovs_idl.event [-] Matched UPDATE: ChassisOVNAgentWriteEvent(events=('create', 'update'), table='Chassis_Private', conditions=None, old_conditions=None), priority=20 to row=Chassis_Private(uuid=99cde5a9-a4ce-41c9-85f6-a24bee2158a3, chassis=816c7e8a-8d6b-43de-b668-3a3433b5f488, external_ids={'neutron:ovn-bridge': 'br-int', 'neutron:ovn-neutron-agent-id': '9e66a166-31dd-50a2-80ff-eac4732a77a9', 'neutron:ovn-neutron-agent-sb-cfg': '1'}, name='1b2c1eec-a028-4f81-bdc8-f197ac308959', nb_cfg=1, nb_cfg_timestamp=1785262836481) old=Chassis_Private(uuid=99cde5a9-a4ce-41c9-85f6-a24bee2158a3, external_ids={'neutron:ovn-bridge': 'br-int', 'neutron:ovn-neutron-agent-id': '9e66a166-31dd-50a2-80ff-eac4732a77a9', 'neutron:ovn-neutron-agent-sb-cfg': '0'}) {{(pid=87706) matches /opt/stack/data/venv/lib/python3.12/site-packages/ovsdbapp/backend/ovs_idl/event.py:55}}
Jul 28 18:20:36.489192 np0000006038 devstack@neutron-api.service[87705]: DEBUG ovsdbapp.backend.ovs_idl.event [-] Matched UPDATE: ChassisOVNAgentWriteEvent(events=('create', 'update'), table='Chassis_Private', conditions=None, old_conditions=None), priority=20 to row=Chassis_Private(uuid=99cde5a9-a4ce-41c9-85f6-a24bee2158a3, chassis=816c7e8a-8d6b-43de-b668-3a3433b5f488, external_ids={'neutron:ovn-bridge': 'br-int', 'neutron:ovn-neutron-agent-id': '9e66a166-31dd-50a2-80ff-eac4732a77a9', 'neutron:ovn-neutron-agent-sb-cfg': '1'}, name='1b2c1eec-a028-4f81-bdc8-f197ac308959', nb_cfg=1, nb_cfg_timestamp=1785262836481) old=Chassis_Private(uuid=99cde5a9-a4ce-41c9-85f6-a24bee2158a3, external_ids={'neutron:ovn-bridge': 'br-int', 'neutron:ovn-neutron-agent-id': '9e66a166-31dd-50a2-80ff-eac4732a77a9', 'neutron:ovn-neutron-agent-sb-cfg': '0'}) {{(pid=87705) matches /opt/stack/data/venv/lib/python3.12/site-packages/ovsdbapp/backend/ovs_idl/event.py:55}}
Jul 28 18:20:36.490495 np0000006038 devstack@neutron-api.service[87704]: DEBUG ovsdbapp.backend.ovs_idl.event [-] Matched UPDATE: ChassisAgentWriteEvent(events=('create', 'update'), table='Chassis_Private', conditions=None, old_conditions=None), priority=20 to row=Chassis_Private(uuid=99cde5a9-a4ce-41c9-85f6-a24bee2158a3, chassis=816c7e8a-8d6b-43de-b668-3a3433b5f488, external_ids={'neutron:ovn-bridge': 'br-int', 'neutron:ovn-neutron-agent-id': '9e66a166-31dd-50a2-80ff-eac4732a77a9', 'neutron:ovn-neutron-agent-sb-cfg': '0'}, name='1b2c1eec-a028-4f81-bdc8-f197ac308959', nb_cfg=1, nb_cfg_timestamp=1785262836481) old=Chassis_Private(uuid=99cde5a9-a4ce-41c9-85f6-a24bee2158a3, nb_cfg=0, nb_cfg_timestamp=0) {{(pid=87704) matches /opt/stack/data/venv/lib/python3.12/site-packages/ovsdbapp/backend/ovs_idl/event.py:55}}
Jul 28 18:20:36.490727 np0000006038 devstack@neutron-api.service[87706]: DEBUG neutron.plugins.ml2.drivers.ovn.mech_driver.ovsdb.ovsdb_monitor [-] Hash Ring: Node 240962e53799545d91e42bda890bb008 (host: np0000006038) handling event "update" for row 402f09a9-467a-4b44-b007-cedda1fdd149 (table: NB_Global) {{(pid=87706) notify /opt/stack/neutron/neutron/plugins/ml2/drivers/ovn/mech_driver/ovsdb/ovsdb_monitor.py:1013}}
Jul 28 18:20:36.491209 np0000006038 devstack@neutron-api.service[87706]: DEBUG neutron.plugins.ml2.drivers.ovn.mech_driver.ovsdb.ovsdb_monitor [-] Hash Ring: Node 240962e53799545d91e42bda890bb008 (host: np0000006038) handling event "update" for row 402f09a9-467a-4b44-b007-cedda1fdd149 (table: NB_Global) {{(pid=87706) notify /opt/stack/neutron/neutron/plugins/ml2/drivers/ovn/mech_driver/ovsdb/ovsdb_monitor.py:1013}}
Jul 28 18:20:36.491890 np0000006038 devstack@neutron-api.service[87704]: DEBUG neutron.plugins.ml2.drivers.ovn.mech_driver.ovsdb.ovsdb_monitor [-] Hash Ring: Node 01be27607303523c8d70bade91818f43 (host: np0000006038) handling event "update" for row 402f09a9-467a-4b44-b007-cedda1fdd149 (table: NB_Global) {{(pid=87704) notify /opt/stack/neutron/neutron/plugins/ml2/drivers/ovn/mech_driver/ovsdb/ovsdb_monitor.py:1013}}
Jul 28 18:20:36.496303 np0000006038 devstack@neutron-api.service[87704]: DEBUG neutron.common.ovn.hash_ring_manager [-] Allow caching, nodes 3>=3 {{(pid=87704) _wait_startup_before_caching /opt/stack/neutron/neutron/common/ovn/hash_ring_manager.py:71}}
Jul 28 18:20:36.496455 np0000006038 devstack@neutron-api.service[87704]: DEBUG neutron.plugins.ml2.drivers.ovn.mech_driver.ovsdb.ovsdb_monitor [-] Hash Ring: Node 01be27607303523c8d70bade91818f43 (host: np0000006038) handling event "update" for row 99cde5a9-a4ce-41c9-85f6-a24bee2158a3 (table: Chassis_Private) {{(pid=87704) notify /opt/stack/neutron/neutron/plugins/ml2/drivers/ovn/mech_driver/ovsdb/ovsdb_monitor.py:1013}}
Jul 28 18:20:36.497544 np0000006038 devstack@neutron-api.service[87704]: DEBUG ovsdbapp.backend.ovs_idl.event [-] Matched UPDATE: ChassisOVNAgentWriteEvent(events=('create', 'update'), table='Chassis_Private', conditions=None, old_conditions=None), priority=20 to row=Chassis_Private(uuid=99cde5a9-a4ce-41c9-85f6-a24bee2158a3, chassis=816c7e8a-8d6b-43de-b668-3a3433b5f488, external_ids={'neutron:ovn-bridge': 'br-int', 'neutron:ovn-neutron-agent-id': '9e66a166-31dd-50a2-80ff-eac4732a77a9', 'neutron:ovn-neutron-agent-sb-cfg': '1'}, name='1b2c1eec-a028-4f81-bdc8-f197ac308959', nb_cfg=1, nb_cfg_timestamp=1785262836481) old=Chassis_Private(uuid=99cde5a9-a4ce-41c9-85f6-a24bee2158a3, external_ids={'neutron:ovn-bridge': 'br-int', 'neutron:ovn-neutron-agent-id': '9e66a166-31dd-50a2-80ff-eac4732a77a9', 'neutron:ovn-neutron-agent-sb-cfg': '0'}) {{(pid=87704) matches /opt/stack/data/venv/lib/python3.12/site-packages/ovsdbapp/backend/ovs_idl/event.py:55}}
Jul 28 18:20:36.497779 np0000006038 devstack@neutron-api.service[87704]: DEBUG neutron.plugins.ml2.drivers.ovn.mech_driver.ovsdb.ovsdb_monitor [-] Hash Ring: Node 01be27607303523c8d70bade91818f43 (host: np0000006038) handling event "update" for row 99cde5a9-a4ce-41c9-85f6-a24bee2158a3 (table: Chassis_Private) {{(pid=87704) notify /opt/stack/neutron/neutron/plugins/ml2/drivers/ovn/mech_driver/ovsdb/ovsdb_monitor.py:1013}}
Jul 28 18:20:36.533049 np0000006038 devstack@neutron-api.service[87704]: DEBUG neutron.plugins.ml2.drivers.helpers [None req-f6f1b9d1-c8a6-47d0-9a13-32530a981222 admin admin] geneve segment allocate from pool success with {'geneve_vni': 10704} {{(pid=87704) allocate_partially_specified_segment /opt/stack/neutron/neutron/plugins/ml2/drivers/helpers.py:142}}
Jul 28 18:20:36.542926 np0000006038 devstack@neutron-api.service[87704]: DEBUG neutron_lib.callbacks.manager [None req-f6f1b9d1-c8a6-47d0-9a13-32530a981222 admin admin] Publish callbacks ['neutron.services.segments.db._add_segment_host_mapping_for_segment-8090051899192', 'neutron.plugins.ml2.plugin.Ml2Plugin._handle_segment_change-1395725'] for segment (01812b77-c5b0-48fd-9c3d-d99490cf6c50), precommit_create {{(pid=87704) _notify_loop /opt/stack/data/venv/lib/python3.12/site-packages/neutron_lib/callbacks/manager.py:184}}
Jul 28 18:20:36.543082 np0000006038 devstack@neutron-api.service[87704]: INFO neutron.db.segments_db [None req-f6f1b9d1-c8a6-47d0-9a13-32530a981222 admin admin] Added segment 01812b77-c5b0-48fd-9c3d-d99490cf6c50 of type geneve for network 87fedc31-9275-4d40-92a7-35c0a5fe9187
Jul 28 18:20:36.580627 np0000006038 devstack@neutron-api.service[87704]: DEBUG neutron_lib.callbacks.manager [None req-f6f1b9d1-c8a6-47d0-9a13-32530a981222 admin admin] Publish callbacks ['neutron.services.auto_allocate.db._ensure_external_network_default_value_callback-8090050248204'] for network (87fedc31-9275-4d40-92a7-35c0a5fe9187), precommit_create {{(pid=87704) _notify_loop /opt/stack/data/venv/lib/python3.12/site-packages/neutron_lib/callbacks/manager.py:184}}
