Jul 07 22:00:34.906927 np0000004778 nova-scheduler[96412]: DEBUG cotyledon.oslo_config_glue [-] oslo_messaging_metrics.metrics_socket_file = /var/tmp/metrics_collector.sock {{(pid=96412) log_opt_values /opt/stack/data/venv/lib/python3.12/site-packages/oslo_config/cfg.py:3253}}
Jul 07 22:00:34.906927 np0000004778 nova-scheduler[96412]: DEBUG cotyledon.oslo_config_glue [-] oslo_messaging_metrics.metrics_thread_stop_timeout = 10 {{(pid=96412) log_opt_values /opt/stack/data/venv/lib/python3.12/site-packages/oslo_config/cfg.py:3253}}
Jul 07 22:00:34.906927 np0000004778 nova-scheduler[96412]: DEBUG cotyledon.oslo_config_glue [-] profiler.connection_string = messaging:// {{(pid=96412) log_opt_values /opt/stack/data/venv/lib/python3.12/site-packages/oslo_config/cfg.py:3253}}
Jul 07 22:00:34.906927 np0000004778 nova-scheduler[96412]: DEBUG cotyledon.oslo_config_glue [-] profiler.enabled = False {{(pid=96412) log_opt_values /opt/stack/data/venv/lib/python3.12/site-packages/oslo_config/cfg.py:3253}}
Jul 07 22:00:34.906927 np0000004778 nova-scheduler[96412]: DEBUG cotyledon.oslo_config_glue [-] profiler.es_doc_type = notification {{(pid=96412) log_opt_values /opt/stack/data/venv/lib/python3.12/site-packages/oslo_config/cfg.py:3253}}
Jul 07 22:00:34.907195 np0000004778 nova-scheduler[96412]: DEBUG cotyledon.oslo_config_glue [-] profiler.es_scroll_size = 10000 {{(pid=96412) log_opt_values /opt/stack/data/venv/lib/python3.12/site-packages/oslo_config/cfg.py:3253}}
Jul 07 22:00:34.907195 np0000004778 nova-scheduler[96412]: DEBUG cotyledon.oslo_config_glue [-] profiler.es_scroll_time = 2m {{(pid=96412) log_opt_values /opt/stack/data/venv/lib/python3.12/site-packages/oslo_config/cfg.py:3253}}
Jul 07 22:00:34.907195 np0000004778 nova-scheduler[96412]: DEBUG cotyledon.oslo_config_glue [-] profiler.filter_error_trace = False {{(pid=96412) log_opt_values /opt/stack/data/venv/lib/python3.12/site-packages/oslo_config/cfg.py:3253}}
Jul 07 22:00:34.907195 np0000004778 nova-scheduler[96412]: DEBUG cotyledon.oslo_config_glue [-] profiler.hmac_keys = **** {{(pid=96412) log_opt_values /opt/stack/data/venv/lib/python3.12/site-packages/oslo_config/cfg.py:3253}}
Jul 07 22:00:34.907195 np0000004778 nova-scheduler[96412]: DEBUG cotyledon.oslo_config_glue [-] profiler.sentinel_service_name = mymaster {{(pid=96412) log_opt_values /opt/stack/data/venv/lib/python3.12/site-packages/oslo_config/cfg.py:3253}}
Jul 07 22:00:34.907195 np0000004778 nova-scheduler[96412]: DEBUG cotyledon.oslo_config_glue [-] profiler.socket_timeout = 0.1 {{(pid=96412) log_opt_values /opt/stack/data/venv/lib/python3.12/site-packages/oslo_config/cfg.py:3253}}
Jul 07 22:00:34.907195 np0000004778 nova-scheduler[96412]: DEBUG cotyledon.oslo_config_glue [-] profiler.trace_requests = False {{(pid=96412) log_opt_values /opt/stack/data/venv/lib/python3.12/site-packages/oslo_config/cfg.py:3253}}
Jul 07 22:00:34.907195 np0000004778 nova-scheduler[96412]: DEBUG cotyledon.oslo_config_glue [-] profiler.trace_sqlalchemy = False {{(pid=96412) log_opt_values /opt/stack/data/venv/lib/python3.12/site-packages/oslo_config/cfg.py:3253}}
Jul 07 22:00:34.907195 np0000004778 nova-scheduler[96412]: DEBUG cotyledon.oslo_config_glue [-] profiler_jaeger.process_tags = {} {{(pid=96412) log_opt_values /opt/stack/data/venv/lib/python3.12/site-packages/oslo_config/cfg.py:3253}}
Jul 07 22:00:34.907486 np0000004778 nova-scheduler[96412]: DEBUG cotyledon.oslo_config_glue [-] profiler_jaeger.service_name_prefix = None {{(pid=96412) log_opt_values /opt/stack/data/venv/lib/python3.12/site-packages/oslo_config/cfg.py:3253}}
Jul 07 22:00:34.907486 np0000004778 nova-scheduler[96412]: DEBUG cotyledon.oslo_config_glue [-] profiler_otlp.service_name_prefix = None {{(pid=96412) log_opt_values /opt/stack/data/venv/lib/python3.12/site-packages/oslo_config/cfg.py:3253}}
Jul 07 22:00:34.907486 np0000004778 nova-scheduler[96412]: DEBUG cotyledon.oslo_config_glue [-] oslo_messaging_rabbit.amqp_auto_delete = False {{(pid=96412) log_opt_values /opt/stack/data/venv/lib/python3.12/site-packages/oslo_config/cfg.py:3253}}
Jul 07 22:00:34.907486 np0000004778 nova-scheduler[96412]: DEBUG cotyledon.oslo_config_glue [-] oslo_messaging_rabbit.amqp_durable_queues = False {{(pid=96412) log_opt_values /opt/stack/data/venv/lib/python3.12/site-packages/oslo_config/cfg.py:3253}}
Jul 07 22:00:34.907486 np0000004778 nova-scheduler[96412]: DEBUG cotyledon.oslo_config_glue [-] oslo_messaging_rabbit.conn_pool_min_size = 2 {{(pid=96412) log_opt_values /opt/stack/data/venv/lib/python3.12/site-packages/oslo_config/cfg.py:3253}}
Jul 07 22:00:34.907486 np0000004778 nova-scheduler[96412]: DEBUG cotyledon.oslo_config_glue [-] oslo_messaging_rabbit.conn_pool_ttl = 1200 {{(pid=96412) log_opt_values /opt/stack/data/venv/lib/python3.12/site-packages/oslo_config/cfg.py:3253}}
Jul 07 22:00:34.907486 np0000004778 nova-scheduler[96412]: DEBUG cotyledon.oslo_config_glue [-] oslo_messaging_rabbit.direct_mandatory_flag = True {{(pid=96412) log_opt_values /opt/stack/data/venv/lib/python3.12/site-packages/oslo_config/cfg.py:3253}}
Jul 07 22:00:34.907486 np0000004778 nova-scheduler[96412]: DEBUG cotyledon.oslo_config_glue [-] oslo_messaging_rabbit.enable_cancel_on_failover = False {{(pid=96412) log_opt_values /opt/stack/data/venv/lib/python3.12/site-packages/oslo_config/cfg.py:3253}}
Jul 07 22:00:34.907486 np0000004778 nova-scheduler[96412]: DEBUG cotyledon.oslo_config_glue [-] oslo_messaging_rabbit.heartbeat_rate = 3 {{(pid=96412) log_opt_values /opt/stack/data/venv/lib/python3.12/site-packages/oslo_config/cfg.py:3253}}
Jul 07 22:00:34.907803 np0000004778 nova-scheduler[96412]: DEBUG cotyledon.oslo_config_glue [-] oslo_messaging_rabbit.heartbeat_timeout_threshold = 60 {{(pid=96412) log_opt_values /opt/stack/data/venv/lib/python3.12/site-packages/oslo_config/cfg.py:3253}}
Jul 07 22:00:34.907803 np0000004778 nova-scheduler[96412]: DEBUG cotyledon.oslo_config_glue [-] oslo_messaging_rabbit.hostname = np0000004778 {{(pid=96412) log_opt_values /opt/stack/data/venv/lib/python3.12/site-packages/oslo_config/cfg.py:3253}}
Jul 07 22:00:34.907803 np0000004778 nova-scheduler[96412]: DEBUG cotyledon.oslo_config_glue [-] oslo_messaging_rabbit.kombu_compression = None {{(pid=96412) log_opt_values /opt/stack/data/venv/lib/python3.12/site-packages/oslo_config/cfg.py:3253}}
Jul 07 22:00:34.907803 np0000004778 nova-scheduler[96412]: DEBUG cotyledon.oslo_config_glue [-] oslo_messaging_rabbit.kombu_failover_strategy = round-robin {{(pid=96412) log_opt_values /opt/stack/data/venv/lib/python3.12/site-packages/oslo_config/cfg.py:3253}}
Jul 07 22:00:34.907803 np0000004778 nova-scheduler[96412]: DEBUG cotyledon.oslo_config_glue [-] oslo_messaging_rabbit.kombu_missing_consumer_retry_timeout = 60 {{(pid=96412) log_opt_values /opt/stack/data/venv/lib/python3.12/site-packages/oslo_config/cfg.py:3253}}
Jul 07 22:00:34.907803 np0000004778 nova-scheduler[96412]: DEBUG cotyledon.oslo_config_glue [-] oslo_messaging_rabbit.kombu_reconnect_delay = 1.0 {{(pid=96412) log_opt_values /opt/stack/data/venv/lib/python3.12/site-packages/oslo_config/cfg.py:3253}}
Jul 07 22:00:34.907803 np0000004778 nova-scheduler[96412]: DEBUG cotyledon.oslo_config_glue [-] oslo_messaging_rabbit.kombu_reconnect_splay = 0.0 {{(pid=96412) log_opt_values /opt/stack/data/venv/lib/python3.12/site-packages/oslo_config/cfg.py:3253}}
Jul 07 22:00:34.907803 np0000004778 nova-scheduler[96412]: DEBUG cotyledon.oslo_config_glue [-] oslo_messaging_rabbit.processname = nova-scheduler {{(pid=96412) log_opt_values /opt/stack/data/venv/lib/python3.12/site-packages/oslo_config/cfg.py:3253}}
Jul 07 22:00:34.907803 np0000004778 nova-scheduler[96412]: DEBUG cotyledon.oslo_config_glue [-] oslo_messaging_rabbit.rabbit_ha_queues = False {{(pid=96412) log_opt_values /opt/stack/data/venv/lib/python3.12/site-packages/oslo_config/cfg.py:3253}}
Jul 07 22:00:34.908102 np0000004778 nova-scheduler[96412]: DEBUG cotyledon.oslo_config_glue [-] oslo_messaging_rabbit.rabbit_interval_max = 30 {{(pid=96412) log_opt_values /opt/stack/data/venv/lib/python3.12/site-packages/oslo_config/cfg.py:3253}}
Jul 07 22:00:34.908102 np0000004778 nova-scheduler[96412]: DEBUG cotyledon.oslo_config_glue [-] oslo_messaging_rabbit.rabbit_login_method = AMQPLAIN {{(pid=96412) log_opt_values /opt/stack/data/venv/lib/python3.12/site-packages/oslo_config/cfg.py:3253}}
Jul 07 22:00:34.908102 np0000004778 nova-scheduler[96412]: DEBUG cotyledon.oslo_config_glue [-] oslo_messaging_rabbit.rabbit_qos_prefetch_count = 0 {{(pid=96412) log_opt_values /opt/stack/data/venv/lib/python3.12/site-packages/oslo_config/cfg.py:3253}}
Jul 07 22:00:34.908102 np0000004778 nova-scheduler[96412]: DEBUG cotyledon.oslo_config_glue [-] oslo_messaging_rabbit.rabbit_quorum_delivery_limit = 0 {{(pid=96412) log_opt_values /opt/stack/data/venv/lib/python3.12/site-packages/oslo_config/cfg.py:3253}}
Jul 07 22:00:34.908102 np0000004778 nova-scheduler[96412]: DEBUG cotyledon.oslo_config_glue [-] oslo_messaging_rabbit.rabbit_quorum_max_memory_bytes = 0 {{(pid=96412) log_opt_values /opt/stack/data/venv/lib/python3.12/site-packages/oslo_config/cfg.py:3253}}
Jul 07 22:00:34.908102 np0000004778 nova-scheduler[96412]: DEBUG cotyledon.oslo_config_glue [-] oslo_messaging_rabbit.rabbit_quorum_max_memory_length = 0 {{(pid=96412) log_opt_values /opt/stack/data/venv/lib/python3.12/site-packages/oslo_config/cfg.py:3253}}
Jul 07 22:00:34.908102 np0000004778 nova-scheduler[96412]: DEBUG cotyledon.oslo_config_glue [-] oslo_messaging_rabbit.rabbit_quorum_queue = False {{(pid=96412) log_opt_values /opt/stack/data/venv/lib/python3.12/site-packages/oslo_config/cfg.py:3253}}
Jul 07 22:00:34.908102 np0000004778 nova-scheduler[96412]: DEBUG cotyledon.oslo_config_glue [-] oslo_messaging_rabbit.rabbit_retry_backoff = 2 {{(pid=96412) log_opt_values /opt/stack/data/venv/lib/python3.12/site-packages/oslo_config/cfg.py:3253}}
Jul 07 22:00:34.908102 np0000004778 nova-scheduler[96412]: DEBUG cotyledon.oslo_config_glue [-] oslo_messaging_rabbit.rabbit_retry_interval = 1 {{(pid=96412) log_opt_values /opt/stack/data/venv/lib/python3.12/site-packages/oslo_config/cfg.py:3253}}
Jul 07 22:00:34.908398 np0000004778 nova-scheduler[96412]: DEBUG cotyledon.oslo_config_glue [-] oslo_messaging_rabbit.rabbit_stream_fanout = False {{(pid=96412) log_opt_values /opt/stack/data/venv/lib/python3.12/site-packages/oslo_config/cfg.py:3253}}
Jul 07 22:00:34.908398 np0000004778 nova-scheduler[96412]: DEBUG cotyledon.oslo_config_glue [-] oslo_messaging_rabbit.rabbit_transient_queues_ttl = 1800 {{(pid=96412) log_opt_values /opt/stack/data/venv/lib/python3.12/site-packages/oslo_config/cfg.py:3253}}
Jul 07 22:00:34.908398 np0000004778 nova-scheduler[96412]: DEBUG cotyledon.oslo_config_glue [-] oslo_messaging_rabbit.rabbit_transient_quorum_queue = False {{(pid=96412) log_opt_values /opt/stack/data/venv/lib/python3.12/site-packages/oslo_config/cfg.py:3253}}
Jul 07 22:00:34.908398 np0000004778 nova-scheduler[96412]: DEBUG cotyledon.oslo_config_glue [-] oslo_messaging_rabbit.rpc_conn_pool_size = 30 {{(pid=96412) log_opt_values /opt/stack/data/venv/lib/python3.12/site-packages/oslo_config/cfg.py:3253}}
Jul 07 22:00:34.908398 np0000004778 nova-scheduler[96412]: DEBUG cotyledon.oslo_config_glue [-] oslo_messaging_rabbit.ssl = False {{(pid=96412) log_opt_values /opt/stack/data/venv/lib/python3.12/site-packages/oslo_config/cfg.py:3253}}
Jul 07 22:00:34.908398 np0000004778 nova-scheduler[96412]: DEBUG cotyledon.oslo_config_glue [-] oslo_messaging_rabbit.ssl_ca_file = {{(pid=96412) log_opt_values /opt/stack/data/venv/lib/python3.12/site-packages/oslo_config/cfg.py:3253}}
Jul 07 22:00:34.908398 np0000004778 nova-scheduler[96412]: DEBUG cotyledon.oslo_config_glue [-] oslo_messaging_rabbit.ssl_cert_file = {{(pid=96412) log_opt_values /opt/stack/data/venv/lib/python3.12/site-packages/oslo_config/cfg.py:3253}}
Jul 07 22:00:34.908645 np0000004778 nova-scheduler[96408]: DEBUG oslo_db.sqlalchemy.engines [None req-2e9f3c47-1eab-485d-8f31-4b228b871b17 None None] MySQL server mode set to STRICT_TRANS_TABLES,STRICT_ALL_TABLES,NO_ZERO_IN_DATE,NO_ZERO_DATE,ERROR_FOR_DIVISION_BY_ZERO,TRADITIONAL,NO_ENGINE_SUBSTITUTION {{(pid=96408) _check_effective_sql_mode /opt/stack/data/venv/lib/python3.12/site-packages/oslo_db/sqlalchemy/engines.py:325}}
Jul 07 22:00:34.908707 np0000004778 nova-scheduler[96412]: DEBUG cotyledon.oslo_config_glue [-] oslo_messaging_rabbit.ssl_enforce_fips_mode = False {{(pid=96412) log_opt_values /opt/stack/data/venv/lib/python3.12/site-packages/oslo_config/cfg.py:3253}}
Jul 07 22:00:34.908707 np0000004778 nova-scheduler[96412]: DEBUG cotyledon.oslo_config_glue [-] oslo_messaging_rabbit.ssl_enforce_hostname_verification = True {{(pid=96412) log_opt_values /opt/stack/data/venv/lib/python3.12/site-packages/oslo_config/cfg.py:3253}}
Jul 07 22:00:34.908707 np0000004778 nova-scheduler[96412]: DEBUG cotyledon.oslo_config_glue [-] oslo_messaging_rabbit.ssl_key_file = {{(pid=96412) log_opt_values /opt/stack/data/venv/lib/python3.12/site-packages/oslo_config/cfg.py:3253}}
Jul 07 22:00:34.908707 np0000004778 nova-scheduler[96412]: DEBUG cotyledon.oslo_config_glue [-] oslo_messaging_rabbit.ssl_version = {{(pid=96412) log_opt_values /opt/stack/data/venv/lib/python3.12/site-packages/oslo_config/cfg.py:3253}}
Jul 07 22:00:34.908707 np0000004778 nova-scheduler[96412]: DEBUG cotyledon.oslo_config_glue [-] oslo_messaging_rabbit.use_queue_manager = False {{(pid=96412) log_opt_values /opt/stack/data/venv/lib/python3.12/site-packages/oslo_config/cfg.py:3253}}
Jul 07 22:00:34.908707 np0000004778 nova-scheduler[96412]: DEBUG cotyledon.oslo_config_glue [-] oslo_messaging_notifications.driver = ['messagingv2'] {{(pid=96412) log_opt_values /opt/stack/data/venv/lib/python3.12/site-packages/oslo_config/cfg.py:3253}}
Jul 07 22:00:34.908707 np0000004778 nova-scheduler[96412]: DEBUG cotyledon.oslo_config_glue [-] oslo_messaging_notifications.retry = -1 {{(pid=96412) log_opt_values /opt/stack/data/venv/lib/python3.12/site-packages/oslo_config/cfg.py:3253}}
Jul 07 22:00:34.908707 np0000004778 nova-scheduler[96412]: DEBUG cotyledon.oslo_config_glue [-] oslo_messaging_notifications.topics = ['notifications'] {{(pid=96412) log_opt_values /opt/stack/data/venv/lib/python3.12/site-packages/oslo_config/cfg.py:3253}}
Jul 07 22:00:34.908707 np0000004778 nova-scheduler[96412]: DEBUG cotyledon.oslo_config_glue [-] oslo_messaging_notifications.transport_url = **** {{(pid=96412) log_opt_values /opt/stack/data/venv/lib/python3.12/site-packages/oslo_config/cfg.py:3253}}
Jul 07 22:00:34.909001 np0000004778 nova-scheduler[96412]: DEBUG cotyledon.oslo_config_glue [-] oslo_limit.auth_section = None {{(pid=96412) log_opt_values /opt/stack/data/venv/lib/python3.12/site-packages/oslo_config/cfg.py:3253}}
Jul 07 22:00:34.909001 np0000004778 nova-scheduler[96412]: DEBUG cotyledon.oslo_config_glue [-] oslo_limit.auth_type = None {{(pid=96412) log_opt_values /opt/stack/data/venv/lib/python3.12/site-packages/oslo_config/cfg.py:3253}}
Jul 07 22:00:34.909001 np0000004778 nova-scheduler[96412]: DEBUG cotyledon.oslo_config_glue [-] oslo_limit.cafile = None {{(pid=96412) log_opt_values /opt/stack/data/venv/lib/python3.12/site-packages/oslo_config/cfg.py:3253}}
Jul 07 22:00:34.909001 np0000004778 nova-scheduler[96412]: DEBUG cotyledon.oslo_config_glue [-] oslo_limit.certfile = None {{(pid=96412) log_opt_values /opt/stack/data/venv/lib/python3.12/site-packages/oslo_config/cfg.py:3253}}
Jul 07 22:00:34.909001 np0000004778 nova-scheduler[96412]: DEBUG cotyledon.oslo_config_glue [-] oslo_limit.collect_timing = False {{(pid=96412) log_opt_values /opt/stack/data/venv/lib/python3.12/site-packages/oslo_config/cfg.py:3253}}
Jul 07 22:00:34.909001 np0000004778 nova-scheduler[96412]: DEBUG cotyledon.oslo_config_glue [-] oslo_limit.connect_retries = None {{(pid=96412) log_opt_values /opt/stack/data/venv/lib/python3.12/site-packages/oslo_config/cfg.py:3253}}
Jul 07 22:00:34.909001 np0000004778 nova-scheduler[96412]: DEBUG cotyledon.oslo_config_glue [-] oslo_limit.connect_retry_delay = None {{(pid=96412) log_opt_values /opt/stack/data/venv/lib/python3.12/site-packages/oslo_config/cfg.py:3253}}
Jul 07 22:00:34.909001 np0000004778 nova-scheduler[96412]: DEBUG cotyledon.oslo_config_glue [-] oslo_limit.endpoint_id = None {{(pid=96412) log_opt_values /opt/stack/data/venv/lib/python3.12/site-packages/oslo_config/cfg.py:3253}}
Jul 07 22:00:34.909001 np0000004778 nova-scheduler[96412]: DEBUG cotyledon.oslo_config_glue [-] oslo_limit.endpoint_interface = public {{(pid=96412) log_opt_values /opt/stack/data/venv/lib/python3.12/site-packages/oslo_config/cfg.py:3253}}
Jul 07 22:00:34.909308 np0000004778 nova-scheduler[96412]: DEBUG cotyledon.oslo_config_glue [-] oslo_limit.endpoint_override = None {{(pid=96412) log_opt_values /opt/stack/data/venv/lib/python3.12/site-packages/oslo_config/cfg.py:3253}}
Jul 07 22:00:34.909308 np0000004778 nova-scheduler[96412]: DEBUG cotyledon.oslo_config_glue [-] oslo_limit.endpoint_region_name = None {{(pid=96412) log_opt_values /opt/stack/data/venv/lib/python3.12/site-packages/oslo_config/cfg.py:3253}}
Jul 07 22:00:34.909308 np0000004778 nova-scheduler[96412]: DEBUG cotyledon.oslo_config_glue [-] oslo_limit.endpoint_service_name = None {{(pid=96412) log_opt_values /opt/stack/data/venv/lib/python3.12/site-packages/oslo_config/cfg.py:3253}}
Jul 07 22:00:34.909308 np0000004778 nova-scheduler[96412]: DEBUG cotyledon.oslo_config_glue [-] oslo_limit.endpoint_service_type = None {{(pid=96412) log_opt_values /opt/stack/data/venv/lib/python3.12/site-packages/oslo_config/cfg.py:3253}}
Jul 07 22:00:34.909308 np0000004778 nova-scheduler[96412]: DEBUG cotyledon.oslo_config_glue [-] oslo_limit.insecure = False {{(pid=96412) log_opt_values /opt/stack/data/venv/lib/python3.12/site-packages/oslo_config/cfg.py:3253}}
Jul 07 22:00:34.909308 np0000004778 nova-scheduler[96412]: DEBUG cotyledon.oslo_config_glue [-] oslo_limit.keyfile = None {{(pid=96412) log_opt_values /opt/stack/data/venv/lib/python3.12/site-packages/oslo_config/cfg.py:3253}}
Jul 07 22:00:34.909308 np0000004778 nova-scheduler[96412]: DEBUG cotyledon.oslo_config_glue [-] oslo_limit.max_version = None {{(pid=96412) log_opt_values /opt/stack/data/venv/lib/python3.12/site-packages/oslo_config/cfg.py:3253}}
Jul 07 22:00:34.909308 np0000004778 nova-scheduler[96412]: DEBUG cotyledon.oslo_config_glue [-] oslo_limit.min_version = None {{(pid=96412) log_opt_values /opt/stack/data/venv/lib/python3.12/site-packages/oslo_config/cfg.py:3253}}
Jul 07 22:00:34.909308 np0000004778 nova-scheduler[96412]: DEBUG cotyledon.oslo_config_glue [-] oslo_limit.region_name = None {{(pid=96412) log_opt_values /opt/stack/data/venv/lib/python3.12/site-packages/oslo_config/cfg.py:3253}}
Jul 07 22:00:34.909609 np0000004778 nova-scheduler[96412]: DEBUG cotyledon.oslo_config_glue [-] oslo_limit.retriable_status_codes = None {{(pid=96412) log_opt_values /opt/stack/data/venv/lib/python3.12/site-packages/oslo_config/cfg.py:3253}}
Jul 07 22:00:34.909609 np0000004778 nova-scheduler[96412]: DEBUG cotyledon.oslo_config_glue [-] oslo_limit.service_name = None {{(pid=96412) log_opt_values /opt/stack/data/venv/lib/python3.12/site-packages/oslo_config/cfg.py:3253}}
Jul 07 22:00:34.909609 np0000004778 nova-scheduler[96412]: DEBUG cotyledon.oslo_config_glue [-] oslo_limit.service_type = None {{(pid=96412) log_opt_values /opt/stack/data/venv/lib/python3.12/site-packages/oslo_config/cfg.py:3253}}
Jul 07 22:00:34.909609 np0000004778 nova-scheduler[96412]: DEBUG cotyledon.oslo_config_glue [-] oslo_limit.split_loggers = False {{(pid=96412) log_opt_values /opt/stack/data/venv/lib/python3.12/site-packages/oslo_config/cfg.py:3253}}
Jul 07 22:00:34.909609 np0000004778 nova-scheduler[96412]: DEBUG cotyledon.oslo_config_glue [-] oslo_limit.status_code_retries = None {{(pid=96412) log_opt_values /opt/stack/data/venv/lib/python3.12/site-packages/oslo_config/cfg.py:3253}}
Jul 07 22:00:34.909609 np0000004778 nova-scheduler[96412]: DEBUG cotyledon.oslo_config_glue [-] oslo_limit.status_code_retry_delay = None {{(pid=96412) log_opt_values /opt/stack/data/venv/lib/python3.12/site-packages/oslo_config/cfg.py:3253}}
Jul 07 22:00:34.909609 np0000004778 nova-scheduler[96412]: DEBUG cotyledon.oslo_config_glue [-] oslo_limit.timeout = None {{(pid=96412) log_opt_values /opt/stack/data/venv/lib/python3.12/site-packages/oslo_config/cfg.py:3253}}
Jul 07 22:00:34.909609 np0000004778 nova-scheduler[96412]: DEBUG cotyledon.oslo_config_glue [-] oslo_limit.valid_interfaces = None {{(pid=96412) log_opt_values /opt/stack/data/venv/lib/python3.12/site-packages/oslo_config/cfg.py:3253}}
Jul 07 22:00:34.909609 np0000004778 nova-scheduler[96412]: DEBUG cotyledon.oslo_config_glue [-] oslo_limit.version = None {{(pid=96412) log_opt_values /opt/stack/data/venv/lib/python3.12/site-packages/oslo_config/cfg.py:3253}}
Jul 07 22:00:34.909923 np0000004778 nova-scheduler[96412]: DEBUG cotyledon.oslo_config_glue [-] oslo_reports.file_event_handler = None {{(pid=96412) log_opt_values /opt/stack/data/venv/lib/python3.12/site-packages/oslo_config/cfg.py:3253}}
Jul 07 22:00:34.909923 np0000004778 nova-scheduler[96412]: DEBUG cotyledon.oslo_config_glue [-] oslo_reports.file_event_handler_interval = 1 {{(pid=96412) log_opt_values /opt/stack/data/venv/lib/python3.12/site-packages/oslo_config/cfg.py:3253}}
Jul 07 22:00:34.909923 np0000004778 nova-scheduler[96412]: DEBUG cotyledon.oslo_config_glue [-] oslo_reports.log_dir = None {{(pid=96412) log_opt_values /opt/stack/data/venv/lib/python3.12/site-packages/oslo_config/cfg.py:3253}}
Jul 07 22:00:34.909923 np0000004778 nova-scheduler[96412]: DEBUG cotyledon.oslo_config_glue [-] ******************************************************************************** {{(pid=96412) log_opt_values /opt/stack/data/venv/lib/python3.12/site-packages/oslo_config/cfg.py:3260}}
Jul 07 22:00:34.909923 np0000004778 nova-scheduler[96412]: DEBUG cotyledon._service_worker [-] Run service ServiceWrapper(3) [96412] {{(pid=96412) wait_forever /opt/stack/data/venv/lib/python3.12/site-packages/cotyledon/_service_worker.py:218}}
Jul 07 22:00:34.909923 np0000004778 nova-scheduler[96412]: INFO nova.service [-] Starting scheduler node (version 33.1.0)
Jul 07 22:00:34.909923 np0000004778 nova-scheduler[96412]: INFO dbcounter [None req-f572ae01-fb96-4632-a0b1-4868563b322c None None] Registered counter for database nova_cell0
Jul 07 22:00:34.910166 np0000004778 nova-scheduler[96410]: DEBUG oslo_db.sqlalchemy.engines [None req-c05f08d9-0f3a-4cde-bec6-cee7de369da7 None None] MySQL server mode set to STRICT_TRANS_TABLES,STRICT_ALL_TABLES,NO_ZERO_IN_DATE,NO_ZERO_DATE,ERROR_FOR_DIVISION_BY_ZERO,TRADITIONAL,NO_ENGINE_SUBSTITUTION {{(pid=96410) _check_effective_sql_mode /opt/stack/data/venv/lib/python3.12/site-packages/oslo_db/sqlalchemy/engines.py:325}}
Jul 07 22:00:34.910214 np0000004778 nova-scheduler[96408]: DEBUG dbcounter [-] [96408] Writer thread running {{(pid=96408) stat_writer /opt/stack/data/venv/lib/python3.12/site-packages/dbcounter.py:102}}
Jul 07 22:00:34.911082 np0000004778 nova-scheduler[96406]: DEBUG oslo_db.sqlalchemy.engines [None req-3498a3a8-8b7a-45b8-af5c-3a9158414789 None None] MySQL server mode set to STRICT_TRANS_TABLES,STRICT_ALL_TABLES,NO_ZERO_IN_DATE,NO_ZERO_DATE,ERROR_FOR_DIVISION_BY_ZERO,TRADITIONAL,NO_ENGINE_SUBSTITUTION {{(pid=96406) _check_effective_sql_mode /opt/stack/data/venv/lib/python3.12/site-packages/oslo_db/sqlalchemy/engines.py:325}}
Jul 07 22:00:34.917691 np0000004778 nova-scheduler[96410]: DEBUG dbcounter [-] [96410] Writer thread running {{(pid=96410) stat_writer /opt/stack/data/venv/lib/python3.12/site-packages/dbcounter.py:102}}
Jul 07 22:00:34.925591 np0000004778 nova-scheduler[96406]: DEBUG dbcounter [-] [96406] Writer thread running {{(pid=96406) stat_writer /opt/stack/data/venv/lib/python3.12/site-packages/dbcounter.py:102}}
Jul 07 22:00:34.928653 np0000004778 nova-scheduler[96408]: DEBUG nova.service [None req-2e9f3c47-1eab-485d-8f31-4b228b871b17 None None] Creating RPC server for service: nova-scheduler on topic: scheduler {{(pid=96408) start /opt/stack/nova/nova/service.py:196}}
Jul 07 22:00:34.929703 np0000004778 nova-scheduler[96406]: DEBUG nova.service [None req-3498a3a8-8b7a-45b8-af5c-3a9158414789 None None] Creating RPC server for service: nova-scheduler on topic: scheduler {{(pid=96406) start /opt/stack/nova/nova/service.py:196}}
Jul 07 22:00:34.936626 np0000004778 nova-scheduler[96410]: DEBUG nova.service [None req-c05f08d9-0f3a-4cde-bec6-cee7de369da7 None None] Creating RPC server for service: nova-scheduler on topic: scheduler {{(pid=96410) start /opt/stack/nova/nova/service.py:196}}
Jul 07 22:00:34.964411 np0000004778 nova-scheduler[96412]: DEBUG oslo_db.sqlalchemy.engines [None req-f572ae01-fb96-4632-a0b1-4868563b322c None None] MySQL server mode set to STRICT_TRANS_TABLES,STRICT_ALL_TABLES,NO_ZERO_IN_DATE,NO_ZERO_DATE,ERROR_FOR_DIVISION_BY_ZERO,TRADITIONAL,NO_ENGINE_SUBSTITUTION {{(pid=96412) _check_effective_sql_mode /opt/stack/data/venv/lib/python3.12/site-packages/oslo_db/sqlalchemy/engines.py:325}}
Jul 07 22:00:34.964799 np0000004778 nova-scheduler[96410]: DEBUG nova.service [None req-c05f08d9-0f3a-4cde-bec6-cee7de369da7 None None] Join ServiceGroup membership for this service scheduler {{(pid=96410) start /opt/stack/nova/nova/service.py:222}}
Jul 07 22:00:34.965098 np0000004778 nova-scheduler[96410]: DEBUG nova.servicegroup.drivers.db [None req-c05f08d9-0f3a-4cde-bec6-cee7de369da7 None None] DB_Driver: join new ServiceGroup member np0000004778 to the scheduler group, service = {{(pid=96410) join /opt/stack/nova/nova/servicegroup/drivers/db.py:44}}
Jul 07 22:00:34.971403 np0000004778 nova-scheduler[96408]: DEBUG nova.service [None req-2e9f3c47-1eab-485d-8f31-4b228b871b17 None None] Join ServiceGroup membership for this service scheduler {{(pid=96408) start /opt/stack/nova/nova/service.py:222}}
Jul 07 22:00:34.971560 np0000004778 nova-scheduler[96406]: DEBUG nova.service [None req-3498a3a8-8b7a-45b8-af5c-3a9158414789 None None] Join ServiceGroup membership for this service scheduler {{(pid=96406) start /opt/stack/nova/nova/service.py:222}}
Jul 07 22:00:34.971801 np0000004778 nova-scheduler[96408]: DEBUG nova.servicegroup.drivers.db [None req-2e9f3c47-1eab-485d-8f31-4b228b871b17 None None] DB_Driver: join new ServiceGroup member np0000004778 to the scheduler group, service = {{(pid=96408) join /opt/stack/nova/nova/servicegroup/drivers/db.py:44}}
Jul 07 22:00:34.971845 np0000004778 nova-scheduler[96406]: DEBUG nova.servicegroup.drivers.db [None req-3498a3a8-8b7a-45b8-af5c-3a9158414789 None None] DB_Driver: join new ServiceGroup member np0000004778 to the scheduler group, service = {{(pid=96406) join /opt/stack/nova/nova/servicegroup/drivers/db.py:44}}
Jul 07 22:00:34.973553 np0000004778 nova-scheduler[96412]: DEBUG dbcounter [-] [96412] Writer thread running {{(pid=96412) stat_writer /opt/stack/data/venv/lib/python3.12/site-packages/dbcounter.py:102}}
Jul 07 22:00:34.973764 np0000004778 nova-scheduler[96408]: DEBUG oslo.service.backend._threading.loopingcall [None req-6a6cef5f-f4d1-4536-8de0-2217fa4e9e7c None None] Dynamic interval looping call 'nova.service.Service.periodic_tasks' sleeping for 60.00 seconds {{(pid=96408) _run_loop /opt/stack/data/venv/lib/python3.12/site-packages/oslo_service/backend/_threading/loopingcall.py:125}}
Jul 07 22:00:34.976287 np0000004778 nova-scheduler[96412]: DEBUG nova.service [None req-f572ae01-fb96-4632-a0b1-4868563b322c None None] Creating RPC server for service: nova-scheduler on topic: scheduler {{(pid=96412) start /opt/stack/nova/nova/service.py:196}}
Jul 07 22:00:34.992320 np0000004778 nova-scheduler[96412]: DEBUG nova.service [None req-f572ae01-fb96-4632-a0b1-4868563b322c None None] Join ServiceGroup membership for this service scheduler {{(pid=96412) start /opt/stack/nova/nova/service.py:222}}
Jul 07 22:00:34.992500 np0000004778 nova-scheduler[96412]: DEBUG nova.servicegroup.drivers.db [None req-f572ae01-fb96-4632-a0b1-4868563b322c None None] DB_Driver: join new ServiceGroup member np0000004778 to the scheduler group, service = {{(pid=96412) join /opt/stack/nova/nova/servicegroup/drivers/db.py:44}}
Jul 07 22:00:39.984023 np0000004778 nova-scheduler[96410]: DEBUG oslo.service.backend._threading.loopingcall [-] Fixed interval looping call 'nova.servicegroup.drivers.db.DbDriver._report_state' sleeping for 119.98 seconds {{(pid=96410) _run_loop /opt/stack/data/venv/lib/python3.12/site-packages/oslo_service/backend/_threading/loopingcall.py:125}}
Jul 07 22:00:39.985497 np0000004778 nova-scheduler[96408]: DEBUG oslo.service.backend._threading.loopingcall [-] Fixed interval looping call 'nova.servicegroup.drivers.db.DbDriver._report_state' sleeping for 119.99 seconds {{(pid=96408) _run_loop /opt/stack/data/venv/lib/python3.12/site-packages/oslo_service/backend/_threading/loopingcall.py:125}}
Jul 07 22:00:39.987120 np0000004778 nova-scheduler[96406]: DEBUG oslo.service.backend._threading.loopingcall [-] Fixed interval looping call 'nova.servicegroup.drivers.db.DbDriver._report_state' sleeping for 119.99 seconds {{(pid=96406) _run_loop /opt/stack/data/venv/lib/python3.12/site-packages/oslo_service/backend/_threading/loopingcall.py:125}}
Jul 07 22:00:40.005354 np0000004778 nova-scheduler[96412]: DEBUG oslo.service.backend._threading.loopingcall [-] Fixed interval looping call 'nova.servicegroup.drivers.db.DbDriver._report_state' sleeping for 119.99 seconds {{(pid=96412) _run_loop /opt/stack/data/venv/lib/python3.12/site-packages/oslo_service/backend/_threading/loopingcall.py:125}}
Jul 07 22:00:43.467700 np0000004778 nova-scheduler[95214]: DEBUG dbcounter [-] [95214] Writing DB stats nova_api:SELECT=3 {{(pid=95214) stat_writer /opt/stack/data/venv/lib/python3.12/site-packages/dbcounter.py:115}}
Jul 07 22:00:43.603669 np0000004778 nova-scheduler[95214]: DEBUG dbcounter [-] [95214] Writing DB stats nova_cell0:SELECT=1 {{(pid=95214) stat_writer /opt/stack/data/venv/lib/python3.12/site-packages/dbcounter.py:115}}
Jul 07 22:00:43.610131 np0000004778 nova-scheduler[95214]: DEBUG dbcounter [-] [95214] Writing DB stats nova_cell1:SELECT=1 {{(pid=95214) stat_writer /opt/stack/data/venv/lib/python3.12/site-packages/dbcounter.py:115}}
Jul 07 22:00:44.994182 np0000004778 nova-scheduler[96412]: DEBUG oslo.service.backend._threading.loopingcall [None req-66202a2b-6de3-4f10-8122-6eedbffb282d None None] Dynamic interval looping call 'nova.service.Service.periodic_tasks' sleeping for 60.00 seconds {{(pid=96412) _run_loop /opt/stack/data/venv/lib/python3.12/site-packages/oslo_service/backend/_threading/loopingcall.py:125}}
Jul 07 22:00:49.967455 np0000004778 nova-scheduler[96410]: DEBUG oslo.service.backend._threading.loopingcall [None req-46e2dc2d-c838-4058-a5a0-b7a03e14c64f None None] Dynamic interval looping call 'nova.service.Service.periodic_tasks' sleeping for 60.00 seconds {{(pid=96410) _run_loop /opt/stack/data/venv/lib/python3.12/site-packages/oslo_service/backend/_threading/loopingcall.py:125}}
Jul 07 22:00:49.975544 np0000004778 nova-scheduler[96410]: DEBUG dbcounter [-] [96410] Writing DB stats nova_cell0:SELECT=5,nova_cell0:INSERT=1,nova_cell0:UPDATE=1 {{(pid=96410) stat_writer /opt/stack/data/venv/lib/python3.12/site-packages/dbcounter.py:115}}
Jul 07 22:00:49.983379 np0000004778 nova-scheduler[96408]: DEBUG dbcounter [-] [96408] Writing DB stats nova_cell0:SELECT=4,nova_cell0:INSERT=1,nova_cell0:UPDATE=1 {{(pid=96408) stat_writer /opt/stack/data/venv/lib/python3.12/site-packages/dbcounter.py:115}}
Jul 07 22:00:49.986917 np0000004778 nova-scheduler[96406]: DEBUG dbcounter [-] [96406] Writing DB stats nova_cell0:SELECT=3,nova_cell0:UPDATE=1 {{(pid=96406) stat_writer /opt/stack/data/venv/lib/python3.12/site-packages/dbcounter.py:115}}
Jul 07 22:00:50.001279 np0000004778 nova-scheduler[96412]: DEBUG dbcounter [-] [96412] Writing DB stats nova_cell0:SELECT=3 {{(pid=96412) stat_writer /opt/stack/data/venv/lib/python3.12/site-packages/dbcounter.py:115}}
Jul 07 22:00:56.973990 np0000004778 nova-scheduler[96406]: DEBUG oslo.service.backend._threading.loopingcall [None req-fe1395f5-d70f-4909-8c88-8ccf42d9dfaa None None] Dynamic interval looping call 'nova.service.Service.periodic_tasks' sleeping for 60.00 seconds {{(pid=96406) _run_loop /opt/stack/data/venv/lib/python3.12/site-packages/oslo_service/backend/_threading/loopingcall.py:125}}
Jul 07 22:01:34.974287 np0000004778 nova-scheduler[96408]: DEBUG oslo.service.backend._threading.loopingcall [None req-6a6cef5f-f4d1-4536-8de0-2217fa4e9e7c None None] Dynamic interval looping call 'nova.service.Service.periodic_tasks' sleeping for 60.00 seconds {{(pid=96408) _run_loop /opt/stack/data/venv/lib/python3.12/site-packages/oslo_service/backend/_threading/loopingcall.py:125}}
Jul 07 22:01:44.994797 np0000004778 nova-scheduler[96412]: DEBUG oslo.service.backend._threading.loopingcall [None req-66202a2b-6de3-4f10-8122-6eedbffb282d None None] Dynamic interval looping call 'nova.service.Service.periodic_tasks' sleeping for 60.00 seconds {{(pid=96412) _run_loop /opt/stack/data/venv/lib/python3.12/site-packages/oslo_service/backend/_threading/loopingcall.py:125}}
Jul 07 22:01:49.968029 np0000004778 nova-scheduler[96410]: DEBUG oslo.service.backend._threading.loopingcall [None req-46e2dc2d-c838-4058-a5a0-b7a03e14c64f None None] Dynamic interval looping call 'nova.service.Service.periodic_tasks' sleeping for 60.00 seconds {{(pid=96410) _run_loop /opt/stack/data/venv/lib/python3.12/site-packages/oslo_service/backend/_threading/loopingcall.py:125}}
Jul 07 22:01:56.974456 np0000004778 nova-scheduler[96406]: DEBUG oslo.service.backend._threading.loopingcall [None req-fe1395f5-d70f-4909-8c88-8ccf42d9dfaa None None] Dynamic interval looping call 'nova.service.Service.periodic_tasks' sleeping for 60.00 seconds {{(pid=96406) _run_loop /opt/stack/data/venv/lib/python3.12/site-packages/oslo_service/backend/_threading/loopingcall.py:125}}
Jul 07 22:02:34.974863 np0000004778 nova-scheduler[96408]: DEBUG oslo.service.backend._threading.loopingcall [None req-6a6cef5f-f4d1-4536-8de0-2217fa4e9e7c None None] Dynamic interval looping call 'nova.service.Service.periodic_tasks' sleeping for 60.00 seconds {{(pid=96408) _run_loop /opt/stack/data/venv/lib/python3.12/site-packages/oslo_service/backend/_threading/loopingcall.py:125}}
Jul 07 22:02:39.974939 np0000004778 nova-scheduler[96410]: DEBUG oslo.service.backend._threading.loopingcall [-] Fixed interval looping call 'nova.servicegroup.drivers.db.DbDriver._report_state' sleeping for 119.99 seconds {{(pid=96410) _run_loop /opt/stack/data/venv/lib/python3.12/site-packages/oslo_service/backend/_threading/loopingcall.py:125}}
Jul 07 22:02:39.979913 np0000004778 nova-scheduler[96408]: DEBUG oslo.service.backend._threading.loopingcall [-] Fixed interval looping call 'nova.servicegroup.drivers.db.DbDriver._report_state' sleeping for 120.00 seconds {{(pid=96408) _run_loop /opt/stack/data/venv/lib/python3.12/site-packages/oslo_service/backend/_threading/loopingcall.py:125}}
Jul 07 22:02:39.980538 np0000004778 nova-scheduler[96406]: DEBUG oslo.service.backend._threading.loopingcall [-] Fixed interval looping call 'nova.servicegroup.drivers.db.DbDriver._report_state' sleeping for 120.00 seconds {{(pid=96406) _run_loop /opt/stack/data/venv/lib/python3.12/site-packages/oslo_service/backend/_threading/loopingcall.py:125}}
Jul 07 22:02:39.999689 np0000004778 nova-scheduler[96412]: DEBUG oslo.service.backend._threading.loopingcall [-] Fixed interval looping call 'nova.servicegroup.drivers.db.DbDriver._report_state' sleeping for 120.00 seconds {{(pid=96412) _run_loop /opt/stack/data/venv/lib/python3.12/site-packages/oslo_service/backend/_threading/loopingcall.py:125}}
Jul 07 22:02:44.995260 np0000004778 nova-scheduler[96412]: DEBUG oslo.service.backend._threading.loopingcall [None req-66202a2b-6de3-4f10-8122-6eedbffb282d None None] Dynamic interval looping call 'nova.service.Service.periodic_tasks' sleeping for 60.00 seconds {{(pid=96412) _run_loop /opt/stack/data/venv/lib/python3.12/site-packages/oslo_service/backend/_threading/loopingcall.py:125}}
Jul 07 22:02:49.968092 np0000004778 nova-scheduler[96410]: DEBUG dbcounter [-] [96410] Writing DB stats nova_cell0:SELECT=1,nova_cell0:UPDATE=1 {{(pid=96410) stat_writer /opt/stack/data/venv/lib/python3.12/site-packages/dbcounter.py:115}}
Jul 07 22:02:49.968445 np0000004778 nova-scheduler[96410]: DEBUG oslo.service.backend._threading.loopingcall [None req-46e2dc2d-c838-4058-a5a0-b7a03e14c64f None None] Dynamic interval looping call 'nova.service.Service.periodic_tasks' sleeping for 60.00 seconds {{(pid=96410) _run_loop /opt/stack/data/venv/lib/python3.12/site-packages/oslo_service/backend/_threading/loopingcall.py:125}}
Jul 07 22:02:49.977220 np0000004778 nova-scheduler[96408]: DEBUG dbcounter [-] [96408] Writing DB stats nova_cell0:SELECT=1 {{(pid=96408) stat_writer /opt/stack/data/venv/lib/python3.12/site-packages/dbcounter.py:115}}
Jul 07 22:02:49.978831 np0000004778 nova-scheduler[96406]: DEBUG dbcounter [-] [96406] Writing DB stats nova_cell0:SELECT=1 {{(pid=96406) stat_writer /opt/stack/data/venv/lib/python3.12/site-packages/dbcounter.py:115}}
Jul 07 22:02:49.998008 np0000004778 nova-scheduler[96412]: DEBUG dbcounter [-] [96412] Writing DB stats nova_cell0:SELECT=1 {{(pid=96412) stat_writer /opt/stack/data/venv/lib/python3.12/site-packages/dbcounter.py:115}}
Jul 07 22:02:56.974998 np0000004778 nova-scheduler[96406]: DEBUG oslo.service.backend._threading.loopingcall [None req-fe1395f5-d70f-4909-8c88-8ccf42d9dfaa None None] Dynamic interval looping call 'nova.service.Service.periodic_tasks' sleeping for 60.00 seconds {{(pid=96406) _run_loop /opt/stack/data/venv/lib/python3.12/site-packages/oslo_service/backend/_threading/loopingcall.py:125}}
Jul 07 22:03:05.007273 np0000004778 nova-scheduler[96410]: DEBUG nova.scheduler.manager [None req-44cd0a85-1695-4c74-b762-9524572bdc1b tempest-ServerActionsTestOtherA-1259652067 tempest-ServerActionsTestOtherA-1259652067-project-member] Starting to schedule for instances: ['cd35f503-0966-4ffa-811d-f74b9d04c8e6'] {{(pid=96410) select_destinations /opt/stack/nova/nova/scheduler/manager.py:209}}
Jul 07 22:03:05.007772 np0000004778 nova-scheduler[96410]: DEBUG nova.scheduler.request_filter [None req-44cd0a85-1695-4c74-b762-9524572bdc1b tempest-ServerActionsTestOtherA-1259652067 tempest-ServerActionsTestOtherA-1259652067-project-member] compute_status_filter request filter added forbidden trait COMPUTE_STATUS_DISABLED {{(pid=96410) compute_status_filter /opt/stack/nova/nova/scheduler/request_filter.py:253}}
Jul 07 22:03:05.008284 np0000004778 nova-scheduler[96410]: DEBUG nova.scheduler.request_filter [None req-44cd0a85-1695-4c74-b762-9524572bdc1b tempest-ServerActionsTestOtherA-1259652067 tempest-ServerActionsTestOtherA-1259652067-project-member] Request filter 'compute_status_filter' took 0.0 seconds {{(pid=96410) wrapper /opt/stack/nova/nova/scheduler/request_filter.py:46}}
Jul 07 22:03:05.008530 np0000004778 nova-scheduler[96410]: DEBUG nova.scheduler.request_filter [None req-44cd0a85-1695-4c74-b762-9524572bdc1b tempest-ServerActionsTestOtherA-1259652067 tempest-ServerActionsTestOtherA-1259652067-project-member] Request filter 'accelerators_filter' took 0.0 seconds {{(pid=96410) wrapper /opt/stack/nova/nova/scheduler/request_filter.py:46}}
Jul 07 22:03:05.008780 np0000004778 nova-scheduler[96410]: DEBUG nova.scheduler.request_filter [None req-44cd0a85-1695-4c74-b762-9524572bdc1b tempest-ServerActionsTestOtherA-1259652067 tempest-ServerActionsTestOtherA-1259652067-project-member] Request filter 'packed_virtqueue_filter' took 0.0 seconds {{(pid=96410) wrapper /opt/stack/nova/nova/scheduler/request_filter.py:46}}
Jul 07 22:03:05.009059 np0000004778 nova-scheduler[96410]: DEBUG nova.scheduler.request_filter [None req-44cd0a85-1695-4c74-b762-9524572bdc1b tempest-ServerActionsTestOtherA-1259652067 tempest-ServerActionsTestOtherA-1259652067-project-member] Request filter 'remote_managed_ports_filter' took 0.0 seconds {{(pid=96410) wrapper /opt/stack/nova/nova/scheduler/request_filter.py:46}}
Jul 07 22:03:05.009208 np0000004778 nova-scheduler[96410]: DEBUG nova.scheduler.request_filter [None req-44cd0a85-1695-4c74-b762-9524572bdc1b tempest-ServerActionsTestOtherA-1259652067 tempest-ServerActionsTestOtherA-1259652067-project-member] ephemeral_encryption_filter skipped {{(pid=96410) ephemeral_encryption_filter /opt/stack/nova/nova/scheduler/request_filter.py:426}}
Jul 07 22:03:05.009357 np0000004778 nova-scheduler[96410]: DEBUG nova.scheduler.request_filter [None req-44cd0a85-1695-4c74-b762-9524572bdc1b tempest-ServerActionsTestOtherA-1259652067 tempest-ServerActionsTestOtherA-1259652067-project-member] virtio_sound_filter skipped {{(pid=96410) virtio_sound_filter /opt/stack/nova/nova/scheduler/request_filter.py:460}}
Jul 07 22:03:05.009493 np0000004778 nova-scheduler[96410]: DEBUG nova.scheduler.request_filter [None req-44cd0a85-1695-4c74-b762-9524572bdc1b tempest-ServerActionsTestOtherA-1259652067 tempest-ServerActionsTestOtherA-1259652067-project-member] tpm_secret_security_filter skipped {{(pid=96410) tpm_secret_security_filter /opt/stack/nova/nova/scheduler/request_filter.py:477}}
Jul 07 22:03:05.498211 np0000004778 nova-scheduler[96410]: INFO nova.utils [None req-44cd0a85-1695-4c74-b762-9524572bdc1b tempest-ServerActionsTestOtherA-1259652067 tempest-ServerActionsTestOtherA-1259652067-project-member] The cell worker thread pool ForkProcess-3.cell_worker is initialized
Jul 07 22:03:05.498607 np0000004778 nova-scheduler[96410]: DEBUG oslo_concurrency.lockutils [None req-44cd0a85-1695-4c74-b762-9524572bdc1b tempest-ServerActionsTestOtherA-1259652067 tempest-ServerActionsTestOtherA-1259652067-project-member] Acquiring lock "15886191-7436-447a-a7cc-a3fa2e02afc6" by "nova.context.set_target_cell..get_or_set_cached_cell_and_set_connections" {{(pid=96410) inner /opt/stack/data/venv/lib/python3.12/site-packages/oslo_concurrency/lockutils.py:511}}
Jul 07 22:03:05.498885 np0000004778 nova-scheduler[96410]: DEBUG oslo_concurrency.lockutils [None req-44cd0a85-1695-4c74-b762-9524572bdc1b tempest-ServerActionsTestOtherA-1259652067 tempest-ServerActionsTestOtherA-1259652067-project-member] Lock "15886191-7436-447a-a7cc-a3fa2e02afc6" acquired by "nova.context.set_target_cell..get_or_set_cached_cell_and_set_connections" :: waited 0.000s {{(pid=96410) inner /opt/stack/data/venv/lib/python3.12/site-packages/oslo_concurrency/lockutils.py:524}}
Jul 07 22:03:05.500793 np0000004778 nova-scheduler[96410]: DEBUG oslo_concurrency.lockutils [None req-44cd0a85-1695-4c74-b762-9524572bdc1b tempest-ServerActionsTestOtherA-1259652067 tempest-ServerActionsTestOtherA-1259652067-project-member] Lock "15886191-7436-447a-a7cc-a3fa2e02afc6" "released" by "nova.context.set_target_cell..get_or_set_cached_cell_and_set_connections" :: held 0.001s {{(pid=96410) inner /opt/stack/data/venv/lib/python3.12/site-packages/oslo_concurrency/lockutils.py:543}}
Jul 07 22:03:05.502574 np0000004778 nova-scheduler[96410]: INFO dbcounter [None req-44cd0a85-1695-4c74-b762-9524572bdc1b tempest-ServerActionsTestOtherA-1259652067 tempest-ServerActionsTestOtherA-1259652067-project-member] Registered counter for database nova_cell1
Jul 07 22:03:05.555148 np0000004778 nova-scheduler[96410]: DEBUG oslo_db.sqlalchemy.engines [None req-44cd0a85-1695-4c74-b762-9524572bdc1b tempest-ServerActionsTestOtherA-1259652067 tempest-ServerActionsTestOtherA-1259652067-project-member] MySQL server mode set to STRICT_TRANS_TABLES,STRICT_ALL_TABLES,NO_ZERO_IN_DATE,NO_ZERO_DATE,ERROR_FOR_DIVISION_BY_ZERO,TRADITIONAL,NO_ENGINE_SUBSTITUTION {{(pid=96410) _check_effective_sql_mode /opt/stack/data/venv/lib/python3.12/site-packages/oslo_db/sqlalchemy/engines.py:325}}
Jul 07 22:03:05.560921 np0000004778 nova-scheduler[96410]: DEBUG dbcounter [-] [96410] Writer thread running {{(pid=96410) stat_writer /opt/stack/data/venv/lib/python3.12/site-packages/dbcounter.py:102}}
Jul 07 22:03:05.574806 np0000004778 nova-scheduler[96410]: DEBUG oslo_db.sqlalchemy.engines [None req-44cd0a85-1695-4c74-b762-9524572bdc1b tempest-ServerActionsTestOtherA-1259652067 tempest-ServerActionsTestOtherA-1259652067-project-member] Parent process 95214 forked (96410) with an open database connection, which is being discarded and recreated. {{(pid=96410) checkout /opt/stack/data/venv/lib/python3.12/site-packages/oslo_db/sqlalchemy/engines.py:402}}
Jul 07 22:03:05.622236 np0000004778 nova-scheduler[96410]: DEBUG dbcounter [-] [96410] Writer thread running {{(pid=96410) stat_writer /opt/stack/data/venv/lib/python3.12/site-packages/dbcounter.py:102}}
Jul 07 22:03:05.625424 np0000004778 nova-scheduler[96410]: DEBUG oslo_concurrency.lockutils [None req-44cd0a85-1695-4c74-b762-9524572bdc1b tempest-ServerActionsTestOtherA-1259652067 tempest-ServerActionsTestOtherA-1259652067-project-member] Acquiring lock "15886191-7436-447a-a7cc-a3fa2e02afc6" by "nova.context.set_target_cell..get_or_set_cached_cell_and_set_connections" {{(pid=96410) inner /opt/stack/data/venv/lib/python3.12/site-packages/oslo_concurrency/lockutils.py:511}}
Jul 07 22:03:05.625710 np0000004778 nova-scheduler[96410]: DEBUG oslo_concurrency.lockutils [None req-44cd0a85-1695-4c74-b762-9524572bdc1b tempest-ServerActionsTestOtherA-1259652067 tempest-ServerActionsTestOtherA-1259652067-project-member] Lock "15886191-7436-447a-a7cc-a3fa2e02afc6" acquired by "nova.context.set_target_cell..get_or_set_cached_cell_and_set_connections" :: waited 0.000s {{(pid=96410) inner /opt/stack/data/venv/lib/python3.12/site-packages/oslo_concurrency/lockutils.py:524}}
Jul 07 22:03:05.626968 np0000004778 nova-scheduler[96410]: DEBUG oslo_concurrency.lockutils [None req-44cd0a85-1695-4c74-b762-9524572bdc1b tempest-ServerActionsTestOtherA-1259652067 tempest-ServerActionsTestOtherA-1259652067-project-member] Lock "15886191-7436-447a-a7cc-a3fa2e02afc6" "released" by "nova.context.set_target_cell..get_or_set_cached_cell_and_set_connections" :: held 0.000s {{(pid=96410) inner /opt/stack/data/venv/lib/python3.12/site-packages/oslo_concurrency/lockutils.py:543}}
Jul 07 22:03:05.631320 np0000004778 nova-scheduler[96410]: DEBUG oslo_concurrency.lockutils [None req-44cd0a85-1695-4c74-b762-9524572bdc1b tempest-ServerActionsTestOtherA-1259652067 tempest-ServerActionsTestOtherA-1259652067-project-member] Acquiring lock "np0000004778-np0000004778" by "nova.scheduler.host_manager.HostState.update.._locked_update" {{(pid=96410) inner /opt/stack/data/venv/lib/python3.12/site-packages/oslo_concurrency/lockutils.py:511}}
Jul 07 22:03:05.631550 np0000004778 nova-scheduler[96410]: DEBUG oslo_concurrency.lockutils [None req-44cd0a85-1695-4c74-b762-9524572bdc1b tempest-ServerActionsTestOtherA-1259652067 tempest-ServerActionsTestOtherA-1259652067-project-member] Lock "np0000004778-np0000004778" acquired by "nova.scheduler.host_manager.HostState.update.._locked_update" :: waited 0.000s {{(pid=96410) inner /opt/stack/data/venv/lib/python3.12/site-packages/oslo_concurrency/lockutils.py:524}}
