Jul 07 22:00:40.360751 np0000004778 nova-conductor[98837]: DEBUG cotyledon.oslo_config_glue [-] oslo_versionedobjects.fatal_exception_format_errors = False {{(pid=98837) log_opt_values /opt/stack/data/venv/lib/python3.12/site-packages/oslo_config/cfg.py:3253}}
Jul 07 22:00:40.360751 np0000004778 nova-conductor[98837]: DEBUG cotyledon.oslo_config_glue [-] oslo_middleware.http_basic_auth_user_file = /etc/htpasswd {{(pid=98837) log_opt_values /opt/stack/data/venv/lib/python3.12/site-packages/oslo_config/cfg.py:3253}}
Jul 07 22:00:40.361080 np0000004778 nova-conductor[98837]: DEBUG cotyledon.oslo_config_glue [-] profiler.connection_string = messaging:// {{(pid=98837) log_opt_values /opt/stack/data/venv/lib/python3.12/site-packages/oslo_config/cfg.py:3253}}
Jul 07 22:00:40.361080 np0000004778 nova-conductor[98837]: DEBUG cotyledon.oslo_config_glue [-] profiler.enabled = False {{(pid=98837) log_opt_values /opt/stack/data/venv/lib/python3.12/site-packages/oslo_config/cfg.py:3253}}
Jul 07 22:00:40.361080 np0000004778 nova-conductor[98837]: DEBUG cotyledon.oslo_config_glue [-] profiler.es_doc_type = notification {{(pid=98837) log_opt_values /opt/stack/data/venv/lib/python3.12/site-packages/oslo_config/cfg.py:3253}}
Jul 07 22:00:40.361080 np0000004778 nova-conductor[98837]: DEBUG cotyledon.oslo_config_glue [-] profiler.es_scroll_size = 10000 {{(pid=98837) log_opt_values /opt/stack/data/venv/lib/python3.12/site-packages/oslo_config/cfg.py:3253}}
Jul 07 22:00:40.361080 np0000004778 nova-conductor[98837]: DEBUG cotyledon.oslo_config_glue [-] profiler.es_scroll_time = 2m {{(pid=98837) log_opt_values /opt/stack/data/venv/lib/python3.12/site-packages/oslo_config/cfg.py:3253}}
Jul 07 22:00:40.361080 np0000004778 nova-conductor[98837]: DEBUG cotyledon.oslo_config_glue [-] profiler.filter_error_trace = False {{(pid=98837) log_opt_values /opt/stack/data/venv/lib/python3.12/site-packages/oslo_config/cfg.py:3253}}
Jul 07 22:00:40.361080 np0000004778 nova-conductor[98837]: DEBUG cotyledon.oslo_config_glue [-] profiler.hmac_keys = **** {{(pid=98837) log_opt_values /opt/stack/data/venv/lib/python3.12/site-packages/oslo_config/cfg.py:3253}}
Jul 07 22:00:40.361080 np0000004778 nova-conductor[98837]: DEBUG cotyledon.oslo_config_glue [-] profiler.sentinel_service_name = mymaster {{(pid=98837) log_opt_values /opt/stack/data/venv/lib/python3.12/site-packages/oslo_config/cfg.py:3253}}
Jul 07 22:00:40.361080 np0000004778 nova-conductor[98837]: DEBUG cotyledon.oslo_config_glue [-] profiler.socket_timeout = 0.1 {{(pid=98837) log_opt_values /opt/stack/data/venv/lib/python3.12/site-packages/oslo_config/cfg.py:3253}}
Jul 07 22:00:40.361493 np0000004778 nova-conductor[98837]: DEBUG cotyledon.oslo_config_glue [-] profiler.trace_requests = False {{(pid=98837) log_opt_values /opt/stack/data/venv/lib/python3.12/site-packages/oslo_config/cfg.py:3253}}
Jul 07 22:00:40.361493 np0000004778 nova-conductor[98837]: DEBUG cotyledon.oslo_config_glue [-] profiler.trace_sqlalchemy = False {{(pid=98837) log_opt_values /opt/stack/data/venv/lib/python3.12/site-packages/oslo_config/cfg.py:3253}}
Jul 07 22:00:40.361493 np0000004778 nova-conductor[98837]: DEBUG cotyledon.oslo_config_glue [-] profiler_jaeger.process_tags = {} {{(pid=98837) log_opt_values /opt/stack/data/venv/lib/python3.12/site-packages/oslo_config/cfg.py:3253}}
Jul 07 22:00:40.361493 np0000004778 nova-conductor[98837]: DEBUG cotyledon.oslo_config_glue [-] profiler_jaeger.service_name_prefix = None {{(pid=98837) log_opt_values /opt/stack/data/venv/lib/python3.12/site-packages/oslo_config/cfg.py:3253}}
Jul 07 22:00:40.361493 np0000004778 nova-conductor[98837]: DEBUG cotyledon.oslo_config_glue [-] profiler_otlp.service_name_prefix = None {{(pid=98837) log_opt_values /opt/stack/data/venv/lib/python3.12/site-packages/oslo_config/cfg.py:3253}}
Jul 07 22:00:40.361493 np0000004778 nova-conductor[98837]: DEBUG cotyledon.oslo_config_glue [-] oslo_messaging_rabbit.amqp_auto_delete = False {{(pid=98837) log_opt_values /opt/stack/data/venv/lib/python3.12/site-packages/oslo_config/cfg.py:3253}}
Jul 07 22:00:40.361493 np0000004778 nova-conductor[98837]: DEBUG cotyledon.oslo_config_glue [-] oslo_messaging_rabbit.amqp_durable_queues = False {{(pid=98837) log_opt_values /opt/stack/data/venv/lib/python3.12/site-packages/oslo_config/cfg.py:3253}}
Jul 07 22:00:40.361493 np0000004778 nova-conductor[98837]: DEBUG cotyledon.oslo_config_glue [-] oslo_messaging_rabbit.conn_pool_min_size = 2 {{(pid=98837) log_opt_values /opt/stack/data/venv/lib/python3.12/site-packages/oslo_config/cfg.py:3253}}
Jul 07 22:00:40.361493 np0000004778 nova-conductor[98837]: DEBUG cotyledon.oslo_config_glue [-] oslo_messaging_rabbit.conn_pool_ttl = 1200 {{(pid=98837) log_opt_values /opt/stack/data/venv/lib/python3.12/site-packages/oslo_config/cfg.py:3253}}
Jul 07 22:00:40.361851 np0000004778 nova-conductor[98837]: DEBUG cotyledon.oslo_config_glue [-] oslo_messaging_rabbit.direct_mandatory_flag = True {{(pid=98837) log_opt_values /opt/stack/data/venv/lib/python3.12/site-packages/oslo_config/cfg.py:3253}}
Jul 07 22:00:40.361851 np0000004778 nova-conductor[98837]: DEBUG cotyledon.oslo_config_glue [-] oslo_messaging_rabbit.enable_cancel_on_failover = False {{(pid=98837) log_opt_values /opt/stack/data/venv/lib/python3.12/site-packages/oslo_config/cfg.py:3253}}
Jul 07 22:00:40.361904 np0000004778 nova-conductor[98823]: INFO dbcounter [None req-6f3ef88f-e51b-47b7-92a4-241592759f46 None None] Registered counter for database nova_cell0
Jul 07 22:00:40.361934 np0000004778 nova-conductor[98837]: DEBUG cotyledon.oslo_config_glue [-] oslo_messaging_rabbit.heartbeat_rate = 3 {{(pid=98837) log_opt_values /opt/stack/data/venv/lib/python3.12/site-packages/oslo_config/cfg.py:3253}}
Jul 07 22:00:40.361934 np0000004778 nova-conductor[98837]: DEBUG cotyledon.oslo_config_glue [-] oslo_messaging_rabbit.heartbeat_timeout_threshold = 60 {{(pid=98837) log_opt_values /opt/stack/data/venv/lib/python3.12/site-packages/oslo_config/cfg.py:3253}}
Jul 07 22:00:40.361934 np0000004778 nova-conductor[98837]: DEBUG cotyledon.oslo_config_glue [-] oslo_messaging_rabbit.hostname = np0000004778 {{(pid=98837) log_opt_values /opt/stack/data/venv/lib/python3.12/site-packages/oslo_config/cfg.py:3253}}
Jul 07 22:00:40.361934 np0000004778 nova-conductor[98837]: DEBUG cotyledon.oslo_config_glue [-] oslo_messaging_rabbit.kombu_compression = None {{(pid=98837) log_opt_values /opt/stack/data/venv/lib/python3.12/site-packages/oslo_config/cfg.py:3253}}
Jul 07 22:00:40.361934 np0000004778 nova-conductor[98837]: DEBUG cotyledon.oslo_config_glue [-] oslo_messaging_rabbit.kombu_failover_strategy = round-robin {{(pid=98837) log_opt_values /opt/stack/data/venv/lib/python3.12/site-packages/oslo_config/cfg.py:3253}}
Jul 07 22:00:40.361934 np0000004778 nova-conductor[98837]: DEBUG cotyledon.oslo_config_glue [-] oslo_messaging_rabbit.kombu_missing_consumer_retry_timeout = 60 {{(pid=98837) log_opt_values /opt/stack/data/venv/lib/python3.12/site-packages/oslo_config/cfg.py:3253}}
Jul 07 22:00:40.361934 np0000004778 nova-conductor[98837]: DEBUG cotyledon.oslo_config_glue [-] oslo_messaging_rabbit.kombu_reconnect_delay = 1.0 {{(pid=98837) log_opt_values /opt/stack/data/venv/lib/python3.12/site-packages/oslo_config/cfg.py:3253}}
Jul 07 22:00:40.361934 np0000004778 nova-conductor[98837]: DEBUG cotyledon.oslo_config_glue [-] oslo_messaging_rabbit.kombu_reconnect_splay = 0.0 {{(pid=98837) log_opt_values /opt/stack/data/venv/lib/python3.12/site-packages/oslo_config/cfg.py:3253}}
Jul 07 22:00:40.361934 np0000004778 nova-conductor[98837]: DEBUG cotyledon.oslo_config_glue [-] oslo_messaging_rabbit.processname = nova-conductor {{(pid=98837) log_opt_values /opt/stack/data/venv/lib/python3.12/site-packages/oslo_config/cfg.py:3253}}
Jul 07 22:00:40.362118 np0000004778 nova-conductor[98837]: DEBUG cotyledon.oslo_config_glue [-] oslo_messaging_rabbit.rabbit_ha_queues = False {{(pid=98837) log_opt_values /opt/stack/data/venv/lib/python3.12/site-packages/oslo_config/cfg.py:3253}}
Jul 07 22:00:40.362118 np0000004778 nova-conductor[98837]: DEBUG cotyledon.oslo_config_glue [-] oslo_messaging_rabbit.rabbit_interval_max = 30 {{(pid=98837) log_opt_values /opt/stack/data/venv/lib/python3.12/site-packages/oslo_config/cfg.py:3253}}
Jul 07 22:00:40.362118 np0000004778 nova-conductor[98837]: DEBUG cotyledon.oslo_config_glue [-] oslo_messaging_rabbit.rabbit_login_method = AMQPLAIN {{(pid=98837) log_opt_values /opt/stack/data/venv/lib/python3.12/site-packages/oslo_config/cfg.py:3253}}
Jul 07 22:00:40.362118 np0000004778 nova-conductor[98837]: DEBUG cotyledon.oslo_config_glue [-] oslo_messaging_rabbit.rabbit_qos_prefetch_count = 0 {{(pid=98837) log_opt_values /opt/stack/data/venv/lib/python3.12/site-packages/oslo_config/cfg.py:3253}}
Jul 07 22:00:40.362118 np0000004778 nova-conductor[98837]: DEBUG cotyledon.oslo_config_glue [-] oslo_messaging_rabbit.rabbit_quorum_delivery_limit = 0 {{(pid=98837) log_opt_values /opt/stack/data/venv/lib/python3.12/site-packages/oslo_config/cfg.py:3253}}
Jul 07 22:00:40.362118 np0000004778 nova-conductor[98837]: DEBUG cotyledon.oslo_config_glue [-] oslo_messaging_rabbit.rabbit_quorum_max_memory_bytes = 0 {{(pid=98837) log_opt_values /opt/stack/data/venv/lib/python3.12/site-packages/oslo_config/cfg.py:3253}}
Jul 07 22:00:40.362118 np0000004778 nova-conductor[98837]: DEBUG cotyledon.oslo_config_glue [-] oslo_messaging_rabbit.rabbit_quorum_max_memory_length = 0 {{(pid=98837) log_opt_values /opt/stack/data/venv/lib/python3.12/site-packages/oslo_config/cfg.py:3253}}
Jul 07 22:00:40.362118 np0000004778 nova-conductor[98837]: DEBUG cotyledon.oslo_config_glue [-] oslo_messaging_rabbit.rabbit_quorum_queue = False {{(pid=98837) log_opt_values /opt/stack/data/venv/lib/python3.12/site-packages/oslo_config/cfg.py:3253}}
Jul 07 22:00:40.362118 np0000004778 nova-conductor[98837]: DEBUG cotyledon.oslo_config_glue [-] oslo_messaging_rabbit.rabbit_retry_backoff = 2 {{(pid=98837) log_opt_values /opt/stack/data/venv/lib/python3.12/site-packages/oslo_config/cfg.py:3253}}
Jul 07 22:00:40.362295 np0000004778 nova-conductor[98837]: DEBUG cotyledon.oslo_config_glue [-] oslo_messaging_rabbit.rabbit_retry_interval = 1 {{(pid=98837) log_opt_values /opt/stack/data/venv/lib/python3.12/site-packages/oslo_config/cfg.py:3253}}
Jul 07 22:00:40.362295 np0000004778 nova-conductor[98837]: DEBUG cotyledon.oslo_config_glue [-] oslo_messaging_rabbit.rabbit_stream_fanout = False {{(pid=98837) log_opt_values /opt/stack/data/venv/lib/python3.12/site-packages/oslo_config/cfg.py:3253}}
Jul 07 22:00:40.362295 np0000004778 nova-conductor[98837]: DEBUG cotyledon.oslo_config_glue [-] oslo_messaging_rabbit.rabbit_transient_queues_ttl = 1800 {{(pid=98837) log_opt_values /opt/stack/data/venv/lib/python3.12/site-packages/oslo_config/cfg.py:3253}}
Jul 07 22:00:40.362295 np0000004778 nova-conductor[98837]: DEBUG cotyledon.oslo_config_glue [-] oslo_messaging_rabbit.rabbit_transient_quorum_queue = False {{(pid=98837) log_opt_values /opt/stack/data/venv/lib/python3.12/site-packages/oslo_config/cfg.py:3253}}
Jul 07 22:00:40.362295 np0000004778 nova-conductor[98837]: DEBUG cotyledon.oslo_config_glue [-] oslo_messaging_rabbit.rpc_conn_pool_size = 30 {{(pid=98837) log_opt_values /opt/stack/data/venv/lib/python3.12/site-packages/oslo_config/cfg.py:3253}}
Jul 07 22:00:40.362295 np0000004778 nova-conductor[98837]: DEBUG cotyledon.oslo_config_glue [-] oslo_messaging_rabbit.ssl = False {{(pid=98837) log_opt_values /opt/stack/data/venv/lib/python3.12/site-packages/oslo_config/cfg.py:3253}}
Jul 07 22:00:40.362295 np0000004778 nova-conductor[98837]: DEBUG cotyledon.oslo_config_glue [-] oslo_messaging_rabbit.ssl_ca_file = {{(pid=98837) log_opt_values /opt/stack/data/venv/lib/python3.12/site-packages/oslo_config/cfg.py:3253}}
Jul 07 22:00:40.362295 np0000004778 nova-conductor[98837]: DEBUG cotyledon.oslo_config_glue [-] oslo_messaging_rabbit.ssl_cert_file = {{(pid=98837) log_opt_values /opt/stack/data/venv/lib/python3.12/site-packages/oslo_config/cfg.py:3253}}
Jul 07 22:00:40.362295 np0000004778 nova-conductor[98837]: DEBUG cotyledon.oslo_config_glue [-] oslo_messaging_rabbit.ssl_enforce_fips_mode = False {{(pid=98837) log_opt_values /opt/stack/data/venv/lib/python3.12/site-packages/oslo_config/cfg.py:3253}}
Jul 07 22:00:40.362479 np0000004778 nova-conductor[98837]: DEBUG cotyledon.oslo_config_glue [-] oslo_messaging_rabbit.ssl_enforce_hostname_verification = True {{(pid=98837) log_opt_values /opt/stack/data/venv/lib/python3.12/site-packages/oslo_config/cfg.py:3253}}
Jul 07 22:00:40.362479 np0000004778 nova-conductor[98837]: DEBUG cotyledon.oslo_config_glue [-] oslo_messaging_rabbit.ssl_key_file = {{(pid=98837) log_opt_values /opt/stack/data/venv/lib/python3.12/site-packages/oslo_config/cfg.py:3253}}
Jul 07 22:00:40.362479 np0000004778 nova-conductor[98837]: DEBUG cotyledon.oslo_config_glue [-] oslo_messaging_rabbit.ssl_version = {{(pid=98837) log_opt_values /opt/stack/data/venv/lib/python3.12/site-packages/oslo_config/cfg.py:3253}}
Jul 07 22:00:40.362479 np0000004778 nova-conductor[98837]: DEBUG cotyledon.oslo_config_glue [-] oslo_messaging_rabbit.use_queue_manager = False {{(pid=98837) log_opt_values /opt/stack/data/venv/lib/python3.12/site-packages/oslo_config/cfg.py:3253}}
Jul 07 22:00:40.362479 np0000004778 nova-conductor[98837]: DEBUG cotyledon.oslo_config_glue [-] oslo_messaging_notifications.driver = ['messagingv2'] {{(pid=98837) log_opt_values /opt/stack/data/venv/lib/python3.12/site-packages/oslo_config/cfg.py:3253}}
Jul 07 22:00:40.362479 np0000004778 nova-conductor[98837]: DEBUG cotyledon.oslo_config_glue [-] oslo_messaging_notifications.retry = -1 {{(pid=98837) log_opt_values /opt/stack/data/venv/lib/python3.12/site-packages/oslo_config/cfg.py:3253}}
Jul 07 22:00:40.362479 np0000004778 nova-conductor[98837]: DEBUG cotyledon.oslo_config_glue [-] oslo_messaging_notifications.topics = ['notifications'] {{(pid=98837) log_opt_values /opt/stack/data/venv/lib/python3.12/site-packages/oslo_config/cfg.py:3253}}
Jul 07 22:00:40.362479 np0000004778 nova-conductor[98837]: DEBUG cotyledon.oslo_config_glue [-] oslo_messaging_notifications.transport_url = **** {{(pid=98837) log_opt_values /opt/stack/data/venv/lib/python3.12/site-packages/oslo_config/cfg.py:3253}}
Jul 07 22:00:40.362479 np0000004778 nova-conductor[98837]: DEBUG cotyledon.oslo_config_glue [-] oslo_limit.auth_section = None {{(pid=98837) log_opt_values /opt/stack/data/venv/lib/python3.12/site-packages/oslo_config/cfg.py:3253}}
Jul 07 22:00:40.362695 np0000004778 nova-conductor[98837]: DEBUG cotyledon.oslo_config_glue [-] oslo_limit.auth_type = None {{(pid=98837) log_opt_values /opt/stack/data/venv/lib/python3.12/site-packages/oslo_config/cfg.py:3253}}
Jul 07 22:00:40.362695 np0000004778 nova-conductor[98837]: DEBUG cotyledon.oslo_config_glue [-] oslo_limit.cafile = None {{(pid=98837) log_opt_values /opt/stack/data/venv/lib/python3.12/site-packages/oslo_config/cfg.py:3253}}
Jul 07 22:00:40.362695 np0000004778 nova-conductor[98837]: DEBUG cotyledon.oslo_config_glue [-] oslo_limit.certfile = None {{(pid=98837) log_opt_values /opt/stack/data/venv/lib/python3.12/site-packages/oslo_config/cfg.py:3253}}
Jul 07 22:00:40.362695 np0000004778 nova-conductor[98837]: DEBUG cotyledon.oslo_config_glue [-] oslo_limit.collect_timing = False {{(pid=98837) log_opt_values /opt/stack/data/venv/lib/python3.12/site-packages/oslo_config/cfg.py:3253}}
Jul 07 22:00:40.362695 np0000004778 nova-conductor[98837]: DEBUG cotyledon.oslo_config_glue [-] oslo_limit.connect_retries = None {{(pid=98837) log_opt_values /opt/stack/data/venv/lib/python3.12/site-packages/oslo_config/cfg.py:3253}}
Jul 07 22:00:40.362695 np0000004778 nova-conductor[98837]: DEBUG cotyledon.oslo_config_glue [-] oslo_limit.connect_retry_delay = None {{(pid=98837) log_opt_values /opt/stack/data/venv/lib/python3.12/site-packages/oslo_config/cfg.py:3253}}
Jul 07 22:00:40.362695 np0000004778 nova-conductor[98837]: DEBUG cotyledon.oslo_config_glue [-] oslo_limit.endpoint_id = None {{(pid=98837) log_opt_values /opt/stack/data/venv/lib/python3.12/site-packages/oslo_config/cfg.py:3253}}
Jul 07 22:00:40.362695 np0000004778 nova-conductor[98837]: DEBUG cotyledon.oslo_config_glue [-] oslo_limit.endpoint_interface = public {{(pid=98837) log_opt_values /opt/stack/data/venv/lib/python3.12/site-packages/oslo_config/cfg.py:3253}}
Jul 07 22:00:40.362695 np0000004778 nova-conductor[98837]: DEBUG cotyledon.oslo_config_glue [-] oslo_limit.endpoint_override = None {{(pid=98837) log_opt_values /opt/stack/data/venv/lib/python3.12/site-packages/oslo_config/cfg.py:3253}}
Jul 07 22:00:40.363011 np0000004778 nova-conductor[98837]: DEBUG cotyledon.oslo_config_glue [-] oslo_limit.endpoint_region_name = None {{(pid=98837) log_opt_values /opt/stack/data/venv/lib/python3.12/site-packages/oslo_config/cfg.py:3253}}
Jul 07 22:00:40.363011 np0000004778 nova-conductor[98837]: DEBUG cotyledon.oslo_config_glue [-] oslo_limit.endpoint_service_name = None {{(pid=98837) log_opt_values /opt/stack/data/venv/lib/python3.12/site-packages/oslo_config/cfg.py:3253}}
Jul 07 22:00:40.363011 np0000004778 nova-conductor[98837]: DEBUG cotyledon.oslo_config_glue [-] oslo_limit.endpoint_service_type = None {{(pid=98837) log_opt_values /opt/stack/data/venv/lib/python3.12/site-packages/oslo_config/cfg.py:3253}}
Jul 07 22:00:40.363011 np0000004778 nova-conductor[98837]: DEBUG cotyledon.oslo_config_glue [-] oslo_limit.insecure = False {{(pid=98837) log_opt_values /opt/stack/data/venv/lib/python3.12/site-packages/oslo_config/cfg.py:3253}}
Jul 07 22:00:40.363011 np0000004778 nova-conductor[98837]: DEBUG cotyledon.oslo_config_glue [-] oslo_limit.keyfile = None {{(pid=98837) log_opt_values /opt/stack/data/venv/lib/python3.12/site-packages/oslo_config/cfg.py:3253}}
Jul 07 22:00:40.363011 np0000004778 nova-conductor[98837]: DEBUG cotyledon.oslo_config_glue [-] oslo_limit.max_version = None {{(pid=98837) log_opt_values /opt/stack/data/venv/lib/python3.12/site-packages/oslo_config/cfg.py:3253}}
Jul 07 22:00:40.363011 np0000004778 nova-conductor[98837]: DEBUG cotyledon.oslo_config_glue [-] oslo_limit.min_version = None {{(pid=98837) log_opt_values /opt/stack/data/venv/lib/python3.12/site-packages/oslo_config/cfg.py:3253}}
Jul 07 22:00:40.363011 np0000004778 nova-conductor[98837]: DEBUG cotyledon.oslo_config_glue [-] oslo_limit.region_name = None {{(pid=98837) log_opt_values /opt/stack/data/venv/lib/python3.12/site-packages/oslo_config/cfg.py:3253}}
Jul 07 22:00:40.363011 np0000004778 nova-conductor[98837]: DEBUG cotyledon.oslo_config_glue [-] oslo_limit.retriable_status_codes = None {{(pid=98837) log_opt_values /opt/stack/data/venv/lib/python3.12/site-packages/oslo_config/cfg.py:3253}}
Jul 07 22:00:40.363321 np0000004778 nova-conductor[98837]: DEBUG cotyledon.oslo_config_glue [-] oslo_limit.service_name = None {{(pid=98837) log_opt_values /opt/stack/data/venv/lib/python3.12/site-packages/oslo_config/cfg.py:3253}}
Jul 07 22:00:40.363321 np0000004778 nova-conductor[98837]: DEBUG cotyledon.oslo_config_glue [-] oslo_limit.service_type = None {{(pid=98837) log_opt_values /opt/stack/data/venv/lib/python3.12/site-packages/oslo_config/cfg.py:3253}}
Jul 07 22:00:40.363321 np0000004778 nova-conductor[98837]: DEBUG cotyledon.oslo_config_glue [-] oslo_limit.split_loggers = False {{(pid=98837) log_opt_values /opt/stack/data/venv/lib/python3.12/site-packages/oslo_config/cfg.py:3253}}
Jul 07 22:00:40.363321 np0000004778 nova-conductor[98837]: DEBUG cotyledon.oslo_config_glue [-] oslo_limit.status_code_retries = None {{(pid=98837) log_opt_values /opt/stack/data/venv/lib/python3.12/site-packages/oslo_config/cfg.py:3253}}
Jul 07 22:00:40.363321 np0000004778 nova-conductor[98837]: DEBUG cotyledon.oslo_config_glue [-] oslo_limit.status_code_retry_delay = None {{(pid=98837) log_opt_values /opt/stack/data/venv/lib/python3.12/site-packages/oslo_config/cfg.py:3253}}
Jul 07 22:00:40.363321 np0000004778 nova-conductor[98837]: DEBUG cotyledon.oslo_config_glue [-] oslo_limit.timeout = None {{(pid=98837) log_opt_values /opt/stack/data/venv/lib/python3.12/site-packages/oslo_config/cfg.py:3253}}
Jul 07 22:00:40.363321 np0000004778 nova-conductor[98837]: DEBUG cotyledon.oslo_config_glue [-] oslo_limit.valid_interfaces = None {{(pid=98837) log_opt_values /opt/stack/data/venv/lib/python3.12/site-packages/oslo_config/cfg.py:3253}}
Jul 07 22:00:40.363321 np0000004778 nova-conductor[98837]: DEBUG cotyledon.oslo_config_glue [-] oslo_limit.version = None {{(pid=98837) log_opt_values /opt/stack/data/venv/lib/python3.12/site-packages/oslo_config/cfg.py:3253}}
Jul 07 22:00:40.363321 np0000004778 nova-conductor[98837]: DEBUG cotyledon.oslo_config_glue [-] oslo_reports.file_event_handler = None {{(pid=98837) log_opt_values /opt/stack/data/venv/lib/python3.12/site-packages/oslo_config/cfg.py:3253}}
Jul 07 22:00:40.363573 np0000004778 nova-conductor[98837]: DEBUG cotyledon.oslo_config_glue [-] oslo_reports.file_event_handler_interval = 1 {{(pid=98837) log_opt_values /opt/stack/data/venv/lib/python3.12/site-packages/oslo_config/cfg.py:3253}}
Jul 07 22:00:40.363573 np0000004778 nova-conductor[98837]: DEBUG cotyledon.oslo_config_glue [-] oslo_reports.log_dir = None {{(pid=98837) log_opt_values /opt/stack/data/venv/lib/python3.12/site-packages/oslo_config/cfg.py:3253}}
Jul 07 22:00:40.363573 np0000004778 nova-conductor[98837]: DEBUG cotyledon.oslo_config_glue [-] ******************************************************************************** {{(pid=98837) log_opt_values /opt/stack/data/venv/lib/python3.12/site-packages/oslo_config/cfg.py:3260}}
Jul 07 22:00:40.363573 np0000004778 nova-conductor[98837]: DEBUG cotyledon._service_worker [-] Run service ServiceWrapper(3) [98837] {{(pid=98837) wait_forever /opt/stack/data/venv/lib/python3.12/site-packages/cotyledon/_service_worker.py:218}}
Jul 07 22:00:40.363573 np0000004778 nova-conductor[98837]: INFO nova.service [-] Starting conductor node (version 33.1.0)
Jul 07 22:00:40.363573 np0000004778 nova-conductor[98837]: INFO dbcounter [None req-c8f55a79-8e63-4b21-a9cf-6d1f78f36056 None None] Registered counter for database nova_cell0
Jul 07 22:00:40.363851 np0000004778 nova-conductor[98811]: DEBUG oslo_db.sqlalchemy.engines [None req-e7317a40-eda8-4fe9-bcf3-4da16d8958b1 None None] MySQL server mode set to STRICT_TRANS_TABLES,STRICT_ALL_TABLES,NO_ZERO_IN_DATE,NO_ZERO_DATE,ERROR_FOR_DIVISION_BY_ZERO,TRADITIONAL,NO_ENGINE_SUBSTITUTION {{(pid=98811) _check_effective_sql_mode /opt/stack/data/venv/lib/python3.12/site-packages/oslo_db/sqlalchemy/engines.py:325}}
Jul 07 22:00:40.364907 np0000004778 nova-conductor[98815]: DEBUG oslo_db.sqlalchemy.engines [None req-50630286-cdcd-4964-a9cc-0df293b23ab2 None None] MySQL server mode set to STRICT_TRANS_TABLES,STRICT_ALL_TABLES,NO_ZERO_IN_DATE,NO_ZERO_DATE,ERROR_FOR_DIVISION_BY_ZERO,TRADITIONAL,NO_ENGINE_SUBSTITUTION {{(pid=98815) _check_effective_sql_mode /opt/stack/data/venv/lib/python3.12/site-packages/oslo_db/sqlalchemy/engines.py:325}}
Jul 07 22:00:40.367978 np0000004778 nova-conductor[98811]: DEBUG dbcounter [-] [98811] Writer thread running {{(pid=98811) stat_writer /opt/stack/data/venv/lib/python3.12/site-packages/dbcounter.py:102}}
Jul 07 22:00:40.376040 np0000004778 nova-conductor[98815]: DEBUG dbcounter [-] [98815] Writer thread running {{(pid=98815) stat_writer /opt/stack/data/venv/lib/python3.12/site-packages/dbcounter.py:102}}
Jul 07 22:00:40.378516 np0000004778 nova-conductor[98823]: DEBUG oslo_db.sqlalchemy.engines [None req-6f3ef88f-e51b-47b7-92a4-241592759f46 None None] MySQL server mode set to STRICT_TRANS_TABLES,STRICT_ALL_TABLES,NO_ZERO_IN_DATE,NO_ZERO_DATE,ERROR_FOR_DIVISION_BY_ZERO,TRADITIONAL,NO_ENGINE_SUBSTITUTION {{(pid=98823) _check_effective_sql_mode /opt/stack/data/venv/lib/python3.12/site-packages/oslo_db/sqlalchemy/engines.py:325}}
Jul 07 22:00:40.384346 np0000004778 nova-conductor[98837]: DEBUG oslo_db.sqlalchemy.engines [None req-c8f55a79-8e63-4b21-a9cf-6d1f78f36056 None None] MySQL server mode set to STRICT_TRANS_TABLES,STRICT_ALL_TABLES,NO_ZERO_IN_DATE,NO_ZERO_DATE,ERROR_FOR_DIVISION_BY_ZERO,TRADITIONAL,NO_ENGINE_SUBSTITUTION {{(pid=98837) _check_effective_sql_mode /opt/stack/data/venv/lib/python3.12/site-packages/oslo_db/sqlalchemy/engines.py:325}}
Jul 07 22:00:40.386980 np0000004778 nova-conductor[98811]: DEBUG nova.service [None req-e7317a40-eda8-4fe9-bcf3-4da16d8958b1 None None] Creating RPC server for service: nova-conductor on topic: conductor {{(pid=98811) start /opt/stack/nova/nova/service.py:196}}
Jul 07 22:00:40.388911 np0000004778 nova-conductor[98823]: DEBUG dbcounter [-] [98823] Writer thread running {{(pid=98823) stat_writer /opt/stack/data/venv/lib/python3.12/site-packages/dbcounter.py:102}}
Jul 07 22:00:40.391807 np0000004778 nova-conductor[98823]: DEBUG nova.service [None req-6f3ef88f-e51b-47b7-92a4-241592759f46 None None] Creating RPC server for service: nova-conductor on topic: conductor {{(pid=98823) start /opt/stack/nova/nova/service.py:196}}
Jul 07 22:00:40.393380 np0000004778 nova-conductor[98815]: DEBUG nova.service [None req-50630286-cdcd-4964-a9cc-0df293b23ab2 None None] Creating RPC server for service: nova-conductor on topic: conductor {{(pid=98815) start /opt/stack/nova/nova/service.py:196}}
Jul 07 22:00:40.394426 np0000004778 nova-conductor[98837]: DEBUG dbcounter [-] [98837] Writer thread running {{(pid=98837) stat_writer /opt/stack/data/venv/lib/python3.12/site-packages/dbcounter.py:102}}
Jul 07 22:00:40.397934 np0000004778 nova-conductor[98837]: DEBUG nova.service [None req-c8f55a79-8e63-4b21-a9cf-6d1f78f36056 None None] Creating RPC server for service: nova-conductor on topic: conductor {{(pid=98837) start /opt/stack/nova/nova/service.py:196}}
Jul 07 22:00:40.417251 np0000004778 nova-conductor[98815]: DEBUG nova.service [None req-50630286-cdcd-4964-a9cc-0df293b23ab2 None None] Join ServiceGroup membership for this service conductor {{(pid=98815) start /opt/stack/nova/nova/service.py:222}}
Jul 07 22:00:40.417522 np0000004778 nova-conductor[98815]: DEBUG nova.servicegroup.drivers.db [None req-50630286-cdcd-4964-a9cc-0df293b23ab2 None None] DB_Driver: join new ServiceGroup member np0000004778 to the conductor group, service = {{(pid=98815) join /opt/stack/nova/nova/servicegroup/drivers/db.py:44}}
Jul 07 22:00:40.417802 np0000004778 nova-conductor[98823]: DEBUG nova.service [None req-6f3ef88f-e51b-47b7-92a4-241592759f46 None None] Join ServiceGroup membership for this service conductor {{(pid=98823) start /opt/stack/nova/nova/service.py:222}}
Jul 07 22:00:40.418095 np0000004778 nova-conductor[98823]: DEBUG nova.servicegroup.drivers.db [None req-6f3ef88f-e51b-47b7-92a4-241592759f46 None None] DB_Driver: join new ServiceGroup member np0000004778 to the conductor group, service = {{(pid=98823) join /opt/stack/nova/nova/servicegroup/drivers/db.py:44}}
Jul 07 22:00:40.424655 np0000004778 nova-conductor[98837]: DEBUG nova.service [None req-c8f55a79-8e63-4b21-a9cf-6d1f78f36056 None None] Join ServiceGroup membership for this service conductor {{(pid=98837) start /opt/stack/nova/nova/service.py:222}}
Jul 07 22:00:40.424865 np0000004778 nova-conductor[98837]: DEBUG nova.servicegroup.drivers.db [None req-c8f55a79-8e63-4b21-a9cf-6d1f78f36056 None None] DB_Driver: join new ServiceGroup member np0000004778 to the conductor group, service = {{(pid=98837) join /opt/stack/nova/nova/servicegroup/drivers/db.py:44}}
Jul 07 22:00:40.427332 np0000004778 nova-conductor[98811]: DEBUG nova.service [None req-e7317a40-eda8-4fe9-bcf3-4da16d8958b1 None None] Join ServiceGroup membership for this service conductor {{(pid=98811) start /opt/stack/nova/nova/service.py:222}}
Jul 07 22:00:40.427634 np0000004778 nova-conductor[98811]: DEBUG nova.servicegroup.drivers.db [None req-e7317a40-eda8-4fe9-bcf3-4da16d8958b1 None None] DB_Driver: join new ServiceGroup member np0000004778 to the conductor group, service = {{(pid=98811) join /opt/stack/nova/nova/servicegroup/drivers/db.py:44}}
Jul 07 22:00:45.437503 np0000004778 nova-conductor[98823]: DEBUG oslo.service.backend._threading.loopingcall [-] Fixed interval looping call 'nova.servicegroup.drivers.db.DbDriver._report_state' sleeping for 119.98 seconds {{(pid=98823) _run_loop /opt/stack/data/venv/lib/python3.12/site-packages/oslo_service/backend/_threading/loopingcall.py:125}}
Jul 07 22:00:45.437931 np0000004778 nova-conductor[98815]: DEBUG oslo.service.backend._threading.loopingcall [-] Fixed interval looping call 'nova.servicegroup.drivers.db.DbDriver._report_state' sleeping for 119.98 seconds {{(pid=98815) _run_loop /opt/stack/data/venv/lib/python3.12/site-packages/oslo_service/backend/_threading/loopingcall.py:125}}
Jul 07 22:00:45.439233 np0000004778 nova-conductor[98837]: DEBUG oslo.service.backend._threading.loopingcall [-] Fixed interval looping call 'nova.servicegroup.drivers.db.DbDriver._report_state' sleeping for 119.99 seconds {{(pid=98837) _run_loop /opt/stack/data/venv/lib/python3.12/site-packages/oslo_service/backend/_threading/loopingcall.py:125}}
Jul 07 22:00:45.449534 np0000004778 nova-conductor[98811]: DEBUG oslo.service.backend._threading.loopingcall [-] Fixed interval looping call 'nova.servicegroup.drivers.db.DbDriver._report_state' sleeping for 119.98 seconds {{(pid=98811) _run_loop /opt/stack/data/venv/lib/python3.12/site-packages/oslo_service/backend/_threading/loopingcall.py:125}}
Jul 07 22:00:48.942883 np0000004778 nova-conductor[97354]: DEBUG dbcounter [-] [97354] Writing DB stats nova_api:SELECT=1 {{(pid=97354) stat_writer /opt/stack/data/venv/lib/python3.12/site-packages/dbcounter.py:115}}
Jul 07 22:00:49.080342 np0000004778 nova-conductor[97354]: DEBUG dbcounter [-] [97354] Writing DB stats nova_cell1:SELECT=1 {{(pid=97354) stat_writer /opt/stack/data/venv/lib/python3.12/site-packages/dbcounter.py:115}}
Jul 07 22:00:49.083895 np0000004778 nova-conductor[97354]: DEBUG dbcounter [-] [97354] Writing DB stats nova_cell0:SELECT=1 {{(pid=97354) stat_writer /opt/stack/data/venv/lib/python3.12/site-packages/dbcounter.py:115}}
Jul 07 22:00:55.430151 np0000004778 nova-conductor[98823]: DEBUG dbcounter [-] [98823] Writing DB stats nova_cell0:SELECT=3,nova_cell0:UPDATE=1 {{(pid=98823) stat_writer /opt/stack/data/venv/lib/python3.12/site-packages/dbcounter.py:115}}
Jul 07 22:00:55.436198 np0000004778 nova-conductor[98815]: DEBUG dbcounter [-] [98815] Writing DB stats nova_cell0:SELECT=5,nova_cell0:INSERT=1,nova_cell0:UPDATE=1 {{(pid=98815) stat_writer /opt/stack/data/venv/lib/python3.12/site-packages/dbcounter.py:115}}
Jul 07 22:00:55.436636 np0000004778 nova-conductor[98837]: DEBUG dbcounter [-] [98837] Writing DB stats nova_cell0:SELECT=3 {{(pid=98837) stat_writer /opt/stack/data/venv/lib/python3.12/site-packages/dbcounter.py:115}}
Jul 07 22:00:55.442252 np0000004778 nova-conductor[98811]: DEBUG dbcounter [-] [98811] Writing DB stats nova_cell0:SELECT=4,nova_cell0:INSERT=1 {{(pid=98811) stat_writer /opt/stack/data/venv/lib/python3.12/site-packages/dbcounter.py:115}}
Jul 07 22:00:57.420193 np0000004778 nova-conductor[98815]: DEBUG oslo.service.backend._threading.loopingcall [None req-ce1eb334-e519-4f4b-bdd4-02b95f0da1bd None None] Dynamic interval looping call 'nova.service.Service.periodic_tasks' sleeping for 60.00 seconds {{(pid=98815) _run_loop /opt/stack/data/venv/lib/python3.12/site-packages/oslo_service/backend/_threading/loopingcall.py:125}}
Jul 07 22:00:59.427066 np0000004778 nova-conductor[98837]: DEBUG oslo.service.backend._threading.loopingcall [None req-961e8467-70f7-4be6-a3b9-a86c0262cf7f None None] Dynamic interval looping call 'nova.service.Service.periodic_tasks' sleeping for 60.00 seconds {{(pid=98837) _run_loop /opt/stack/data/venv/lib/python3.12/site-packages/oslo_service/backend/_threading/loopingcall.py:125}}
Jul 07 22:01:21.429851 np0000004778 nova-conductor[98811]: DEBUG oslo.service.backend._threading.loopingcall [None req-af65e326-00db-447b-a065-fc226f693673 None None] Dynamic interval looping call 'nova.service.Service.periodic_tasks' sleeping for 60.00 seconds {{(pid=98811) _run_loop /opt/stack/data/venv/lib/python3.12/site-packages/oslo_service/backend/_threading/loopingcall.py:125}}
Jul 07 22:01:33.420243 np0000004778 nova-conductor[98823]: DEBUG oslo.service.backend._threading.loopingcall [None req-6e315472-d913-4867-9bf4-378fa61e3e76 None None] Dynamic interval looping call 'nova.service.Service.periodic_tasks' sleeping for 60.00 seconds {{(pid=98823) _run_loop /opt/stack/data/venv/lib/python3.12/site-packages/oslo_service/backend/_threading/loopingcall.py:125}}
Jul 07 22:01:57.420834 np0000004778 nova-conductor[98815]: DEBUG oslo.service.backend._threading.loopingcall [None req-ce1eb334-e519-4f4b-bdd4-02b95f0da1bd None None] Dynamic interval looping call 'nova.service.Service.periodic_tasks' sleeping for 60.00 seconds {{(pid=98815) _run_loop /opt/stack/data/venv/lib/python3.12/site-packages/oslo_service/backend/_threading/loopingcall.py:125}}
Jul 07 22:01:59.427569 np0000004778 nova-conductor[98837]: DEBUG oslo.service.backend._threading.loopingcall [None req-961e8467-70f7-4be6-a3b9-a86c0262cf7f None None] Dynamic interval looping call 'nova.service.Service.periodic_tasks' sleeping for 60.00 seconds {{(pid=98837) _run_loop /opt/stack/data/venv/lib/python3.12/site-packages/oslo_service/backend/_threading/loopingcall.py:125}}
Jul 07 22:02:21.430387 np0000004778 nova-conductor[98811]: DEBUG oslo.service.backend._threading.loopingcall [None req-af65e326-00db-447b-a065-fc226f693673 None None] Dynamic interval looping call 'nova.service.Service.periodic_tasks' sleeping for 60.00 seconds {{(pid=98811) _run_loop /opt/stack/data/venv/lib/python3.12/site-packages/oslo_service/backend/_threading/loopingcall.py:125}}
Jul 07 22:02:33.420749 np0000004778 nova-conductor[98823]: DEBUG oslo.service.backend._threading.loopingcall [None req-6e315472-d913-4867-9bf4-378fa61e3e76 None None] Dynamic interval looping call 'nova.service.Service.periodic_tasks' sleeping for 60.00 seconds {{(pid=98823) _run_loop /opt/stack/data/venv/lib/python3.12/site-packages/oslo_service/backend/_threading/loopingcall.py:125}}
Jul 07 22:02:45.425420 np0000004778 nova-conductor[98815]: DEBUG oslo.service.backend._threading.loopingcall [-] Fixed interval looping call 'nova.servicegroup.drivers.db.DbDriver._report_state' sleeping for 119.99 seconds {{(pid=98815) _run_loop /opt/stack/data/venv/lib/python3.12/site-packages/oslo_service/backend/_threading/loopingcall.py:125}}
Jul 07 22:02:45.426301 np0000004778 nova-conductor[98823]: DEBUG oslo.service.backend._threading.loopingcall [-] Fixed interval looping call 'nova.servicegroup.drivers.db.DbDriver._report_state' sleeping for 119.99 seconds {{(pid=98823) _run_loop /opt/stack/data/venv/lib/python3.12/site-packages/oslo_service/backend/_threading/loopingcall.py:125}}
Jul 07 22:02:45.432895 np0000004778 nova-conductor[98811]: DEBUG oslo.service.backend._threading.loopingcall [-] Fixed interval looping call 'nova.servicegroup.drivers.db.DbDriver._report_state' sleeping for 120.00 seconds {{(pid=98811) _run_loop /opt/stack/data/venv/lib/python3.12/site-packages/oslo_service/backend/_threading/loopingcall.py:125}}
Jul 07 22:02:45.433314 np0000004778 nova-conductor[98837]: DEBUG oslo.service.backend._threading.loopingcall [-] Fixed interval looping call 'nova.servicegroup.drivers.db.DbDriver._report_state' sleeping for 120.00 seconds {{(pid=98837) _run_loop /opt/stack/data/venv/lib/python3.12/site-packages/oslo_service/backend/_threading/loopingcall.py:125}}
Jul 07 22:02:55.421978 np0000004778 nova-conductor[98815]: DEBUG dbcounter [-] [98815] Writing DB stats nova_cell0:SELECT=1,nova_cell0:UPDATE=1 {{(pid=98815) stat_writer /opt/stack/data/venv/lib/python3.12/site-packages/dbcounter.py:115}}
Jul 07 22:02:55.422414 np0000004778 nova-conductor[98823]: DEBUG dbcounter [-] [98823] Writing DB stats nova_cell0:SELECT=1,nova_cell0:UPDATE=1 {{(pid=98823) stat_writer /opt/stack/data/venv/lib/python3.12/site-packages/dbcounter.py:115}}
Jul 07 22:02:55.431741 np0000004778 nova-conductor[98811]: DEBUG dbcounter [-] [98811] Writing DB stats nova_cell0:SELECT=1 {{(pid=98811) stat_writer /opt/stack/data/venv/lib/python3.12/site-packages/dbcounter.py:115}}
Jul 07 22:02:55.432093 np0000004778 nova-conductor[98837]: DEBUG dbcounter [-] [98837] Writing DB stats nova_cell0:SELECT=1 {{(pid=98837) stat_writer /opt/stack/data/venv/lib/python3.12/site-packages/dbcounter.py:115}}
Jul 07 22:02:57.421199 np0000004778 nova-conductor[98815]: DEBUG oslo.service.backend._threading.loopingcall [None req-ce1eb334-e519-4f4b-bdd4-02b95f0da1bd None None] Dynamic interval looping call 'nova.service.Service.periodic_tasks' sleeping for 60.00 seconds {{(pid=98815) _run_loop /opt/stack/data/venv/lib/python3.12/site-packages/oslo_service/backend/_threading/loopingcall.py:125}}
Jul 07 22:02:59.428031 np0000004778 nova-conductor[98837]: DEBUG oslo.service.backend._threading.loopingcall [None req-961e8467-70f7-4be6-a3b9-a86c0262cf7f None None] Dynamic interval looping call 'nova.service.Service.periodic_tasks' sleeping for 60.00 seconds {{(pid=98837) _run_loop /opt/stack/data/venv/lib/python3.12/site-packages/oslo_service/backend/_threading/loopingcall.py:125}}
Jul 07 22:03:04.927893 np0000004778 nova-conductor[98815]: DEBUG oslo_db.sqlalchemy.engines [None req-44cd0a85-1695-4c74-b762-9524572bdc1b tempest-ServerActionsTestOtherA-1259652067 tempest-ServerActionsTestOtherA-1259652067-project-member] Parent process 97354 forked (98815) with an open database connection, which is being discarded and recreated. {{(pid=98815) checkout /opt/stack/data/venv/lib/python3.12/site-packages/oslo_db/sqlalchemy/engines.py:402}}
Jul 07 22:03:04.972566 np0000004778 nova-conductor[98815]: DEBUG dbcounter [-] [98815] Writer thread running {{(pid=98815) stat_writer /opt/stack/data/venv/lib/python3.12/site-packages/dbcounter.py:102}}
Jul 07 22:03:06.003649 np0000004778 nova-conductor[98815]: DEBUG nova.conductor.manager [None req-44cd0a85-1695-4c74-b762-9524572bdc1b tempest-ServerActionsTestOtherA-1259652067 tempest-ServerActionsTestOtherA-1259652067-project-member] Took 1.03 seconds to select destinations for 1 instance(s). {{(pid=98815) _schedule_instances /opt/stack/nova/nova/conductor/manager.py:968}}
Jul 07 22:03:06.032244 np0000004778 nova-conductor[98815]: DEBUG oslo_concurrency.lockutils [None req-44cd0a85-1695-4c74-b762-9524572bdc1b tempest-ServerActionsTestOtherA-1259652067 tempest-ServerActionsTestOtherA-1259652067-project-member] Acquiring lock "15886191-7436-447a-a7cc-a3fa2e02afc6" by "nova.context.set_target_cell..get_or_set_cached_cell_and_set_connections" {{(pid=98815) inner /opt/stack/data/venv/lib/python3.12/site-packages/oslo_concurrency/lockutils.py:511}}
Jul 07 22:03:06.032419 np0000004778 nova-conductor[98815]: DEBUG oslo_concurrency.lockutils [None req-44cd0a85-1695-4c74-b762-9524572bdc1b tempest-ServerActionsTestOtherA-1259652067 tempest-ServerActionsTestOtherA-1259652067-project-member] Lock "15886191-7436-447a-a7cc-a3fa2e02afc6" acquired by "nova.context.set_target_cell..get_or_set_cached_cell_and_set_connections" :: waited 0.000s {{(pid=98815) inner /opt/stack/data/venv/lib/python3.12/site-packages/oslo_concurrency/lockutils.py:524}}
Jul 07 22:03:06.033862 np0000004778 nova-conductor[98815]: DEBUG oslo_concurrency.lockutils [None req-44cd0a85-1695-4c74-b762-9524572bdc1b tempest-ServerActionsTestOtherA-1259652067 tempest-ServerActionsTestOtherA-1259652067-project-member] Lock "15886191-7436-447a-a7cc-a3fa2e02afc6" "released" by "nova.context.set_target_cell..get_or_set_cached_cell_and_set_connections" :: held 0.001s {{(pid=98815) inner /opt/stack/data/venv/lib/python3.12/site-packages/oslo_concurrency/lockutils.py:543}}
Jul 07 22:03:06.036198 np0000004778 nova-conductor[98815]: INFO dbcounter [None req-44cd0a85-1695-4c74-b762-9524572bdc1b tempest-ServerActionsTestOtherA-1259652067 tempest-ServerActionsTestOtherA-1259652067-project-member] Registered counter for database nova_cell1
Jul 07 22:03:06.096552 np0000004778 nova-conductor[98815]: DEBUG oslo_db.sqlalchemy.engines [None req-44cd0a85-1695-4c74-b762-9524572bdc1b tempest-ServerActionsTestOtherA-1259652067 tempest-ServerActionsTestOtherA-1259652067-project-member] MySQL server mode set to STRICT_TRANS_TABLES,STRICT_ALL_TABLES,NO_ZERO_IN_DATE,NO_ZERO_DATE,ERROR_FOR_DIVISION_BY_ZERO,TRADITIONAL,NO_ENGINE_SUBSTITUTION {{(pid=98815) _check_effective_sql_mode /opt/stack/data/venv/lib/python3.12/site-packages/oslo_db/sqlalchemy/engines.py:325}}
Jul 07 22:03:06.102198 np0000004778 nova-conductor[98815]: DEBUG dbcounter [-] [98815] Writer thread running {{(pid=98815) stat_writer /opt/stack/data/venv/lib/python3.12/site-packages/dbcounter.py:102}}
Jul 07 22:03:06.169360 np0000004778 nova-conductor[98815]: INFO nova.utils [None req-44cd0a85-1695-4c74-b762-9524572bdc1b tempest-ServerActionsTestOtherA-1259652067 tempest-ServerActionsTestOtherA-1259652067-project-member] The cell worker thread pool ForkProcess-2.cell_worker is initialized
Jul 07 22:03:06.169834 np0000004778 nova-conductor[98815]: DEBUG oslo_concurrency.lockutils [None req-44cd0a85-1695-4c74-b762-9524572bdc1b tempest-ServerActionsTestOtherA-1259652067 tempest-ServerActionsTestOtherA-1259652067-project-member] Acquiring lock "00000000-0000-0000-0000-000000000000" by "nova.context.set_target_cell..get_or_set_cached_cell_and_set_connections" {{(pid=98815) inner /opt/stack/data/venv/lib/python3.12/site-packages/oslo_concurrency/lockutils.py:511}}
Jul 07 22:03:06.169946 np0000004778 nova-conductor[98815]: DEBUG oslo_concurrency.lockutils [None req-44cd0a85-1695-4c74-b762-9524572bdc1b tempest-ServerActionsTestOtherA-1259652067 tempest-ServerActionsTestOtherA-1259652067-project-member] Lock "00000000-0000-0000-0000-000000000000" acquired by "nova.context.set_target_cell..get_or_set_cached_cell_and_set_connections" :: waited 0.000s {{(pid=98815) inner /opt/stack/data/venv/lib/python3.12/site-packages/oslo_concurrency/lockutils.py:524}}
Jul 07 22:03:06.170242 np0000004778 nova-conductor[98815]: DEBUG oslo_concurrency.lockutils [None req-44cd0a85-1695-4c74-b762-9524572bdc1b tempest-ServerActionsTestOtherA-1259652067 tempest-ServerActionsTestOtherA-1259652067-project-member] Lock "00000000-0000-0000-0000-000000000000" "released" by "nova.context.set_target_cell..get_or_set_cached_cell_and_set_connections" :: held 0.000s {{(pid=98815) inner /opt/stack/data/venv/lib/python3.12/site-packages/oslo_concurrency/lockutils.py:543}}
Jul 07 22:03:06.171015 np0000004778 nova-conductor[98815]: DEBUG oslo_concurrency.lockutils [None req-44cd0a85-1695-4c74-b762-9524572bdc1b tempest-ServerActionsTestOtherA-1259652067 tempest-ServerActionsTestOtherA-1259652067-project-member] Acquiring lock "15886191-7436-447a-a7cc-a3fa2e02afc6" by "nova.context.set_target_cell..get_or_set_cached_cell_and_set_connections" {{(pid=98815) inner /opt/stack/data/venv/lib/python3.12/site-packages/oslo_concurrency/lockutils.py:511}}
Jul 07 22:03:06.171188 np0000004778 nova-conductor[98815]: DEBUG oslo_concurrency.lockutils [None req-44cd0a85-1695-4c74-b762-9524572bdc1b tempest-ServerActionsTestOtherA-1259652067 tempest-ServerActionsTestOtherA-1259652067-project-member] Lock "15886191-7436-447a-a7cc-a3fa2e02afc6" acquired by "nova.context.set_target_cell..get_or_set_cached_cell_and_set_connections" :: waited 0.000s {{(pid=98815) inner /opt/stack/data/venv/lib/python3.12/site-packages/oslo_concurrency/lockutils.py:524}}
Jul 07 22:03:06.171297 np0000004778 nova-conductor[98815]: DEBUG oslo_concurrency.lockutils [None req-44cd0a85-1695-4c74-b762-9524572bdc1b tempest-ServerActionsTestOtherA-1259652067 tempest-ServerActionsTestOtherA-1259652067-project-member] Lock "15886191-7436-447a-a7cc-a3fa2e02afc6" "released" by "nova.context.set_target_cell..get_or_set_cached_cell_and_set_connections" :: held 0.000s {{(pid=98815) inner /opt/stack/data/venv/lib/python3.12/site-packages/oslo_concurrency/lockutils.py:543}}
Jul 07 22:03:06.172991 np0000004778 nova-conductor[98815]: INFO dbcounter [None req-44cd0a85-1695-4c74-b762-9524572bdc1b tempest-ServerActionsTestOtherA-1259652067 tempest-ServerActionsTestOtherA-1259652067-project-member] Registered counter for database nova_cell0
Jul 07 22:03:06.222649 np0000004778 nova-conductor[98815]: DEBUG oslo_db.sqlalchemy.engines [None req-44cd0a85-1695-4c74-b762-9524572bdc1b tempest-ServerActionsTestOtherA-1259652067 tempest-ServerActionsTestOtherA-1259652067-project-member] MySQL server mode set to STRICT_TRANS_TABLES,STRICT_ALL_TABLES,NO_ZERO_IN_DATE,NO_ZERO_DATE,ERROR_FOR_DIVISION_BY_ZERO,TRADITIONAL,NO_ENGINE_SUBSTITUTION {{(pid=98815) _check_effective_sql_mode /opt/stack/data/venv/lib/python3.12/site-packages/oslo_db/sqlalchemy/engines.py:325}}
Jul 07 22:03:06.230033 np0000004778 nova-conductor[98815]: DEBUG dbcounter [-] [98815] Writer thread running {{(pid=98815) stat_writer /opt/stack/data/venv/lib/python3.12/site-packages/dbcounter.py:102}}
Jul 07 22:03:06.246382 np0000004778 nova-conductor[98815]: DEBUG nova.quota [None req-44cd0a85-1695-4c74-b762-9524572bdc1b tempest-ServerActionsTestOtherA-1259652067 tempest-ServerActionsTestOtherA-1259652067-project-member] Getting quotas for project 9811cdfe5c974d2cbcc69a61b5393684. Resources: {'cores', 'instances', 'ram'} {{(pid=98815) _get_quotas /opt/stack/nova/nova/quota.py:389}}
Jul 07 22:03:06.250002 np0000004778 nova-conductor[98815]: DEBUG nova.quota [None req-44cd0a85-1695-4c74-b762-9524572bdc1b tempest-ServerActionsTestOtherA-1259652067 tempest-ServerActionsTestOtherA-1259652067-project-member] Getting quotas for user 5f3f031b37cd4c1a80a73969d211fec8 and project 9811cdfe5c974d2cbcc69a61b5393684. Resources: {'cores', 'instances', 'ram'} {{(pid=98815) _get_quotas /opt/stack/nova/nova/quota.py:379}}
Jul 07 22:03:06.259196 np0000004778 nova-conductor[98815]: DEBUG nova.conductor.manager [None req-44cd0a85-1695-4c74-b762-9524572bdc1b tempest-ServerActionsTestOtherA-1259652067 tempest-ServerActionsTestOtherA-1259652067-project-member] [instance: cd35f503-0966-4ffa-811d-f74b9d04c8e6] Selected host: np0000004778; Selected node: np0000004778; Alternates: [] {{(pid=98815) schedule_and_build_instances /opt/stack/nova/nova/conductor/manager.py:1784}}
Jul 07 22:03:06.259807 np0000004778 nova-conductor[98815]: DEBUG oslo_concurrency.lockutils [None req-44cd0a85-1695-4c74-b762-9524572bdc1b tempest-ServerActionsTestOtherA-1259652067 tempest-ServerActionsTestOtherA-1259652067-project-member] Acquiring lock "15886191-7436-447a-a7cc-a3fa2e02afc6" by "nova.context.set_target_cell..get_or_set_cached_cell_and_set_connections" {{(pid=98815) inner /opt/stack/data/venv/lib/python3.12/site-packages/oslo_concurrency/lockutils.py:511}}
Jul 07 22:03:06.260088 np0000004778 nova-conductor[98815]: DEBUG oslo_concurrency.lockutils [None req-44cd0a85-1695-4c74-b762-9524572bdc1b tempest-ServerActionsTestOtherA-1259652067 tempest-ServerActionsTestOtherA-1259652067-project-member] Lock "15886191-7436-447a-a7cc-a3fa2e02afc6" acquired by "nova.context.set_target_cell..get_or_set_cached_cell_and_set_connections" :: waited 0.000s {{(pid=98815) inner /opt/stack/data/venv/lib/python3.12/site-packages/oslo_concurrency/lockutils.py:524}}
Jul 07 22:03:06.260154 np0000004778 nova-conductor[98815]: DEBUG oslo_concurrency.lockutils [None req-44cd0a85-1695-4c74-b762-9524572bdc1b tempest-ServerActionsTestOtherA-1259652067 tempest-ServerActionsTestOtherA-1259652067-project-member] Lock "15886191-7436-447a-a7cc-a3fa2e02afc6" "released" by "nova.context.set_target_cell..get_or_set_cached_cell_and_set_connections" :: held 0.000s {{(pid=98815) inner /opt/stack/data/venv/lib/python3.12/site-packages/oslo_concurrency/lockutils.py:543}}
Jul 07 22:03:06.269526 np0000004778 nova-conductor[98815]: DEBUG nova.conductor.manager [None req-44cd0a85-1695-4c74-b762-9524572bdc1b tempest-ServerActionsTestOtherA-1259652067 tempest-ServerActionsTestOtherA-1259652067-project-member] [instance: cd35f503-0966-4ffa-811d-f74b9d04c8e6] block_device_mapping [BlockDeviceMapping(attachment_id=,boot_index=0,connection_info=None,created_at=,delete_on_termination=True,deleted=,deleted_at=,destination_type='local',device_name=None,device_type='disk',disk_bus=None,encrypted=False,encryption_format=None,encryption_options=None,encryption_secret_uuid=None,guest_format=None,id=,image_id='89b69cf2-1617-491d-b074-ffdd77ba39d2',instance=,instance_uuid=,no_device=False,snapshot_id=None,source_type='image',tag=None,updated_at=,uuid=,volume_id=None,volume_size=None,volume_type=None)] {{(pid=98815) _create_block_device_mapping /opt/stack/nova/nova/conductor/manager.py:1529}}
Jul 07 22:03:06.271259 np0000004778 nova-conductor[98815]: DEBUG oslo_concurrency.lockutils [None req-44cd0a85-1695-4c74-b762-9524572bdc1b tempest-ServerActionsTestOtherA-1259652067 tempest-ServerActionsTestOtherA-1259652067-project-member] Acquiring lock "15886191-7436-447a-a7cc-a3fa2e02afc6" by "nova.context.set_target_cell..get_or_set_cached_cell_and_set_connections" {{(pid=98815) inner /opt/stack/data/venv/lib/python3.12/site-packages/oslo_concurrency/lockutils.py:511}}
Jul 07 22:03:06.271497 np0000004778 nova-conductor[98815]: DEBUG oslo_concurrency.lockutils [None req-44cd0a85-1695-4c74-b762-9524572bdc1b tempest-ServerActionsTestOtherA-1259652067 tempest-ServerActionsTestOtherA-1259652067-project-member] Lock "15886191-7436-447a-a7cc-a3fa2e02afc6" acquired by "nova.context.set_target_cell..get_or_set_cached_cell_and_set_connections" :: waited 0.000s {{(pid=98815) inner /opt/stack/data/venv/lib/python3.12/site-packages/oslo_concurrency/lockutils.py:524}}
