Aug 10 02:03:15.516076 np0000006842 devstack@g-api.service[99771]: DEBUG swiftclient [None req-69a0f7d3-d1fe-4a86-8700-94798a79bbb3 tempest-VolumesActionsTest-1039681668 tempest-VolumesActionsTest-1039681668-project-member] RESP HEADERS: {'Date': 'Mon, 10 Aug 2026 02:03:15 GMT', 'Server': 'Apache/2.4.58 (Ubuntu)', 'Content-Type': 'text/plain; charset=utf-8', 'X-Container-Object-Count': '3', 'X-Container-Bytes-Used': '64356352', 'X-Timestamp': '1786326953.27579', 'Last-Modified': 'Mon, 10 Aug 2026 01:55:54 GMT', 'Accept-Ranges': 'bytes', 'X-Storage-Policy': 'Policy-0', 'X-Container-Sharding': 'False', 'Vary': 'Accept', 'X-Trans-Id': 'txd2e8cbe2a65e4728b8294-006a793163', 'X-Openstack-Request-Id': 'txd2e8cbe2a65e4728b8294-006a793163', 'Connection': 'close'} {{(pid=99771) http_log /opt/stack/data/venv/lib/python3.12/site-packages/swiftclient/client.py:162}}
Aug 10 02:03:15.516322 np0000006842 devstack@g-api.service[99771]: DEBUG glance_store._drivers.swift.store [None req-69a0f7d3-d1fe-4a86-8700-94798a79bbb3 tempest-VolumesActionsTest-1039681668 tempest-VolumesActionsTest-1039681668-project-member] Adding image object '680f669f-3a00-449f-b70f-6592b77172d3' to Swift {{(pid=99771) add /opt/stack/data/venv/lib/python3.12/site-packages/glance_store/_drivers/swift/store.py:970}}
Aug 10 02:03:15.516742 np0000006842 devstack@g-api.service[99771]: DEBUG glance_store._drivers.swift.store [None req-69a0f7d3-d1fe-4a86-8700-94798a79bbb3 tempest-VolumesActionsTest-1039681668 tempest-VolumesActionsTest-1039681668-project-member] Cannot determine image size because it is either not provided in the request or chunked-transfer encoding is used. Adding image as a segmented object to Swift. {{(pid=99771) add /opt/stack/data/venv/lib/python3.12/site-packages/glance_store/_drivers/swift/store.py:994}}
Aug 10 02:03:15.528772 np0000006842 devstack@g-api.service[99771]: DEBUG oslo_utils.imageutils.format_inspector [None req-69a0f7d3-d1fe-4a86-8700-94798a79bbb3 tempest-VolumesActionsTest-1039681668 tempest-VolumesActionsTest-1039681668-project-member] Format inspector for vmdk does not match, excluding from consideration (Signature KDMV not found: b'\x00\x00\x00\x00') {{(pid=99771) _process_chunk /opt/stack/data/venv/lib/python3.12/site-packages/oslo_utils/imageutils/format_inspector.py:1758}}
Aug 10 02:03:15.532203 np0000006842 devstack@g-api.service[99771]: DEBUG oslo_utils.imageutils.format_inspector [None req-69a0f7d3-d1fe-4a86-8700-94798a79bbb3 tempest-VolumesActionsTest-1039681668 tempest-VolumesActionsTest-1039681668-project-member] Format inspector for vhdx does not match, excluding from consideration (Region signature not found at 30000) {{(pid=99771) _process_chunk /opt/stack/data/venv/lib/python3.12/site-packages/oslo_utils/imageutils/format_inspector.py:1758}}
Aug 10 02:03:16.533414 np0000006842 devstack@g-api.service[99773]: DEBUG glance.api.middleware.version_negotiation [None req-91f408e2-67cb-41cd-bf23-0fee549d618e tempest-VolumesActionsTest-1039681668 tempest-VolumesActionsTest-1039681668-project-member] Determining version of request: GET /v2/images/680f669f-3a00-449f-b70f-6592b77172d3 Accept: application/json {{(pid=99773) process_request /opt/stack/glance/glance/api/middleware/version_negotiation.py:44}}
Aug 10 02:03:16.533414 np0000006842 devstack@g-api.service[99773]: DEBUG glance.api.middleware.version_negotiation [None req-91f408e2-67cb-41cd-bf23-0fee549d618e tempest-VolumesActionsTest-1039681668 tempest-VolumesActionsTest-1039681668-project-member] Using url versioning {{(pid=99773) process_request /opt/stack/glance/glance/api/middleware/version_negotiation.py:57}}
Aug 10 02:03:16.533414 np0000006842 devstack@g-api.service[99773]: DEBUG glance.api.middleware.version_negotiation [None req-91f408e2-67cb-41cd-bf23-0fee549d618e tempest-VolumesActionsTest-1039681668 tempest-VolumesActionsTest-1039681668-project-member] Matched version: v2 {{(pid=99773) process_request /opt/stack/glance/glance/api/middleware/version_negotiation.py:69}}
Aug 10 02:03:16.533414 np0000006842 devstack@g-api.service[99773]: DEBUG glance.api.middleware.version_negotiation [None req-91f408e2-67cb-41cd-bf23-0fee549d618e tempest-VolumesActionsTest-1039681668 tempest-VolumesActionsTest-1039681668-project-member] new path /v2/images/680f669f-3a00-449f-b70f-6592b77172d3 {{(pid=99773) process_request /opt/stack/glance/glance/api/middleware/version_negotiation.py:70}}
Aug 10 02:03:16.565224 np0000006842 devstack@g-api.service[99773]: [pid: 99773|app: 0|req: 147/453] 127.0.0.1 () {40 vars in 838 bytes} [Mon Aug 10 02:03:16 2026] GET /v2/images/680f669f-3a00-449f-b70f-6592b77172d3 => generated 650 bytes in 35 msecs (HTTP/1.1 200) 4 headers in 157 bytes (1 switches on core 0)
Aug 10 02:03:17.574576 np0000006842 devstack@g-api.service[99772]: DEBUG glance.api.middleware.version_negotiation [None req-c6956c15-0eb4-4cdf-9866-40de3e75c62e tempest-VolumesActionsTest-1039681668 tempest-VolumesActionsTest-1039681668-project-member] Determining version of request: GET /v2/images/680f669f-3a00-449f-b70f-6592b77172d3 Accept: application/json {{(pid=99772) process_request /opt/stack/glance/glance/api/middleware/version_negotiation.py:44}}
Aug 10 02:03:17.576644 np0000006842 devstack@g-api.service[99772]: DEBUG glance.api.middleware.version_negotiation [None req-c6956c15-0eb4-4cdf-9866-40de3e75c62e tempest-VolumesActionsTest-1039681668 tempest-VolumesActionsTest-1039681668-project-member] Using url versioning {{(pid=99772) process_request /opt/stack/glance/glance/api/middleware/version_negotiation.py:57}}
Aug 10 02:03:17.576644 np0000006842 devstack@g-api.service[99772]: DEBUG glance.api.middleware.version_negotiation [None req-c6956c15-0eb4-4cdf-9866-40de3e75c62e tempest-VolumesActionsTest-1039681668 tempest-VolumesActionsTest-1039681668-project-member] Matched version: v2 {{(pid=99772) process_request /opt/stack/glance/glance/api/middleware/version_negotiation.py:69}}
Aug 10 02:03:17.576644 np0000006842 devstack@g-api.service[99772]: DEBUG glance.api.middleware.version_negotiation [None req-c6956c15-0eb4-4cdf-9866-40de3e75c62e tempest-VolumesActionsTest-1039681668 tempest-VolumesActionsTest-1039681668-project-member] new path /v2/images/680f669f-3a00-449f-b70f-6592b77172d3 {{(pid=99772) process_request /opt/stack/glance/glance/api/middleware/version_negotiation.py:70}}
Aug 10 02:03:17.601880 np0000006842 devstack@g-api.service[99772]: [pid: 99772|app: 0|req: 159/454] 127.0.0.1 () {40 vars in 838 bytes} [Mon Aug 10 02:03:17 2026] GET /v2/images/680f669f-3a00-449f-b70f-6592b77172d3 => generated 650 bytes in 29 msecs (HTTP/1.1 200) 4 headers in 157 bytes (1 switches on core 0)
Aug 10 02:03:18.386561 np0000006842 devstack@g-api.service[99771]: DEBUG swiftclient [None req-69a0f7d3-d1fe-4a86-8700-94798a79bbb3 tempest-VolumesActionsTest-1039681668 tempest-VolumesActionsTest-1039681668-project-member] REQ: curl -i https://10.4.3.117:8080/v1/AUTH_fa63fde220454940bcafb1329bc70b0b/glance/680f669f-3a00-449f-b70f-6592b77172d3-00001 -X PUT -H "X-Auth-Token: gAAAAABqeTFjFzSE..." {{(pid=99771) http_log /opt/stack/data/venv/lib/python3.12/site-packages/swiftclient/client.py:160}}
Aug 10 02:03:18.387075 np0000006842 devstack@g-api.service[99771]: DEBUG swiftclient [None req-69a0f7d3-d1fe-4a86-8700-94798a79bbb3 tempest-VolumesActionsTest-1039681668 tempest-VolumesActionsTest-1039681668-project-member] RESP STATUS: 201 Created {{(pid=99771) http_log /opt/stack/data/venv/lib/python3.12/site-packages/swiftclient/client.py:161}}
Aug 10 02:03:18.387075 np0000006842 devstack@g-api.service[99771]: DEBUG swiftclient [None req-69a0f7d3-d1fe-4a86-8700-94798a79bbb3 tempest-VolumesActionsTest-1039681668 tempest-VolumesActionsTest-1039681668-project-member] RESP HEADERS: {'Date': 'Mon, 10 Aug 2026 02:03:18 GMT', 'Server': 'Apache/2.4.58 (Ubuntu)', 'Content-Type': 'text/html; charset=UTF-8', 'Content-Length': '0', 'Etag': 'eda9a9889837ac4bc81d6387d92c1bec', 'Last-Modified': 'Mon, 10 Aug 2026 02:03:16 GMT', 'X-Trans-Id': 'txb3c32d494e564258a0c2d-006a793163', 'X-Openstack-Request-Id': 'txb3c32d494e564258a0c2d-006a793163', 'Connection': 'close'} {{(pid=99771) http_log /opt/stack/data/venv/lib/python3.12/site-packages/swiftclient/client.py:162}}
Aug 10 02:03:18.387075 np0000006842 devstack@g-api.service[99771]: DEBUG glance_store._drivers.swift.store [None req-69a0f7d3-d1fe-4a86-8700-94798a79bbb3 tempest-VolumesActionsTest-1039681668 tempest-VolumesActionsTest-1039681668-project-member] Wrote chunk 680f669f-3a00-449f-b70f-6592b77172d3-00001 (1/?) of length 204800000 to Swift returning MD5 of content: eda9a9889837ac4bc81d6387d92c1bec {{(pid=99771) add /opt/stack/data/venv/lib/python3.12/site-packages/glance_store/_drivers/swift/store.py:1059}}
Aug 10 02:03:19.518574 np0000006842 devstack@g-api.service[99773]: DEBUG glance.api.middleware.version_negotiation [None req-b05dede7-2fde-411a-88fb-6d3ce1a6251f tempest-VolumesActionsTest-1039681668 tempest-VolumesActionsTest-1039681668-project-member] Determining version of request: GET /v2/images/680f669f-3a00-449f-b70f-6592b77172d3 Accept: application/json {{(pid=99773) process_request /opt/stack/glance/glance/api/middleware/version_negotiation.py:44}}
Aug 10 02:03:19.518574 np0000006842 devstack@g-api.service[99773]: DEBUG glance.api.middleware.version_negotiation [None req-b05dede7-2fde-411a-88fb-6d3ce1a6251f tempest-VolumesActionsTest-1039681668 tempest-VolumesActionsTest-1039681668-project-member] Using url versioning {{(pid=99773) process_request /opt/stack/glance/glance/api/middleware/version_negotiation.py:57}}
Aug 10 02:03:19.518574 np0000006842 devstack@g-api.service[99773]: DEBUG glance.api.middleware.version_negotiation [None req-b05dede7-2fde-411a-88fb-6d3ce1a6251f tempest-VolumesActionsTest-1039681668 tempest-VolumesActionsTest-1039681668-project-member] Matched version: v2 {{(pid=99773) process_request /opt/stack/glance/glance/api/middleware/version_negotiation.py:69}}
Aug 10 02:03:19.518574 np0000006842 devstack@g-api.service[99773]: DEBUG glance.api.middleware.version_negotiation [None req-b05dede7-2fde-411a-88fb-6d3ce1a6251f tempest-VolumesActionsTest-1039681668 tempest-VolumesActionsTest-1039681668-project-member] new path /v2/images/680f669f-3a00-449f-b70f-6592b77172d3 {{(pid=99773) process_request /opt/stack/glance/glance/api/middleware/version_negotiation.py:70}}
Aug 10 02:03:19.518574 np0000006842 devstack@g-api.service[99773]: [pid: 99773|app: 0|req: 148/455] 127.0.0.1 () {40 vars in 838 bytes} [Mon Aug 10 02:03:18 2026] GET /v2/images/680f669f-3a00-449f-b70f-6592b77172d3 => generated 650 bytes in 23 msecs (HTTP/1.1 200) 4 headers in 157 bytes (1 switches on core 0)
Aug 10 02:03:19.648782 np0000006842 devstack@g-api.service[99772]: DEBUG glance.api.middleware.version_negotiation [None req-e21c3365-2549-4259-8d36-cd4adff281bc tempest-VolumesActionsTest-1039681668 tempest-VolumesActionsTest-1039681668-project-member] Determining version of request: GET /v2/images/680f669f-3a00-449f-b70f-6592b77172d3 Accept: application/json {{(pid=99772) process_request /opt/stack/glance/glance/api/middleware/version_negotiation.py:44}}
Aug 10 02:03:19.649307 np0000006842 devstack@g-api.service[99772]: DEBUG glance.api.middleware.version_negotiation [None req-e21c3365-2549-4259-8d36-cd4adff281bc tempest-VolumesActionsTest-1039681668 tempest-VolumesActionsTest-1039681668-project-member] Using url versioning {{(pid=99772) process_request /opt/stack/glance/glance/api/middleware/version_negotiation.py:57}}
Aug 10 02:03:19.649307 np0000006842 devstack@g-api.service[99772]: DEBUG glance.api.middleware.version_negotiation [None req-e21c3365-2549-4259-8d36-cd4adff281bc tempest-VolumesActionsTest-1039681668 tempest-VolumesActionsTest-1039681668-project-member] Matched version: v2 {{(pid=99772) process_request /opt/stack/glance/glance/api/middleware/version_negotiation.py:69}}
Aug 10 02:03:19.649440 np0000006842 devstack@g-api.service[99772]: DEBUG glance.api.middleware.version_negotiation [None req-e21c3365-2549-4259-8d36-cd4adff281bc tempest-VolumesActionsTest-1039681668 tempest-VolumesActionsTest-1039681668-project-member] new path /v2/images/680f669f-3a00-449f-b70f-6592b77172d3 {{(pid=99772) process_request /opt/stack/glance/glance/api/middleware/version_negotiation.py:70}}
Aug 10 02:03:19.677576 np0000006842 devstack@g-api.service[99772]: [pid: 99772|app: 0|req: 160/456] 127.0.0.1 () {40 vars in 838 bytes} [Mon Aug 10 02:03:19 2026] GET /v2/images/680f669f-3a00-449f-b70f-6592b77172d3 => generated 650 bytes in 29 msecs (HTTP/1.1 200) 4 headers in 157 bytes (1 switches on core 0)
Aug 10 02:03:20.691530 np0000006842 devstack@g-api.service[99773]: DEBUG glance.api.middleware.version_negotiation [None req-cdeced1f-8426-46ae-914d-7e70f43528cb tempest-VolumesActionsTest-1039681668 tempest-VolumesActionsTest-1039681668-project-member] Determining version of request: GET /v2/images/680f669f-3a00-449f-b70f-6592b77172d3 Accept: application/json {{(pid=99773) process_request /opt/stack/glance/glance/api/middleware/version_negotiation.py:44}}
Aug 10 02:03:20.691530 np0000006842 devstack@g-api.service[99773]: DEBUG glance.api.middleware.version_negotiation [None req-cdeced1f-8426-46ae-914d-7e70f43528cb tempest-VolumesActionsTest-1039681668 tempest-VolumesActionsTest-1039681668-project-member] Using url versioning {{(pid=99773) process_request /opt/stack/glance/glance/api/middleware/version_negotiation.py:57}}
Aug 10 02:03:20.691530 np0000006842 devstack@g-api.service[99773]: DEBUG glance.api.middleware.version_negotiation [None req-cdeced1f-8426-46ae-914d-7e70f43528cb tempest-VolumesActionsTest-1039681668 tempest-VolumesActionsTest-1039681668-project-member] Matched version: v2 {{(pid=99773) process_request /opt/stack/glance/glance/api/middleware/version_negotiation.py:69}}
Aug 10 02:03:20.691530 np0000006842 devstack@g-api.service[99773]: DEBUG glance.api.middleware.version_negotiation [None req-cdeced1f-8426-46ae-914d-7e70f43528cb tempest-VolumesActionsTest-1039681668 tempest-VolumesActionsTest-1039681668-project-member] new path /v2/images/680f669f-3a00-449f-b70f-6592b77172d3 {{(pid=99773) process_request /opt/stack/glance/glance/api/middleware/version_negotiation.py:70}}
Aug 10 02:03:20.711868 np0000006842 devstack@g-api.service[99773]: [pid: 99773|app: 0|req: 149/457] 127.0.0.1 () {40 vars in 838 bytes} [Mon Aug 10 02:03:20 2026] GET /v2/images/680f669f-3a00-449f-b70f-6592b77172d3 => generated 650 bytes in 22 msecs (HTTP/1.1 200) 4 headers in 157 bytes (1 switches on core 0)
Aug 10 02:03:20.984201 np0000006842 devstack@g-api.service[99771]: DEBUG swiftclient [None req-69a0f7d3-d1fe-4a86-8700-94798a79bbb3 tempest-VolumesActionsTest-1039681668 tempest-VolumesActionsTest-1039681668-project-member] REQ: curl -i https://10.4.3.117:8080/v1/AUTH_fa63fde220454940bcafb1329bc70b0b/glance/680f669f-3a00-449f-b70f-6592b77172d3-00002 -X PUT -H "X-Auth-Token: gAAAAABqeTFjFzSE..." {{(pid=99771) http_log /opt/stack/data/venv/lib/python3.12/site-packages/swiftclient/client.py:160}}
Aug 10 02:03:20.984201 np0000006842 devstack@g-api.service[99771]: DEBUG swiftclient [None req-69a0f7d3-d1fe-4a86-8700-94798a79bbb3 tempest-VolumesActionsTest-1039681668 tempest-VolumesActionsTest-1039681668-project-member] RESP STATUS: 201 Created {{(pid=99771) http_log /opt/stack/data/venv/lib/python3.12/site-packages/swiftclient/client.py:161}}
Aug 10 02:03:20.985204 np0000006842 devstack@g-api.service[99771]: DEBUG swiftclient [None req-69a0f7d3-d1fe-4a86-8700-94798a79bbb3 tempest-VolumesActionsTest-1039681668 tempest-VolumesActionsTest-1039681668-project-member] RESP HEADERS: {'Date': 'Mon, 10 Aug 2026 02:03:20 GMT', 'Server': 'Apache/2.4.58 (Ubuntu)', 'Content-Type': 'text/html; charset=UTF-8', 'Content-Length': '0', 'Etag': 'eda9a9889837ac4bc81d6387d92c1bec', 'Last-Modified': 'Mon, 10 Aug 2026 02:03:19 GMT', 'X-Trans-Id': 'tx1a866faeb79a4aa1b1d54-006a793166', 'X-Openstack-Request-Id': 'tx1a866faeb79a4aa1b1d54-006a793166', 'Connection': 'close'} {{(pid=99771) http_log /opt/stack/data/venv/lib/python3.12/site-packages/swiftclient/client.py:162}}
Aug 10 02:03:20.985204 np0000006842 devstack@g-api.service[99771]: DEBUG glance_store._drivers.swift.store [None req-69a0f7d3-d1fe-4a86-8700-94798a79bbb3 tempest-VolumesActionsTest-1039681668 tempest-VolumesActionsTest-1039681668-project-member] Wrote chunk 680f669f-3a00-449f-b70f-6592b77172d3-00002 (2/?) of length 204800000 to Swift returning MD5 of content: eda9a9889837ac4bc81d6387d92c1bec {{(pid=99771) add /opt/stack/data/venv/lib/python3.12/site-packages/glance_store/_drivers/swift/store.py:1059}}
Aug 10 02:03:21.726678 np0000006842 devstack@g-api.service[99772]: DEBUG glance.api.middleware.version_negotiation [None req-b68b8973-8fb6-42d9-a4c1-ad102def2d9c tempest-VolumesActionsTest-1039681668 tempest-VolumesActionsTest-1039681668-project-member] Determining version of request: GET /v2/images/680f669f-3a00-449f-b70f-6592b77172d3 Accept: application/json {{(pid=99772) process_request /opt/stack/glance/glance/api/middleware/version_negotiation.py:44}}
Aug 10 02:03:21.728300 np0000006842 devstack@g-api.service[99772]: DEBUG glance.api.middleware.version_negotiation [None req-b68b8973-8fb6-42d9-a4c1-ad102def2d9c tempest-VolumesActionsTest-1039681668 tempest-VolumesActionsTest-1039681668-project-member] Using url versioning {{(pid=99772) process_request /opt/stack/glance/glance/api/middleware/version_negotiation.py:57}}
Aug 10 02:03:21.728300 np0000006842 devstack@g-api.service[99772]: DEBUG glance.api.middleware.version_negotiation [None req-b68b8973-8fb6-42d9-a4c1-ad102def2d9c tempest-VolumesActionsTest-1039681668 tempest-VolumesActionsTest-1039681668-project-member] Matched version: v2 {{(pid=99772) process_request /opt/stack/glance/glance/api/middleware/version_negotiation.py:69}}
Aug 10 02:03:21.729448 np0000006842 devstack@g-api.service[99772]: DEBUG glance.api.middleware.version_negotiation [None req-b68b8973-8fb6-42d9-a4c1-ad102def2d9c tempest-VolumesActionsTest-1039681668 tempest-VolumesActionsTest-1039681668-project-member] new path /v2/images/680f669f-3a00-449f-b70f-6592b77172d3 {{(pid=99772) process_request /opt/stack/glance/glance/api/middleware/version_negotiation.py:70}}
Aug 10 02:03:21.751367 np0000006842 devstack@g-api.service[99772]: [pid: 99772|app: 0|req: 161/458] 127.0.0.1 () {40 vars in 838 bytes} [Mon Aug 10 02:03:21 2026] GET /v2/images/680f669f-3a00-449f-b70f-6592b77172d3 => generated 650 bytes in 27 msecs (HTTP/1.1 200) 4 headers in 157 bytes (1 switches on core 0)
Aug 10 02:03:22.765153 np0000006842 devstack@g-api.service[99773]: DEBUG glance.api.middleware.version_negotiation [None req-34d2daf5-af8f-4455-a167-60bf78b5e3eb tempest-VolumesActionsTest-1039681668 tempest-VolumesActionsTest-1039681668-project-member] Determining version of request: GET /v2/images/680f669f-3a00-449f-b70f-6592b77172d3 Accept: application/json {{(pid=99773) process_request /opt/stack/glance/glance/api/middleware/version_negotiation.py:44}}
Aug 10 02:03:22.765766 np0000006842 devstack@g-api.service[99773]: DEBUG glance.api.middleware.version_negotiation [None req-34d2daf5-af8f-4455-a167-60bf78b5e3eb tempest-VolumesActionsTest-1039681668 tempest-VolumesActionsTest-1039681668-project-member] Using url versioning {{(pid=99773) process_request /opt/stack/glance/glance/api/middleware/version_negotiation.py:57}}
Aug 10 02:03:22.765766 np0000006842 devstack@g-api.service[99773]: DEBUG glance.api.middleware.version_negotiation [None req-34d2daf5-af8f-4455-a167-60bf78b5e3eb tempest-VolumesActionsTest-1039681668 tempest-VolumesActionsTest-1039681668-project-member] Matched version: v2 {{(pid=99773) process_request /opt/stack/glance/glance/api/middleware/version_negotiation.py:69}}
Aug 10 02:03:22.765766 np0000006842 devstack@g-api.service[99773]: DEBUG glance.api.middleware.version_negotiation [None req-34d2daf5-af8f-4455-a167-60bf78b5e3eb tempest-VolumesActionsTest-1039681668 tempest-VolumesActionsTest-1039681668-project-member] new path /v2/images/680f669f-3a00-449f-b70f-6592b77172d3 {{(pid=99773) process_request /opt/stack/glance/glance/api/middleware/version_negotiation.py:70}}
Aug 10 02:03:22.774576 np0000006842 devstack@g-api.service[99773]: [pid: 99773|app: 0|req: 150/459] 127.0.0.1 () {40 vars in 838 bytes} [Mon Aug 10 02:03:22 2026] GET /v2/images/680f669f-3a00-449f-b70f-6592b77172d3 => generated 650 bytes in 14 msecs (HTTP/1.1 200) 4 headers in 157 bytes (1 switches on core 0)
Aug 10 02:03:23.535906 np0000006842 devstack@g-api.service[99771]: DEBUG swiftclient [None req-69a0f7d3-d1fe-4a86-8700-94798a79bbb3 tempest-VolumesActionsTest-1039681668 tempest-VolumesActionsTest-1039681668-project-member] REQ: curl -i https://10.4.3.117:8080/v1/AUTH_fa63fde220454940bcafb1329bc70b0b/glance/680f669f-3a00-449f-b70f-6592b77172d3-00003 -X PUT -H "X-Auth-Token: gAAAAABqeTFjFzSE..." {{(pid=99771) http_log /opt/stack/data/venv/lib/python3.12/site-packages/swiftclient/client.py:160}}
Aug 10 02:03:23.536512 np0000006842 devstack@g-api.service[99771]: DEBUG swiftclient [None req-69a0f7d3-d1fe-4a86-8700-94798a79bbb3 tempest-VolumesActionsTest-1039681668 tempest-VolumesActionsTest-1039681668-project-member] RESP STATUS: 201 Created {{(pid=99771) http_log /opt/stack/data/venv/lib/python3.12/site-packages/swiftclient/client.py:161}}
Aug 10 02:03:23.536512 np0000006842 devstack@g-api.service[99771]: DEBUG swiftclient [None req-69a0f7d3-d1fe-4a86-8700-94798a79bbb3 tempest-VolumesActionsTest-1039681668 tempest-VolumesActionsTest-1039681668-project-member] RESP HEADERS: {'Date': 'Mon, 10 Aug 2026 02:03:23 GMT', 'Server': 'Apache/2.4.58 (Ubuntu)', 'Content-Type': 'text/html; charset=UTF-8', 'Content-Length': '0', 'Etag': 'eda9a9889837ac4bc81d6387d92c1bec', 'Last-Modified': 'Mon, 10 Aug 2026 02:03:21 GMT', 'X-Trans-Id': 'tx79f55974e9d746ef84e4e-006a793168', 'X-Openstack-Request-Id': 'tx79f55974e9d746ef84e4e-006a793168', 'Connection': 'close'} {{(pid=99771) http_log /opt/stack/data/venv/lib/python3.12/site-packages/swiftclient/client.py:162}}
Aug 10 02:03:23.536512 np0000006842 devstack@g-api.service[99771]: DEBUG glance_store._drivers.swift.store [None req-69a0f7d3-d1fe-4a86-8700-94798a79bbb3 tempest-VolumesActionsTest-1039681668 tempest-VolumesActionsTest-1039681668-project-member] Wrote chunk 680f669f-3a00-449f-b70f-6592b77172d3-00003 (3/?) of length 204800000 to Swift returning MD5 of content: eda9a9889837ac4bc81d6387d92c1bec {{(pid=99771) add /opt/stack/data/venv/lib/python3.12/site-packages/glance_store/_drivers/swift/store.py:1059}}
Aug 10 02:03:23.787680 np0000006842 devstack@g-api.service[99772]: DEBUG glance.api.middleware.version_negotiation [None req-2aedc0b6-99db-4cae-8348-1d333a2b0b2e tempest-VolumesActionsTest-1039681668 tempest-VolumesActionsTest-1039681668-project-member] Determining version of request: GET /v2/images/680f669f-3a00-449f-b70f-6592b77172d3 Accept: application/json {{(pid=99772) process_request /opt/stack/glance/glance/api/middleware/version_negotiation.py:44}}
Aug 10 02:03:23.788167 np0000006842 devstack@g-api.service[99772]: DEBUG glance.api.middleware.version_negotiation [None req-2aedc0b6-99db-4cae-8348-1d333a2b0b2e tempest-VolumesActionsTest-1039681668 tempest-VolumesActionsTest-1039681668-project-member] Using url versioning {{(pid=99772) process_request /opt/stack/glance/glance/api/middleware/version_negotiation.py:57}}
Aug 10 02:03:23.788167 np0000006842 devstack@g-api.service[99772]: DEBUG glance.api.middleware.version_negotiation [None req-2aedc0b6-99db-4cae-8348-1d333a2b0b2e tempest-VolumesActionsTest-1039681668 tempest-VolumesActionsTest-1039681668-project-member] Matched version: v2 {{(pid=99772) process_request /opt/stack/glance/glance/api/middleware/version_negotiation.py:69}}
Aug 10 02:03:23.788454 np0000006842 devstack@g-api.service[99772]: DEBUG glance.api.middleware.version_negotiation [None req-2aedc0b6-99db-4cae-8348-1d333a2b0b2e tempest-VolumesActionsTest-1039681668 tempest-VolumesActionsTest-1039681668-project-member] new path /v2/images/680f669f-3a00-449f-b70f-6592b77172d3 {{(pid=99772) process_request /opt/stack/glance/glance/api/middleware/version_negotiation.py:70}}
Aug 10 02:03:23.813591 np0000006842 devstack@g-api.service[99772]: [pid: 99772|app: 0|req: 162/460] 127.0.0.1 () {40 vars in 838 bytes} [Mon Aug 10 02:03:23 2026] GET /v2/images/680f669f-3a00-449f-b70f-6592b77172d3 => generated 650 bytes in 26 msecs (HTTP/1.1 200) 4 headers in 157 bytes (1 switches on core 0)
Aug 10 02:03:24.826400 np0000006842 devstack@g-api.service[99773]: DEBUG glance.api.middleware.version_negotiation [None req-35ddec7b-d811-4278-8256-10dbd59f0709 tempest-VolumesActionsTest-1039681668 tempest-VolumesActionsTest-1039681668-project-member] Determining version of request: GET /v2/images/680f669f-3a00-449f-b70f-6592b77172d3 Accept: application/json {{(pid=99773) process_request /opt/stack/glance/glance/api/middleware/version_negotiation.py:44}}
Aug 10 02:03:24.826797 np0000006842 devstack@g-api.service[99773]: DEBUG glance.api.middleware.version_negotiation [None req-35ddec7b-d811-4278-8256-10dbd59f0709 tempest-VolumesActionsTest-1039681668 tempest-VolumesActionsTest-1039681668-project-member] Using url versioning {{(pid=99773) process_request /opt/stack/glance/glance/api/middleware/version_negotiation.py:57}}
Aug 10 02:03:24.826797 np0000006842 devstack@g-api.service[99773]: DEBUG glance.api.middleware.version_negotiation [None req-35ddec7b-d811-4278-8256-10dbd59f0709 tempest-VolumesActionsTest-1039681668 tempest-VolumesActionsTest-1039681668-project-member] Matched version: v2 {{(pid=99773) process_request /opt/stack/glance/glance/api/middleware/version_negotiation.py:69}}
Aug 10 02:03:24.827205 np0000006842 devstack@g-api.service[99773]: DEBUG glance.api.middleware.version_negotiation [None req-35ddec7b-d811-4278-8256-10dbd59f0709 tempest-VolumesActionsTest-1039681668 tempest-VolumesActionsTest-1039681668-project-member] new path /v2/images/680f669f-3a00-449f-b70f-6592b77172d3 {{(pid=99773) process_request /opt/stack/glance/glance/api/middleware/version_negotiation.py:70}}
Aug 10 02:03:24.839143 np0000006842 devstack@g-api.service[99773]: [pid: 99773|app: 0|req: 151/461] 127.0.0.1 () {40 vars in 838 bytes} [Mon Aug 10 02:03:24 2026] GET /v2/images/680f669f-3a00-449f-b70f-6592b77172d3 => generated 650 bytes in 13 msecs (HTTP/1.1 200) 4 headers in 157 bytes (1 switches on core 0)
Aug 10 02:03:25.222509 np0000006842 devstack@g-api.service[99771]: DEBUG dbcounter [-] [99771] Writing DB stats glance:SELECT=10,glance:UPDATE=1 {{(pid=99771) stat_writer /opt/stack/data/venv/lib/python3.12/site-packages/dbcounter.py:115}}
Aug 10 02:03:25.813094 np0000006842 devstack@g-api.service[99772]: DEBUG glance.api.middleware.version_negotiation [None req-89ef7c2e-5134-491b-9d3a-bfcdd9fb781c tempest-VolumesActionsTest-1039681668 tempest-VolumesActionsTest-1039681668-project-member] Determining version of request: GET /v2/images/0e799d60-3e4a-4d11-880e-944e9e1c97ff Accept: */* {{(pid=99772) process_request /opt/stack/glance/glance/api/middleware/version_negotiation.py:44}}
Aug 10 02:03:25.814655 np0000006842 devstack@g-api.service[99772]: DEBUG glance.api.middleware.version_negotiation [None req-89ef7c2e-5134-491b-9d3a-bfcdd9fb781c tempest-VolumesActionsTest-1039681668 tempest-VolumesActionsTest-1039681668-project-member] Using url versioning {{(pid=99772) process_request /opt/stack/glance/glance/api/middleware/version_negotiation.py:57}}
Aug 10 02:03:25.814655 np0000006842 devstack@g-api.service[99772]: DEBUG glance.api.middleware.version_negotiation [None req-89ef7c2e-5134-491b-9d3a-bfcdd9fb781c tempest-VolumesActionsTest-1039681668 tempest-VolumesActionsTest-1039681668-project-member] Matched version: v2 {{(pid=99772) process_request /opt/stack/glance/glance/api/middleware/version_negotiation.py:69}}
Aug 10 02:03:25.814655 np0000006842 devstack@g-api.service[99772]: DEBUG glance.api.middleware.version_negotiation [None req-89ef7c2e-5134-491b-9d3a-bfcdd9fb781c tempest-VolumesActionsTest-1039681668 tempest-VolumesActionsTest-1039681668-project-member] new path /v2/images/0e799d60-3e4a-4d11-880e-944e9e1c97ff {{(pid=99772) process_request /opt/stack/glance/glance/api/middleware/version_negotiation.py:70}}
Aug 10 02:03:25.827358 np0000006842 devstack@g-api.service[99772]: [pid: 99772|app: 0|req: 163/462] 127.0.0.1 () {44 vars in 1115 bytes} [Mon Aug 10 02:03:25 2026] GET /v2/images/0e799d60-3e4a-4d11-880e-944e9e1c97ff => generated 1044 bytes in 14 msecs (HTTP/1.1 200) 4 headers in 158 bytes (1 switches on core 0)
Aug 10 02:03:25.851398 np0000006842 devstack@g-api.service[99773]: DEBUG glance.api.middleware.version_negotiation [None req-793dd12f-02b6-4e0e-a94c-d856e6c973ad tempest-VolumesActionsTest-1039681668 tempest-VolumesActionsTest-1039681668-project-member] Determining version of request: GET /v2/images/680f669f-3a00-449f-b70f-6592b77172d3 Accept: application/json {{(pid=99773) process_request /opt/stack/glance/glance/api/middleware/version_negotiation.py:44}}
Aug 10 02:03:25.851890 np0000006842 devstack@g-api.service[99773]: DEBUG glance.api.middleware.version_negotiation [None req-793dd12f-02b6-4e0e-a94c-d856e6c973ad tempest-VolumesActionsTest-1039681668 tempest-VolumesActionsTest-1039681668-project-member] Using url versioning {{(pid=99773) process_request /opt/stack/glance/glance/api/middleware/version_negotiation.py:57}}
Aug 10 02:03:25.851890 np0000006842 devstack@g-api.service[99773]: DEBUG glance.api.middleware.version_negotiation [None req-793dd12f-02b6-4e0e-a94c-d856e6c973ad tempest-VolumesActionsTest-1039681668 tempest-VolumesActionsTest-1039681668-project-member] Matched version: v2 {{(pid=99773) process_request /opt/stack/glance/glance/api/middleware/version_negotiation.py:69}}
Aug 10 02:03:25.851969 np0000006842 devstack@g-api.service[99773]: DEBUG glance.api.middleware.version_negotiation [None req-793dd12f-02b6-4e0e-a94c-d856e6c973ad tempest-VolumesActionsTest-1039681668 tempest-VolumesActionsTest-1039681668-project-member] new path /v2/images/680f669f-3a00-449f-b70f-6592b77172d3 {{(pid=99773) process_request /opt/stack/glance/glance/api/middleware/version_negotiation.py:70}}
Aug 10 02:03:25.862257 np0000006842 devstack@g-api.service[99773]: [pid: 99773|app: 0|req: 152/463] 127.0.0.1 () {40 vars in 838 bytes} [Mon Aug 10 02:03:25 2026] GET /v2/images/680f669f-3a00-449f-b70f-6592b77172d3 => generated 650 bytes in 11 msecs (HTTP/1.1 200) 4 headers in 157 bytes (1 switches on core 0)
Aug 10 02:03:25.872529 np0000006842 devstack@g-api.service[99772]: DEBUG glance.api.middleware.version_negotiation [None req-5248bb1d-ed6d-489c-94d6-12b1ec3cc992 tempest-VolumesSnapshotTestJSON-849378963 tempest-VolumesSnapshotTestJSON-849378963-project-member] Determining version of request: GET /v2/schemas/image Accept: */* {{(pid=99772) process_request /opt/stack/glance/glance/api/middleware/version_negotiation.py:44}}
Aug 10 02:03:25.872815 np0000006842 devstack@g-api.service[99772]: DEBUG glance.api.middleware.version_negotiation [None req-5248bb1d-ed6d-489c-94d6-12b1ec3cc992 tempest-VolumesSnapshotTestJSON-849378963 tempest-VolumesSnapshotTestJSON-849378963-project-member] Using url versioning {{(pid=99772) process_request /opt/stack/glance/glance/api/middleware/version_negotiation.py:57}}
Aug 10 02:03:25.872880 np0000006842 devstack@g-api.service[99772]: DEBUG glance.api.middleware.version_negotiation [None req-5248bb1d-ed6d-489c-94d6-12b1ec3cc992 tempest-VolumesSnapshotTestJSON-849378963 tempest-VolumesSnapshotTestJSON-849378963-project-member] Matched version: v2 {{(pid=99772) process_request /opt/stack/glance/glance/api/middleware/version_negotiation.py:69}}
Aug 10 02:03:25.873017 np0000006842 devstack@g-api.service[99772]: DEBUG glance.api.middleware.version_negotiation [None req-5248bb1d-ed6d-489c-94d6-12b1ec3cc992 tempest-VolumesSnapshotTestJSON-849378963 tempest-VolumesSnapshotTestJSON-849378963-project-member] new path /v2/schemas/image {{(pid=99772) process_request /opt/stack/glance/glance/api/middleware/version_negotiation.py:70}}
Aug 10 02:03:25.876958 np0000006842 devstack@g-api.service[99772]: [pid: 99772|app: 0|req: 164/464] 127.0.0.1 () {44 vars in 1055 bytes} [Mon Aug 10 02:03:25 2026] GET /v2/schemas/image => generated 6083 bytes in 5 msecs (HTTP/1.1 200) 4 headers in 158 bytes (1 switches on core 0)
Aug 10 02:03:26.012780 np0000006842 devstack@g-api.service[99771]: DEBUG swiftclient [None req-69a0f7d3-d1fe-4a86-8700-94798a79bbb3 tempest-VolumesActionsTest-1039681668 tempest-VolumesActionsTest-1039681668-project-member] REQ: curl -i https://10.4.3.117:8080/v1/AUTH_fa63fde220454940bcafb1329bc70b0b/glance/680f669f-3a00-449f-b70f-6592b77172d3-00004 -X PUT -H "X-Auth-Token: gAAAAABqeTFjFzSE..." {{(pid=99771) http_log /opt/stack/data/venv/lib/python3.12/site-packages/swiftclient/client.py:160}}
Aug 10 02:03:26.012902 np0000006842 devstack@g-api.service[99771]: DEBUG swiftclient [None req-69a0f7d3-d1fe-4a86-8700-94798a79bbb3 tempest-VolumesActionsTest-1039681668 tempest-VolumesActionsTest-1039681668-project-member] RESP STATUS: 201 Created {{(pid=99771) http_log /opt/stack/data/venv/lib/python3.12/site-packages/swiftclient/client.py:161}}
Aug 10 02:03:26.013091 np0000006842 devstack@g-api.service[99771]: DEBUG swiftclient [None req-69a0f7d3-d1fe-4a86-8700-94798a79bbb3 tempest-VolumesActionsTest-1039681668 tempest-VolumesActionsTest-1039681668-project-member] RESP HEADERS: {'Date': 'Mon, 10 Aug 2026 02:03:26 GMT', 'Server': 'Apache/2.4.58 (Ubuntu)', 'Content-Type': 'text/html; charset=UTF-8', 'Content-Length': '0', 'Etag': 'eda9a9889837ac4bc81d6387d92c1bec', 'Last-Modified': 'Mon, 10 Aug 2026 02:03:24 GMT', 'X-Trans-Id': 'txfcd3ae31100043749b34d-006a79316b', 'X-Openstack-Request-Id': 'txfcd3ae31100043749b34d-006a79316b', 'Connection': 'close'} {{(pid=99771) http_log /opt/stack/data/venv/lib/python3.12/site-packages/swiftclient/client.py:162}}
Aug 10 02:03:26.013311 np0000006842 devstack@g-api.service[99771]: DEBUG glance_store._drivers.swift.store [None req-69a0f7d3-d1fe-4a86-8700-94798a79bbb3 tempest-VolumesActionsTest-1039681668 tempest-VolumesActionsTest-1039681668-project-member] Wrote chunk 680f669f-3a00-449f-b70f-6592b77172d3-00004 (4/?) of length 204800000 to Swift returning MD5 of content: eda9a9889837ac4bc81d6387d92c1bec {{(pid=99771) add /opt/stack/data/venv/lib/python3.12/site-packages/glance_store/_drivers/swift/store.py:1059}}
Aug 10 02:03:26.875771 np0000006842 devstack@g-api.service[99773]: DEBUG glance.api.middleware.version_negotiation [None req-5f7ad452-09c4-42bc-97cd-8d9f3ca380cb tempest-VolumesActionsTest-1039681668 tempest-VolumesActionsTest-1039681668-project-member] Determining version of request: GET /v2/images/680f669f-3a00-449f-b70f-6592b77172d3 Accept: application/json {{(pid=99773) process_request /opt/stack/glance/glance/api/middleware/version_negotiation.py:44}}
Aug 10 02:03:26.876126 np0000006842 devstack@g-api.service[99773]: DEBUG glance.api.middleware.version_negotiation [None req-5f7ad452-09c4-42bc-97cd-8d9f3ca380cb tempest-VolumesActionsTest-1039681668 tempest-VolumesActionsTest-1039681668-project-member] Using url versioning {{(pid=99773) process_request /opt/stack/glance/glance/api/middleware/version_negotiation.py:57}}
Aug 10 02:03:26.876953 np0000006842 devstack@g-api.service[99773]: DEBUG glance.api.middleware.version_negotiation [None req-5f7ad452-09c4-42bc-97cd-8d9f3ca380cb tempest-VolumesActionsTest-1039681668 tempest-VolumesActionsTest-1039681668-project-member] Matched version: v2 {{(pid=99773) process_request /opt/stack/glance/glance/api/middleware/version_negotiation.py:69}}
Aug 10 02:03:26.876953 np0000006842 devstack@g-api.service[99773]: DEBUG glance.api.middleware.version_negotiation [None req-5f7ad452-09c4-42bc-97cd-8d9f3ca380cb tempest-VolumesActionsTest-1039681668 tempest-VolumesActionsTest-1039681668-project-member] new path /v2/images/680f669f-3a00-449f-b70f-6592b77172d3 {{(pid=99773) process_request /opt/stack/glance/glance/api/middleware/version_negotiation.py:70}}
Aug 10 02:03:26.894262 np0000006842 devstack@g-api.service[99773]: [pid: 99773|app: 0|req: 153/465] 127.0.0.1 () {40 vars in 838 bytes} [Mon Aug 10 02:03:26 2026] GET /v2/images/680f669f-3a00-449f-b70f-6592b77172d3 => generated 650 bytes in 18 msecs (HTTP/1.1 200) 4 headers in 157 bytes (1 switches on core 0)
Aug 10 02:03:27.908546 np0000006842 devstack@g-api.service[99772]: DEBUG glance.api.middleware.version_negotiation [None req-5248bb1d-ed6d-489c-94d6-12b1ec3cc992 tempest-VolumesSnapshotTestJSON-849378963 tempest-VolumesSnapshotTestJSON-849378963-project-member] Determining version of request: GET /v2/images/680f669f-3a00-449f-b70f-6592b77172d3 Accept: application/json {{(pid=99772) process_request /opt/stack/glance/glance/api/middleware/version_negotiation.py:44}}
Aug 10 02:03:27.909327 np0000006842 devstack@g-api.service[99772]: DEBUG glance.api.middleware.version_negotiation [None req-5248bb1d-ed6d-489c-94d6-12b1ec3cc992 tempest-VolumesSnapshotTestJSON-849378963 tempest-VolumesSnapshotTestJSON-849378963-project-member] Using url versioning {{(pid=99772) process_request /opt/stack/glance/glance/api/middleware/version_negotiation.py:57}}
Aug 10 02:03:27.909673 np0000006842 devstack@g-api.service[99772]: DEBUG glance.api.middleware.version_negotiation [None req-5248bb1d-ed6d-489c-94d6-12b1ec3cc992 tempest-VolumesSnapshotTestJSON-849378963 tempest-VolumesSnapshotTestJSON-849378963-project-member] Matched version: v2 {{(pid=99772) process_request /opt/stack/glance/glance/api/middleware/version_negotiation.py:69}}
Aug 10 02:03:27.909893 np0000006842 devstack@g-api.service[99772]: DEBUG glance.api.middleware.version_negotiation [None req-5248bb1d-ed6d-489c-94d6-12b1ec3cc992 tempest-VolumesSnapshotTestJSON-849378963 tempest-VolumesSnapshotTestJSON-849378963-project-member] new path /v2/images/680f669f-3a00-449f-b70f-6592b77172d3 {{(pid=99772) process_request /opt/stack/glance/glance/api/middleware/version_negotiation.py:70}}
Aug 10 02:03:27.921842 np0000006842 devstack@g-api.service[99772]: [pid: 99772|app: 0|req: 165/466] 127.0.0.1 () {40 vars in 838 bytes} [Mon Aug 10 02:03:27 2026] GET /v2/images/680f669f-3a00-449f-b70f-6592b77172d3 => generated 650 bytes in 13 msecs (HTTP/1.1 200) 4 headers in 157 bytes (1 switches on core 0)
Aug 10 02:03:28.455653 np0000006842 devstack@g-api.service[99771]: DEBUG swiftclient [None req-69a0f7d3-d1fe-4a86-8700-94798a79bbb3 tempest-VolumesActionsTest-1039681668 tempest-VolumesActionsTest-1039681668-project-member] REQ: curl -i https://10.4.3.117:8080/v1/AUTH_fa63fde220454940bcafb1329bc70b0b/glance/680f669f-3a00-449f-b70f-6592b77172d3-00005 -X PUT -H "X-Auth-Token: gAAAAABqeTFjFzSE..." {{(pid=99771) http_log /opt/stack/data/venv/lib/python3.12/site-packages/swiftclient/client.py:160}}
Aug 10 02:03:28.455974 np0000006842 devstack@g-api.service[99771]: DEBUG swiftclient [None req-69a0f7d3-d1fe-4a86-8700-94798a79bbb3 tempest-VolumesActionsTest-1039681668 tempest-VolumesActionsTest-1039681668-project-member] RESP STATUS: 201 Created {{(pid=99771) http_log /opt/stack/data/venv/lib/python3.12/site-packages/swiftclient/client.py:161}}
Aug 10 02:03:28.456506 np0000006842 devstack@g-api.service[99771]: DEBUG swiftclient [None req-69a0f7d3-d1fe-4a86-8700-94798a79bbb3 tempest-VolumesActionsTest-1039681668 tempest-VolumesActionsTest-1039681668-project-member] RESP HEADERS: {'Date': 'Mon, 10 Aug 2026 02:03:28 GMT', 'Server': 'Apache/2.4.58 (Ubuntu)', 'Content-Type': 'text/html; charset=UTF-8', 'Content-Length': '0', 'Etag': 'eda9a9889837ac4bc81d6387d92c1bec', 'Last-Modified': 'Mon, 10 Aug 2026 02:03:27 GMT', 'X-Trans-Id': 'tx86e721b494f54bb085093-006a79316e', 'X-Openstack-Request-Id': 'tx86e721b494f54bb085093-006a79316e', 'Connection': 'close'} {{(pid=99771) http_log /opt/stack/data/venv/lib/python3.12/site-packages/swiftclient/client.py:162}}
Aug 10 02:03:28.456506 np0000006842 devstack@g-api.service[99771]: DEBUG glance_store._drivers.swift.store [None req-69a0f7d3-d1fe-4a86-8700-94798a79bbb3 tempest-VolumesActionsTest-1039681668 tempest-VolumesActionsTest-1039681668-project-member] Wrote chunk 680f669f-3a00-449f-b70f-6592b77172d3-00005 (5/?) of length 204800000 to Swift returning MD5 of content: eda9a9889837ac4bc81d6387d92c1bec {{(pid=99771) add /opt/stack/data/venv/lib/python3.12/site-packages/glance_store/_drivers/swift/store.py:1059}}
Aug 10 02:03:28.933629 np0000006842 devstack@g-api.service[99773]: DEBUG glance.api.middleware.version_negotiation [None req-e7871187-9216-4c61-ab6f-f884978a220b tempest-VolumesActionsTest-1039681668 tempest-VolumesActionsTest-1039681668-project-member] Determining version of request: GET /v2/images/680f669f-3a00-449f-b70f-6592b77172d3 Accept: application/json {{(pid=99773) process_request /opt/stack/glance/glance/api/middleware/version_negotiation.py:44}}
Aug 10 02:03:28.934180 np0000006842 devstack@g-api.service[99773]: DEBUG glance.api.middleware.version_negotiation [None req-e7871187-9216-4c61-ab6f-f884978a220b tempest-VolumesActionsTest-1039681668 tempest-VolumesActionsTest-1039681668-project-member] Using url versioning {{(pid=99773) process_request /opt/stack/glance/glance/api/middleware/version_negotiation.py:57}}
Aug 10 02:03:28.934180 np0000006842 devstack@g-api.service[99773]: DEBUG glance.api.middleware.version_negotiation [None req-e7871187-9216-4c61-ab6f-f884978a220b tempest-VolumesActionsTest-1039681668 tempest-VolumesActionsTest-1039681668-project-member] Matched version: v2 {{(pid=99773) process_request /opt/stack/glance/glance/api/middleware/version_negotiation.py:69}}
Aug 10 02:03:28.934303 np0000006842 devstack@g-api.service[99773]: DEBUG glance.api.middleware.version_negotiation [None req-e7871187-9216-4c61-ab6f-f884978a220b tempest-VolumesActionsTest-1039681668 tempest-VolumesActionsTest-1039681668-project-member] new path /v2/images/680f669f-3a00-449f-b70f-6592b77172d3 {{(pid=99773) process_request /opt/stack/glance/glance/api/middleware/version_negotiation.py:70}}
Aug 10 02:03:28.949082 np0000006842 devstack@g-api.service[99773]: [pid: 99773|app: 0|req: 154/467] 127.0.0.1 () {40 vars in 838 bytes} [Mon Aug 10 02:03:28 2026] GET /v2/images/680f669f-3a00-449f-b70f-6592b77172d3 => generated 650 bytes in 16 msecs (HTTP/1.1 200) 4 headers in 157 bytes (1 switches on core 0)
Aug 10 02:03:29.140176 np0000006842 devstack@g-api.service[99771]: DEBUG swiftclient [None req-69a0f7d3-d1fe-4a86-8700-94798a79bbb3 tempest-VolumesActionsTest-1039681668 tempest-VolumesActionsTest-1039681668-project-member] REQ: curl -i https://10.4.3.117:8080/v1/AUTH_fa63fde220454940bcafb1329bc70b0b/glance/680f669f-3a00-449f-b70f-6592b77172d3-00006 -X PUT -H "X-Auth-Token: gAAAAABqeTFjFzSE..." {{(pid=99771) http_log /opt/stack/data/venv/lib/python3.12/site-packages/swiftclient/client.py:160}}
Aug 10 02:03:29.140315 np0000006842 devstack@g-api.service[99771]: DEBUG swiftclient [None req-69a0f7d3-d1fe-4a86-8700-94798a79bbb3 tempest-VolumesActionsTest-1039681668 tempest-VolumesActionsTest-1039681668-project-member] RESP STATUS: 201 Created {{(pid=99771) http_log /opt/stack/data/venv/lib/python3.12/site-packages/swiftclient/client.py:161}}
Aug 10 02:03:29.140579 np0000006842 devstack@g-api.service[99771]: DEBUG swiftclient [None req-69a0f7d3-d1fe-4a86-8700-94798a79bbb3 tempest-VolumesActionsTest-1039681668 tempest-VolumesActionsTest-1039681668-project-member] RESP HEADERS: {'Date': 'Mon, 10 Aug 2026 02:03:29 GMT', 'Server': 'Apache/2.4.58 (Ubuntu)', 'Content-Type': 'text/html; charset=UTF-8', 'Content-Length': '0', 'Etag': '708761f3b8777ec77058e63da08eeeb6', 'Last-Modified': 'Mon, 10 Aug 2026 02:03:29 GMT', 'X-Trans-Id': 'tx3b241ab33d734fd2b2c12-006a793170', 'X-Openstack-Request-Id': 'tx3b241ab33d734fd2b2c12-006a793170', 'Connection': 'close'} {{(pid=99771) http_log /opt/stack/data/venv/lib/python3.12/site-packages/swiftclient/client.py:162}}
Aug 10 02:03:29.140734 np0000006842 devstack@g-api.service[99771]: DEBUG glance_store._drivers.swift.store [None req-69a0f7d3-d1fe-4a86-8700-94798a79bbb3 tempest-VolumesActionsTest-1039681668 tempest-VolumesActionsTest-1039681668-project-member] Wrote chunk 680f669f-3a00-449f-b70f-6592b77172d3-00006 (6/?) of length 49741824 to Swift returning MD5 of content: 708761f3b8777ec77058e63da08eeeb6 {{(pid=99771) add /opt/stack/data/venv/lib/python3.12/site-packages/glance_store/_drivers/swift/store.py:1059}}
Aug 10 02:03:29.141013 np0000006842 devstack@g-api.service[99771]: DEBUG glance_store._drivers.swift.store [None req-69a0f7d3-d1fe-4a86-8700-94798a79bbb3 tempest-VolumesActionsTest-1039681668 tempest-VolumesActionsTest-1039681668-project-member] Not writing zero-length chunk. {{(pid=99771) add /opt/stack/data/venv/lib/python3.12/site-packages/glance_store/_drivers/swift/store.py:1028}}
Aug 10 02:03:29.167782 np0000006842 devstack@g-api.service[99771]: DEBUG swiftclient [None req-69a0f7d3-d1fe-4a86-8700-94798a79bbb3 tempest-VolumesActionsTest-1039681668 tempest-VolumesActionsTest-1039681668-project-member] REQ: curl -i https://10.4.3.117:8080/v1/AUTH_fa63fde220454940bcafb1329bc70b0b/glance/680f669f-3a00-449f-b70f-6592b77172d3 -X PUT -H "X-Object-Manifest: glance/680f669f-3a00-449f-b70f-6592b77172d3-" -H "X-Auth-Token: gAAAAABqeTFjFzSE..." -H "Content-Length: 0" {{(pid=99771) http_log /opt/stack/data/venv/lib/python3.12/site-packages/swiftclient/client.py:160}}
Aug 10 02:03:29.168004 np0000006842 devstack@g-api.service[99771]: DEBUG swiftclient [None req-69a0f7d3-d1fe-4a86-8700-94798a79bbb3 tempest-VolumesActionsTest-1039681668 tempest-VolumesActionsTest-1039681668-project-member] RESP STATUS: 201 Created {{(pid=99771) http_log /opt/stack/data/venv/lib/python3.12/site-packages/swiftclient/client.py:161}}
Aug 10 02:03:29.168277 np0000006842 devstack@g-api.service[99771]: DEBUG swiftclient [None req-69a0f7d3-d1fe-4a86-8700-94798a79bbb3 tempest-VolumesActionsTest-1039681668 tempest-VolumesActionsTest-1039681668-project-member] RESP HEADERS: {'Date': 'Mon, 10 Aug 2026 02:03:29 GMT', 'Server': 'Apache/2.4.58 (Ubuntu)', 'Content-Type': 'text/html; charset=UTF-8', 'Content-Length': '0', 'Etag': 'd41d8cd98f00b204e9800998ecf8427e', 'Last-Modified': 'Mon, 10 Aug 2026 02:03:30 GMT', 'X-Trans-Id': 'tx12b77b44ef464d73a0d54-006a793171', 'X-Openstack-Request-Id': 'tx12b77b44ef464d73a0d54-006a793171', 'Connection': 'close'} {{(pid=99771) http_log /opt/stack/data/venv/lib/python3.12/site-packages/swiftclient/client.py:162}}
Aug 10 02:03:29.168751 np0000006842 devstack@g-api.service[99771]: INFO glance.location [None req-69a0f7d3-d1fe-4a86-8700-94798a79bbb3 tempest-VolumesActionsTest-1039681668 tempest-VolumesActionsTest-1039681668-project-member] Image format matched and virtual size computed: 1073741824
Aug 10 02:03:29.204379 np0000006842 devstack@g-api.service[99771]: DEBUG glance_store.backend [None req-69a0f7d3-d1fe-4a86-8700-94798a79bbb3 tempest-VolumesActionsTest-1039681668 tempest-VolumesActionsTest-1039681668-project-member] Attempting to import store swift {{(pid=99771) _load_store /opt/stack/data/venv/lib/python3.12/site-packages/glance_store/backend.py:215}}
Aug 10 02:03:29.208289 np0000006842 devstack@g-api.service[99771]: DEBUG glance_store.capabilities [None req-69a0f7d3-d1fe-4a86-8700-94798a79bbb3 tempest-VolumesActionsTest-1039681668 tempest-VolumesActionsTest-1039681668-project-member] Store glance_store._drivers.swift.store.SingleTenantStore doesn't support updating dynamic storage capabilities. Please overwrite 'update_capabilities' method of the store to implement updating logics if needed. {{(pid=99771) update_capabilities /opt/stack/data/venv/lib/python3.12/site-packages/glance_store/capabilities.py:91}}
Aug 10 02:03:29.208289 np0000006842 devstack@g-api.service[99771]: DEBUG glance_store.driver [None req-69a0f7d3-d1fe-4a86-8700-94798a79bbb3 tempest-VolumesActionsTest-1039681668 tempest-VolumesActionsTest-1039681668-project-member] Late loading location class glance_store._drivers.swift.store.StoreLocation {{(pid=99771) get_store_location_class /opt/stack/data/venv/lib/python3.12/site-packages/glance_store/driver.py:134}}
Aug 10 02:03:29.208289 np0000006842 devstack@g-api.service[99771]: DEBUG glance_store.location [None req-69a0f7d3-d1fe-4a86-8700-94798a79bbb3 tempest-VolumesActionsTest-1039681668 tempest-VolumesActionsTest-1039681668-project-member] Registering scheme swift+https with {'store': , 'location_class': , 'store_entry': 'swift'} {{(pid=99771) register_scheme_map /opt/stack/data/venv/lib/python3.12/site-packages/glance_store/location.py:146}}
Aug 10 02:03:29.208289 np0000006842 devstack@g-api.service[99771]: DEBUG glance_store.location [None req-69a0f7d3-d1fe-4a86-8700-94798a79bbb3 tempest-VolumesActionsTest-1039681668 tempest-VolumesActionsTest-1039681668-project-member] Registering scheme swift+https with {'store': , 'location_class': , 'store_entry': 'swift'} {{(pid=99771) register_scheme_map /opt/stack/data/venv/lib/python3.12/site-packages/glance_store/location.py:146}}
Aug 10 02:03:29.208289 np0000006842 devstack@g-api.service[99771]: DEBUG glance_store.location [None req-69a0f7d3-d1fe-4a86-8700-94798a79bbb3 tempest-VolumesActionsTest-1039681668 tempest-VolumesActionsTest-1039681668-project-member] Registering scheme swift with {'store': , 'location_class': , 'store_entry': 'swift'} {{(pid=99771) register_scheme_map /opt/stack/data/venv/lib/python3.12/site-packages/glance_store/location.py:146}}
Aug 10 02:03:29.208289 np0000006842 devstack@g-api.service[99771]: DEBUG glance_store.location [None req-69a0f7d3-d1fe-4a86-8700-94798a79bbb3 tempest-VolumesActionsTest-1039681668 tempest-VolumesActionsTest-1039681668-project-member] Registering scheme swift+https with {'store': , 'location_class': , 'store_entry': 'swift'} {{(pid=99771) register_scheme_map /opt/stack/data/venv/lib/python3.12/site-packages/glance_store/location.py:146}}
