Aug 10 01:55:23.573280 np0000006842 nova-scheduler[93408]: DEBUG cotyledon.oslo_config_glue [-] oslo_messaging_rabbit.rabbit_quorum_delivery_limit = 0 {{(pid=93408) log_opt_values /opt/stack/data/venv/lib/python3.12/site-packages/oslo_config/cfg.py:3545}}
Aug 10 01:55:23.573280 np0000006842 nova-scheduler[93408]: DEBUG cotyledon.oslo_config_glue [-] oslo_messaging_rabbit.rabbit_quorum_max_memory_bytes = 0 {{(pid=93408) log_opt_values /opt/stack/data/venv/lib/python3.12/site-packages/oslo_config/cfg.py:3545}}
Aug 10 01:55:23.573280 np0000006842 nova-scheduler[93408]: DEBUG cotyledon.oslo_config_glue [-] oslo_messaging_rabbit.rabbit_quorum_max_memory_length = 0 {{(pid=93408) log_opt_values /opt/stack/data/venv/lib/python3.12/site-packages/oslo_config/cfg.py:3545}}
Aug 10 01:55:23.573280 np0000006842 nova-scheduler[93408]: DEBUG cotyledon.oslo_config_glue [-] oslo_messaging_rabbit.rabbit_quorum_queue = False {{(pid=93408) log_opt_values /opt/stack/data/venv/lib/python3.12/site-packages/oslo_config/cfg.py:3545}}
Aug 10 01:55:23.573280 np0000006842 nova-scheduler[93408]: DEBUG cotyledon.oslo_config_glue [-] oslo_messaging_rabbit.rabbit_retry_backoff = 2 {{(pid=93408) log_opt_values /opt/stack/data/venv/lib/python3.12/site-packages/oslo_config/cfg.py:3545}}
Aug 10 01:55:23.573497 np0000006842 nova-scheduler[93408]: DEBUG cotyledon.oslo_config_glue [-] oslo_messaging_rabbit.rabbit_retry_interval = 1 {{(pid=93408) log_opt_values /opt/stack/data/venv/lib/python3.12/site-packages/oslo_config/cfg.py:3545}}
Aug 10 01:55:23.573497 np0000006842 nova-scheduler[93408]: DEBUG cotyledon.oslo_config_glue [-] oslo_messaging_rabbit.rabbit_stream_fanout = False {{(pid=93408) log_opt_values /opt/stack/data/venv/lib/python3.12/site-packages/oslo_config/cfg.py:3545}}
Aug 10 01:55:23.573497 np0000006842 nova-scheduler[93408]: DEBUG cotyledon.oslo_config_glue [-] oslo_messaging_rabbit.rabbit_transient_queues_ttl = 1800 {{(pid=93408) log_opt_values /opt/stack/data/venv/lib/python3.12/site-packages/oslo_config/cfg.py:3545}}
Aug 10 01:55:23.573497 np0000006842 nova-scheduler[93408]: DEBUG cotyledon.oslo_config_glue [-] oslo_messaging_rabbit.rabbit_transient_quorum_queue = False {{(pid=93408) log_opt_values /opt/stack/data/venv/lib/python3.12/site-packages/oslo_config/cfg.py:3545}}
Aug 10 01:55:23.573497 np0000006842 nova-scheduler[93408]: DEBUG cotyledon.oslo_config_glue [-] oslo_messaging_rabbit.rpc_conn_pool_size = 30 {{(pid=93408) log_opt_values /opt/stack/data/venv/lib/python3.12/site-packages/oslo_config/cfg.py:3545}}
Aug 10 01:55:23.573497 np0000006842 nova-scheduler[93408]: DEBUG cotyledon.oslo_config_glue [-] oslo_messaging_rabbit.ssl = False {{(pid=93408) log_opt_values /opt/stack/data/venv/lib/python3.12/site-packages/oslo_config/cfg.py:3545}}
Aug 10 01:55:23.573497 np0000006842 nova-scheduler[93408]: DEBUG cotyledon.oslo_config_glue [-] oslo_messaging_rabbit.ssl_ca_file = {{(pid=93408) log_opt_values /opt/stack/data/venv/lib/python3.12/site-packages/oslo_config/cfg.py:3545}}
Aug 10 01:55:23.573497 np0000006842 nova-scheduler[93408]: DEBUG cotyledon.oslo_config_glue [-] oslo_messaging_rabbit.ssl_cert_file = {{(pid=93408) log_opt_values /opt/stack/data/venv/lib/python3.12/site-packages/oslo_config/cfg.py:3545}}
Aug 10 01:55:23.573497 np0000006842 nova-scheduler[93408]: DEBUG cotyledon.oslo_config_glue [-] oslo_messaging_rabbit.ssl_enforce_fips_mode = False {{(pid=93408) log_opt_values /opt/stack/data/venv/lib/python3.12/site-packages/oslo_config/cfg.py:3545}}
Aug 10 01:55:23.573679 np0000006842 nova-scheduler[93408]: DEBUG cotyledon.oslo_config_glue [-] oslo_messaging_rabbit.ssl_enforce_hostname_verification = True {{(pid=93408) log_opt_values /opt/stack/data/venv/lib/python3.12/site-packages/oslo_config/cfg.py:3545}}
Aug 10 01:55:23.573679 np0000006842 nova-scheduler[93408]: DEBUG cotyledon.oslo_config_glue [-] oslo_messaging_rabbit.ssl_key_file = {{(pid=93408) log_opt_values /opt/stack/data/venv/lib/python3.12/site-packages/oslo_config/cfg.py:3545}}
Aug 10 01:55:23.573679 np0000006842 nova-scheduler[93408]: DEBUG cotyledon.oslo_config_glue [-] oslo_messaging_rabbit.ssl_version = {{(pid=93408) log_opt_values /opt/stack/data/venv/lib/python3.12/site-packages/oslo_config/cfg.py:3545}}
Aug 10 01:55:23.573679 np0000006842 nova-scheduler[93408]: DEBUG cotyledon.oslo_config_glue [-] oslo_messaging_rabbit.use_queue_manager = False {{(pid=93408) log_opt_values /opt/stack/data/venv/lib/python3.12/site-packages/oslo_config/cfg.py:3545}}
Aug 10 01:55:23.573679 np0000006842 nova-scheduler[93408]: DEBUG cotyledon.oslo_config_glue [-] oslo_messaging_notifications.driver = ['messagingv2'] {{(pid=93408) log_opt_values /opt/stack/data/venv/lib/python3.12/site-packages/oslo_config/cfg.py:3545}}
Aug 10 01:55:23.573679 np0000006842 nova-scheduler[93408]: DEBUG cotyledon.oslo_config_glue [-] oslo_messaging_notifications.retry = -1 {{(pid=93408) log_opt_values /opt/stack/data/venv/lib/python3.12/site-packages/oslo_config/cfg.py:3545}}
Aug 10 01:55:23.573679 np0000006842 nova-scheduler[93408]: DEBUG cotyledon.oslo_config_glue [-] oslo_messaging_notifications.topics = ['notifications'] {{(pid=93408) log_opt_values /opt/stack/data/venv/lib/python3.12/site-packages/oslo_config/cfg.py:3545}}
Aug 10 01:55:23.573679 np0000006842 nova-scheduler[93408]: DEBUG cotyledon.oslo_config_glue [-] oslo_messaging_notifications.transport_url = **** {{(pid=93408) log_opt_values /opt/stack/data/venv/lib/python3.12/site-packages/oslo_config/cfg.py:3545}}
Aug 10 01:55:23.573679 np0000006842 nova-scheduler[93408]: DEBUG cotyledon.oslo_config_glue [-] oslo_limit.auth_section = None {{(pid=93408) log_opt_values /opt/stack/data/venv/lib/python3.12/site-packages/oslo_config/cfg.py:3545}}
Aug 10 01:55:23.573844 np0000006842 nova-scheduler[93408]: DEBUG cotyledon.oslo_config_glue [-] oslo_limit.auth_type = None {{(pid=93408) log_opt_values /opt/stack/data/venv/lib/python3.12/site-packages/oslo_config/cfg.py:3545}}
Aug 10 01:55:23.573844 np0000006842 nova-scheduler[93408]: DEBUG cotyledon.oslo_config_glue [-] oslo_limit.cafile = None {{(pid=93408) log_opt_values /opt/stack/data/venv/lib/python3.12/site-packages/oslo_config/cfg.py:3545}}
Aug 10 01:55:23.573844 np0000006842 nova-scheduler[93408]: DEBUG cotyledon.oslo_config_glue [-] oslo_limit.certfile = None {{(pid=93408) log_opt_values /opt/stack/data/venv/lib/python3.12/site-packages/oslo_config/cfg.py:3545}}
Aug 10 01:55:23.573844 np0000006842 nova-scheduler[93408]: DEBUG cotyledon.oslo_config_glue [-] oslo_limit.collect_timing = False {{(pid=93408) log_opt_values /opt/stack/data/venv/lib/python3.12/site-packages/oslo_config/cfg.py:3545}}
Aug 10 01:55:23.573844 np0000006842 nova-scheduler[93408]: DEBUG cotyledon.oslo_config_glue [-] oslo_limit.connect_retries = None {{(pid=93408) log_opt_values /opt/stack/data/venv/lib/python3.12/site-packages/oslo_config/cfg.py:3545}}
Aug 10 01:55:23.573844 np0000006842 nova-scheduler[93408]: DEBUG cotyledon.oslo_config_glue [-] oslo_limit.connect_retry_delay = None {{(pid=93408) log_opt_values /opt/stack/data/venv/lib/python3.12/site-packages/oslo_config/cfg.py:3545}}
Aug 10 01:55:23.573844 np0000006842 nova-scheduler[93408]: DEBUG cotyledon.oslo_config_glue [-] oslo_limit.endpoint_id = None {{(pid=93408) log_opt_values /opt/stack/data/venv/lib/python3.12/site-packages/oslo_config/cfg.py:3545}}
Aug 10 01:55:23.573844 np0000006842 nova-scheduler[93408]: DEBUG cotyledon.oslo_config_glue [-] oslo_limit.endpoint_interface = public {{(pid=93408) log_opt_values /opt/stack/data/venv/lib/python3.12/site-packages/oslo_config/cfg.py:3545}}
Aug 10 01:55:23.573844 np0000006842 nova-scheduler[93408]: DEBUG cotyledon.oslo_config_glue [-] oslo_limit.endpoint_override = None {{(pid=93408) log_opt_values /opt/stack/data/venv/lib/python3.12/site-packages/oslo_config/cfg.py:3545}}
Aug 10 01:55:23.574059 np0000006842 nova-scheduler[93408]: DEBUG cotyledon.oslo_config_glue [-] oslo_limit.endpoint_region_name = None {{(pid=93408) log_opt_values /opt/stack/data/venv/lib/python3.12/site-packages/oslo_config/cfg.py:3545}}
Aug 10 01:55:23.574059 np0000006842 nova-scheduler[93408]: DEBUG cotyledon.oslo_config_glue [-] oslo_limit.endpoint_service_name = None {{(pid=93408) log_opt_values /opt/stack/data/venv/lib/python3.12/site-packages/oslo_config/cfg.py:3545}}
Aug 10 01:55:23.574059 np0000006842 nova-scheduler[93408]: DEBUG cotyledon.oslo_config_glue [-] oslo_limit.endpoint_service_type = None {{(pid=93408) log_opt_values /opt/stack/data/venv/lib/python3.12/site-packages/oslo_config/cfg.py:3545}}
Aug 10 01:55:23.574059 np0000006842 nova-scheduler[93408]: DEBUG cotyledon.oslo_config_glue [-] oslo_limit.insecure = False {{(pid=93408) log_opt_values /opt/stack/data/venv/lib/python3.12/site-packages/oslo_config/cfg.py:3545}}
Aug 10 01:55:23.574059 np0000006842 nova-scheduler[93408]: DEBUG cotyledon.oslo_config_glue [-] oslo_limit.keyfile = None {{(pid=93408) log_opt_values /opt/stack/data/venv/lib/python3.12/site-packages/oslo_config/cfg.py:3545}}
Aug 10 01:55:23.574059 np0000006842 nova-scheduler[93408]: DEBUG cotyledon.oslo_config_glue [-] oslo_limit.max_version = None {{(pid=93408) log_opt_values /opt/stack/data/venv/lib/python3.12/site-packages/oslo_config/cfg.py:3545}}
Aug 10 01:55:23.574059 np0000006842 nova-scheduler[93408]: DEBUG cotyledon.oslo_config_glue [-] oslo_limit.min_version = None {{(pid=93408) log_opt_values /opt/stack/data/venv/lib/python3.12/site-packages/oslo_config/cfg.py:3545}}
Aug 10 01:55:23.574059 np0000006842 nova-scheduler[93408]: DEBUG cotyledon.oslo_config_glue [-] oslo_limit.region_name = None {{(pid=93408) log_opt_values /opt/stack/data/venv/lib/python3.12/site-packages/oslo_config/cfg.py:3545}}
Aug 10 01:55:23.574059 np0000006842 nova-scheduler[93408]: DEBUG cotyledon.oslo_config_glue [-] oslo_limit.retriable_status_codes = None {{(pid=93408) log_opt_values /opt/stack/data/venv/lib/python3.12/site-packages/oslo_config/cfg.py:3545}}
Aug 10 01:55:23.574229 np0000006842 nova-scheduler[93408]: DEBUG cotyledon.oslo_config_glue [-] oslo_limit.service_name = None {{(pid=93408) log_opt_values /opt/stack/data/venv/lib/python3.12/site-packages/oslo_config/cfg.py:3545}}
Aug 10 01:55:23.574229 np0000006842 nova-scheduler[93408]: DEBUG cotyledon.oslo_config_glue [-] oslo_limit.service_type = None {{(pid=93408) log_opt_values /opt/stack/data/venv/lib/python3.12/site-packages/oslo_config/cfg.py:3545}}
Aug 10 01:55:23.574229 np0000006842 nova-scheduler[93408]: DEBUG cotyledon.oslo_config_glue [-] oslo_limit.split_loggers = False {{(pid=93408) log_opt_values /opt/stack/data/venv/lib/python3.12/site-packages/oslo_config/cfg.py:3545}}
Aug 10 01:55:23.574229 np0000006842 nova-scheduler[93408]: DEBUG cotyledon.oslo_config_glue [-] oslo_limit.status_code_retries = None {{(pid=93408) log_opt_values /opt/stack/data/venv/lib/python3.12/site-packages/oslo_config/cfg.py:3545}}
Aug 10 01:55:23.574229 np0000006842 nova-scheduler[93408]: DEBUG cotyledon.oslo_config_glue [-] oslo_limit.status_code_retry_delay = None {{(pid=93408) log_opt_values /opt/stack/data/venv/lib/python3.12/site-packages/oslo_config/cfg.py:3545}}
Aug 10 01:55:23.574229 np0000006842 nova-scheduler[93408]: DEBUG cotyledon.oslo_config_glue [-] oslo_limit.timeout = None {{(pid=93408) log_opt_values /opt/stack/data/venv/lib/python3.12/site-packages/oslo_config/cfg.py:3545}}
Aug 10 01:55:23.574229 np0000006842 nova-scheduler[93408]: DEBUG cotyledon.oslo_config_glue [-] oslo_limit.valid_interfaces = None {{(pid=93408) log_opt_values /opt/stack/data/venv/lib/python3.12/site-packages/oslo_config/cfg.py:3545}}
Aug 10 01:55:23.574229 np0000006842 nova-scheduler[93408]: DEBUG cotyledon.oslo_config_glue [-] oslo_limit.version = None {{(pid=93408) log_opt_values /opt/stack/data/venv/lib/python3.12/site-packages/oslo_config/cfg.py:3545}}
Aug 10 01:55:23.574229 np0000006842 nova-scheduler[93408]: DEBUG cotyledon.oslo_config_glue [-] oslo_reports.file_event_handler = None {{(pid=93408) log_opt_values /opt/stack/data/venv/lib/python3.12/site-packages/oslo_config/cfg.py:3545}}
Aug 10 01:55:23.574466 np0000006842 nova-scheduler[93408]: DEBUG cotyledon.oslo_config_glue [-] oslo_reports.file_event_handler_interval = 1 {{(pid=93408) log_opt_values /opt/stack/data/venv/lib/python3.12/site-packages/oslo_config/cfg.py:3545}}
Aug 10 01:55:23.574466 np0000006842 nova-scheduler[93408]: DEBUG cotyledon.oslo_config_glue [-] oslo_reports.log_dir = None {{(pid=93408) log_opt_values /opt/stack/data/venv/lib/python3.12/site-packages/oslo_config/cfg.py:3545}}
Aug 10 01:55:23.574466 np0000006842 nova-scheduler[93408]: DEBUG cotyledon.oslo_config_glue [-] ******************************************************************************** {{(pid=93408) log_opt_values /opt/stack/data/venv/lib/python3.12/site-packages/oslo_config/cfg.py:3552}}
Aug 10 01:55:23.574466 np0000006842 nova-scheduler[93408]: DEBUG cotyledon._service_worker [-] Run service ServiceWrapper(1) [93408] {{(pid=93408) wait_forever /opt/stack/data/venv/lib/python3.12/site-packages/cotyledon/_service_worker.py:218}}
Aug 10 01:55:23.574466 np0000006842 nova-scheduler[93408]: INFO nova.service [-] Starting scheduler node (version 33.1.0)
Aug 10 01:55:23.574466 np0000006842 nova-scheduler[93408]: INFO dbcounter [None req-3eeb0d39-d168-4618-8fd9-b37cee73b275 None None] Registered counter for database nova_cell0
Aug 10 01:55:23.576718 np0000006842 nova-scheduler[93406]: DEBUG oslo_db.sqlalchemy.engines [None req-e052299c-f40f-4715-bb65-d793c06a77e9 None None] MySQL server mode set to STRICT_TRANS_TABLES,STRICT_ALL_TABLES,NO_ZERO_IN_DATE,NO_ZERO_DATE,ERROR_FOR_DIVISION_BY_ZERO,TRADITIONAL,NO_ENGINE_SUBSTITUTION {{(pid=93406) _check_effective_sql_mode /opt/stack/data/venv/lib/python3.12/site-packages/oslo_db/sqlalchemy/engines.py:325}}
Aug 10 01:55:23.585823 np0000006842 nova-scheduler[93406]: DEBUG dbcounter [-] [93406] Writer thread running {{(pid=93406) stat_writer /opt/stack/data/venv/lib/python3.12/site-packages/dbcounter.py:102}}
Aug 10 01:55:23.587050 np0000006842 nova-scheduler[93408]: DEBUG oslo_db.sqlalchemy.engines [None req-3eeb0d39-d168-4618-8fd9-b37cee73b275 None None] MySQL server mode set to STRICT_TRANS_TABLES,STRICT_ALL_TABLES,NO_ZERO_IN_DATE,NO_ZERO_DATE,ERROR_FOR_DIVISION_BY_ZERO,TRADITIONAL,NO_ENGINE_SUBSTITUTION {{(pid=93408) _check_effective_sql_mode /opt/stack/data/venv/lib/python3.12/site-packages/oslo_db/sqlalchemy/engines.py:325}}
Aug 10 01:55:23.590765 np0000006842 nova-scheduler[93410]: DEBUG oslo_db.sqlalchemy.engines [None req-d005957a-824b-436c-94c9-a063da66c01d None None] MySQL server mode set to STRICT_TRANS_TABLES,STRICT_ALL_TABLES,NO_ZERO_IN_DATE,NO_ZERO_DATE,ERROR_FOR_DIVISION_BY_ZERO,TRADITIONAL,NO_ENGINE_SUBSTITUTION {{(pid=93410) _check_effective_sql_mode /opt/stack/data/venv/lib/python3.12/site-packages/oslo_db/sqlalchemy/engines.py:325}}
Aug 10 01:55:23.596806 np0000006842 nova-scheduler[93408]: DEBUG dbcounter [-] [93408] Writer thread running {{(pid=93408) stat_writer /opt/stack/data/venv/lib/python3.12/site-packages/dbcounter.py:102}}
Aug 10 01:55:23.599578 np0000006842 nova-scheduler[93406]: DEBUG nova.service [None req-e052299c-f40f-4715-bb65-d793c06a77e9 None None] Creating RPC server for service: nova-scheduler on topic: scheduler {{(pid=93406) start /opt/stack/nova/nova/service.py:196}}
Aug 10 01:55:23.601784 np0000006842 nova-scheduler[93410]: DEBUG dbcounter [-] [93410] Writer thread running {{(pid=93410) stat_writer /opt/stack/data/venv/lib/python3.12/site-packages/dbcounter.py:102}}
Aug 10 01:55:23.604873 np0000006842 nova-scheduler[93410]: DEBUG nova.service [None req-d005957a-824b-436c-94c9-a063da66c01d None None] Creating RPC server for service: nova-scheduler on topic: scheduler {{(pid=93410) start /opt/stack/nova/nova/service.py:196}}
Aug 10 01:55:23.609755 np0000006842 nova-scheduler[93408]: DEBUG nova.service [None req-3eeb0d39-d168-4618-8fd9-b37cee73b275 None None] Creating RPC server for service: nova-scheduler on topic: scheduler {{(pid=93408) start /opt/stack/nova/nova/service.py:196}}
Aug 10 01:55:23.624977 np0000006842 nova-scheduler[93410]: DEBUG nova.service [None req-d005957a-824b-436c-94c9-a063da66c01d None None] Join ServiceGroup membership for this service scheduler {{(pid=93410) start /opt/stack/nova/nova/service.py:222}}
Aug 10 01:55:23.625217 np0000006842 nova-scheduler[93410]: DEBUG nova.servicegroup.drivers.db [None req-d005957a-824b-436c-94c9-a063da66c01d None None] DB_Driver: join new ServiceGroup member np0000006842 to the scheduler group, service = {{(pid=93410) join /opt/stack/nova/nova/servicegroup/drivers/db.py:44}}
Aug 10 01:55:23.626763 np0000006842 nova-scheduler[93406]: DEBUG nova.service [None req-e052299c-f40f-4715-bb65-d793c06a77e9 None None] Join ServiceGroup membership for this service scheduler {{(pid=93406) start /opt/stack/nova/nova/service.py:222}}
Aug 10 01:55:23.626938 np0000006842 nova-scheduler[93406]: DEBUG nova.servicegroup.drivers.db [None req-e052299c-f40f-4715-bb65-d793c06a77e9 None None] DB_Driver: join new ServiceGroup member np0000006842 to the scheduler group, service = {{(pid=93406) join /opt/stack/nova/nova/servicegroup/drivers/db.py:44}}
Aug 10 01:55:23.630369 np0000006842 nova-scheduler[93408]: DEBUG nova.service [None req-3eeb0d39-d168-4618-8fd9-b37cee73b275 None None] Join ServiceGroup membership for this service scheduler {{(pid=93408) start /opt/stack/nova/nova/service.py:222}}
Aug 10 01:55:23.630884 np0000006842 nova-scheduler[93408]: DEBUG nova.servicegroup.drivers.db [None req-3eeb0d39-d168-4618-8fd9-b37cee73b275 None None] DB_Driver: join new ServiceGroup member np0000006842 to the scheduler group, service = {{(pid=93408) join /opt/stack/nova/nova/servicegroup/drivers/db.py:44}}
Aug 10 01:55:28.630027 np0000006842 nova-scheduler[93406]: DEBUG oslo.service.backend._threading.loopingcall [None req-c9a7a9ca-aa5a-4088-9233-b1f19c067dcc None None] Dynamic interval looping call 'nova.service.Service.periodic_tasks' sleeping for 60.00 seconds {{(pid=93406) _run_loop /opt/stack/data/venv/lib/python3.12/site-packages/oslo_service/backend/_threading/loopingcall.py:125}}
Aug 10 01:55:28.642379 np0000006842 nova-scheduler[93410]: DEBUG oslo.service.backend._threading.loopingcall [-] Fixed interval looping call 'nova.servicegroup.drivers.db.DbDriver._report_state' sleeping for 119.98 seconds {{(pid=93410) _run_loop /opt/stack/data/venv/lib/python3.12/site-packages/oslo_service/backend/_threading/loopingcall.py:125}}
Aug 10 01:55:28.643299 np0000006842 nova-scheduler[93406]: DEBUG oslo.service.backend._threading.loopingcall [-] Fixed interval looping call 'nova.servicegroup.drivers.db.DbDriver._report_state' sleeping for 119.99 seconds {{(pid=93406) _run_loop /opt/stack/data/venv/lib/python3.12/site-packages/oslo_service/backend/_threading/loopingcall.py:125}}
Aug 10 01:55:28.643767 np0000006842 nova-scheduler[93408]: DEBUG oslo.service.backend._threading.loopingcall [-] Fixed interval looping call 'nova.servicegroup.drivers.db.DbDriver._report_state' sleeping for 119.99 seconds {{(pid=93408) _run_loop /opt/stack/data/venv/lib/python3.12/site-packages/oslo_service/backend/_threading/loopingcall.py:125}}
Aug 10 01:55:32.236884 np0000006842 nova-scheduler[92186]: DEBUG dbcounter [-] [92186] Writing DB stats nova_api:SELECT=3 {{(pid=92186) stat_writer /opt/stack/data/venv/lib/python3.12/site-packages/dbcounter.py:115}}
Aug 10 01:55:32.349030 np0000006842 nova-scheduler[92186]: DEBUG dbcounter [-] [92186] Writing DB stats nova_cell0:SELECT=1 {{(pid=92186) stat_writer /opt/stack/data/venv/lib/python3.12/site-packages/dbcounter.py:115}}
Aug 10 01:55:32.353220 np0000006842 nova-scheduler[92186]: DEBUG dbcounter [-] [92186] Writing DB stats nova_cell1:SELECT=1 {{(pid=92186) stat_writer /opt/stack/data/venv/lib/python3.12/site-packages/dbcounter.py:115}}
Aug 10 01:55:38.638211 np0000006842 nova-scheduler[93410]: DEBUG dbcounter [-] [93410] Writing DB stats nova_cell0:SELECT=3,nova_cell0:UPDATE=1 {{(pid=93410) stat_writer /opt/stack/data/venv/lib/python3.12/site-packages/dbcounter.py:115}}
Aug 10 01:55:38.642628 np0000006842 nova-scheduler[93408]: DEBUG dbcounter [-] [93408] Writing DB stats nova_cell0:SELECT=4,nova_cell0:INSERT=1,nova_cell0:UPDATE=1 {{(pid=93408) stat_writer /opt/stack/data/venv/lib/python3.12/site-packages/dbcounter.py:115}}
Aug 10 01:55:38.643436 np0000006842 nova-scheduler[93406]: DEBUG dbcounter [-] [93406] Writing DB stats nova_cell0:SELECT=4,nova_cell0:INSERT=1,nova_cell0:UPDATE=1 {{(pid=93406) stat_writer /opt/stack/data/venv/lib/python3.12/site-packages/dbcounter.py:115}}
Aug 10 01:55:42.627513 np0000006842 nova-scheduler[93410]: DEBUG oslo.service.backend._threading.loopingcall [None req-dcae6e9f-92be-4269-9920-13ba1bf33347 None None] Dynamic interval looping call 'nova.service.Service.periodic_tasks' sleeping for 60.00 seconds {{(pid=93410) _run_loop /opt/stack/data/venv/lib/python3.12/site-packages/oslo_service/backend/_threading/loopingcall.py:125}}
Aug 10 01:56:22.632888 np0000006842 nova-scheduler[93408]: DEBUG oslo.service.backend._threading.loopingcall [None req-42d5ae27-5798-4377-8d3f-6f4efdfc4a49 None None] Dynamic interval looping call 'nova.service.Service.periodic_tasks' sleeping for 60.00 seconds {{(pid=93408) _run_loop /opt/stack/data/venv/lib/python3.12/site-packages/oslo_service/backend/_threading/loopingcall.py:125}}
Aug 10 01:56:28.630626 np0000006842 nova-scheduler[93406]: DEBUG oslo.service.backend._threading.loopingcall [None req-c9a7a9ca-aa5a-4088-9233-b1f19c067dcc None None] Dynamic interval looping call 'nova.service.Service.periodic_tasks' sleeping for 60.00 seconds {{(pid=93406) _run_loop /opt/stack/data/venv/lib/python3.12/site-packages/oslo_service/backend/_threading/loopingcall.py:125}}
Aug 10 01:56:42.628162 np0000006842 nova-scheduler[93410]: DEBUG oslo.service.backend._threading.loopingcall [None req-dcae6e9f-92be-4269-9920-13ba1bf33347 None None] Dynamic interval looping call 'nova.service.Service.periodic_tasks' sleeping for 60.00 seconds {{(pid=93410) _run_loop /opt/stack/data/venv/lib/python3.12/site-packages/oslo_service/backend/_threading/loopingcall.py:125}}
Aug 10 01:57:22.633411 np0000006842 nova-scheduler[93408]: DEBUG oslo.service.backend._threading.loopingcall [None req-42d5ae27-5798-4377-8d3f-6f4efdfc4a49 None None] Dynamic interval looping call 'nova.service.Service.periodic_tasks' sleeping for 60.00 seconds {{(pid=93408) _run_loop /opt/stack/data/venv/lib/python3.12/site-packages/oslo_service/backend/_threading/loopingcall.py:125}}
Aug 10 01:57:28.631012 np0000006842 nova-scheduler[93406]: DEBUG oslo.service.backend._threading.loopingcall [None req-c9a7a9ca-aa5a-4088-9233-b1f19c067dcc None None] Dynamic interval looping call 'nova.service.Service.periodic_tasks' sleeping for 60.00 seconds {{(pid=93406) _run_loop /opt/stack/data/venv/lib/python3.12/site-packages/oslo_service/backend/_threading/loopingcall.py:125}}
Aug 10 01:57:28.631528 np0000006842 nova-scheduler[93410]: DEBUG oslo.service.backend._threading.loopingcall [-] Fixed interval looping call 'nova.servicegroup.drivers.db.DbDriver._report_state' sleeping for 119.99 seconds {{(pid=93410) _run_loop /opt/stack/data/venv/lib/python3.12/site-packages/oslo_service/backend/_threading/loopingcall.py:125}}
Aug 10 01:57:28.637246 np0000006842 nova-scheduler[93408]: DEBUG oslo.service.backend._threading.loopingcall [-] Fixed interval looping call 'nova.servicegroup.drivers.db.DbDriver._report_state' sleeping for 120.00 seconds {{(pid=93408) _run_loop /opt/stack/data/venv/lib/python3.12/site-packages/oslo_service/backend/_threading/loopingcall.py:125}}
Aug 10 01:57:28.641707 np0000006842 nova-scheduler[93406]: DEBUG oslo.service.backend._threading.loopingcall [-] Fixed interval looping call 'nova.servicegroup.drivers.db.DbDriver._report_state' sleeping for 119.99 seconds {{(pid=93406) _run_loop /opt/stack/data/venv/lib/python3.12/site-packages/oslo_service/backend/_threading/loopingcall.py:125}}
Aug 10 01:57:38.628540 np0000006842 nova-scheduler[93410]: DEBUG dbcounter [-] [93410] Writing DB stats nova_cell0:SELECT=1,nova_cell0:UPDATE=1 {{(pid=93410) stat_writer /opt/stack/data/venv/lib/python3.12/site-packages/dbcounter.py:115}}
Aug 10 01:57:38.636086 np0000006842 nova-scheduler[93408]: DEBUG dbcounter [-] [93408] Writing DB stats nova_cell0:SELECT=1 {{(pid=93408) stat_writer /opt/stack/data/venv/lib/python3.12/site-packages/dbcounter.py:115}}
Aug 10 01:57:38.640817 np0000006842 nova-scheduler[93406]: DEBUG dbcounter [-] [93406] Writing DB stats nova_cell0:SELECT=1 {{(pid=93406) stat_writer /opt/stack/data/venv/lib/python3.12/site-packages/dbcounter.py:115}}
Aug 10 01:57:42.628646 np0000006842 nova-scheduler[93410]: DEBUG oslo.service.backend._threading.loopingcall [None req-dcae6e9f-92be-4269-9920-13ba1bf33347 None None] Dynamic interval looping call 'nova.service.Service.periodic_tasks' sleeping for 60.00 seconds {{(pid=93410) _run_loop /opt/stack/data/venv/lib/python3.12/site-packages/oslo_service/backend/_threading/loopingcall.py:125}}
Aug 10 01:57:46.437709 np0000006842 nova-scheduler[93410]: DEBUG nova.scheduler.manager [None req-fa92541b-66df-426e-9223-1f7ca26d9b12 tempest-DeleteServersTestJSON-494649003 tempest-DeleteServersTestJSON-494649003-project-member] Starting to schedule for instances: ['98a27780-61bf-4b9e-bede-dbe78291bd9b'] {{(pid=93410) select_destinations /opt/stack/nova/nova/scheduler/manager.py:209}}
Aug 10 01:57:46.438232 np0000006842 nova-scheduler[93410]: DEBUG nova.scheduler.request_filter [None req-fa92541b-66df-426e-9223-1f7ca26d9b12 tempest-DeleteServersTestJSON-494649003 tempest-DeleteServersTestJSON-494649003-project-member] compute_status_filter request filter added forbidden trait COMPUTE_STATUS_DISABLED {{(pid=93410) compute_status_filter /opt/stack/nova/nova/scheduler/request_filter.py:253}}
Aug 10 01:57:46.438406 np0000006842 nova-scheduler[93410]: DEBUG nova.scheduler.request_filter [None req-fa92541b-66df-426e-9223-1f7ca26d9b12 tempest-DeleteServersTestJSON-494649003 tempest-DeleteServersTestJSON-494649003-project-member] Request filter 'compute_status_filter' took 0.0 seconds {{(pid=93410) wrapper /opt/stack/nova/nova/scheduler/request_filter.py:46}}
Aug 10 01:57:46.438701 np0000006842 nova-scheduler[93410]: DEBUG nova.scheduler.request_filter [None req-fa92541b-66df-426e-9223-1f7ca26d9b12 tempest-DeleteServersTestJSON-494649003 tempest-DeleteServersTestJSON-494649003-project-member] Request filter 'accelerators_filter' took 0.0 seconds {{(pid=93410) wrapper /opt/stack/nova/nova/scheduler/request_filter.py:46}}
Aug 10 01:57:46.438900 np0000006842 nova-scheduler[93410]: DEBUG nova.scheduler.request_filter [None req-fa92541b-66df-426e-9223-1f7ca26d9b12 tempest-DeleteServersTestJSON-494649003 tempest-DeleteServersTestJSON-494649003-project-member] Request filter 'packed_virtqueue_filter' took 0.0 seconds {{(pid=93410) wrapper /opt/stack/nova/nova/scheduler/request_filter.py:46}}
Aug 10 01:57:46.439191 np0000006842 nova-scheduler[93410]: DEBUG nova.scheduler.request_filter [None req-fa92541b-66df-426e-9223-1f7ca26d9b12 tempest-DeleteServersTestJSON-494649003 tempest-DeleteServersTestJSON-494649003-project-member] Request filter 'remote_managed_ports_filter' took 0.0 seconds {{(pid=93410) wrapper /opt/stack/nova/nova/scheduler/request_filter.py:46}}
Aug 10 01:57:46.439342 np0000006842 nova-scheduler[93410]: DEBUG nova.scheduler.request_filter [None req-fa92541b-66df-426e-9223-1f7ca26d9b12 tempest-DeleteServersTestJSON-494649003 tempest-DeleteServersTestJSON-494649003-project-member] ephemeral_encryption_filter skipped {{(pid=93410) ephemeral_encryption_filter /opt/stack/nova/nova/scheduler/request_filter.py:426}}
Aug 10 01:57:46.439558 np0000006842 nova-scheduler[93410]: DEBUG nova.scheduler.request_filter [None req-fa92541b-66df-426e-9223-1f7ca26d9b12 tempest-DeleteServersTestJSON-494649003 tempest-DeleteServersTestJSON-494649003-project-member] virtio_sound_filter skipped {{(pid=93410) virtio_sound_filter /opt/stack/nova/nova/scheduler/request_filter.py:460}}
Aug 10 01:57:46.439755 np0000006842 nova-scheduler[93410]: DEBUG nova.scheduler.request_filter [None req-fa92541b-66df-426e-9223-1f7ca26d9b12 tempest-DeleteServersTestJSON-494649003 tempest-DeleteServersTestJSON-494649003-project-member] tpm_secret_security_filter skipped {{(pid=93410) tpm_secret_security_filter /opt/stack/nova/nova/scheduler/request_filter.py:477}}
Aug 10 01:57:47.190206 np0000006842 nova-scheduler[93410]: INFO nova.utils [None req-fa92541b-66df-426e-9223-1f7ca26d9b12 tempest-DeleteServersTestJSON-494649003 tempest-DeleteServersTestJSON-494649003-project-member] The cell worker thread pool ForkProcess-3.cell_worker is initialized
Aug 10 01:57:47.190206 np0000006842 nova-scheduler[93410]: DEBUG oslo_concurrency.lockutils [None req-fa92541b-66df-426e-9223-1f7ca26d9b12 tempest-DeleteServersTestJSON-494649003 tempest-DeleteServersTestJSON-494649003-project-member] Acquiring lock "282728be-d697-4cc9-9215-672f9e096623" by "nova.context.set_target_cell..get_or_set_cached_cell_and_set_connections" {{(pid=93410) inner /opt/stack/data/venv/lib/python3.12/site-packages/oslo_concurrency/lockutils.py:512}}
Aug 10 01:57:47.190485 np0000006842 nova-scheduler[93410]: DEBUG oslo_concurrency.lockutils [None req-fa92541b-66df-426e-9223-1f7ca26d9b12 tempest-DeleteServersTestJSON-494649003 tempest-DeleteServersTestJSON-494649003-project-member] Lock "282728be-d697-4cc9-9215-672f9e096623" acquired by "nova.context.set_target_cell..get_or_set_cached_cell_and_set_connections" :: waited 0.000s {{(pid=93410) inner /opt/stack/data/venv/lib/python3.12/site-packages/oslo_concurrency/lockutils.py:525}}
Aug 10 01:57:47.192329 np0000006842 nova-scheduler[93410]: DEBUG oslo_concurrency.lockutils [None req-fa92541b-66df-426e-9223-1f7ca26d9b12 tempest-DeleteServersTestJSON-494649003 tempest-DeleteServersTestJSON-494649003-project-member] Lock "282728be-d697-4cc9-9215-672f9e096623" "released" by "nova.context.set_target_cell..get_or_set_cached_cell_and_set_connections" :: held 0.002s {{(pid=93410) inner /opt/stack/data/venv/lib/python3.12/site-packages/oslo_concurrency/lockutils.py:544}}
Aug 10 01:57:47.194054 np0000006842 nova-scheduler[93410]: INFO dbcounter [None req-fa92541b-66df-426e-9223-1f7ca26d9b12 tempest-DeleteServersTestJSON-494649003 tempest-DeleteServersTestJSON-494649003-project-member] Registered counter for database nova_cell1
Aug 10 01:57:47.235691 np0000006842 nova-scheduler[93410]: DEBUG oslo_db.sqlalchemy.engines [None req-fa92541b-66df-426e-9223-1f7ca26d9b12 tempest-DeleteServersTestJSON-494649003 tempest-DeleteServersTestJSON-494649003-project-member] MySQL server mode set to STRICT_TRANS_TABLES,STRICT_ALL_TABLES,NO_ZERO_IN_DATE,NO_ZERO_DATE,ERROR_FOR_DIVISION_BY_ZERO,TRADITIONAL,NO_ENGINE_SUBSTITUTION {{(pid=93410) _check_effective_sql_mode /opt/stack/data/venv/lib/python3.12/site-packages/oslo_db/sqlalchemy/engines.py:325}}
Aug 10 01:57:47.240506 np0000006842 nova-scheduler[93410]: DEBUG dbcounter [-] [93410] Writer thread running {{(pid=93410) stat_writer /opt/stack/data/venv/lib/python3.12/site-packages/dbcounter.py:102}}
Aug 10 01:57:47.250425 np0000006842 nova-scheduler[93410]: DEBUG oslo_db.sqlalchemy.engines [None req-fa92541b-66df-426e-9223-1f7ca26d9b12 tempest-DeleteServersTestJSON-494649003 tempest-DeleteServersTestJSON-494649003-project-member] Parent process 92186 forked (93410) with an open database connection, which is being discarded and recreated. {{(pid=93410) checkout /opt/stack/data/venv/lib/python3.12/site-packages/oslo_db/sqlalchemy/engines.py:402}}
Aug 10 01:57:47.285085 np0000006842 nova-scheduler[93410]: DEBUG dbcounter [-] [93410] Writer thread running {{(pid=93410) stat_writer /opt/stack/data/venv/lib/python3.12/site-packages/dbcounter.py:102}}
Aug 10 01:57:47.288207 np0000006842 nova-scheduler[93410]: DEBUG oslo_concurrency.lockutils [None req-fa92541b-66df-426e-9223-1f7ca26d9b12 tempest-DeleteServersTestJSON-494649003 tempest-DeleteServersTestJSON-494649003-project-member] Acquiring lock "282728be-d697-4cc9-9215-672f9e096623" by "nova.context.set_target_cell..get_or_set_cached_cell_and_set_connections" {{(pid=93410) inner /opt/stack/data/venv/lib/python3.12/site-packages/oslo_concurrency/lockutils.py:512}}
Aug 10 01:57:47.288373 np0000006842 nova-scheduler[93410]: DEBUG oslo_concurrency.lockutils [None req-fa92541b-66df-426e-9223-1f7ca26d9b12 tempest-DeleteServersTestJSON-494649003 tempest-DeleteServersTestJSON-494649003-project-member] Lock "282728be-d697-4cc9-9215-672f9e096623" acquired by "nova.context.set_target_cell..get_or_set_cached_cell_and_set_connections" :: waited 0.000s {{(pid=93410) inner /opt/stack/data/venv/lib/python3.12/site-packages/oslo_concurrency/lockutils.py:525}}
Aug 10 01:57:47.288507 np0000006842 nova-scheduler[93410]: DEBUG oslo_concurrency.lockutils [None req-fa92541b-66df-426e-9223-1f7ca26d9b12 tempest-DeleteServersTestJSON-494649003 tempest-DeleteServersTestJSON-494649003-project-member] Lock "282728be-d697-4cc9-9215-672f9e096623" "released" by "nova.context.set_target_cell..get_or_set_cached_cell_and_set_connections" :: held 0.000s {{(pid=93410) inner /opt/stack/data/venv/lib/python3.12/site-packages/oslo_concurrency/lockutils.py:544}}
Aug 10 01:57:47.291396 np0000006842 nova-scheduler[93410]: DEBUG oslo_concurrency.lockutils [None req-fa92541b-66df-426e-9223-1f7ca26d9b12 tempest-DeleteServersTestJSON-494649003 tempest-DeleteServersTestJSON-494649003-project-member] Acquiring lock "np0000006842-np0000006842" by "nova.scheduler.host_manager.HostState.update.._locked_update" {{(pid=93410) inner /opt/stack/data/venv/lib/python3.12/site-packages/oslo_concurrency/lockutils.py:512}}
Aug 10 01:57:47.291668 np0000006842 nova-scheduler[93410]: DEBUG oslo_concurrency.lockutils [None req-fa92541b-66df-426e-9223-1f7ca26d9b12 tempest-DeleteServersTestJSON-494649003 tempest-DeleteServersTestJSON-494649003-project-member] Lock "np0000006842-np0000006842" acquired by "nova.scheduler.host_manager.HostState.update.._locked_update" :: waited 0.000s {{(pid=93410) inner /opt/stack/data/venv/lib/python3.12/site-packages/oslo_concurrency/lockutils.py:525}}
Aug 10 01:57:47.292634 np0000006842 nova-scheduler[93410]: DEBUG nova.scheduler.host_manager [None req-fa92541b-66df-426e-9223-1f7ca26d9b12 tempest-DeleteServersTestJSON-494649003 tempest-DeleteServersTestJSON-494649003-project-member] Update host state from compute node: ComputeNode(cpu_allocation_ratio=4.0,cpu_info='{"arch": "x86_64", "model": "EPYC-Milan", "vendor": "AMD", "topology": {"cells": 1, "sockets": 16, "cores": 1, "threads": 1}, "maxphysaddr": {"mode": "emulate", "bits": 40}, "features": ["skip-l1dfl-vmentry", "ssbd", "ibrs", "misalignsse", "gds-no", "pge", "mtrr", "nx", "vgif", "lahf_lm", "flushbyasid", "topoext", "tsc-deadline", "cmov", "cmp_legacy", "x2apic", "sse2", "bmi1", "pschange-mc-no", "wbnoinvd", "perfctr_core", "smep", "apic", "clwb", "umip", "avx2", "clflushopt", "sse4.1", "pcid", "fpu", "fma", "ibpb", "smap", "sha-ni", "ssse3", "v-vmsave-vmload", "virt-ssbd", "arat", "pfthreshold", "pku", "tsc", "cx16", "fxsr", "mca", "rdpid", "vme", "pdpe1gb", "adx", "xsaves", "avx", "syscall", "pclmuldq", "stibp-always-on", "amd-psfd", "msr", "rdtscp", "xgetbv1", "xsave", "xsaveopt", "bmi2", "sep", "vpclmulqdq", "vaes", "fxsr_opt", "amd-stibp", "mds-no", "lm", "abm", "de", "sse4a", "cx8", "f16c", "svm", "3dnowprefetch", "clzero", "pause-filter", "nrip-save", "stibp", "npt", "rdctl-no", "arch-capabilities", "aes", "rdseed", "movbe", "vmcb-clean", "fsrm", "invpcid", "sse4.2", "lbrv", "clflush", "amd-ssbd", "pni", "pae", "pse", "mmxext", "svme-addr-chk", "xsaveerptr", "osvw", "cr8legacy", "hypervisor", "pat", "lfence-always-serializing", "pse36", "mce", "fsgsbase", "sse", "mmx", "tsc-scale", "spec-ctrl", "no-nested-data-bp", "erms", "null-sel-clr-base", "popcnt", "tsc_adjust", "xsavec", "rdrand"]}',created_at=2026-08-10T01:55:45Z,current_workload=0,deleted=False,deleted_at=None,disk_allocation_ratio=1.0,disk_available_least=73,free_disk_gb=95,free_ram_mb=62765,host='np0000006842',host_ip=10.4.3.117,hypervisor_hostname='np0000006842',hypervisor_type='QEMU',hypervisor_version=8002002,id=1,local_gb=95,local_gb_used=0,mapped=1,memory_mb=63277,memory_mb_used=512,metrics='[]',numa_topology='{"nova_object.name": "NUMATopology", "nova_object.namespace": "nova", "nova_object.version": "1.2", "nova_object.data": {"cells": [{"nova_object.name": "NUMACell", "nova_object.namespace": "nova", "nova_object.version": "1.5", "nova_object.data": {"id": 0, "cpuset": [0, 1, 2, 3, 4, 5, 6, 7, 8, 9, 10, 11, 12, 13, 14, 15], "pcpuset": [0, 1, 2, 3, 4, 5, 6, 7, 8, 9, 10, 11, 12, 13, 14, 15], "memory": 63277, "cpu_usage": 0, "memory_usage": 0, "pinned_cpus": [], "siblings": [[6], [12], [2], [15], [5], [11], [8], [14], [4], [1], [7], [10], [0], [13], [3], [9]], "mempages": [{"nova_object.name": "NUMAPagesTopology", "nova_object.namespace": "nova", "nova_object.version": "1.1", "nova_object.data": {"size_kb": 4, "total": 16177929, "used": 0, "reserved": 0}, "nova_object.changes": ["reserved", "size_kb", "total", "used"]}, {"nova_object.name": "NUMAPagesTopology", "nova_object.namespace": "nova", "nova_object.version": "1.1", "nova_object.data": {"size_kb": 2048, "total": 41, "used": 0, "reserved": 0}, "nova_object.changes": ["reserved", "size_kb", "total", "used"]}, {"nova_object.name": "NUMAPagesTopology", "nova_object.namespace": "nova", "nova_object.version": "1.1", "nova_object.data": {"size_kb": 1048576, "total": 0, "used": 0, "reserved": 0}, "nova_object.changes": ["reserved", "size_kb", "total", "used"]}], "network_metadata": {"nova_object.name": "NetworkMetadata", "nova_object.namespace": "nova", "nova_object.version": "1.0", "nova_object.data": {"physnets": [], "tunneled": false}, "nova_object.changes": ["tunneled", "physnets"]}, "socket": null}, "nova_object.changes": ["network_metadata", "memory_usage", "cpu_usage", "pinned_cpus", "memory", "cpuset", "pcpuset", "mempages", "siblings", "socket", "id"]}]}, "nova_object.changes": ["cells"]}',pci_device_pools=PciDevicePoolList,ram_allocation_ratio=1.0,running_vms=0,service_id=3,stats={failed_builds='0',uptime=' 01:57:32 up 13 min, 2 users, load average: 2.13, 1.58, 0.87
Aug 10 01:57:47.292634 np0000006842 nova-scheduler[93410]: '},supported_hv_specs=[HVSpec,HVSpec,HVSpec,HVSpec,HVSpec,HVSpec,HVSpec,HVSpec,HVSpec,HVSpec,HVSpec,HVSpec,HVSpec,HVSpec,HVSpec,HVSpec,HVSpec,HVSpec,HVSpec,HVSpec,HVSpec,HVSpec,HVSpec,HVSpec,HVSpec],updated_at=2026-08-10T01:57:33Z,uuid=9b9d8abf-5b0d-44dd-af99-a7bb915e4f65,vcpus=16,vcpus_used=0) {{(pid=93410) _locked_update /opt/stack/nova/nova/scheduler/host_manager.py:168}}
Aug 10 01:57:47.293607 np0000006842 nova-scheduler[93410]: DEBUG nova.scheduler.host_manager [None req-fa92541b-66df-426e-9223-1f7ca26d9b12 tempest-DeleteServersTestJSON-494649003 tempest-DeleteServersTestJSON-494649003-project-member] Update host state with aggregates: [] {{(pid=93410) _locked_update /opt/stack/nova/nova/scheduler/host_manager.py:171}}
Aug 10 01:57:47.293607 np0000006842 nova-scheduler[93410]: DEBUG nova.scheduler.host_manager [None req-fa92541b-66df-426e-9223-1f7ca26d9b12 tempest-DeleteServersTestJSON-494649003 tempest-DeleteServersTestJSON-494649003-project-member] Update host state with service dict: {'id': 3, 'uuid': '2c8a9e59-8c1e-4bfb-9242-ebe26f32876f', 'host': 'np0000006842', 'binary': 'nova-compute', 'topic': 'compute', 'report_count': 1, 'disabled': False, 'disabled_reason': None, 'last_seen_up': datetime.datetime(2026, 8, 10, 1, 55, 51, tzinfo=datetime.timezone.utc), 'forced_down': False, 'version': 72, 'created_at': datetime.datetime(2026, 8, 10, 1, 55, 45, tzinfo=datetime.timezone.utc), 'updated_at': datetime.datetime(2026, 8, 10, 1, 55, 51, tzinfo=datetime.timezone.utc), 'deleted_at': None, 'deleted': False} {{(pid=93410) _locked_update /opt/stack/nova/nova/scheduler/host_manager.py:174}}
Aug 10 01:57:47.293607 np0000006842 nova-scheduler[93410]: DEBUG nova.scheduler.host_manager [None req-fa92541b-66df-426e-9223-1f7ca26d9b12 tempest-DeleteServersTestJSON-494649003 tempest-DeleteServersTestJSON-494649003-project-member] Update host state with instances: [] {{(pid=93410) _locked_update /opt/stack/nova/nova/scheduler/host_manager.py:177}}
Aug 10 01:57:47.293772 np0000006842 nova-scheduler[93410]: DEBUG oslo_concurrency.lockutils [None req-fa92541b-66df-426e-9223-1f7ca26d9b12 tempest-DeleteServersTestJSON-494649003 tempest-DeleteServersTestJSON-494649003-project-member] Lock "np0000006842-np0000006842" "released" by "nova.scheduler.host_manager.HostState.update.._locked_update" :: held 0.002s {{(pid=93410) inner /opt/stack/data/venv/lib/python3.12/site-packages/oslo_concurrency/lockutils.py:544}}
Aug 10 01:57:47.294190 np0000006842 nova-scheduler[93410]: DEBUG nova.filters [None req-fa92541b-66df-426e-9223-1f7ca26d9b12 tempest-DeleteServersTestJSON-494649003 tempest-DeleteServersTestJSON-494649003-project-member] Starting with 1 host(s) {{(pid=93410) get_filtered_objects /opt/stack/nova/nova/filters.py:70}}
Aug 10 01:57:47.294481 np0000006842 nova-scheduler[93410]: DEBUG nova.filters [None req-fa92541b-66df-426e-9223-1f7ca26d9b12 tempest-DeleteServersTestJSON-494649003 tempest-DeleteServersTestJSON-494649003-project-member] Filter ComputeFilter returned 1 host(s) {{(pid=93410) get_filtered_objects /opt/stack/nova/nova/filters.py:102}}
Aug 10 01:57:47.294673 np0000006842 nova-scheduler[93410]: DEBUG nova.filters [None req-fa92541b-66df-426e-9223-1f7ca26d9b12 tempest-DeleteServersTestJSON-494649003 tempest-DeleteServersTestJSON-494649003-project-member] Filter ComputeCapabilitiesFilter returned 1 host(s) {{(pid=93410) get_filtered_objects /opt/stack/nova/nova/filters.py:102}}
Aug 10 01:57:47.294870 np0000006842 nova-scheduler[93410]: DEBUG nova.filters [None req-fa92541b-66df-426e-9223-1f7ca26d9b12 tempest-DeleteServersTestJSON-494649003 tempest-DeleteServersTestJSON-494649003-project-member] Filter ImagePropertiesFilter returned 1 host(s) {{(pid=93410) get_filtered_objects /opt/stack/nova/nova/filters.py:102}}
Aug 10 01:57:47.294988 np0000006842 nova-scheduler[93410]: DEBUG nova.filters [None req-fa92541b-66df-426e-9223-1f7ca26d9b12 tempest-DeleteServersTestJSON-494649003 tempest-DeleteServersTestJSON-494649003-project-member] Filter ServerGroupAntiAffinityFilter returned 1 host(s) {{(pid=93410) get_filtered_objects /opt/stack/nova/nova/filters.py:102}}
Aug 10 01:57:47.295093 np0000006842 nova-scheduler[93410]: DEBUG nova.filters [None req-fa92541b-66df-426e-9223-1f7ca26d9b12 tempest-DeleteServersTestJSON-494649003 tempest-DeleteServersTestJSON-494649003-project-member] Filter ServerGroupAffinityFilter returned 1 host(s) {{(pid=93410) get_filtered_objects /opt/stack/nova/nova/filters.py:102}}
Aug 10 01:57:47.295209 np0000006842 nova-scheduler[93410]: DEBUG nova.filters [None req-fa92541b-66df-426e-9223-1f7ca26d9b12 tempest-DeleteServersTestJSON-494649003 tempest-DeleteServersTestJSON-494649003-project-member] Filter SameHostFilter returned 1 host(s) {{(pid=93410) get_filtered_objects /opt/stack/nova/nova/filters.py:102}}
Aug 10 01:57:47.295309 np0000006842 nova-scheduler[93410]: DEBUG nova.filters [None req-fa92541b-66df-426e-9223-1f7ca26d9b12 tempest-DeleteServersTestJSON-494649003 tempest-DeleteServersTestJSON-494649003-project-member] Filter DifferentHostFilter returned 1 host(s) {{(pid=93410) get_filtered_objects /opt/stack/nova/nova/filters.py:102}}
Aug 10 01:57:47.295465 np0000006842 nova-scheduler[93410]: DEBUG nova.scheduler.manager [None req-fa92541b-66df-426e-9223-1f7ca26d9b12 tempest-DeleteServersTestJSON-494649003 tempest-DeleteServersTestJSON-494649003-project-member] Filtered [(np0000006842, np0000006842) ram: 62765MB disk: 74752MB io_ops: 0 instances: 0, allocation_candidates: 1] {{(pid=93410) _get_sorted_hosts /opt/stack/nova/nova/scheduler/manager.py:742}}
Aug 10 01:57:47.295704 np0000006842 nova-scheduler[93410]: DEBUG nova.scheduler.manager [None req-fa92541b-66df-426e-9223-1f7ca26d9b12 tempest-DeleteServersTestJSON-494649003 tempest-DeleteServersTestJSON-494649003-project-member] Weighed [WeighedHost [host: (np0000006842, np0000006842) ram: 62765MB disk: 74752MB io_ops: 0 instances: 0, allocation_candidates: 1, weight: 0.0]] {{(pid=93410) _get_sorted_hosts /opt/stack/nova/nova/scheduler/manager.py:764}}
Aug 10 01:57:47.295874 np0000006842 nova-scheduler[93410]: DEBUG nova.scheduler.utils [None req-fa92541b-66df-426e-9223-1f7ca26d9b12 tempest-DeleteServersTestJSON-494649003 tempest-DeleteServersTestJSON-494649003-project-member] Attempting to claim resources in the placement API for instance 98a27780-61bf-4b9e-bede-dbe78291bd9b {{(pid=93410) claim_resources /opt/stack/nova/nova/scheduler/utils.py:1345}}
Aug 10 01:57:47.441317 np0000006842 nova-scheduler[93410]: DEBUG nova.scheduler.manager [None req-fa92541b-66df-426e-9223-1f7ca26d9b12 tempest-DeleteServersTestJSON-494649003 tempest-DeleteServersTestJSON-494649003-project-member] [instance: 98a27780-61bf-4b9e-bede-dbe78291bd9b] Selected host: (np0000006842, np0000006842) ram: 62765MB disk: 74752MB io_ops: 0 instances: 0, allocation_candidates: 1 {{(pid=93410) _consume_selected_host /opt/stack/nova/nova/scheduler/manager.py:624}}
Aug 10 01:57:47.441713 np0000006842 nova-scheduler[93410]: DEBUG oslo_concurrency.lockutils [None req-fa92541b-66df-426e-9223-1f7ca26d9b12 tempest-DeleteServersTestJSON-494649003 tempest-DeleteServersTestJSON-494649003-project-member] Acquiring lock "np0000006842-np0000006842" by "nova.scheduler.host_manager.HostState.consume_from_request.._locked" {{(pid=93410) inner /opt/stack/data/venv/lib/python3.12/site-packages/oslo_concurrency/lockutils.py:512}}
Aug 10 01:57:47.441803 np0000006842 nova-scheduler[93410]: DEBUG oslo_concurrency.lockutils [None req-fa92541b-66df-426e-9223-1f7ca26d9b12 tempest-DeleteServersTestJSON-494649003 tempest-DeleteServersTestJSON-494649003-project-member] Lock "np0000006842-np0000006842" acquired by "nova.scheduler.host_manager.HostState.consume_from_request.._locked" :: waited 0.000s {{(pid=93410) inner /opt/stack/data/venv/lib/python3.12/site-packages/oslo_concurrency/lockutils.py:525}}
Aug 10 01:57:47.442089 np0000006842 nova-scheduler[93410]: DEBUG oslo_concurrency.lockutils [None req-fa92541b-66df-426e-9223-1f7ca26d9b12 tempest-DeleteServersTestJSON-494649003 tempest-DeleteServersTestJSON-494649003-project-member] Lock "np0000006842-np0000006842" "released" by "nova.scheduler.host_manager.HostState.consume_from_request.._locked" :: held 0.000s {{(pid=93410) inner /opt/stack/data/venv/lib/python3.12/site-packages/oslo_concurrency/lockutils.py:544}}
Aug 10 01:57:47.948572 np0000006842 nova-scheduler[93406]: DEBUG nova.scheduler.manager [None req-0eb5b4b8-dc24-4a53-b475-29e7664fd863 tempest-ServerActionsV293TestJSON-838527039 tempest-ServerActionsV293TestJSON-838527039-project-member] Starting to schedule for instances: ['3eb9ca79-8564-4367-9a1b-f44c5568e69e'] {{(pid=93406) select_destinations /opt/stack/nova/nova/scheduler/manager.py:209}}
Aug 10 01:57:47.949046 np0000006842 nova-scheduler[93406]: DEBUG nova.scheduler.request_filter [None req-0eb5b4b8-dc24-4a53-b475-29e7664fd863 tempest-ServerActionsV293TestJSON-838527039 tempest-ServerActionsV293TestJSON-838527039-project-member] compute_status_filter request filter added forbidden trait COMPUTE_STATUS_DISABLED {{(pid=93406) compute_status_filter /opt/stack/nova/nova/scheduler/request_filter.py:253}}
Aug 10 01:57:47.949414 np0000006842 nova-scheduler[93406]: DEBUG nova.scheduler.request_filter [None req-0eb5b4b8-dc24-4a53-b475-29e7664fd863 tempest-ServerActionsV293TestJSON-838527039 tempest-ServerActionsV293TestJSON-838527039-project-member] Request filter 'compute_status_filter' took 0.0 seconds {{(pid=93406) wrapper /opt/stack/nova/nova/scheduler/request_filter.py:46}}
Aug 10 01:57:47.949717 np0000006842 nova-scheduler[93406]: DEBUG nova.scheduler.request_filter [None req-0eb5b4b8-dc24-4a53-b475-29e7664fd863 tempest-ServerActionsV293TestJSON-838527039 tempest-ServerActionsV293TestJSON-838527039-project-member] Request filter 'accelerators_filter' took 0.0 seconds {{(pid=93406) wrapper /opt/stack/nova/nova/scheduler/request_filter.py:46}}
Aug 10 01:57:47.949963 np0000006842 nova-scheduler[93406]: DEBUG nova.scheduler.request_filter [None req-0eb5b4b8-dc24-4a53-b475-29e7664fd863 tempest-ServerActionsV293TestJSON-838527039 tempest-ServerActionsV293TestJSON-838527039-project-member] Request filter 'packed_virtqueue_filter' took 0.0 seconds {{(pid=93406) wrapper /opt/stack/nova/nova/scheduler/request_filter.py:46}}
Aug 10 01:57:47.950326 np0000006842 nova-scheduler[93406]: DEBUG nova.scheduler.request_filter [None req-0eb5b4b8-dc24-4a53-b475-29e7664fd863 tempest-ServerActionsV293TestJSON-838527039 tempest-ServerActionsV293TestJSON-838527039-project-member] Request filter 'remote_managed_ports_filter' took 0.0 seconds {{(pid=93406) wrapper /opt/stack/nova/nova/scheduler/request_filter.py:46}}
Aug 10 01:57:47.950581 np0000006842 nova-scheduler[93406]: DEBUG nova.scheduler.request_filter [None req-0eb5b4b8-dc24-4a53-b475-29e7664fd863 tempest-ServerActionsV293TestJSON-838527039 tempest-ServerActionsV293TestJSON-838527039-project-member] ephemeral_encryption_filter skipped {{(pid=93406) ephemeral_encryption_filter /opt/stack/nova/nova/scheduler/request_filter.py:426}}
Aug 10 01:57:47.950851 np0000006842 nova-scheduler[93406]: DEBUG nova.scheduler.request_filter [None req-0eb5b4b8-dc24-4a53-b475-29e7664fd863 tempest-ServerActionsV293TestJSON-838527039 tempest-ServerActionsV293TestJSON-838527039-project-member] virtio_sound_filter skipped {{(pid=93406) virtio_sound_filter /opt/stack/nova/nova/scheduler/request_filter.py:460}}
