Jul 30 17:57:38.625706 np0000006161 devstack@g-api.service[103041]: [pid: 103041|app: 0|req: 103/386] 127.0.0.1 () {40 vars in 830 bytes} [Thu Jul 30 17:57:38 2026] GET /v2/images/3759fc1b-1653-46e2-bdc2-c89cc85d10fe => generated 649 bytes in 10 msecs (HTTP/1.1 200) 4 headers in 157 bytes (1 switches on core 0)
Jul 30 17:57:39.633847 np0000006161 devstack@g-api.service[103043]: DEBUG glance.api.middleware.version_negotiation [None req-7f4aaab6-1f8f-4901-8445-faaf9199b48e tempest-VolumesActionsTest-1832901091 tempest-VolumesActionsTest-1832901091-project-member] Determining version of request: GET /v2/images/3759fc1b-1653-46e2-bdc2-c89cc85d10fe Accept: application/json {{(pid=103043) process_request /opt/stack/glance/glance/api/middleware/version_negotiation.py:44}}
Jul 30 17:57:39.633847 np0000006161 devstack@g-api.service[103043]: DEBUG glance.api.middleware.version_negotiation [None req-7f4aaab6-1f8f-4901-8445-faaf9199b48e tempest-VolumesActionsTest-1832901091 tempest-VolumesActionsTest-1832901091-project-member] Using url versioning {{(pid=103043) process_request /opt/stack/glance/glance/api/middleware/version_negotiation.py:57}}
Jul 30 17:57:39.633847 np0000006161 devstack@g-api.service[103043]: DEBUG glance.api.middleware.version_negotiation [None req-7f4aaab6-1f8f-4901-8445-faaf9199b48e tempest-VolumesActionsTest-1832901091 tempest-VolumesActionsTest-1832901091-project-member] Matched version: v2 {{(pid=103043) process_request /opt/stack/glance/glance/api/middleware/version_negotiation.py:69}}
Jul 30 17:57:39.633847 np0000006161 devstack@g-api.service[103043]: DEBUG glance.api.middleware.version_negotiation [None req-7f4aaab6-1f8f-4901-8445-faaf9199b48e tempest-VolumesActionsTest-1832901091 tempest-VolumesActionsTest-1832901091-project-member] new path /v2/images/3759fc1b-1653-46e2-bdc2-c89cc85d10fe {{(pid=103043) process_request /opt/stack/glance/glance/api/middleware/version_negotiation.py:70}}
Jul 30 17:57:39.644646 np0000006161 devstack@g-api.service[103043]: [pid: 103043|app: 0|req: 99/387] 127.0.0.1 () {40 vars in 830 bytes} [Thu Jul 30 17:57:39 2026] GET /v2/images/3759fc1b-1653-46e2-bdc2-c89cc85d10fe => generated 649 bytes in 11 msecs (HTTP/1.1 200) 4 headers in 157 bytes (1 switches on core 0)
Jul 30 17:57:40.652431 np0000006161 devstack@g-api.service[103044]: DEBUG glance.api.middleware.version_negotiation [None req-7f4aaab6-1f8f-4901-8445-faaf9199b48e tempest-VolumesActionsTest-1832901091 tempest-VolumesActionsTest-1832901091-project-member] Determining version of request: GET /v2/images/3759fc1b-1653-46e2-bdc2-c89cc85d10fe Accept: application/json {{(pid=103044) process_request /opt/stack/glance/glance/api/middleware/version_negotiation.py:44}}
Jul 30 17:57:40.652765 np0000006161 devstack@g-api.service[103044]: DEBUG glance.api.middleware.version_negotiation [None req-7f4aaab6-1f8f-4901-8445-faaf9199b48e tempest-VolumesActionsTest-1832901091 tempest-VolumesActionsTest-1832901091-project-member] Using url versioning {{(pid=103044) process_request /opt/stack/glance/glance/api/middleware/version_negotiation.py:57}}
Jul 30 17:57:40.652765 np0000006161 devstack@g-api.service[103044]: DEBUG glance.api.middleware.version_negotiation [None req-7f4aaab6-1f8f-4901-8445-faaf9199b48e tempest-VolumesActionsTest-1832901091 tempest-VolumesActionsTest-1832901091-project-member] Matched version: v2 {{(pid=103044) process_request /opt/stack/glance/glance/api/middleware/version_negotiation.py:69}}
Jul 30 17:57:40.652765 np0000006161 devstack@g-api.service[103044]: DEBUG glance.api.middleware.version_negotiation [None req-7f4aaab6-1f8f-4901-8445-faaf9199b48e tempest-VolumesActionsTest-1832901091 tempest-VolumesActionsTest-1832901091-project-member] new path /v2/images/3759fc1b-1653-46e2-bdc2-c89cc85d10fe {{(pid=103044) process_request /opt/stack/glance/glance/api/middleware/version_negotiation.py:70}}
Jul 30 17:57:40.666327 np0000006161 devstack@g-api.service[103044]: [pid: 103044|app: 0|req: 95/388] 127.0.0.1 () {40 vars in 830 bytes} [Thu Jul 30 17:57:40 2026] GET /v2/images/3759fc1b-1653-46e2-bdc2-c89cc85d10fe => generated 649 bytes in 13 msecs (HTTP/1.1 200) 4 headers in 157 bytes (1 switches on core 0)
Jul 30 17:57:40.918016 np0000006161 devstack@g-api.service[103042]: DEBUG glance.api.middleware.version_negotiation [None req-05455a99-d184-46ee-acdf-26413b86bcb6 tempest-VolumesActionsTest-1832901091 tempest-VolumesActionsTest-1832901091-project-member] Determining version of request: PUT /v2/images/3759fc1b-1653-46e2-bdc2-c89cc85d10fe/file Accept: */* {{(pid=103042) process_request /opt/stack/glance/glance/api/middleware/version_negotiation.py:44}}
Jul 30 17:57:40.919511 np0000006161 devstack@g-api.service[103042]: DEBUG glance.api.middleware.version_negotiation [None req-05455a99-d184-46ee-acdf-26413b86bcb6 tempest-VolumesActionsTest-1832901091 tempest-VolumesActionsTest-1832901091-project-member] Using url versioning {{(pid=103042) process_request /opt/stack/glance/glance/api/middleware/version_negotiation.py:57}}
Jul 30 17:57:40.919511 np0000006161 devstack@g-api.service[103042]: DEBUG glance.api.middleware.version_negotiation [None req-05455a99-d184-46ee-acdf-26413b86bcb6 tempest-VolumesActionsTest-1832901091 tempest-VolumesActionsTest-1832901091-project-member] Matched version: v2 {{(pid=103042) process_request /opt/stack/glance/glance/api/middleware/version_negotiation.py:69}}
Jul 30 17:57:40.919511 np0000006161 devstack@g-api.service[103042]: DEBUG glance.api.middleware.version_negotiation [None req-05455a99-d184-46ee-acdf-26413b86bcb6 tempest-VolumesActionsTest-1832901091 tempest-VolumesActionsTest-1832901091-project-member] new path /v2/images/3759fc1b-1653-46e2-bdc2-c89cc85d10fe/file {{(pid=103042) process_request /opt/stack/glance/glance/api/middleware/version_negotiation.py:70}}
Jul 30 17:57:41.381771 np0000006161 devstack@g-api.service[103042]: INFO glance.api.v2.image_data [None req-7f4aaab6-1f8f-4901-8445-faaf9199b48e tempest-VolumesActionsTest-1832901091 tempest-VolumesActionsTest-1832901091-project-member] Unable to create trust: no such option collect_timing in group [keystone_authtoken] Use the existing user token.
Jul 30 17:57:42.298978 np0000006161 devstack@g-api.service[103041]: DEBUG glance.api.middleware.version_negotiation [None req-b49f144e-89c5-448f-bd4d-79a7e2ed2b72 tempest-VolumesActionsTest-1832901091 tempest-VolumesActionsTest-1832901091-project-member] Determining version of request: GET /v2/images/3759fc1b-1653-46e2-bdc2-c89cc85d10fe Accept: application/json {{(pid=103041) process_request /opt/stack/glance/glance/api/middleware/version_negotiation.py:44}}
Jul 30 17:57:42.298978 np0000006161 devstack@g-api.service[103041]: DEBUG glance.api.middleware.version_negotiation [None req-b49f144e-89c5-448f-bd4d-79a7e2ed2b72 tempest-VolumesActionsTest-1832901091 tempest-VolumesActionsTest-1832901091-project-member] Using url versioning {{(pid=103041) process_request /opt/stack/glance/glance/api/middleware/version_negotiation.py:57}}
Jul 30 17:57:42.298978 np0000006161 devstack@g-api.service[103041]: DEBUG glance.api.middleware.version_negotiation [None req-b49f144e-89c5-448f-bd4d-79a7e2ed2b72 tempest-VolumesActionsTest-1832901091 tempest-VolumesActionsTest-1832901091-project-member] Matched version: v2 {{(pid=103041) process_request /opt/stack/glance/glance/api/middleware/version_negotiation.py:69}}
Jul 30 17:57:42.298978 np0000006161 devstack@g-api.service[103041]: DEBUG glance.api.middleware.version_negotiation [None req-b49f144e-89c5-448f-bd4d-79a7e2ed2b72 tempest-VolumesActionsTest-1832901091 tempest-VolumesActionsTest-1832901091-project-member] new path /v2/images/3759fc1b-1653-46e2-bdc2-c89cc85d10fe {{(pid=103041) process_request /opt/stack/glance/glance/api/middleware/version_negotiation.py:70}}
Jul 30 17:57:42.298978 np0000006161 devstack@g-api.service[103041]: [pid: 103041|app: 0|req: 104/389] 127.0.0.1 () {40 vars in 830 bytes} [Thu Jul 30 17:57:41 2026] GET /v2/images/3759fc1b-1653-46e2-bdc2-c89cc85d10fe => generated 649 bytes in 12 msecs (HTTP/1.1 200) 4 headers in 157 bytes (1 switches on core 0)
Jul 30 17:57:42.301961 np0000006161 devstack@g-api.service[103042]: DEBUG glance.location [None req-7f4aaab6-1f8f-4901-8445-faaf9199b48e tempest-VolumesActionsTest-1832901091 tempest-VolumesActionsTest-1832901091-project-member] Enabling in-flight format inspection for raw {{(pid=103042) set_data /opt/stack/glance/glance/location.py:596}}
Jul 30 17:57:42.301961 np0000006161 devstack@g-api.service[103042]: DEBUG glance_store.backend [None req-7f4aaab6-1f8f-4901-8445-faaf9199b48e tempest-VolumesActionsTest-1832901091 tempest-VolumesActionsTest-1832901091-project-member] Attempting to import store swift {{(pid=103042) _load_store /opt/stack/data/venv/lib/python3.12/site-packages/glance_store/backend.py:215}}
Jul 30 17:57:42.301961 np0000006161 devstack@g-api.service[103042]: DEBUG glance_store.capabilities [None req-7f4aaab6-1f8f-4901-8445-faaf9199b48e tempest-VolumesActionsTest-1832901091 tempest-VolumesActionsTest-1832901091-project-member] Store glance_store._drivers.swift.store.SingleTenantStore doesn't support updating dynamic storage capabilities. Please overwrite 'update_capabilities' method of the store to implement updating logics if needed. {{(pid=103042) update_capabilities /opt/stack/data/venv/lib/python3.12/site-packages/glance_store/capabilities.py:91}}
Jul 30 17:57:42.301961 np0000006161 devstack@g-api.service[103042]: DEBUG glance_store.driver [None req-7f4aaab6-1f8f-4901-8445-faaf9199b48e tempest-VolumesActionsTest-1832901091 tempest-VolumesActionsTest-1832901091-project-member] Late loading location class glance_store._drivers.swift.store.StoreLocation {{(pid=103042) get_store_location_class /opt/stack/data/venv/lib/python3.12/site-packages/glance_store/driver.py:134}}
Jul 30 17:57:42.301961 np0000006161 devstack@g-api.service[103042]: DEBUG glance_store.location [None req-7f4aaab6-1f8f-4901-8445-faaf9199b48e tempest-VolumesActionsTest-1832901091 tempest-VolumesActionsTest-1832901091-project-member] Registering scheme swift+https with {'store': , 'location_class': , 'store_entry': 'swift'} {{(pid=103042) register_scheme_map /opt/stack/data/venv/lib/python3.12/site-packages/glance_store/location.py:146}}
Jul 30 17:57:42.301961 np0000006161 devstack@g-api.service[103042]: DEBUG glance_store.location [None req-7f4aaab6-1f8f-4901-8445-faaf9199b48e tempest-VolumesActionsTest-1832901091 tempest-VolumesActionsTest-1832901091-project-member] Registering scheme swift+https with {'store': , 'location_class': , 'store_entry': 'swift'} {{(pid=103042) register_scheme_map /opt/stack/data/venv/lib/python3.12/site-packages/glance_store/location.py:146}}
Jul 30 17:57:42.301961 np0000006161 devstack@g-api.service[103042]: DEBUG glance_store.location [None req-7f4aaab6-1f8f-4901-8445-faaf9199b48e tempest-VolumesActionsTest-1832901091 tempest-VolumesActionsTest-1832901091-project-member] Registering scheme swift with {'store': , 'location_class': , 'store_entry': 'swift'} {{(pid=103042) register_scheme_map /opt/stack/data/venv/lib/python3.12/site-packages/glance_store/location.py:146}}
Jul 30 17:57:42.301961 np0000006161 devstack@g-api.service[103042]: DEBUG glance_store.location [None req-7f4aaab6-1f8f-4901-8445-faaf9199b48e tempest-VolumesActionsTest-1832901091 tempest-VolumesActionsTest-1832901091-project-member] Registering scheme swift+https with {'store': , 'location_class': , 'store_entry': 'swift'} {{(pid=103042) register_scheme_map /opt/stack/data/venv/lib/python3.12/site-packages/glance_store/location.py:146}}
Jul 30 17:57:42.301961 np0000006161 devstack@g-api.service[103042]: DEBUG glance_store.location [None req-7f4aaab6-1f8f-4901-8445-faaf9199b48e tempest-VolumesActionsTest-1832901091 tempest-VolumesActionsTest-1832901091-project-member] Registering scheme swift with {'store': , 'location_class': , 'store_entry': 'swift'} {{(pid=103042) register_scheme_map /opt/stack/data/venv/lib/python3.12/site-packages/glance_store/location.py:146}}
Jul 30 17:57:42.301961 np0000006161 devstack@g-api.service[103042]: DEBUG glance_store.location [None req-7f4aaab6-1f8f-4901-8445-faaf9199b48e tempest-VolumesActionsTest-1832901091 tempest-VolumesActionsTest-1832901091-project-member] Registering scheme swift+http with {'store': , 'location_class': , 'store_entry': 'swift'} {{(pid=103042) register_scheme_map /opt/stack/data/venv/lib/python3.12/site-packages/glance_store/location.py:146}}
Jul 30 17:57:42.301961 np0000006161 devstack@g-api.service[103042]: DEBUG glance_store.location [None req-7f4aaab6-1f8f-4901-8445-faaf9199b48e tempest-VolumesActionsTest-1832901091 tempest-VolumesActionsTest-1832901091-project-member] Registering scheme swift+https with {'store': , 'location_class': , 'store_entry': 'swift'} {{(pid=103042) register_scheme_map /opt/stack/data/venv/lib/python3.12/site-packages/glance_store/location.py:146}}
Jul 30 17:57:42.301961 np0000006161 devstack@g-api.service[103042]: DEBUG glance_store.location [None req-7f4aaab6-1f8f-4901-8445-faaf9199b48e tempest-VolumesActionsTest-1832901091 tempest-VolumesActionsTest-1832901091-project-member] Registering scheme swift with {'store': , 'location_class': , 'store_entry': 'swift'} {{(pid=103042) register_scheme_map /opt/stack/data/venv/lib/python3.12/site-packages/glance_store/location.py:146}}
Jul 30 17:57:42.304012 np0000006161 devstack@g-api.service[103042]: DEBUG glance_store.location [None req-7f4aaab6-1f8f-4901-8445-faaf9199b48e tempest-VolumesActionsTest-1832901091 tempest-VolumesActionsTest-1832901091-project-member] Registering scheme swift+http with {'store': , 'location_class': , 'store_entry': 'swift'} {{(pid=103042) register_scheme_map /opt/stack/data/venv/lib/python3.12/site-packages/glance_store/location.py:146}}
Jul 30 17:57:42.304012 np0000006161 devstack@g-api.service[103042]: DEBUG glance_store.location [None req-7f4aaab6-1f8f-4901-8445-faaf9199b48e tempest-VolumesActionsTest-1832901091 tempest-VolumesActionsTest-1832901091-project-member] Registering scheme swift+config with {'store': , 'location_class': , 'store_entry': 'swift'} {{(pid=103042) register_scheme_map /opt/stack/data/venv/lib/python3.12/site-packages/glance_store/location.py:146}}
Jul 30 17:57:42.304012 np0000006161 devstack@g-api.service[103042]: DEBUG swiftclient [None req-7f4aaab6-1f8f-4901-8445-faaf9199b48e tempest-VolumesActionsTest-1832901091 tempest-VolumesActionsTest-1832901091-project-member] REQ: curl -i https://10.4.3.6:8080/v1/AUTH_96f3fb95f09a4dcc957fc6d5479d1439/glance -I -H "X-Auth-Token: gAAAAABqa5CVFgPb..." {{(pid=103042) http_log /opt/stack/data/venv/lib/python3.12/site-packages/swiftclient/client.py:160}}
Jul 30 17:57:42.304012 np0000006161 devstack@g-api.service[103042]: DEBUG swiftclient [None req-7f4aaab6-1f8f-4901-8445-faaf9199b48e tempest-VolumesActionsTest-1832901091 tempest-VolumesActionsTest-1832901091-project-member] RESP STATUS: 204 No Content {{(pid=103042) http_log /opt/stack/data/venv/lib/python3.12/site-packages/swiftclient/client.py:161}}
Jul 30 17:57:42.304012 np0000006161 devstack@g-api.service[103042]: DEBUG swiftclient [None req-7f4aaab6-1f8f-4901-8445-faaf9199b48e tempest-VolumesActionsTest-1832901091 tempest-VolumesActionsTest-1832901091-project-member] RESP HEADERS: {'Date': 'Thu, 30 Jul 2026 17:57:42 GMT', 'Server': 'Apache/2.4.58 (Ubuntu)', 'Content-Type': 'text/plain; charset=utf-8', 'X-Container-Object-Count': '3', 'X-Container-Bytes-Used': '64356352', 'X-Timestamp': '1785433878.13386', 'Last-Modified': 'Thu, 30 Jul 2026 17:51:19 GMT', 'Accept-Ranges': 'bytes', 'X-Storage-Policy': 'Policy-0', 'X-Container-Sharding': 'False', 'Vary': 'Accept', 'X-Trans-Id': 'tx37bb03f38b2149f09edf5-006a6b9095', 'X-Openstack-Request-Id': 'tx37bb03f38b2149f09edf5-006a6b9095', 'Connection': 'close'} {{(pid=103042) http_log /opt/stack/data/venv/lib/python3.12/site-packages/swiftclient/client.py:162}}
Jul 30 17:57:42.304012 np0000006161 devstack@g-api.service[103042]: DEBUG glance_store._drivers.swift.store [None req-7f4aaab6-1f8f-4901-8445-faaf9199b48e tempest-VolumesActionsTest-1832901091 tempest-VolumesActionsTest-1832901091-project-member] Adding image object '3759fc1b-1653-46e2-bdc2-c89cc85d10fe' to Swift {{(pid=103042) add /opt/stack/data/venv/lib/python3.12/site-packages/glance_store/_drivers/swift/store.py:970}}
Jul 30 17:57:42.304012 np0000006161 devstack@g-api.service[103042]: DEBUG glance_store._drivers.swift.store [None req-7f4aaab6-1f8f-4901-8445-faaf9199b48e tempest-VolumesActionsTest-1832901091 tempest-VolumesActionsTest-1832901091-project-member] Cannot determine image size because it is either not provided in the request or chunked-transfer encoding is used. Adding image as a segmented object to Swift. {{(pid=103042) add /opt/stack/data/venv/lib/python3.12/site-packages/glance_store/_drivers/swift/store.py:994}}
Jul 30 17:57:42.304012 np0000006161 devstack@g-api.service[103042]: DEBUG oslo_utils.imageutils.format_inspector [None req-7f4aaab6-1f8f-4901-8445-faaf9199b48e tempest-VolumesActionsTest-1832901091 tempest-VolumesActionsTest-1832901091-project-member] Format inspector for vmdk does not match, excluding from consideration (Signature KDMV not found: b'\x00\x00\x00\x00') {{(pid=103042) _process_chunk /opt/stack/data/venv/lib/python3.12/site-packages/oslo_utils/imageutils/format_inspector.py:1758}}
Jul 30 17:57:42.304012 np0000006161 devstack@g-api.service[103042]: DEBUG oslo_utils.imageutils.format_inspector [None req-7f4aaab6-1f8f-4901-8445-faaf9199b48e tempest-VolumesActionsTest-1832901091 tempest-VolumesActionsTest-1832901091-project-member] Format inspector for vhdx does not match, excluding from consideration (Region signature not found at 30000) {{(pid=103042) _process_chunk /opt/stack/data/venv/lib/python3.12/site-packages/oslo_utils/imageutils/format_inspector.py:1758}}
Jul 30 17:57:42.697038 np0000006161 devstack@g-api.service[103043]: DEBUG glance.api.middleware.version_negotiation [None req-b5fc10d8-6dc5-4fb9-b180-122cf3be391c tempest-VolumesActionsTest-1832901091 tempest-VolumesActionsTest-1832901091-project-member] Determining version of request: GET /v2/images/3759fc1b-1653-46e2-bdc2-c89cc85d10fe Accept: application/json {{(pid=103043) process_request /opt/stack/glance/glance/api/middleware/version_negotiation.py:44}}
Jul 30 17:57:42.697375 np0000006161 devstack@g-api.service[103043]: DEBUG glance.api.middleware.version_negotiation [None req-b5fc10d8-6dc5-4fb9-b180-122cf3be391c tempest-VolumesActionsTest-1832901091 tempest-VolumesActionsTest-1832901091-project-member] Using url versioning {{(pid=103043) process_request /opt/stack/glance/glance/api/middleware/version_negotiation.py:57}}
Jul 30 17:57:42.697525 np0000006161 devstack@g-api.service[103043]: DEBUG glance.api.middleware.version_negotiation [None req-b5fc10d8-6dc5-4fb9-b180-122cf3be391c tempest-VolumesActionsTest-1832901091 tempest-VolumesActionsTest-1832901091-project-member] Matched version: v2 {{(pid=103043) process_request /opt/stack/glance/glance/api/middleware/version_negotiation.py:69}}
Jul 30 17:57:42.697561 np0000006161 devstack@g-api.service[103043]: DEBUG glance.api.middleware.version_negotiation [None req-b5fc10d8-6dc5-4fb9-b180-122cf3be391c tempest-VolumesActionsTest-1832901091 tempest-VolumesActionsTest-1832901091-project-member] new path /v2/images/3759fc1b-1653-46e2-bdc2-c89cc85d10fe {{(pid=103043) process_request /opt/stack/glance/glance/api/middleware/version_negotiation.py:70}}
Jul 30 17:57:42.705197 np0000006161 devstack@g-api.service[103043]: [pid: 103043|app: 0|req: 100/390] 127.0.0.1 () {40 vars in 830 bytes} [Thu Jul 30 17:57:42 2026] GET /v2/images/3759fc1b-1653-46e2-bdc2-c89cc85d10fe => generated 649 bytes in 8 msecs (HTTP/1.1 200) 4 headers in 157 bytes (1 switches on core 0)
Jul 30 17:57:43.717132 np0000006161 devstack@g-api.service[103044]: DEBUG glance.api.middleware.version_negotiation [None req-2e8eaf1d-ba56-4954-881e-6bf294a7b11c tempest-VolumesActionsTest-1832901091 tempest-VolumesActionsTest-1832901091-project-member] Determining version of request: GET /v2/images/3759fc1b-1653-46e2-bdc2-c89cc85d10fe Accept: application/json {{(pid=103044) process_request /opt/stack/glance/glance/api/middleware/version_negotiation.py:44}}
Jul 30 17:57:43.717132 np0000006161 devstack@g-api.service[103044]: DEBUG glance.api.middleware.version_negotiation [None req-2e8eaf1d-ba56-4954-881e-6bf294a7b11c tempest-VolumesActionsTest-1832901091 tempest-VolumesActionsTest-1832901091-project-member] Using url versioning {{(pid=103044) process_request /opt/stack/glance/glance/api/middleware/version_negotiation.py:57}}
Jul 30 17:57:43.717417 np0000006161 devstack@g-api.service[103044]: DEBUG glance.api.middleware.version_negotiation [None req-2e8eaf1d-ba56-4954-881e-6bf294a7b11c tempest-VolumesActionsTest-1832901091 tempest-VolumesActionsTest-1832901091-project-member] Matched version: v2 {{(pid=103044) process_request /opt/stack/glance/glance/api/middleware/version_negotiation.py:69}}
Jul 30 17:57:43.717642 np0000006161 devstack@g-api.service[103044]: DEBUG glance.api.middleware.version_negotiation [None req-2e8eaf1d-ba56-4954-881e-6bf294a7b11c tempest-VolumesActionsTest-1832901091 tempest-VolumesActionsTest-1832901091-project-member] new path /v2/images/3759fc1b-1653-46e2-bdc2-c89cc85d10fe {{(pid=103044) process_request /opt/stack/glance/glance/api/middleware/version_negotiation.py:70}}
Jul 30 17:57:43.729920 np0000006161 devstack@g-api.service[103044]: [pid: 103044|app: 0|req: 96/391] 127.0.0.1 () {40 vars in 830 bytes} [Thu Jul 30 17:57:43 2026] GET /v2/images/3759fc1b-1653-46e2-bdc2-c89cc85d10fe => generated 649 bytes in 13 msecs (HTTP/1.1 200) 4 headers in 157 bytes (1 switches on core 0)
Jul 30 17:57:43.996608 np0000006161 devstack@g-api.service[103042]: DEBUG swiftclient [None req-7f4aaab6-1f8f-4901-8445-faaf9199b48e tempest-VolumesActionsTest-1832901091 tempest-VolumesActionsTest-1832901091-project-member] REQ: curl -i https://10.4.3.6:8080/v1/AUTH_96f3fb95f09a4dcc957fc6d5479d1439/glance/3759fc1b-1653-46e2-bdc2-c89cc85d10fe-00001 -X PUT -H "X-Auth-Token: gAAAAABqa5CVFgPb..." {{(pid=103042) http_log /opt/stack/data/venv/lib/python3.12/site-packages/swiftclient/client.py:160}}
Jul 30 17:57:43.996910 np0000006161 devstack@g-api.service[103042]: DEBUG swiftclient [None req-7f4aaab6-1f8f-4901-8445-faaf9199b48e tempest-VolumesActionsTest-1832901091 tempest-VolumesActionsTest-1832901091-project-member] RESP STATUS: 201 Created {{(pid=103042) http_log /opt/stack/data/venv/lib/python3.12/site-packages/swiftclient/client.py:161}}
Jul 30 17:57:43.996910 np0000006161 devstack@g-api.service[103042]: DEBUG swiftclient [None req-7f4aaab6-1f8f-4901-8445-faaf9199b48e tempest-VolumesActionsTest-1832901091 tempest-VolumesActionsTest-1832901091-project-member] RESP HEADERS: {'Date': 'Thu, 30 Jul 2026 17:57:43 GMT', 'Server': 'Apache/2.4.58 (Ubuntu)', 'Content-Type': 'text/html; charset=UTF-8', 'Content-Length': '0', 'Etag': 'eda9a9889837ac4bc81d6387d92c1bec', 'Last-Modified': 'Thu, 30 Jul 2026 17:57:43 GMT', 'X-Trans-Id': 'tx5844d8533f6a450eb7a13-006a6b9096', 'X-Openstack-Request-Id': 'tx5844d8533f6a450eb7a13-006a6b9096', 'Connection': 'close'} {{(pid=103042) http_log /opt/stack/data/venv/lib/python3.12/site-packages/swiftclient/client.py:162}}
Jul 30 17:57:43.996910 np0000006161 devstack@g-api.service[103042]: DEBUG glance_store._drivers.swift.store [None req-7f4aaab6-1f8f-4901-8445-faaf9199b48e tempest-VolumesActionsTest-1832901091 tempest-VolumesActionsTest-1832901091-project-member] Wrote chunk 3759fc1b-1653-46e2-bdc2-c89cc85d10fe-00001 (1/?) of length 204800000 to Swift returning MD5 of content: eda9a9889837ac4bc81d6387d92c1bec {{(pid=103042) add /opt/stack/data/venv/lib/python3.12/site-packages/glance_store/_drivers/swift/store.py:1059}}
Jul 30 17:57:44.740961 np0000006161 devstack@g-api.service[103041]: DEBUG glance.api.middleware.version_negotiation [None req-f13386c9-3e3d-46fd-ba76-6de0ab0185e1 tempest-VolumesActionsTest-1832901091 tempest-VolumesActionsTest-1832901091-project-member] Determining version of request: GET /v2/images/3759fc1b-1653-46e2-bdc2-c89cc85d10fe Accept: application/json {{(pid=103041) process_request /opt/stack/glance/glance/api/middleware/version_negotiation.py:44}}
Jul 30 17:57:44.741289 np0000006161 devstack@g-api.service[103041]: DEBUG glance.api.middleware.version_negotiation [None req-f13386c9-3e3d-46fd-ba76-6de0ab0185e1 tempest-VolumesActionsTest-1832901091 tempest-VolumesActionsTest-1832901091-project-member] Using url versioning {{(pid=103041) process_request /opt/stack/glance/glance/api/middleware/version_negotiation.py:57}}
Jul 30 17:57:44.741289 np0000006161 devstack@g-api.service[103041]: DEBUG glance.api.middleware.version_negotiation [None req-f13386c9-3e3d-46fd-ba76-6de0ab0185e1 tempest-VolumesActionsTest-1832901091 tempest-VolumesActionsTest-1832901091-project-member] Matched version: v2 {{(pid=103041) process_request /opt/stack/glance/glance/api/middleware/version_negotiation.py:69}}
Jul 30 17:57:44.741343 np0000006161 devstack@g-api.service[103041]: DEBUG glance.api.middleware.version_negotiation [None req-f13386c9-3e3d-46fd-ba76-6de0ab0185e1 tempest-VolumesActionsTest-1832901091 tempest-VolumesActionsTest-1832901091-project-member] new path /v2/images/3759fc1b-1653-46e2-bdc2-c89cc85d10fe {{(pid=103041) process_request /opt/stack/glance/glance/api/middleware/version_negotiation.py:70}}
Jul 30 17:57:44.764328 np0000006161 devstack@g-api.service[103041]: [pid: 103041|app: 0|req: 105/392] 127.0.0.1 () {40 vars in 830 bytes} [Thu Jul 30 17:57:44 2026] GET /v2/images/3759fc1b-1653-46e2-bdc2-c89cc85d10fe => generated 649 bytes in 23 msecs (HTTP/1.1 200) 4 headers in 157 bytes (1 switches on core 0)
Jul 30 17:57:45.775765 np0000006161 devstack@g-api.service[103043]: DEBUG glance.api.middleware.version_negotiation [None req-9d0b4ecc-f557-4208-8d23-021a8f84008a tempest-VolumesActionsTest-1832901091 tempest-VolumesActionsTest-1832901091-project-member] Determining version of request: GET /v2/images/3759fc1b-1653-46e2-bdc2-c89cc85d10fe Accept: application/json {{(pid=103043) process_request /opt/stack/glance/glance/api/middleware/version_negotiation.py:44}}
Jul 30 17:57:45.776135 np0000006161 devstack@g-api.service[103043]: DEBUG glance.api.middleware.version_negotiation [None req-9d0b4ecc-f557-4208-8d23-021a8f84008a tempest-VolumesActionsTest-1832901091 tempest-VolumesActionsTest-1832901091-project-member] Using url versioning {{(pid=103043) process_request /opt/stack/glance/glance/api/middleware/version_negotiation.py:57}}
Jul 30 17:57:45.776168 np0000006161 devstack@g-api.service[103043]: DEBUG glance.api.middleware.version_negotiation [None req-9d0b4ecc-f557-4208-8d23-021a8f84008a tempest-VolumesActionsTest-1832901091 tempest-VolumesActionsTest-1832901091-project-member] Matched version: v2 {{(pid=103043) process_request /opt/stack/glance/glance/api/middleware/version_negotiation.py:69}}
Jul 30 17:57:45.776296 np0000006161 devstack@g-api.service[103043]: DEBUG glance.api.middleware.version_negotiation [None req-9d0b4ecc-f557-4208-8d23-021a8f84008a tempest-VolumesActionsTest-1832901091 tempest-VolumesActionsTest-1832901091-project-member] new path /v2/images/3759fc1b-1653-46e2-bdc2-c89cc85d10fe {{(pid=103043) process_request /opt/stack/glance/glance/api/middleware/version_negotiation.py:70}}
Jul 30 17:57:45.797179 np0000006161 devstack@g-api.service[103043]: [pid: 103043|app: 0|req: 101/393] 127.0.0.1 () {40 vars in 830 bytes} [Thu Jul 30 17:57:45 2026] GET /v2/images/3759fc1b-1653-46e2-bdc2-c89cc85d10fe => generated 649 bytes in 21 msecs (HTTP/1.1 200) 4 headers in 157 bytes (1 switches on core 0)
Jul 30 17:57:45.805085 np0000006161 devstack@g-api.service[103042]: DEBUG swiftclient [None req-7f4aaab6-1f8f-4901-8445-faaf9199b48e tempest-VolumesActionsTest-1832901091 tempest-VolumesActionsTest-1832901091-project-member] REQ: curl -i https://10.4.3.6:8080/v1/AUTH_96f3fb95f09a4dcc957fc6d5479d1439/glance/3759fc1b-1653-46e2-bdc2-c89cc85d10fe-00002 -X PUT -H "X-Auth-Token: gAAAAABqa5CVFgPb..." {{(pid=103042) http_log /opt/stack/data/venv/lib/python3.12/site-packages/swiftclient/client.py:160}}
Jul 30 17:57:45.805366 np0000006161 devstack@g-api.service[103042]: DEBUG swiftclient [None req-7f4aaab6-1f8f-4901-8445-faaf9199b48e tempest-VolumesActionsTest-1832901091 tempest-VolumesActionsTest-1832901091-project-member] RESP STATUS: 201 Created {{(pid=103042) http_log /opt/stack/data/venv/lib/python3.12/site-packages/swiftclient/client.py:161}}
Jul 30 17:57:45.805366 np0000006161 devstack@g-api.service[103042]: DEBUG swiftclient [None req-7f4aaab6-1f8f-4901-8445-faaf9199b48e tempest-VolumesActionsTest-1832901091 tempest-VolumesActionsTest-1832901091-project-member] RESP HEADERS: {'Date': 'Thu, 30 Jul 2026 17:57:45 GMT', 'Server': 'Apache/2.4.58 (Ubuntu)', 'Content-Type': 'text/html; charset=UTF-8', 'Content-Length': '0', 'Etag': 'eda9a9889837ac4bc81d6387d92c1bec', 'Last-Modified': 'Thu, 30 Jul 2026 17:57:45 GMT', 'X-Trans-Id': 'txf056f9429cfc41bfb7cf8-006a6b9098', 'X-Openstack-Request-Id': 'txf056f9429cfc41bfb7cf8-006a6b9098', 'Connection': 'close'} {{(pid=103042) http_log /opt/stack/data/venv/lib/python3.12/site-packages/swiftclient/client.py:162}}
Jul 30 17:57:45.805481 np0000006161 devstack@g-api.service[103042]: DEBUG glance_store._drivers.swift.store [None req-7f4aaab6-1f8f-4901-8445-faaf9199b48e tempest-VolumesActionsTest-1832901091 tempest-VolumesActionsTest-1832901091-project-member] Wrote chunk 3759fc1b-1653-46e2-bdc2-c89cc85d10fe-00002 (2/?) of length 204800000 to Swift returning MD5 of content: eda9a9889837ac4bc81d6387d92c1bec {{(pid=103042) add /opt/stack/data/venv/lib/python3.12/site-packages/glance_store/_drivers/swift/store.py:1059}}
Jul 30 17:57:46.804783 np0000006161 devstack@g-api.service[103044]: DEBUG glance.api.middleware.version_negotiation [None req-93b02a5f-75b2-40cd-ab40-80db8bbd5f54 tempest-VolumesActionsTest-1832901091 tempest-VolumesActionsTest-1832901091-project-member] Determining version of request: GET /v2/images/3759fc1b-1653-46e2-bdc2-c89cc85d10fe Accept: application/json {{(pid=103044) process_request /opt/stack/glance/glance/api/middleware/version_negotiation.py:44}}
Jul 30 17:57:46.805230 np0000006161 devstack@g-api.service[103044]: DEBUG glance.api.middleware.version_negotiation [None req-93b02a5f-75b2-40cd-ab40-80db8bbd5f54 tempest-VolumesActionsTest-1832901091 tempest-VolumesActionsTest-1832901091-project-member] Using url versioning {{(pid=103044) process_request /opt/stack/glance/glance/api/middleware/version_negotiation.py:57}}
Jul 30 17:57:46.805302 np0000006161 devstack@g-api.service[103044]: DEBUG glance.api.middleware.version_negotiation [None req-93b02a5f-75b2-40cd-ab40-80db8bbd5f54 tempest-VolumesActionsTest-1832901091 tempest-VolumesActionsTest-1832901091-project-member] Matched version: v2 {{(pid=103044) process_request /opt/stack/glance/glance/api/middleware/version_negotiation.py:69}}
Jul 30 17:57:46.805491 np0000006161 devstack@g-api.service[103044]: DEBUG glance.api.middleware.version_negotiation [None req-93b02a5f-75b2-40cd-ab40-80db8bbd5f54 tempest-VolumesActionsTest-1832901091 tempest-VolumesActionsTest-1832901091-project-member] new path /v2/images/3759fc1b-1653-46e2-bdc2-c89cc85d10fe {{(pid=103044) process_request /opt/stack/glance/glance/api/middleware/version_negotiation.py:70}}
Jul 30 17:57:46.818513 np0000006161 devstack@g-api.service[103044]: [pid: 103044|app: 0|req: 97/394] 127.0.0.1 () {40 vars in 830 bytes} [Thu Jul 30 17:57:46 2026] GET /v2/images/3759fc1b-1653-46e2-bdc2-c89cc85d10fe => generated 649 bytes in 14 msecs (HTTP/1.1 200) 4 headers in 157 bytes (1 switches on core 0)
Jul 30 17:57:47.707345 np0000006161 devstack@g-api.service[103042]: DEBUG swiftclient [None req-7f4aaab6-1f8f-4901-8445-faaf9199b48e tempest-VolumesActionsTest-1832901091 tempest-VolumesActionsTest-1832901091-project-member] REQ: curl -i https://10.4.3.6:8080/v1/AUTH_96f3fb95f09a4dcc957fc6d5479d1439/glance/3759fc1b-1653-46e2-bdc2-c89cc85d10fe-00003 -X PUT -H "X-Auth-Token: gAAAAABqa5CVFgPb..." {{(pid=103042) http_log /opt/stack/data/venv/lib/python3.12/site-packages/swiftclient/client.py:160}}
Jul 30 17:57:47.707578 np0000006161 devstack@g-api.service[103042]: DEBUG swiftclient [None req-7f4aaab6-1f8f-4901-8445-faaf9199b48e tempest-VolumesActionsTest-1832901091 tempest-VolumesActionsTest-1832901091-project-member] RESP STATUS: 201 Created {{(pid=103042) http_log /opt/stack/data/venv/lib/python3.12/site-packages/swiftclient/client.py:161}}
Jul 30 17:57:47.707699 np0000006161 devstack@g-api.service[103042]: DEBUG swiftclient [None req-7f4aaab6-1f8f-4901-8445-faaf9199b48e tempest-VolumesActionsTest-1832901091 tempest-VolumesActionsTest-1832901091-project-member] RESP HEADERS: {'Date': 'Thu, 30 Jul 2026 17:57:47 GMT', 'Server': 'Apache/2.4.58 (Ubuntu)', 'Content-Type': 'text/html; charset=UTF-8', 'Content-Length': '0', 'Etag': 'eda9a9889837ac4bc81d6387d92c1bec', 'Last-Modified': 'Thu, 30 Jul 2026 17:57:46 GMT', 'X-Trans-Id': 'tx239c1e9a644d4deb9a421-006a6b9099', 'X-Openstack-Request-Id': 'tx239c1e9a644d4deb9a421-006a6b9099', 'Connection': 'close'} {{(pid=103042) http_log /opt/stack/data/venv/lib/python3.12/site-packages/swiftclient/client.py:162}}
Jul 30 17:57:47.707845 np0000006161 devstack@g-api.service[103042]: DEBUG glance_store._drivers.swift.store [None req-7f4aaab6-1f8f-4901-8445-faaf9199b48e tempest-VolumesActionsTest-1832901091 tempest-VolumesActionsTest-1832901091-project-member] Wrote chunk 3759fc1b-1653-46e2-bdc2-c89cc85d10fe-00003 (3/?) of length 204800000 to Swift returning MD5 of content: eda9a9889837ac4bc81d6387d92c1bec {{(pid=103042) add /opt/stack/data/venv/lib/python3.12/site-packages/glance_store/_drivers/swift/store.py:1059}}
Jul 30 17:57:47.830245 np0000006161 devstack@g-api.service[103041]: DEBUG glance.api.middleware.version_negotiation [None req-58e049b1-95f1-46a8-9d03-4ad8f294c7c3 tempest-VolumesActionsTest-1832901091 tempest-VolumesActionsTest-1832901091-project-member] Determining version of request: GET /v2/images/3759fc1b-1653-46e2-bdc2-c89cc85d10fe Accept: application/json {{(pid=103041) process_request /opt/stack/glance/glance/api/middleware/version_negotiation.py:44}}
Jul 30 17:57:47.830596 np0000006161 devstack@g-api.service[103041]: DEBUG glance.api.middleware.version_negotiation [None req-58e049b1-95f1-46a8-9d03-4ad8f294c7c3 tempest-VolumesActionsTest-1832901091 tempest-VolumesActionsTest-1832901091-project-member] Using url versioning {{(pid=103041) process_request /opt/stack/glance/glance/api/middleware/version_negotiation.py:57}}
Jul 30 17:57:47.830596 np0000006161 devstack@g-api.service[103041]: DEBUG glance.api.middleware.version_negotiation [None req-58e049b1-95f1-46a8-9d03-4ad8f294c7c3 tempest-VolumesActionsTest-1832901091 tempest-VolumesActionsTest-1832901091-project-member] Matched version: v2 {{(pid=103041) process_request /opt/stack/glance/glance/api/middleware/version_negotiation.py:69}}
Jul 30 17:57:47.830654 np0000006161 devstack@g-api.service[103041]: DEBUG glance.api.middleware.version_negotiation [None req-58e049b1-95f1-46a8-9d03-4ad8f294c7c3 tempest-VolumesActionsTest-1832901091 tempest-VolumesActionsTest-1832901091-project-member] new path /v2/images/3759fc1b-1653-46e2-bdc2-c89cc85d10fe {{(pid=103041) process_request /opt/stack/glance/glance/api/middleware/version_negotiation.py:70}}
Jul 30 17:57:47.846540 np0000006161 devstack@g-api.service[103041]: [pid: 103041|app: 0|req: 106/395] 127.0.0.1 () {40 vars in 830 bytes} [Thu Jul 30 17:57:47 2026] GET /v2/images/3759fc1b-1653-46e2-bdc2-c89cc85d10fe => generated 649 bytes in 16 msecs (HTTP/1.1 200) 4 headers in 157 bytes (1 switches on core 0)
Jul 30 17:57:48.307106 np0000006161 devstack@g-api.service[103043]: DEBUG glance.api.middleware.version_negotiation [None req-59d7da4e-40d8-4382-8c76-b5ca902789cf tempest-VolumesActionsTest-1832901091 tempest-VolumesActionsTest-1832901091-project-member] Determining version of request: GET /v2/images/9b760728-5c9e-497d-8927-f017693b3a6e Accept: */* {{(pid=103043) process_request /opt/stack/glance/glance/api/middleware/version_negotiation.py:44}}
Jul 30 17:57:48.307106 np0000006161 devstack@g-api.service[103043]: DEBUG glance.api.middleware.version_negotiation [None req-59d7da4e-40d8-4382-8c76-b5ca902789cf tempest-VolumesActionsTest-1832901091 tempest-VolumesActionsTest-1832901091-project-member] Using url versioning {{(pid=103043) process_request /opt/stack/glance/glance/api/middleware/version_negotiation.py:57}}
Jul 30 17:57:48.307501 np0000006161 devstack@g-api.service[103043]: DEBUG glance.api.middleware.version_negotiation [None req-59d7da4e-40d8-4382-8c76-b5ca902789cf tempest-VolumesActionsTest-1832901091 tempest-VolumesActionsTest-1832901091-project-member] Matched version: v2 {{(pid=103043) process_request /opt/stack/glance/glance/api/middleware/version_negotiation.py:69}}
Jul 30 17:57:48.307501 np0000006161 devstack@g-api.service[103043]: DEBUG glance.api.middleware.version_negotiation [None req-59d7da4e-40d8-4382-8c76-b5ca902789cf tempest-VolumesActionsTest-1832901091 tempest-VolumesActionsTest-1832901091-project-member] new path /v2/images/9b760728-5c9e-497d-8927-f017693b3a6e {{(pid=103043) process_request /opt/stack/glance/glance/api/middleware/version_negotiation.py:70}}
Jul 30 17:57:48.321942 np0000006161 devstack@g-api.service[103043]: [pid: 103043|app: 0|req: 102/396] 127.0.0.1 () {44 vars in 1107 bytes} [Thu Jul 30 17:57:48 2026] GET /v2/images/9b760728-5c9e-497d-8927-f017693b3a6e => generated 1044 bytes in 15 msecs (HTTP/1.1 200) 4 headers in 158 bytes (1 switches on core 0)
Jul 30 17:57:48.389518 np0000006161 devstack@g-api.service[103044]: DEBUG glance.api.middleware.version_negotiation [None req-4cdb7fc4-b6b7-415f-8325-e07774859980 tempest-VolumesActionsTest-1832901091 tempest-VolumesActionsTest-1832901091-project-member] Determining version of request: GET /v2/schemas/image Accept: */* {{(pid=103044) process_request /opt/stack/glance/glance/api/middleware/version_negotiation.py:44}}
Jul 30 17:57:48.389877 np0000006161 devstack@g-api.service[103044]: DEBUG glance.api.middleware.version_negotiation [None req-4cdb7fc4-b6b7-415f-8325-e07774859980 tempest-VolumesActionsTest-1832901091 tempest-VolumesActionsTest-1832901091-project-member] Using url versioning {{(pid=103044) process_request /opt/stack/glance/glance/api/middleware/version_negotiation.py:57}}
Jul 30 17:57:48.389877 np0000006161 devstack@g-api.service[103044]: DEBUG glance.api.middleware.version_negotiation [None req-4cdb7fc4-b6b7-415f-8325-e07774859980 tempest-VolumesActionsTest-1832901091 tempest-VolumesActionsTest-1832901091-project-member] Matched version: v2 {{(pid=103044) process_request /opt/stack/glance/glance/api/middleware/version_negotiation.py:69}}
Jul 30 17:57:48.389956 np0000006161 devstack@g-api.service[103044]: DEBUG glance.api.middleware.version_negotiation [None req-4cdb7fc4-b6b7-415f-8325-e07774859980 tempest-VolumesActionsTest-1832901091 tempest-VolumesActionsTest-1832901091-project-member] new path /v2/schemas/image {{(pid=103044) process_request /opt/stack/glance/glance/api/middleware/version_negotiation.py:70}}
Jul 30 17:57:48.394277 np0000006161 devstack@g-api.service[103044]: [pid: 103044|app: 0|req: 98/397] 127.0.0.1 () {44 vars in 1047 bytes} [Thu Jul 30 17:57:48 2026] GET /v2/schemas/image => generated 6083 bytes in 5 msecs (HTTP/1.1 200) 4 headers in 158 bytes (1 switches on core 0)
Jul 30 17:57:48.854747 np0000006161 devstack@g-api.service[103041]: DEBUG glance.api.middleware.version_negotiation [None req-0991ff97-b16d-499d-a78e-97b0ca9187c8 tempest-VolumesActionsTest-1832901091 tempest-VolumesActionsTest-1832901091-project-member] Determining version of request: GET /v2/images/3759fc1b-1653-46e2-bdc2-c89cc85d10fe Accept: application/json {{(pid=103041) process_request /opt/stack/glance/glance/api/middleware/version_negotiation.py:44}}
Jul 30 17:57:48.855229 np0000006161 devstack@g-api.service[103041]: DEBUG glance.api.middleware.version_negotiation [None req-0991ff97-b16d-499d-a78e-97b0ca9187c8 tempest-VolumesActionsTest-1832901091 tempest-VolumesActionsTest-1832901091-project-member] Using url versioning {{(pid=103041) process_request /opt/stack/glance/glance/api/middleware/version_negotiation.py:57}}
Jul 30 17:57:48.855229 np0000006161 devstack@g-api.service[103041]: DEBUG glance.api.middleware.version_negotiation [None req-0991ff97-b16d-499d-a78e-97b0ca9187c8 tempest-VolumesActionsTest-1832901091 tempest-VolumesActionsTest-1832901091-project-member] Matched version: v2 {{(pid=103041) process_request /opt/stack/glance/glance/api/middleware/version_negotiation.py:69}}
Jul 30 17:57:48.855229 np0000006161 devstack@g-api.service[103041]: DEBUG glance.api.middleware.version_negotiation [None req-0991ff97-b16d-499d-a78e-97b0ca9187c8 tempest-VolumesActionsTest-1832901091 tempest-VolumesActionsTest-1832901091-project-member] new path /v2/images/3759fc1b-1653-46e2-bdc2-c89cc85d10fe {{(pid=103041) process_request /opt/stack/glance/glance/api/middleware/version_negotiation.py:70}}
Jul 30 17:57:48.863585 np0000006161 devstack@g-api.service[103041]: [pid: 103041|app: 0|req: 107/398] 127.0.0.1 () {40 vars in 830 bytes} [Thu Jul 30 17:57:48 2026] GET /v2/images/3759fc1b-1653-46e2-bdc2-c89cc85d10fe => generated 649 bytes in 9 msecs (HTTP/1.1 200) 4 headers in 157 bytes (1 switches on core 0)
Jul 30 17:57:49.657147 np0000006161 devstack@g-api.service[103042]: DEBUG swiftclient [None req-7f4aaab6-1f8f-4901-8445-faaf9199b48e tempest-VolumesActionsTest-1832901091 tempest-VolumesActionsTest-1832901091-project-member] REQ: curl -i https://10.4.3.6:8080/v1/AUTH_96f3fb95f09a4dcc957fc6d5479d1439/glance/3759fc1b-1653-46e2-bdc2-c89cc85d10fe-00004 -X PUT -H "X-Auth-Token: gAAAAABqa5CVFgPb..." {{(pid=103042) http_log /opt/stack/data/venv/lib/python3.12/site-packages/swiftclient/client.py:160}}
Jul 30 17:57:49.657407 np0000006161 devstack@g-api.service[103042]: DEBUG swiftclient [None req-7f4aaab6-1f8f-4901-8445-faaf9199b48e tempest-VolumesActionsTest-1832901091 tempest-VolumesActionsTest-1832901091-project-member] RESP STATUS: 201 Created {{(pid=103042) http_log /opt/stack/data/venv/lib/python3.12/site-packages/swiftclient/client.py:161}}
Jul 30 17:57:49.657461 np0000006161 devstack@g-api.service[103042]: DEBUG swiftclient [None req-7f4aaab6-1f8f-4901-8445-faaf9199b48e tempest-VolumesActionsTest-1832901091 tempest-VolumesActionsTest-1832901091-project-member] RESP HEADERS: {'Date': 'Thu, 30 Jul 2026 17:57:49 GMT', 'Server': 'Apache/2.4.58 (Ubuntu)', 'Content-Type': 'text/html; charset=UTF-8', 'Content-Length': '0', 'Etag': 'eda9a9889837ac4bc81d6387d92c1bec', 'Last-Modified': 'Thu, 30 Jul 2026 17:57:48 GMT', 'X-Trans-Id': 'txd314202ee93b4f32b6c86-006a6b909b', 'X-Openstack-Request-Id': 'txd314202ee93b4f32b6c86-006a6b909b', 'Connection': 'close'} {{(pid=103042) http_log /opt/stack/data/venv/lib/python3.12/site-packages/swiftclient/client.py:162}}
Jul 30 17:57:49.657596 np0000006161 devstack@g-api.service[103042]: DEBUG glance_store._drivers.swift.store [None req-7f4aaab6-1f8f-4901-8445-faaf9199b48e tempest-VolumesActionsTest-1832901091 tempest-VolumesActionsTest-1832901091-project-member] Wrote chunk 3759fc1b-1653-46e2-bdc2-c89cc85d10fe-00004 (4/?) of length 204800000 to Swift returning MD5 of content: eda9a9889837ac4bc81d6387d92c1bec {{(pid=103042) add /opt/stack/data/venv/lib/python3.12/site-packages/glance_store/_drivers/swift/store.py:1059}}
Jul 30 17:57:49.875313 np0000006161 devstack@g-api.service[103043]: DEBUG glance.api.middleware.version_negotiation [None req-b43c4b55-d828-4434-82b0-211d7b032e76 tempest-TestEncryptedCinderVolumes-1118635125 tempest-TestEncryptedCinderVolumes-1118635125-project-member] Determining version of request: GET /v2/images/3759fc1b-1653-46e2-bdc2-c89cc85d10fe Accept: application/json {{(pid=103043) process_request /opt/stack/glance/glance/api/middleware/version_negotiation.py:44}}
Jul 30 17:57:49.875655 np0000006161 devstack@g-api.service[103043]: DEBUG glance.api.middleware.version_negotiation [None req-b43c4b55-d828-4434-82b0-211d7b032e76 tempest-TestEncryptedCinderVolumes-1118635125 tempest-TestEncryptedCinderVolumes-1118635125-project-member] Using url versioning {{(pid=103043) process_request /opt/stack/glance/glance/api/middleware/version_negotiation.py:57}}
Jul 30 17:57:49.875655 np0000006161 devstack@g-api.service[103043]: DEBUG glance.api.middleware.version_negotiation [None req-b43c4b55-d828-4434-82b0-211d7b032e76 tempest-TestEncryptedCinderVolumes-1118635125 tempest-TestEncryptedCinderVolumes-1118635125-project-member] Matched version: v2 {{(pid=103043) process_request /opt/stack/glance/glance/api/middleware/version_negotiation.py:69}}
Jul 30 17:57:49.875655 np0000006161 devstack@g-api.service[103043]: DEBUG glance.api.middleware.version_negotiation [None req-b43c4b55-d828-4434-82b0-211d7b032e76 tempest-TestEncryptedCinderVolumes-1118635125 tempest-TestEncryptedCinderVolumes-1118635125-project-member] new path /v2/images/3759fc1b-1653-46e2-bdc2-c89cc85d10fe {{(pid=103043) process_request /opt/stack/glance/glance/api/middleware/version_negotiation.py:70}}
Jul 30 17:57:49.886175 np0000006161 devstack@g-api.service[103043]: [pid: 103043|app: 0|req: 103/399] 127.0.0.1 () {40 vars in 830 bytes} [Thu Jul 30 17:57:49 2026] GET /v2/images/3759fc1b-1653-46e2-bdc2-c89cc85d10fe => generated 649 bytes in 11 msecs (HTTP/1.1 200) 4 headers in 157 bytes (1 switches on core 0)
Jul 30 17:57:50.894557 np0000006161 devstack@g-api.service[103044]: DEBUG glance.api.middleware.version_negotiation [None req-b43c4b55-d828-4434-82b0-211d7b032e76 tempest-TestEncryptedCinderVolumes-1118635125 tempest-TestEncryptedCinderVolumes-1118635125-project-member] Determining version of request: GET /v2/images/3759fc1b-1653-46e2-bdc2-c89cc85d10fe Accept: application/json {{(pid=103044) process_request /opt/stack/glance/glance/api/middleware/version_negotiation.py:44}}
Jul 30 17:57:50.894827 np0000006161 devstack@g-api.service[103044]: DEBUG glance.api.middleware.version_negotiation [None req-b43c4b55-d828-4434-82b0-211d7b032e76 tempest-TestEncryptedCinderVolumes-1118635125 tempest-TestEncryptedCinderVolumes-1118635125-project-member] Using url versioning {{(pid=103044) process_request /opt/stack/glance/glance/api/middleware/version_negotiation.py:57}}
Jul 30 17:57:50.894827 np0000006161 devstack@g-api.service[103044]: DEBUG glance.api.middleware.version_negotiation [None req-b43c4b55-d828-4434-82b0-211d7b032e76 tempest-TestEncryptedCinderVolumes-1118635125 tempest-TestEncryptedCinderVolumes-1118635125-project-member] Matched version: v2 {{(pid=103044) process_request /opt/stack/glance/glance/api/middleware/version_negotiation.py:69}}
Jul 30 17:57:50.894943 np0000006161 devstack@g-api.service[103044]: DEBUG glance.api.middleware.version_negotiation [None req-b43c4b55-d828-4434-82b0-211d7b032e76 tempest-TestEncryptedCinderVolumes-1118635125 tempest-TestEncryptedCinderVolumes-1118635125-project-member] new path /v2/images/3759fc1b-1653-46e2-bdc2-c89cc85d10fe {{(pid=103044) process_request /opt/stack/glance/glance/api/middleware/version_negotiation.py:70}}
Jul 30 17:57:50.910282 np0000006161 devstack@g-api.service[103044]: [pid: 103044|app: 0|req: 99/400] 127.0.0.1 () {40 vars in 830 bytes} [Thu Jul 30 17:57:50 2026] GET /v2/images/3759fc1b-1653-46e2-bdc2-c89cc85d10fe => generated 649 bytes in 16 msecs (HTTP/1.1 200) 4 headers in 157 bytes (1 switches on core 0)
Jul 30 17:57:51.580675 np0000006161 devstack@g-api.service[103042]: DEBUG swiftclient [None req-7f4aaab6-1f8f-4901-8445-faaf9199b48e tempest-VolumesActionsTest-1832901091 tempest-VolumesActionsTest-1832901091-project-member] REQ: curl -i https://10.4.3.6:8080/v1/AUTH_96f3fb95f09a4dcc957fc6d5479d1439/glance/3759fc1b-1653-46e2-bdc2-c89cc85d10fe-00005 -X PUT -H "X-Auth-Token: gAAAAABqa5CVFgPb..." {{(pid=103042) http_log /opt/stack/data/venv/lib/python3.12/site-packages/swiftclient/client.py:160}}
Jul 30 17:57:51.580891 np0000006161 devstack@g-api.service[103042]: DEBUG swiftclient [None req-7f4aaab6-1f8f-4901-8445-faaf9199b48e tempest-VolumesActionsTest-1832901091 tempest-VolumesActionsTest-1832901091-project-member] RESP STATUS: 201 Created {{(pid=103042) http_log /opt/stack/data/venv/lib/python3.12/site-packages/swiftclient/client.py:161}}
Jul 30 17:57:51.580934 np0000006161 devstack@g-api.service[103042]: DEBUG swiftclient [None req-7f4aaab6-1f8f-4901-8445-faaf9199b48e tempest-VolumesActionsTest-1832901091 tempest-VolumesActionsTest-1832901091-project-member] RESP HEADERS: {'Date': 'Thu, 30 Jul 2026 17:57:51 GMT', 'Server': 'Apache/2.4.58 (Ubuntu)', 'Content-Type': 'text/html; charset=UTF-8', 'Content-Length': '0', 'Etag': 'eda9a9889837ac4bc81d6387d92c1bec', 'Last-Modified': 'Thu, 30 Jul 2026 17:57:50 GMT', 'X-Trans-Id': 'txafe2c251995144adb28ad-006a6b909d', 'X-Openstack-Request-Id': 'txafe2c251995144adb28ad-006a6b909d', 'Connection': 'close'} {{(pid=103042) http_log /opt/stack/data/venv/lib/python3.12/site-packages/swiftclient/client.py:162}}
Jul 30 17:57:51.581030 np0000006161 devstack@g-api.service[103042]: DEBUG glance_store._drivers.swift.store [None req-7f4aaab6-1f8f-4901-8445-faaf9199b48e tempest-VolumesActionsTest-1832901091 tempest-VolumesActionsTest-1832901091-project-member] Wrote chunk 3759fc1b-1653-46e2-bdc2-c89cc85d10fe-00005 (5/?) of length 204800000 to Swift returning MD5 of content: eda9a9889837ac4bc81d6387d92c1bec {{(pid=103042) add /opt/stack/data/venv/lib/python3.12/site-packages/glance_store/_drivers/swift/store.py:1059}}
Jul 30 17:57:51.829925 np0000006161 devstack@g-api.service[103041]: DEBUG glance.api.middleware.version_negotiation [None req-7025befa-c74a-4f49-b99e-6430dbee2a69 tempest-VolumesActionsTest-1832901091 tempest-VolumesActionsTest-1832901091-project-member] Determining version of request: GET /v2/images/9b760728-5c9e-497d-8927-f017693b3a6e Accept: */* {{(pid=103041) process_request /opt/stack/glance/glance/api/middleware/version_negotiation.py:44}}
