Jul 30 17:50:48.042371 np0000006161 systemd[1]: Starting devstack@n-api-meta.service - Devstack devstack@n-api-meta.service...
Jul 30 17:50:48.047498 np0000006161 devstack@n-api-meta.service[96073]: [uWSGI] getting INI configuration from /etc/nova/nova-metadata-uwsgi.ini
Jul 30 17:50:48.049646 np0000006161 devstack@n-api-meta.service[96073]: *** Starting uWSGI 2.0.24-debian (64bit) on [Thu Jul 30 17:50:48 2026] ***
Jul 30 17:50:48.049646 np0000006161 devstack@n-api-meta.service[96073]: compiled with version: 13.2.0 on 17 April 2024 16:23:48
Jul 30 17:50:48.049646 np0000006161 devstack@n-api-meta.service[96073]: os: Linux-6.8.0-100-generic #100-Ubuntu SMP PREEMPT_DYNAMIC Tue Jan 13 16:40:06 UTC 2026
Jul 30 17:50:48.049646 np0000006161 devstack@n-api-meta.service[96073]: nodename: np0000006161
Jul 30 17:50:48.049646 np0000006161 devstack@n-api-meta.service[96073]: machine: x86_64
Jul 30 17:50:48.049646 np0000006161 devstack@n-api-meta.service[96073]: clock source: unix
Jul 30 17:50:48.049646 np0000006161 devstack@n-api-meta.service[96073]: pcre jit disabled
Jul 30 17:50:48.049646 np0000006161 devstack@n-api-meta.service[96073]: detected number of CPU cores: 16
Jul 30 17:50:48.049646 np0000006161 devstack@n-api-meta.service[96073]: current working directory: /
Jul 30 17:50:48.049646 np0000006161 devstack@n-api-meta.service[96073]: detected binary path: /usr/bin/uwsgi-core
Jul 30 17:50:48.049646 np0000006161 devstack@n-api-meta.service[96073]: your processes number limit is 257052
Jul 30 17:50:48.049646 np0000006161 devstack@n-api-meta.service[96073]: your memory page size is 4096 bytes
Jul 30 17:50:48.049910 np0000006161 devstack@n-api-meta.service[96073]: detected max file descriptor number: 2048
Jul 30 17:50:48.049910 np0000006161 devstack@n-api-meta.service[96073]: lock engine: pthread robust mutexes
Jul 30 17:50:48.049910 np0000006161 devstack@n-api-meta.service[96073]: thunder lock: enabled
Jul 30 17:50:48.050160 np0000006161 devstack@n-api-meta.service[96073]: uWSGI http bound on 0.0.0.0:8775 fd 5
Jul 30 17:50:48.050203 np0000006161 devstack@n-api-meta.service[96073]: uwsgi socket 0 bound to TCP address 127.0.0.1:43699 (port auto-assigned) fd 4
Jul 30 17:50:48.050229 np0000006161 devstack@n-api-meta.service[96073]: Python version: 3.12.3 (main, Jun 19 2026, 12:46:00) [GCC 13.3.0]
Jul 30 17:50:48.050259 np0000006161 devstack@n-api-meta.service[96073]: PEP 405 virtualenv detected: /opt/stack/data/venv
Jul 30 17:50:48.050259 np0000006161 devstack@n-api-meta.service[96073]: Set PythonHome to /opt/stack/data/venv
Jul 30 17:50:48.080537 np0000006161 devstack@n-api-meta.service[96073]: Python main interpreter initialized at 0x7e5e196a4668
Jul 30 17:50:48.080537 np0000006161 devstack@n-api-meta.service[96073]: python threads support enabled
Jul 30 17:50:48.080537 np0000006161 devstack@n-api-meta.service[96073]: your server socket listen backlog is limited to 100 connections
Jul 30 17:50:48.080537 np0000006161 devstack@n-api-meta.service[96073]: your mercy for graceful operations on workers is 80 seconds
Jul 30 17:50:48.081072 np0000006161 devstack@n-api-meta.service[96073]: mapped 671795 bytes (656 KB) for 4 cores
Jul 30 17:50:48.081246 np0000006161 devstack@n-api-meta.service[96073]: *** Operational MODE: preforking ***
Jul 30 17:50:48.081436 np0000006161 devstack@n-api-meta.service[96073]: *** uWSGI is running in multiple interpreter mode ***
Jul 30 17:50:48.081436 np0000006161 devstack@n-api-meta.service[96073]: spawned uWSGI master process (pid: 96073)
Jul 30 17:50:48.081591 np0000006161 systemd[1]: Started devstack@n-api-meta.service - Devstack devstack@n-api-meta.service.
Jul 30 17:50:48.082029 np0000006161 devstack@n-api-meta.service[96073]: spawned uWSGI worker 1 (pid: 96076, cores: 1)
Jul 30 17:50:48.082540 np0000006161 devstack@n-api-meta.service[96073]: spawned uWSGI worker 2 (pid: 96077, cores: 1)
Jul 30 17:50:48.082954 np0000006161 devstack@n-api-meta.service[96073]: spawned uWSGI worker 3 (pid: 96078, cores: 1)
Jul 30 17:50:48.083436 np0000006161 devstack@n-api-meta.service[96073]: spawned uWSGI worker 4 (pid: 96080, cores: 1)
Jul 30 17:50:48.084118 np0000006161 devstack@n-api-meta.service[96073]: spawned uWSGI http 1 (pid: 96081)
Jul 30 17:50:48.084118 np0000006161 devstack@n-api-meta.service[96073]: running "unix_signal:15 gracefully_kill_them_all" (master-start)...
Jul 30 17:50:49.666317 np0000006161 devstack@n-api-meta.service[96076]: INFO dbcounter [None req-bd76b9b6-0ac5-4b48-924c-336aabdda7bd None None] Registered counter for database nova_api
Jul 30 17:50:49.669697 np0000006161 devstack@n-api-meta.service[96078]: INFO dbcounter [None req-0acc320c-d772-4d02-b7b2-6f33e5712e4e None None] Registered counter for database nova_api
Jul 30 17:50:49.701495 np0000006161 devstack@n-api-meta.service[96080]: INFO dbcounter [None req-e8bded1c-af30-4714-8bcc-ed38d9beffbc None None] Registered counter for database nova_api
Jul 30 17:50:49.704039 np0000006161 devstack@n-api-meta.service[96077]: INFO dbcounter [None req-9ffb18d3-d1c4-44bf-bbe0-6a998f62a21b None None] Registered counter for database nova_api
Jul 30 17:50:49.707298 np0000006161 devstack@n-api-meta.service[96076]: DEBUG oslo_db.sqlalchemy.engines [None req-bd76b9b6-0ac5-4b48-924c-336aabdda7bd None None] MySQL server mode set to STRICT_TRANS_TABLES,STRICT_ALL_TABLES,NO_ZERO_IN_DATE,NO_ZERO_DATE,ERROR_FOR_DIVISION_BY_ZERO,TRADITIONAL,NO_ENGINE_SUBSTITUTION {{(pid=96076) _check_effective_sql_mode /opt/stack/data/venv/lib/python3.12/site-packages/oslo_db/sqlalchemy/engines.py:325}}
Jul 30 17:50:49.711892 np0000006161 devstack@n-api-meta.service[96078]: DEBUG oslo_db.sqlalchemy.engines [None req-0acc320c-d772-4d02-b7b2-6f33e5712e4e None None] MySQL server mode set to STRICT_TRANS_TABLES,STRICT_ALL_TABLES,NO_ZERO_IN_DATE,NO_ZERO_DATE,ERROR_FOR_DIVISION_BY_ZERO,TRADITIONAL,NO_ENGINE_SUBSTITUTION {{(pid=96078) _check_effective_sql_mode /opt/stack/data/venv/lib/python3.12/site-packages/oslo_db/sqlalchemy/engines.py:325}}
Jul 30 17:50:49.736019 np0000006161 devstack@n-api-meta.service[96076]: DEBUG dbcounter [-] [96076] Writer thread running {{(pid=96076) stat_writer /opt/stack/data/venv/lib/python3.12/site-packages/dbcounter.py:102}}
Jul 30 17:50:49.739408 np0000006161 devstack@n-api-meta.service[96076]: DEBUG nova.context [None req-bd76b9b6-0ac5-4b48-924c-336aabdda7bd None None] Found 2 cells: 00000000-0000-0000-0000-000000000000(cell0),3d85dbf3-59e2-4b27-8c0a-1c8727cb57d6(cell1) {{(pid=96076) load_cells /opt/stack/nova/nova/context.py:509}}
Jul 30 17:50:49.739551 np0000006161 devstack@n-api-meta.service[96076]: INFO nova.utils [None req-bd76b9b6-0ac5-4b48-924c-336aabdda7bd None None] The cell worker thread pool MainProcess.cell_worker is initialized
Jul 30 17:50:49.741368 np0000006161 devstack@n-api-meta.service[96076]: DEBUG oslo_concurrency.lockutils [None req-bd76b9b6-0ac5-4b48-924c-336aabdda7bd None None] Acquiring lock "00000000-0000-0000-0000-000000000000" by "nova.context.set_target_cell..get_or_set_cached_cell_and_set_connections" {{(pid=96076) inner /opt/stack/data/venv/lib/python3.12/site-packages/oslo_concurrency/lockutils.py:512}}
Jul 30 17:50:49.741530 np0000006161 devstack@n-api-meta.service[96076]: DEBUG oslo_concurrency.lockutils [None req-bd76b9b6-0ac5-4b48-924c-336aabdda7bd None None] Lock "00000000-0000-0000-0000-000000000000" acquired by "nova.context.set_target_cell..get_or_set_cached_cell_and_set_connections" :: waited 0.000s {{(pid=96076) inner /opt/stack/data/venv/lib/python3.12/site-packages/oslo_concurrency/lockutils.py:525}}
Jul 30 17:50:49.742125 np0000006161 devstack@n-api-meta.service[96076]: DEBUG oslo_concurrency.lockutils [None req-bd76b9b6-0ac5-4b48-924c-336aabdda7bd None None] Lock "00000000-0000-0000-0000-000000000000" "released" by "nova.context.set_target_cell..get_or_set_cached_cell_and_set_connections" :: held 0.000s {{(pid=96076) inner /opt/stack/data/venv/lib/python3.12/site-packages/oslo_concurrency/lockutils.py:544}}
Jul 30 17:50:49.742197 np0000006161 devstack@n-api-meta.service[96078]: DEBUG dbcounter [-] [96078] Writer thread running {{(pid=96078) stat_writer /opt/stack/data/venv/lib/python3.12/site-packages/dbcounter.py:102}}
Jul 30 17:50:49.742603 np0000006161 devstack@n-api-meta.service[96076]: DEBUG oslo_concurrency.lockutils [None req-bd76b9b6-0ac5-4b48-924c-336aabdda7bd None None] Acquiring lock "3d85dbf3-59e2-4b27-8c0a-1c8727cb57d6" by "nova.context.set_target_cell..get_or_set_cached_cell_and_set_connections" {{(pid=96076) inner /opt/stack/data/venv/lib/python3.12/site-packages/oslo_concurrency/lockutils.py:512}}
Jul 30 17:50:49.742737 np0000006161 devstack@n-api-meta.service[96076]: DEBUG oslo_concurrency.lockutils [None req-bd76b9b6-0ac5-4b48-924c-336aabdda7bd None None] Lock "3d85dbf3-59e2-4b27-8c0a-1c8727cb57d6" acquired by "nova.context.set_target_cell..get_or_set_cached_cell_and_set_connections" :: waited 0.000s {{(pid=96076) inner /opt/stack/data/venv/lib/python3.12/site-packages/oslo_concurrency/lockutils.py:525}}
Jul 30 17:50:49.743604 np0000006161 devstack@n-api-meta.service[96076]: DEBUG oslo_concurrency.lockutils [None req-bd76b9b6-0ac5-4b48-924c-336aabdda7bd None None] Lock "3d85dbf3-59e2-4b27-8c0a-1c8727cb57d6" "released" by "nova.context.set_target_cell..get_or_set_cached_cell_and_set_connections" :: held 0.001s {{(pid=96076) inner /opt/stack/data/venv/lib/python3.12/site-packages/oslo_concurrency/lockutils.py:544}}
Jul 30 17:50:49.744636 np0000006161 devstack@n-api-meta.service[96078]: DEBUG nova.context [None req-0acc320c-d772-4d02-b7b2-6f33e5712e4e None None] Found 2 cells: 00000000-0000-0000-0000-000000000000(cell0),3d85dbf3-59e2-4b27-8c0a-1c8727cb57d6(cell1) {{(pid=96078) load_cells /opt/stack/nova/nova/context.py:509}}
Jul 30 17:50:49.744873 np0000006161 devstack@n-api-meta.service[96078]: INFO nova.utils [None req-0acc320c-d772-4d02-b7b2-6f33e5712e4e None None] The cell worker thread pool MainProcess.cell_worker is initialized
Jul 30 17:50:49.745306 np0000006161 devstack@n-api-meta.service[96076]: INFO dbcounter [None req-bd76b9b6-0ac5-4b48-924c-336aabdda7bd None None] Registered counter for database nova_cell0
Jul 30 17:50:49.746610 np0000006161 devstack@n-api-meta.service[96078]: DEBUG oslo_concurrency.lockutils [None req-0acc320c-d772-4d02-b7b2-6f33e5712e4e None None] Acquiring lock "00000000-0000-0000-0000-000000000000" by "nova.context.set_target_cell..get_or_set_cached_cell_and_set_connections" {{(pid=96078) inner /opt/stack/data/venv/lib/python3.12/site-packages/oslo_concurrency/lockutils.py:512}}
Jul 30 17:50:49.746666 np0000006161 devstack@n-api-meta.service[96078]: DEBUG oslo_concurrency.lockutils [None req-0acc320c-d772-4d02-b7b2-6f33e5712e4e None None] Lock "00000000-0000-0000-0000-000000000000" acquired by "nova.context.set_target_cell..get_or_set_cached_cell_and_set_connections" :: waited 0.000s {{(pid=96078) inner /opt/stack/data/venv/lib/python3.12/site-packages/oslo_concurrency/lockutils.py:525}}
Jul 30 17:50:49.747090 np0000006161 devstack@n-api-meta.service[96078]: DEBUG oslo_concurrency.lockutils [None req-0acc320c-d772-4d02-b7b2-6f33e5712e4e None None] Lock "00000000-0000-0000-0000-000000000000" "released" by "nova.context.set_target_cell..get_or_set_cached_cell_and_set_connections" :: held 0.000s {{(pid=96078) inner /opt/stack/data/venv/lib/python3.12/site-packages/oslo_concurrency/lockutils.py:544}}
Jul 30 17:50:49.747800 np0000006161 devstack@n-api-meta.service[96078]: DEBUG oslo_concurrency.lockutils [None req-0acc320c-d772-4d02-b7b2-6f33e5712e4e None None] Acquiring lock "3d85dbf3-59e2-4b27-8c0a-1c8727cb57d6" by "nova.context.set_target_cell..get_or_set_cached_cell_and_set_connections" {{(pid=96078) inner /opt/stack/data/venv/lib/python3.12/site-packages/oslo_concurrency/lockutils.py:512}}
Jul 30 17:50:49.748029 np0000006161 devstack@n-api-meta.service[96076]: INFO dbcounter [None req-bd76b9b6-0ac5-4b48-924c-336aabdda7bd None None] Registered counter for database nova_cell1
Jul 30 17:50:49.749799 np0000006161 devstack@n-api-meta.service[96078]: INFO dbcounter [None req-0acc320c-d772-4d02-b7b2-6f33e5712e4e None None] Registered counter for database nova_cell0
Jul 30 17:50:49.750881 np0000006161 devstack@n-api-meta.service[96078]: DEBUG oslo_concurrency.lockutils [None req-0acc320c-d772-4d02-b7b2-6f33e5712e4e None None] Lock "3d85dbf3-59e2-4b27-8c0a-1c8727cb57d6" acquired by "nova.context.set_target_cell..get_or_set_cached_cell_and_set_connections" :: waited 0.002s {{(pid=96078) inner /opt/stack/data/venv/lib/python3.12/site-packages/oslo_concurrency/lockutils.py:525}}
Jul 30 17:50:49.752076 np0000006161 devstack@n-api-meta.service[96078]: DEBUG oslo_concurrency.lockutils [None req-0acc320c-d772-4d02-b7b2-6f33e5712e4e None None] Lock "3d85dbf3-59e2-4b27-8c0a-1c8727cb57d6" "released" by "nova.context.set_target_cell..get_or_set_cached_cell_and_set_connections" :: held 0.003s {{(pid=96078) inner /opt/stack/data/venv/lib/python3.12/site-packages/oslo_concurrency/lockutils.py:544}}
Jul 30 17:50:49.753740 np0000006161 devstack@n-api-meta.service[96078]: INFO dbcounter [None req-0acc320c-d772-4d02-b7b2-6f33e5712e4e None None] Registered counter for database nova_cell1
Jul 30 17:50:49.755437 np0000006161 devstack@n-api-meta.service[96077]: DEBUG oslo_db.sqlalchemy.engines [None req-9ffb18d3-d1c4-44bf-bbe0-6a998f62a21b None None] MySQL server mode set to STRICT_TRANS_TABLES,STRICT_ALL_TABLES,NO_ZERO_IN_DATE,NO_ZERO_DATE,ERROR_FOR_DIVISION_BY_ZERO,TRADITIONAL,NO_ENGINE_SUBSTITUTION {{(pid=96077) _check_effective_sql_mode /opt/stack/data/venv/lib/python3.12/site-packages/oslo_db/sqlalchemy/engines.py:325}}
Jul 30 17:50:49.764853 np0000006161 devstack@n-api-meta.service[96080]: DEBUG oslo_db.sqlalchemy.engines [None req-e8bded1c-af30-4714-8bcc-ed38d9beffbc None None] MySQL server mode set to STRICT_TRANS_TABLES,STRICT_ALL_TABLES,NO_ZERO_IN_DATE,NO_ZERO_DATE,ERROR_FOR_DIVISION_BY_ZERO,TRADITIONAL,NO_ENGINE_SUBSTITUTION {{(pid=96080) _check_effective_sql_mode /opt/stack/data/venv/lib/python3.12/site-packages/oslo_db/sqlalchemy/engines.py:325}}
Jul 30 17:50:49.789143 np0000006161 devstack@n-api-meta.service[96077]: DEBUG dbcounter [-] [96077] Writer thread running {{(pid=96077) stat_writer /opt/stack/data/venv/lib/python3.12/site-packages/dbcounter.py:102}}
Jul 30 17:50:49.789660 np0000006161 devstack@n-api-meta.service[96077]: DEBUG nova.context [None req-9ffb18d3-d1c4-44bf-bbe0-6a998f62a21b None None] Found 2 cells: 00000000-0000-0000-0000-000000000000(cell0),3d85dbf3-59e2-4b27-8c0a-1c8727cb57d6(cell1) {{(pid=96077) load_cells /opt/stack/nova/nova/context.py:509}}
Jul 30 17:50:49.789912 np0000006161 devstack@n-api-meta.service[96077]: INFO nova.utils [None req-9ffb18d3-d1c4-44bf-bbe0-6a998f62a21b None None] The cell worker thread pool MainProcess.cell_worker is initialized
Jul 30 17:50:49.792778 np0000006161 devstack@n-api-meta.service[96077]: DEBUG oslo_concurrency.lockutils [None req-9ffb18d3-d1c4-44bf-bbe0-6a998f62a21b None None] Acquiring lock "00000000-0000-0000-0000-000000000000" by "nova.context.set_target_cell..get_or_set_cached_cell_and_set_connections" {{(pid=96077) inner /opt/stack/data/venv/lib/python3.12/site-packages/oslo_concurrency/lockutils.py:512}}
Jul 30 17:50:49.792778 np0000006161 devstack@n-api-meta.service[96077]: DEBUG oslo_concurrency.lockutils [None req-9ffb18d3-d1c4-44bf-bbe0-6a998f62a21b None None] Lock "00000000-0000-0000-0000-000000000000" acquired by "nova.context.set_target_cell..get_or_set_cached_cell_and_set_connections" :: waited 0.000s {{(pid=96077) inner /opt/stack/data/venv/lib/python3.12/site-packages/oslo_concurrency/lockutils.py:525}}
Jul 30 17:50:49.792778 np0000006161 devstack@n-api-meta.service[96077]: DEBUG oslo_concurrency.lockutils [None req-9ffb18d3-d1c4-44bf-bbe0-6a998f62a21b None None] Lock "00000000-0000-0000-0000-000000000000" "released" by "nova.context.set_target_cell..get_or_set_cached_cell_and_set_connections" :: held 0.000s {{(pid=96077) inner /opt/stack/data/venv/lib/python3.12/site-packages/oslo_concurrency/lockutils.py:544}}
Jul 30 17:50:49.792973 np0000006161 devstack@n-api-meta.service[96077]: DEBUG oslo_concurrency.lockutils [None req-9ffb18d3-d1c4-44bf-bbe0-6a998f62a21b None None] Acquiring lock "3d85dbf3-59e2-4b27-8c0a-1c8727cb57d6" by "nova.context.set_target_cell..get_or_set_cached_cell_and_set_connections" {{(pid=96077) inner /opt/stack/data/venv/lib/python3.12/site-packages/oslo_concurrency/lockutils.py:512}}
Jul 30 17:50:49.795083 np0000006161 devstack@n-api-meta.service[96077]: DEBUG oslo_concurrency.lockutils [None req-9ffb18d3-d1c4-44bf-bbe0-6a998f62a21b None None] Lock "3d85dbf3-59e2-4b27-8c0a-1c8727cb57d6" acquired by "nova.context.set_target_cell..get_or_set_cached_cell_and_set_connections" :: waited 0.000s {{(pid=96077) inner /opt/stack/data/venv/lib/python3.12/site-packages/oslo_concurrency/lockutils.py:525}}
Jul 30 17:50:49.795151 np0000006161 devstack@n-api-meta.service[96080]: DEBUG dbcounter [-] [96080] Writer thread running {{(pid=96080) stat_writer /opt/stack/data/venv/lib/python3.12/site-packages/dbcounter.py:102}}
Jul 30 17:50:49.795215 np0000006161 devstack@n-api-meta.service[96077]: INFO dbcounter [None req-9ffb18d3-d1c4-44bf-bbe0-6a998f62a21b None None] Registered counter for database nova_cell0
Jul 30 17:50:49.796209 np0000006161 devstack@n-api-meta.service[96080]: DEBUG nova.context [None req-e8bded1c-af30-4714-8bcc-ed38d9beffbc None None] Found 2 cells: 00000000-0000-0000-0000-000000000000(cell0),3d85dbf3-59e2-4b27-8c0a-1c8727cb57d6(cell1) {{(pid=96080) load_cells /opt/stack/nova/nova/context.py:509}}
Jul 30 17:50:49.796209 np0000006161 devstack@n-api-meta.service[96080]: INFO nova.utils [None req-e8bded1c-af30-4714-8bcc-ed38d9beffbc None None] The cell worker thread pool MainProcess.cell_worker is initialized
Jul 30 17:50:49.796352 np0000006161 devstack@n-api-meta.service[96077]: DEBUG oslo_concurrency.lockutils [None req-9ffb18d3-d1c4-44bf-bbe0-6a998f62a21b None None] Lock "3d85dbf3-59e2-4b27-8c0a-1c8727cb57d6" "released" by "nova.context.set_target_cell..get_or_set_cached_cell_and_set_connections" :: held 0.002s {{(pid=96077) inner /opt/stack/data/venv/lib/python3.12/site-packages/oslo_concurrency/lockutils.py:544}}
Jul 30 17:50:49.797405 np0000006161 devstack@n-api-meta.service[96078]: DEBUG oslo_db.sqlalchemy.engines [None req-0acc320c-d772-4d02-b7b2-6f33e5712e4e None None] MySQL server mode set to STRICT_TRANS_TABLES,STRICT_ALL_TABLES,NO_ZERO_IN_DATE,NO_ZERO_DATE,ERROR_FOR_DIVISION_BY_ZERO,TRADITIONAL,NO_ENGINE_SUBSTITUTION {{(pid=96078) _check_effective_sql_mode /opt/stack/data/venv/lib/python3.12/site-packages/oslo_db/sqlalchemy/engines.py:325}}
Jul 30 17:50:49.798020 np0000006161 devstack@n-api-meta.service[96080]: DEBUG oslo_concurrency.lockutils [None req-e8bded1c-af30-4714-8bcc-ed38d9beffbc None None] Acquiring lock "00000000-0000-0000-0000-000000000000" by "nova.context.set_target_cell..get_or_set_cached_cell_and_set_connections" {{(pid=96080) inner /opt/stack/data/venv/lib/python3.12/site-packages/oslo_concurrency/lockutils.py:512}}
Jul 30 17:50:49.798136 np0000006161 devstack@n-api-meta.service[96077]: INFO dbcounter [None req-9ffb18d3-d1c4-44bf-bbe0-6a998f62a21b None None] Registered counter for database nova_cell1
Jul 30 17:50:49.798281 np0000006161 devstack@n-api-meta.service[96080]: DEBUG oslo_concurrency.lockutils [None req-e8bded1c-af30-4714-8bcc-ed38d9beffbc None None] Lock "00000000-0000-0000-0000-000000000000" acquired by "nova.context.set_target_cell..get_or_set_cached_cell_and_set_connections" :: waited 0.000s {{(pid=96080) inner /opt/stack/data/venv/lib/python3.12/site-packages/oslo_concurrency/lockutils.py:525}}
Jul 30 17:50:49.798771 np0000006161 devstack@n-api-meta.service[96080]: DEBUG oslo_concurrency.lockutils [None req-e8bded1c-af30-4714-8bcc-ed38d9beffbc None None] Lock "00000000-0000-0000-0000-000000000000" "released" by "nova.context.set_target_cell..get_or_set_cached_cell_and_set_connections" :: held 0.000s {{(pid=96080) inner /opt/stack/data/venv/lib/python3.12/site-packages/oslo_concurrency/lockutils.py:544}}
Jul 30 17:50:49.799584 np0000006161 devstack@n-api-meta.service[96080]: DEBUG oslo_concurrency.lockutils [None req-e8bded1c-af30-4714-8bcc-ed38d9beffbc None None] Acquiring lock "3d85dbf3-59e2-4b27-8c0a-1c8727cb57d6" by "nova.context.set_target_cell..get_or_set_cached_cell_and_set_connections" {{(pid=96080) inner /opt/stack/data/venv/lib/python3.12/site-packages/oslo_concurrency/lockutils.py:512}}
Jul 30 17:50:49.799793 np0000006161 devstack@n-api-meta.service[96080]: DEBUG oslo_concurrency.lockutils [None req-e8bded1c-af30-4714-8bcc-ed38d9beffbc None None] Lock "3d85dbf3-59e2-4b27-8c0a-1c8727cb57d6" acquired by "nova.context.set_target_cell..get_or_set_cached_cell_and_set_connections" :: waited 0.000s {{(pid=96080) inner /opt/stack/data/venv/lib/python3.12/site-packages/oslo_concurrency/lockutils.py:525}}
Jul 30 17:50:49.800996 np0000006161 devstack@n-api-meta.service[96080]: DEBUG oslo_concurrency.lockutils [None req-e8bded1c-af30-4714-8bcc-ed38d9beffbc None None] Lock "3d85dbf3-59e2-4b27-8c0a-1c8727cb57d6" "released" by "nova.context.set_target_cell..get_or_set_cached_cell_and_set_connections" :: held 0.001s {{(pid=96080) inner /opt/stack/data/venv/lib/python3.12/site-packages/oslo_concurrency/lockutils.py:544}}
Jul 30 17:50:49.801208 np0000006161 devstack@n-api-meta.service[96078]: DEBUG oslo_db.sqlalchemy.engines [None req-0acc320c-d772-4d02-b7b2-6f33e5712e4e None None] MySQL server mode set to STRICT_TRANS_TABLES,STRICT_ALL_TABLES,NO_ZERO_IN_DATE,NO_ZERO_DATE,ERROR_FOR_DIVISION_BY_ZERO,TRADITIONAL,NO_ENGINE_SUBSTITUTION {{(pid=96078) _check_effective_sql_mode /opt/stack/data/venv/lib/python3.12/site-packages/oslo_db/sqlalchemy/engines.py:325}}
Jul 30 17:50:49.802508 np0000006161 devstack@n-api-meta.service[96080]: INFO dbcounter [None req-e8bded1c-af30-4714-8bcc-ed38d9beffbc None None] Registered counter for database nova_cell0
Jul 30 17:50:49.804366 np0000006161 devstack@n-api-meta.service[96076]: DEBUG oslo_db.sqlalchemy.engines [None req-bd76b9b6-0ac5-4b48-924c-336aabdda7bd None None] MySQL server mode set to STRICT_TRANS_TABLES,STRICT_ALL_TABLES,NO_ZERO_IN_DATE,NO_ZERO_DATE,ERROR_FOR_DIVISION_BY_ZERO,TRADITIONAL,NO_ENGINE_SUBSTITUTION {{(pid=96076) _check_effective_sql_mode /opt/stack/data/venv/lib/python3.12/site-packages/oslo_db/sqlalchemy/engines.py:325}}
Jul 30 17:50:49.805383 np0000006161 devstack@n-api-meta.service[96080]: INFO dbcounter [None req-e8bded1c-af30-4714-8bcc-ed38d9beffbc None None] Registered counter for database nova_cell1
Jul 30 17:50:49.822092 np0000006161 devstack@n-api-meta.service[96076]: DEBUG oslo_db.sqlalchemy.engines [None req-bd76b9b6-0ac5-4b48-924c-336aabdda7bd None None] MySQL server mode set to STRICT_TRANS_TABLES,STRICT_ALL_TABLES,NO_ZERO_IN_DATE,NO_ZERO_DATE,ERROR_FOR_DIVISION_BY_ZERO,TRADITIONAL,NO_ENGINE_SUBSTITUTION {{(pid=96076) _check_effective_sql_mode /opt/stack/data/venv/lib/python3.12/site-packages/oslo_db/sqlalchemy/engines.py:325}}
Jul 30 17:50:49.841100 np0000006161 devstack@n-api-meta.service[96077]: DEBUG oslo_db.sqlalchemy.engines [None req-9ffb18d3-d1c4-44bf-bbe0-6a998f62a21b None None] MySQL server mode set to STRICT_TRANS_TABLES,STRICT_ALL_TABLES,NO_ZERO_IN_DATE,NO_ZERO_DATE,ERROR_FOR_DIVISION_BY_ZERO,TRADITIONAL,NO_ENGINE_SUBSTITUTION {{(pid=96077) _check_effective_sql_mode /opt/stack/data/venv/lib/python3.12/site-packages/oslo_db/sqlalchemy/engines.py:325}}
Jul 30 17:50:49.847811 np0000006161 devstack@n-api-meta.service[96080]: DEBUG oslo_db.sqlalchemy.engines [None req-e8bded1c-af30-4714-8bcc-ed38d9beffbc None None] MySQL server mode set to STRICT_TRANS_TABLES,STRICT_ALL_TABLES,NO_ZERO_IN_DATE,NO_ZERO_DATE,ERROR_FOR_DIVISION_BY_ZERO,TRADITIONAL,NO_ENGINE_SUBSTITUTION {{(pid=96080) _check_effective_sql_mode /opt/stack/data/venv/lib/python3.12/site-packages/oslo_db/sqlalchemy/engines.py:325}}
Jul 30 17:50:49.859330 np0000006161 devstack@n-api-meta.service[96080]: DEBUG oslo_db.sqlalchemy.engines [None req-e8bded1c-af30-4714-8bcc-ed38d9beffbc None None] MySQL server mode set to STRICT_TRANS_TABLES,STRICT_ALL_TABLES,NO_ZERO_IN_DATE,NO_ZERO_DATE,ERROR_FOR_DIVISION_BY_ZERO,TRADITIONAL,NO_ENGINE_SUBSTITUTION {{(pid=96080) _check_effective_sql_mode /opt/stack/data/venv/lib/python3.12/site-packages/oslo_db/sqlalchemy/engines.py:325}}
Jul 30 17:50:49.871845 np0000006161 devstack@n-api-meta.service[96077]: DEBUG oslo_db.sqlalchemy.engines [None req-9ffb18d3-d1c4-44bf-bbe0-6a998f62a21b None None] MySQL server mode set to STRICT_TRANS_TABLES,STRICT_ALL_TABLES,NO_ZERO_IN_DATE,NO_ZERO_DATE,ERROR_FOR_DIVISION_BY_ZERO,TRADITIONAL,NO_ENGINE_SUBSTITUTION {{(pid=96077) _check_effective_sql_mode /opt/stack/data/venv/lib/python3.12/site-packages/oslo_db/sqlalchemy/engines.py:325}}
Jul 30 17:50:49.882291 np0000006161 devstack@n-api-meta.service[96078]: DEBUG dbcounter [-] [96078] Writer thread running {{(pid=96078) stat_writer /opt/stack/data/venv/lib/python3.12/site-packages/dbcounter.py:102}}
Jul 30 17:50:49.887220 np0000006161 devstack@n-api-meta.service[96076]: DEBUG dbcounter [-] [96076] Writer thread running {{(pid=96076) stat_writer /opt/stack/data/venv/lib/python3.12/site-packages/dbcounter.py:102}}
Jul 30 17:50:49.887767 np0000006161 devstack@n-api-meta.service[96078]: DEBUG dbcounter [-] [96078] Writer thread running {{(pid=96078) stat_writer /opt/stack/data/venv/lib/python3.12/site-packages/dbcounter.py:102}}
Jul 30 17:50:49.891676 np0000006161 devstack@n-api-meta.service[96078]: INFO dbcounter [None req-0acc320c-d772-4d02-b7b2-6f33e5712e4e None None] Registered counter for database nova_cell0
Jul 30 17:50:49.891774 np0000006161 devstack@n-api-meta.service[96076]: DEBUG dbcounter [-] [96076] Writer thread running {{(pid=96076) stat_writer /opt/stack/data/venv/lib/python3.12/site-packages/dbcounter.py:102}}
Jul 30 17:50:49.894273 np0000006161 devstack@n-api-meta.service[96076]: INFO dbcounter [None req-bd76b9b6-0ac5-4b48-924c-336aabdda7bd None None] Registered counter for database nova_cell0
Jul 30 17:50:49.924715 np0000006161 devstack@n-api-meta.service[96078]: DEBUG oslo_db.sqlalchemy.engines [None req-0acc320c-d772-4d02-b7b2-6f33e5712e4e None None] MySQL server mode set to STRICT_TRANS_TABLES,STRICT_ALL_TABLES,NO_ZERO_IN_DATE,NO_ZERO_DATE,ERROR_FOR_DIVISION_BY_ZERO,TRADITIONAL,NO_ENGINE_SUBSTITUTION {{(pid=96078) _check_effective_sql_mode /opt/stack/data/venv/lib/python3.12/site-packages/oslo_db/sqlalchemy/engines.py:325}}
Jul 30 17:50:49.928899 np0000006161 devstack@n-api-meta.service[96077]: DEBUG dbcounter [-] [96077] Writer thread running {{(pid=96077) stat_writer /opt/stack/data/venv/lib/python3.12/site-packages/dbcounter.py:102}}
Jul 30 17:50:49.929695 np0000006161 devstack@n-api-meta.service[96076]: DEBUG oslo_db.sqlalchemy.engines [None req-bd76b9b6-0ac5-4b48-924c-336aabdda7bd None None] MySQL server mode set to STRICT_TRANS_TABLES,STRICT_ALL_TABLES,NO_ZERO_IN_DATE,NO_ZERO_DATE,ERROR_FOR_DIVISION_BY_ZERO,TRADITIONAL,NO_ENGINE_SUBSTITUTION {{(pid=96076) _check_effective_sql_mode /opt/stack/data/venv/lib/python3.12/site-packages/oslo_db/sqlalchemy/engines.py:325}}
Jul 30 17:50:49.930757 np0000006161 devstack@n-api-meta.service[96078]: DEBUG dbcounter [-] [96078] Writer thread running {{(pid=96078) stat_writer /opt/stack/data/venv/lib/python3.12/site-packages/dbcounter.py:102}}
Jul 30 17:50:49.932098 np0000006161 devstack@n-api-meta.service[96080]: DEBUG dbcounter [-] [96080] Writer thread running {{(pid=96080) stat_writer /opt/stack/data/venv/lib/python3.12/site-packages/dbcounter.py:102}}
Jul 30 17:50:49.935849 np0000006161 devstack@n-api-meta.service[96077]: DEBUG dbcounter [-] [96077] Writer thread running {{(pid=96077) stat_writer /opt/stack/data/venv/lib/python3.12/site-packages/dbcounter.py:102}}
Jul 30 17:50:49.936337 np0000006161 devstack@n-api-meta.service[96080]: DEBUG dbcounter [-] [96080] Writer thread running {{(pid=96080) stat_writer /opt/stack/data/venv/lib/python3.12/site-packages/dbcounter.py:102}}
Jul 30 17:50:49.936392 np0000006161 devstack@n-api-meta.service[96076]: DEBUG dbcounter [-] [96076] Writer thread running {{(pid=96076) stat_writer /opt/stack/data/venv/lib/python3.12/site-packages/dbcounter.py:102}}
Jul 30 17:50:49.938415 np0000006161 devstack@n-api-meta.service[96077]: INFO dbcounter [None req-9ffb18d3-d1c4-44bf-bbe0-6a998f62a21b None None] Registered counter for database nova_cell0
Jul 30 17:50:49.939566 np0000006161 devstack@n-api-meta.service[96080]: INFO dbcounter [None req-e8bded1c-af30-4714-8bcc-ed38d9beffbc None None] Registered counter for database nova_cell0
Jul 30 17:50:49.966575 np0000006161 devstack@n-api-meta.service[96078]: WARNING nova.api.metadata.handler [None req-0acc320c-d772-4d02-b7b2-6f33e5712e4e None None] metadata_proxy_shared_secret is not configured, the metadata information returned by the proxy cannot be trusted
Jul 30 17:50:49.968681 np0000006161 devstack@n-api-meta.service[96078]: DEBUG nova.api.openstack.wsgi_app [None req-0acc320c-d772-4d02-b7b2-6f33e5712e4e None None] ******************************************************************************** {{(pid=96078) log_opt_values /opt/stack/data/venv/lib/python3.12/site-packages/oslo_config/cfg.py:3226}}
Jul 30 17:50:49.968802 np0000006161 devstack@n-api-meta.service[96078]: DEBUG nova.api.openstack.wsgi_app [None req-0acc320c-d772-4d02-b7b2-6f33e5712e4e None None] Configuration options gathered from: {{(pid=96078) log_opt_values /opt/stack/data/venv/lib/python3.12/site-packages/oslo_config/cfg.py:3227}}
Jul 30 17:50:49.968941 np0000006161 devstack@n-api-meta.service[96078]: DEBUG nova.api.openstack.wsgi_app [None req-0acc320c-d772-4d02-b7b2-6f33e5712e4e None None] command line args: [] {{(pid=96078) log_opt_values /opt/stack/data/venv/lib/python3.12/site-packages/oslo_config/cfg.py:3228}}
Jul 30 17:50:49.969586 np0000006161 devstack@n-api-meta.service[96078]: DEBUG nova.api.openstack.wsgi_app [None req-0acc320c-d772-4d02-b7b2-6f33e5712e4e None None] config files: ['/etc/nova/api-paste.ini', '/etc/nova/nova.conf'] {{(pid=96078) log_opt_values /opt/stack/data/venv/lib/python3.12/site-packages/oslo_config/cfg.py:3229}}
Jul 30 17:50:49.969586 np0000006161 devstack@n-api-meta.service[96078]: DEBUG nova.api.openstack.wsgi_app [None req-0acc320c-d772-4d02-b7b2-6f33e5712e4e None None] ================================================================================ {{(pid=96078) log_opt_values /opt/stack/data/venv/lib/python3.12/site-packages/oslo_config/cfg.py:3234}}
Jul 30 17:50:49.969586 np0000006161 devstack@n-api-meta.service[96078]: DEBUG nova.api.openstack.wsgi_app [None req-0acc320c-d772-4d02-b7b2-6f33e5712e4e None None] allow_resize_to_same_host = True {{(pid=96078) log_opt_values /opt/stack/data/venv/lib/python3.12/site-packages/oslo_config/cfg.py:3242}}
Jul 30 17:50:49.969586 np0000006161 devstack@n-api-meta.service[96078]: DEBUG nova.api.openstack.wsgi_app [None req-0acc320c-d772-4d02-b7b2-6f33e5712e4e None None] arq_binding_timeout = 300 {{(pid=96078) log_opt_values /opt/stack/data/venv/lib/python3.12/site-packages/oslo_config/cfg.py:3242}}
Jul 30 17:50:49.969586 np0000006161 devstack@n-api-meta.service[96078]: DEBUG nova.api.openstack.wsgi_app [None req-0acc320c-d772-4d02-b7b2-6f33e5712e4e None None] block_device_allocate_retries = 60 {{(pid=96078) log_opt_values /opt/stack/data/venv/lib/python3.12/site-packages/oslo_config/cfg.py:3242}}
Jul 30 17:50:49.969750 np0000006161 devstack@n-api-meta.service[96078]: DEBUG nova.api.openstack.wsgi_app [None req-0acc320c-d772-4d02-b7b2-6f33e5712e4e None None] block_device_allocate_retries_interval = 3 {{(pid=96078) log_opt_values /opt/stack/data/venv/lib/python3.12/site-packages/oslo_config/cfg.py:3242}}
Jul 30 17:50:49.969830 np0000006161 devstack@n-api-meta.service[96078]: DEBUG nova.api.openstack.wsgi_app [None req-0acc320c-d772-4d02-b7b2-6f33e5712e4e None None] cell_worker_thread_pool_size = 5 {{(pid=96078) log_opt_values /opt/stack/data/venv/lib/python3.12/site-packages/oslo_config/cfg.py:3242}}
Jul 30 17:50:49.970351 np0000006161 devstack@n-api-meta.service[96078]: DEBUG nova.api.openstack.wsgi_app [None req-0acc320c-d772-4d02-b7b2-6f33e5712e4e None None] cert = self.pem {{(pid=96078) log_opt_values /opt/stack/data/venv/lib/python3.12/site-packages/oslo_config/cfg.py:3242}}
Jul 30 17:50:49.970351 np0000006161 devstack@n-api-meta.service[96078]: DEBUG nova.api.openstack.wsgi_app [None req-0acc320c-d772-4d02-b7b2-6f33e5712e4e None None] compute_driver = libvirt.LibvirtDriver {{(pid=96078) log_opt_values /opt/stack/data/venv/lib/python3.12/site-packages/oslo_config/cfg.py:3242}}
Jul 30 17:50:49.970351 np0000006161 devstack@n-api-meta.service[96078]: DEBUG nova.api.openstack.wsgi_app [None req-0acc320c-d772-4d02-b7b2-6f33e5712e4e None None] compute_monitors = [] {{(pid=96078) log_opt_values /opt/stack/data/venv/lib/python3.12/site-packages/oslo_config/cfg.py:3242}}
Jul 30 17:50:49.970458 np0000006161 devstack@n-api-meta.service[96078]: DEBUG nova.api.openstack.wsgi_app [None req-0acc320c-d772-4d02-b7b2-6f33e5712e4e None None] concurrency_backend = auto {{(pid=96078) log_opt_values /opt/stack/data/venv/lib/python3.12/site-packages/oslo_config/cfg.py:3242}}
Jul 30 17:50:49.970802 np0000006161 devstack@n-api-meta.service[96078]: DEBUG nova.api.openstack.wsgi_app [None req-0acc320c-d772-4d02-b7b2-6f33e5712e4e None None] config_dir = [] {{(pid=96078) log_opt_values /opt/stack/data/venv/lib/python3.12/site-packages/oslo_config/cfg.py:3242}}
Jul 30 17:50:49.970802 np0000006161 devstack@n-api-meta.service[96078]: DEBUG nova.api.openstack.wsgi_app [None req-0acc320c-d772-4d02-b7b2-6f33e5712e4e None None] config_drive_format = iso9660 {{(pid=96078) log_opt_values /opt/stack/data/venv/lib/python3.12/site-packages/oslo_config/cfg.py:3242}}
Jul 30 17:50:49.970802 np0000006161 devstack@n-api-meta.service[96078]: DEBUG nova.api.openstack.wsgi_app [None req-0acc320c-d772-4d02-b7b2-6f33e5712e4e None None] config_file = ['/etc/nova/api-paste.ini', '/etc/nova/nova.conf'] {{(pid=96078) log_opt_values /opt/stack/data/venv/lib/python3.12/site-packages/oslo_config/cfg.py:3242}}
Jul 30 17:50:49.970915 np0000006161 devstack@n-api-meta.service[96078]: DEBUG nova.api.openstack.wsgi_app [None req-0acc320c-d772-4d02-b7b2-6f33e5712e4e None None] config_source = [] {{(pid=96078) log_opt_values /opt/stack/data/venv/lib/python3.12/site-packages/oslo_config/cfg.py:3242}}
Jul 30 17:50:49.971042 np0000006161 devstack@n-api-meta.service[96078]: DEBUG nova.api.openstack.wsgi_app [None req-0acc320c-d772-4d02-b7b2-6f33e5712e4e None None] console_host = np0000006161 {{(pid=96078) log_opt_values /opt/stack/data/venv/lib/python3.12/site-packages/oslo_config/cfg.py:3242}}
Jul 30 17:50:49.971104 np0000006161 devstack@n-api-meta.service[96077]: DEBUG oslo_db.sqlalchemy.engines [None req-9ffb18d3-d1c4-44bf-bbe0-6a998f62a21b None None] MySQL server mode set to STRICT_TRANS_TABLES,STRICT_ALL_TABLES,NO_ZERO_IN_DATE,NO_ZERO_DATE,ERROR_FOR_DIVISION_BY_ZERO,TRADITIONAL,NO_ENGINE_SUBSTITUTION {{(pid=96077) _check_effective_sql_mode /opt/stack/data/venv/lib/python3.12/site-packages/oslo_db/sqlalchemy/engines.py:325}}
Jul 30 17:50:49.971175 np0000006161 devstack@n-api-meta.service[96078]: DEBUG nova.api.openstack.wsgi_app [None req-0acc320c-d772-4d02-b7b2-6f33e5712e4e None None] control_exchange = nova {{(pid=96078) log_opt_values /opt/stack/data/venv/lib/python3.12/site-packages/oslo_config/cfg.py:3242}}
Jul 30 17:50:49.971325 np0000006161 devstack@n-api-meta.service[96078]: DEBUG nova.api.openstack.wsgi_app [None req-0acc320c-d772-4d02-b7b2-6f33e5712e4e None None] cpu_allocation_ratio = None {{(pid=96078) log_opt_values /opt/stack/data/venv/lib/python3.12/site-packages/oslo_config/cfg.py:3242}}
Jul 30 17:50:49.971433 np0000006161 devstack@n-api-meta.service[96078]: DEBUG nova.api.openstack.wsgi_app [None req-0acc320c-d772-4d02-b7b2-6f33e5712e4e None None] daemon = False {{(pid=96078) log_opt_values /opt/stack/data/venv/lib/python3.12/site-packages/oslo_config/cfg.py:3242}}
Jul 30 17:50:49.971552 np0000006161 devstack@n-api-meta.service[96078]: DEBUG nova.api.openstack.wsgi_app [None req-0acc320c-d772-4d02-b7b2-6f33e5712e4e None None] debug = True {{(pid=96078) log_opt_values /opt/stack/data/venv/lib/python3.12/site-packages/oslo_config/cfg.py:3242}}
Jul 30 17:50:49.972307 np0000006161 devstack@n-api-meta.service[96078]: DEBUG nova.api.openstack.wsgi_app [None req-0acc320c-d772-4d02-b7b2-6f33e5712e4e None None] default_access_ip_network_name = None {{(pid=96078) log_opt_values /opt/stack/data/venv/lib/python3.12/site-packages/oslo_config/cfg.py:3242}}
Jul 30 17:50:49.972307 np0000006161 devstack@n-api-meta.service[96078]: DEBUG nova.api.openstack.wsgi_app [None req-0acc320c-d772-4d02-b7b2-6f33e5712e4e None None] default_availability_zone = nova {{(pid=96078) log_opt_values /opt/stack/data/venv/lib/python3.12/site-packages/oslo_config/cfg.py:3242}}
Jul 30 17:50:49.972307 np0000006161 devstack@n-api-meta.service[96078]: DEBUG nova.api.openstack.wsgi_app [None req-0acc320c-d772-4d02-b7b2-6f33e5712e4e None None] default_ephemeral_format = ext4 {{(pid=96078) log_opt_values /opt/stack/data/venv/lib/python3.12/site-packages/oslo_config/cfg.py:3242}}
Jul 30 17:50:49.972307 np0000006161 devstack@n-api-meta.service[96078]: DEBUG nova.api.openstack.wsgi_app [None req-0acc320c-d772-4d02-b7b2-6f33e5712e4e None None] default_green_pool_size = 1000 {{(pid=96078) log_opt_values /opt/stack/data/venv/lib/python3.12/site-packages/oslo_config/cfg.py:3242}}
Jul 30 17:50:49.972476 np0000006161 devstack@n-api-meta.service[96076]: WARNING nova.api.metadata.handler [None req-bd76b9b6-0ac5-4b48-924c-336aabdda7bd None None] metadata_proxy_shared_secret is not configured, the metadata information returned by the proxy cannot be trusted
Jul 30 17:50:49.972509 np0000006161 devstack@n-api-meta.service[96078]: DEBUG nova.api.openstack.wsgi_app [None req-0acc320c-d772-4d02-b7b2-6f33e5712e4e None None] default_log_levels = ['amqp=WARN', 'boto=WARN', 'sqlalchemy=WARN', 'suds=INFO', 'oslo.messaging=INFO', 'oslo_messaging=INFO', 'iso8601=WARN', 'requests.packages.urllib3.connectionpool=WARN', 'urllib3.connectionpool=WARN', 'websocket=WARN', 'requests.packages.urllib3.util.retry=WARN', 'urllib3.util.retry=WARN', 'keystonemiddleware=WARN', 'routes.middleware=WARN', 'stevedore=WARN', 'taskflow=WARN', 'keystoneauth=WARN', 'oslo.cache=INFO', 'oslo_policy=INFO', 'dogpile.core.dogpile=INFO', 'glanceclient=WARN', 'oslo.privsep.daemon=INFO'] {{(pid=96078) log_opt_values /opt/stack/data/venv/lib/python3.12/site-packages/oslo_config/cfg.py:3242}}
Jul 30 17:50:49.972509 np0000006161 devstack@n-api-meta.service[96078]: DEBUG nova.api.openstack.wsgi_app [None req-0acc320c-d772-4d02-b7b2-6f33e5712e4e None None] default_schedule_zone = None {{(pid=96078) log_opt_values /opt/stack/data/venv/lib/python3.12/site-packages/oslo_config/cfg.py:3242}}
Jul 30 17:50:49.972509 np0000006161 devstack@n-api-meta.service[96078]: DEBUG nova.api.openstack.wsgi_app [None req-0acc320c-d772-4d02-b7b2-6f33e5712e4e None None] default_thread_pool_size = 10 {{(pid=96078) log_opt_values /opt/stack/data/venv/lib/python3.12/site-packages/oslo_config/cfg.py:3242}}
Jul 30 17:50:49.972617 np0000006161 devstack@n-api-meta.service[96078]: DEBUG nova.api.openstack.wsgi_app [None req-0acc320c-d772-4d02-b7b2-6f33e5712e4e None None] disk_allocation_ratio = None {{(pid=96078) log_opt_values /opt/stack/data/venv/lib/python3.12/site-packages/oslo_config/cfg.py:3242}}
Jul 30 17:50:49.972658 np0000006161 devstack@n-api-meta.service[96078]: DEBUG nova.api.openstack.wsgi_app [None req-0acc320c-d772-4d02-b7b2-6f33e5712e4e None None] enable_new_services = True {{(pid=96078) log_opt_values /opt/stack/data/venv/lib/python3.12/site-packages/oslo_config/cfg.py:3242}}
Jul 30 17:50:49.972782 np0000006161 devstack@n-api-meta.service[96078]: DEBUG nova.api.openstack.wsgi_app [None req-0acc320c-d772-4d02-b7b2-6f33e5712e4e None None] flat_injected = False {{(pid=96078) log_opt_values /opt/stack/data/venv/lib/python3.12/site-packages/oslo_config/cfg.py:3242}}
Jul 30 17:50:49.972935 np0000006161 devstack@n-api-meta.service[96078]: DEBUG nova.api.openstack.wsgi_app [None req-0acc320c-d772-4d02-b7b2-6f33e5712e4e None None] force_config_drive = True {{(pid=96078) log_opt_values /opt/stack/data/venv/lib/python3.12/site-packages/oslo_config/cfg.py:3242}}
Jul 30 17:50:49.973049 np0000006161 devstack@n-api-meta.service[96078]: DEBUG nova.api.openstack.wsgi_app [None req-0acc320c-d772-4d02-b7b2-6f33e5712e4e None None] force_raw_images = True {{(pid=96078) log_opt_values /opt/stack/data/venv/lib/python3.12/site-packages/oslo_config/cfg.py:3242}}
Jul 30 17:50:49.973194 np0000006161 devstack@n-api-meta.service[96078]: DEBUG nova.api.openstack.wsgi_app [None req-0acc320c-d772-4d02-b7b2-6f33e5712e4e None None] graceful_shutdown_timeout = 5 {{(pid=96078) log_opt_values /opt/stack/data/venv/lib/python3.12/site-packages/oslo_config/cfg.py:3242}}
Jul 30 17:50:49.973311 np0000006161 devstack@n-api-meta.service[96078]: DEBUG nova.api.openstack.wsgi_app [None req-0acc320c-d772-4d02-b7b2-6f33e5712e4e None None] heal_instance_info_cache_interval = -1 {{(pid=96078) log_opt_values /opt/stack/data/venv/lib/python3.12/site-packages/oslo_config/cfg.py:3242}}
Jul 30 17:50:49.973476 np0000006161 devstack@n-api-meta.service[96078]: DEBUG nova.api.openstack.wsgi_app [None req-0acc320c-d772-4d02-b7b2-6f33e5712e4e None None] host = np0000006161 {{(pid=96078) log_opt_values /opt/stack/data/venv/lib/python3.12/site-packages/oslo_config/cfg.py:3242}}
Jul 30 17:50:49.973608 np0000006161 devstack@n-api-meta.service[96078]: DEBUG nova.api.openstack.wsgi_app [None req-0acc320c-d772-4d02-b7b2-6f33e5712e4e None None] initial_cpu_allocation_ratio = 4.0 {{(pid=96078) log_opt_values /opt/stack/data/venv/lib/python3.12/site-packages/oslo_config/cfg.py:3242}}
Jul 30 17:50:49.973722 np0000006161 devstack@n-api-meta.service[96078]: DEBUG nova.api.openstack.wsgi_app [None req-0acc320c-d772-4d02-b7b2-6f33e5712e4e None None] initial_disk_allocation_ratio = 1.0 {{(pid=96078) log_opt_values /opt/stack/data/venv/lib/python3.12/site-packages/oslo_config/cfg.py:3242}}
Jul 30 17:50:49.973876 np0000006161 devstack@n-api-meta.service[96078]: DEBUG nova.api.openstack.wsgi_app [None req-0acc320c-d772-4d02-b7b2-6f33e5712e4e None None] initial_ram_allocation_ratio = 1.0 {{(pid=96078) log_opt_values /opt/stack/data/venv/lib/python3.12/site-packages/oslo_config/cfg.py:3242}}
Jul 30 17:50:49.974105 np0000006161 devstack@n-api-meta.service[96078]: DEBUG nova.api.openstack.wsgi_app [None req-0acc320c-d772-4d02-b7b2-6f33e5712e4e None None] injected_network_template = /opt/stack/nova/nova/virt/interfaces.template {{(pid=96078) log_opt_values /opt/stack/data/venv/lib/python3.12/site-packages/oslo_config/cfg.py:3242}}
Jul 30 17:50:49.974240 np0000006161 devstack@n-api-meta.service[96078]: DEBUG nova.api.openstack.wsgi_app [None req-0acc320c-d772-4d02-b7b2-6f33e5712e4e None None] instance_build_timeout = 0 {{(pid=96078) log_opt_values /opt/stack/data/venv/lib/python3.12/site-packages/oslo_config/cfg.py:3242}}
Jul 30 17:50:49.974355 np0000006161 devstack@n-api-meta.service[96078]: DEBUG nova.api.openstack.wsgi_app [None req-0acc320c-d772-4d02-b7b2-6f33e5712e4e None None] instance_delete_interval = 300 {{(pid=96078) log_opt_values /opt/stack/data/venv/lib/python3.12/site-packages/oslo_config/cfg.py:3242}}
Jul 30 17:50:49.974494 np0000006161 devstack@n-api-meta.service[96078]: DEBUG nova.api.openstack.wsgi_app [None req-0acc320c-d772-4d02-b7b2-6f33e5712e4e None None] instance_format = [instance: %(uuid)s] {{(pid=96078) log_opt_values /opt/stack/data/venv/lib/python3.12/site-packages/oslo_config/cfg.py:3242}}
Jul 30 17:50:49.974617 np0000006161 devstack@n-api-meta.service[96078]: DEBUG nova.api.openstack.wsgi_app [None req-0acc320c-d772-4d02-b7b2-6f33e5712e4e None None] instance_name_template = instance-%08x {{(pid=96078) log_opt_values /opt/stack/data/venv/lib/python3.12/site-packages/oslo_config/cfg.py:3242}}
Jul 30 17:50:49.974741 np0000006161 devstack@n-api-meta.service[96078]: DEBUG nova.api.openstack.wsgi_app [None req-0acc320c-d772-4d02-b7b2-6f33e5712e4e None None] instance_usage_audit = False {{(pid=96078) log_opt_values /opt/stack/data/venv/lib/python3.12/site-packages/oslo_config/cfg.py:3242}}
Jul 30 17:50:49.974967 np0000006161 devstack@n-api-meta.service[96078]: DEBUG nova.api.openstack.wsgi_app [None req-0acc320c-d772-4d02-b7b2-6f33e5712e4e None None] instance_usage_audit_period = month {{(pid=96078) log_opt_values /opt/stack/data/venv/lib/python3.12/site-packages/oslo_config/cfg.py:3242}}
Jul 30 17:50:49.975271 np0000006161 devstack@n-api-meta.service[96078]: DEBUG nova.api.openstack.wsgi_app [None req-0acc320c-d772-4d02-b7b2-6f33e5712e4e None None] instance_uuid_format = [instance: %(uuid)s] {{(pid=96078) log_opt_values /opt/stack/data/venv/lib/python3.12/site-packages/oslo_config/cfg.py:3242}}
Jul 30 17:50:49.975406 np0000006161 devstack@n-api-meta.service[96078]: DEBUG nova.api.openstack.wsgi_app [None req-0acc320c-d772-4d02-b7b2-6f33e5712e4e None None] instances_path = /opt/stack/data/nova/instances {{(pid=96078) log_opt_values /opt/stack/data/venv/lib/python3.12/site-packages/oslo_config/cfg.py:3242}}
Jul 30 17:50:49.975548 np0000006161 devstack@n-api-meta.service[96078]: DEBUG nova.api.openstack.wsgi_app [None req-0acc320c-d772-4d02-b7b2-6f33e5712e4e None None] internal_service_availability_zone = internal {{(pid=96078) log_opt_values /opt/stack/data/venv/lib/python3.12/site-packages/oslo_config/cfg.py:3242}}
Jul 30 17:50:49.975575 np0000006161 devstack@n-api-meta.service[96076]: DEBUG nova.api.openstack.wsgi_app [None req-bd76b9b6-0ac5-4b48-924c-336aabdda7bd None None] ******************************************************************************** {{(pid=96076) log_opt_values /opt/stack/data/venv/lib/python3.12/site-packages/oslo_config/cfg.py:3226}}
Jul 30 17:50:49.975662 np0000006161 devstack@n-api-meta.service[96078]: DEBUG nova.api.openstack.wsgi_app [None req-0acc320c-d772-4d02-b7b2-6f33e5712e4e None None] key = None {{(pid=96078) log_opt_values /opt/stack/data/venv/lib/python3.12/site-packages/oslo_config/cfg.py:3242}}
Jul 30 17:50:49.975774 np0000006161 devstack@n-api-meta.service[96076]: DEBUG nova.api.openstack.wsgi_app [None req-bd76b9b6-0ac5-4b48-924c-336aabdda7bd None None] Configuration options gathered from: {{(pid=96076) log_opt_values /opt/stack/data/venv/lib/python3.12/site-packages/oslo_config/cfg.py:3227}}
Jul 30 17:50:49.975809 np0000006161 devstack@n-api-meta.service[96078]: DEBUG nova.api.openstack.wsgi_app [None req-0acc320c-d772-4d02-b7b2-6f33e5712e4e None None] live_migration_retry_count = 30 {{(pid=96078) log_opt_values /opt/stack/data/venv/lib/python3.12/site-packages/oslo_config/cfg.py:3242}}
Jul 30 17:50:49.975923 np0000006161 devstack@n-api-meta.service[96078]: DEBUG nova.api.openstack.wsgi_app [None req-0acc320c-d772-4d02-b7b2-6f33e5712e4e None None] log_color = False {{(pid=96078) log_opt_values /opt/stack/data/venv/lib/python3.12/site-packages/oslo_config/cfg.py:3242}}
Jul 30 17:50:49.975985 np0000006161 devstack@n-api-meta.service[96076]: DEBUG nova.api.openstack.wsgi_app [None req-bd76b9b6-0ac5-4b48-924c-336aabdda7bd None None] command line args: [] {{(pid=96076) log_opt_values /opt/stack/data/venv/lib/python3.12/site-packages/oslo_config/cfg.py:3228}}
Jul 30 17:50:49.976040 np0000006161 devstack@n-api-meta.service[96078]: DEBUG nova.api.openstack.wsgi_app [None req-0acc320c-d772-4d02-b7b2-6f33e5712e4e None None] log_config_append = None {{(pid=96078) log_opt_values /opt/stack/data/venv/lib/python3.12/site-packages/oslo_config/cfg.py:3242}}
Jul 30 17:50:49.976176 np0000006161 devstack@n-api-meta.service[96078]: DEBUG nova.api.openstack.wsgi_app [None req-0acc320c-d772-4d02-b7b2-6f33e5712e4e None None] log_date_format = %Y-%m-%d %H:%M:%S {{(pid=96078) log_opt_values /opt/stack/data/venv/lib/python3.12/site-packages/oslo_config/cfg.py:3242}}
Jul 30 17:50:49.976261 np0000006161 devstack@n-api-meta.service[96076]: DEBUG nova.api.openstack.wsgi_app [None req-bd76b9b6-0ac5-4b48-924c-336aabdda7bd None None] config files: ['/etc/nova/api-paste.ini', '/etc/nova/nova.conf'] {{(pid=96076) log_opt_values /opt/stack/data/venv/lib/python3.12/site-packages/oslo_config/cfg.py:3229}}
Jul 30 17:50:49.976322 np0000006161 devstack@n-api-meta.service[96078]: DEBUG nova.api.openstack.wsgi_app [None req-0acc320c-d772-4d02-b7b2-6f33e5712e4e None None] log_dir = None {{(pid=96078) log_opt_values /opt/stack/data/venv/lib/python3.12/site-packages/oslo_config/cfg.py:3242}}
Jul 30 17:50:49.976420 np0000006161 devstack@n-api-meta.service[96077]: DEBUG dbcounter [-] [96077] Writer thread running {{(pid=96077) stat_writer /opt/stack/data/venv/lib/python3.12/site-packages/dbcounter.py:102}}
Jul 30 17:50:49.976449 np0000006161 devstack@n-api-meta.service[96076]: DEBUG nova.api.openstack.wsgi_app [None req-bd76b9b6-0ac5-4b48-924c-336aabdda7bd None None] ================================================================================ {{(pid=96076) log_opt_values /opt/stack/data/venv/lib/python3.12/site-packages/oslo_config/cfg.py:3234}}
Jul 30 17:50:49.976474 np0000006161 devstack@n-api-meta.service[96078]: DEBUG nova.api.openstack.wsgi_app [None req-0acc320c-d772-4d02-b7b2-6f33e5712e4e None None] log_file = None {{(pid=96078) log_opt_values /opt/stack/data/venv/lib/python3.12/site-packages/oslo_config/cfg.py:3242}}
Jul 30 17:50:49.976546 np0000006161 devstack@n-api-meta.service[96078]: DEBUG nova.api.openstack.wsgi_app [None req-0acc320c-d772-4d02-b7b2-6f33e5712e4e None None] log_options = True {{(pid=96078) log_opt_values /opt/stack/data/venv/lib/python3.12/site-packages/oslo_config/cfg.py:3242}}
