Jul 30 17:50:49.395346 np0000006161 nova-scheduler[96655]: DEBUG cotyledon.oslo_config_glue [-] workarounds.libvirt_disable_apic = False {{(pid=96655) log_opt_values /opt/stack/data/venv/lib/python3.12/site-packages/oslo_config/cfg.py:3253}}
Jul 30 17:50:49.395390 np0000006161 nova-scheduler[96655]: DEBUG cotyledon.oslo_config_glue [-] workarounds.never_download_image_if_on_rbd = False {{(pid=96655) log_opt_values /opt/stack/data/venv/lib/python3.12/site-packages/oslo_config/cfg.py:3253}}
Jul 30 17:50:49.395435 np0000006161 nova-scheduler[96655]: DEBUG cotyledon.oslo_config_glue [-] workarounds.qemu_monitor_announce_self_count = 3 {{(pid=96655) log_opt_values /opt/stack/data/venv/lib/python3.12/site-packages/oslo_config/cfg.py:3253}}
Jul 30 17:50:49.395480 np0000006161 nova-scheduler[96655]: DEBUG cotyledon.oslo_config_glue [-] workarounds.qemu_monitor_announce_self_interval = 1 {{(pid=96655) log_opt_values /opt/stack/data/venv/lib/python3.12/site-packages/oslo_config/cfg.py:3253}}
Jul 30 17:50:49.395524 np0000006161 nova-scheduler[96655]: DEBUG cotyledon.oslo_config_glue [-] workarounds.reserve_disk_resource_for_image_cache = False {{(pid=96655) log_opt_values /opt/stack/data/venv/lib/python3.12/site-packages/oslo_config/cfg.py:3253}}
Jul 30 17:50:49.395559 np0000006161 nova-scheduler[96655]: DEBUG cotyledon.oslo_config_glue [-] workarounds.skip_cpu_compare_at_startup = False {{(pid=96655) log_opt_values /opt/stack/data/venv/lib/python3.12/site-packages/oslo_config/cfg.py:3253}}
Jul 30 17:50:49.395613 np0000006161 nova-scheduler[96655]: DEBUG cotyledon.oslo_config_glue [-] workarounds.skip_cpu_compare_on_dest = False {{(pid=96655) log_opt_values /opt/stack/data/venv/lib/python3.12/site-packages/oslo_config/cfg.py:3253}}
Jul 30 17:50:49.395651 np0000006161 nova-scheduler[96655]: DEBUG cotyledon.oslo_config_glue [-] workarounds.skip_hypervisor_version_check_on_lm = False {{(pid=96655) log_opt_values /opt/stack/data/venv/lib/python3.12/site-packages/oslo_config/cfg.py:3253}}
Jul 30 17:50:49.395700 np0000006161 nova-scheduler[96655]: DEBUG cotyledon.oslo_config_glue [-] workarounds.skip_reserve_in_use_ironic_nodes = False {{(pid=96655) log_opt_values /opt/stack/data/venv/lib/python3.12/site-packages/oslo_config/cfg.py:3253}}
Jul 30 17:50:49.395745 np0000006161 nova-scheduler[96655]: DEBUG cotyledon.oslo_config_glue [-] workarounds.unified_limits_count_pcpu_as_vcpu = False {{(pid=96655) log_opt_values /opt/stack/data/venv/lib/python3.12/site-packages/oslo_config/cfg.py:3253}}
Jul 30 17:50:49.395789 np0000006161 nova-scheduler[96655]: DEBUG cotyledon.oslo_config_glue [-] workarounds.wait_for_vif_plugged_event_during_hard_reboot = [] {{(pid=96655) log_opt_values /opt/stack/data/venv/lib/python3.12/site-packages/oslo_config/cfg.py:3253}}
Jul 30 17:50:49.395842 np0000006161 nova-scheduler[96655]: DEBUG cotyledon.oslo_config_glue [-] wsgi.api_paste_config = /etc/nova/api-paste.ini {{(pid=96655) log_opt_values /opt/stack/data/venv/lib/python3.12/site-packages/oslo_config/cfg.py:3253}}
Jul 30 17:50:49.395897 np0000006161 nova-scheduler[96655]: DEBUG cotyledon.oslo_config_glue [-] wsgi.secure_proxy_ssl_header = None {{(pid=96655) log_opt_values /opt/stack/data/venv/lib/python3.12/site-packages/oslo_config/cfg.py:3253}}
Jul 30 17:50:49.395936 np0000006161 nova-scheduler[96655]: DEBUG cotyledon.oslo_config_glue [-] zvm.ca_file = None {{(pid=96655) log_opt_values /opt/stack/data/venv/lib/python3.12/site-packages/oslo_config/cfg.py:3253}}
Jul 30 17:50:49.395974 np0000006161 nova-scheduler[96655]: DEBUG cotyledon.oslo_config_glue [-] zvm.cloud_connector_url = None {{(pid=96655) log_opt_values /opt/stack/data/venv/lib/python3.12/site-packages/oslo_config/cfg.py:3253}}
Jul 30 17:50:49.396024 np0000006161 nova-scheduler[96655]: DEBUG cotyledon.oslo_config_glue [-] zvm.image_tmp_path = /opt/stack/data/nova/images {{(pid=96655) log_opt_values /opt/stack/data/venv/lib/python3.12/site-packages/oslo_config/cfg.py:3253}}
Jul 30 17:50:49.396078 np0000006161 nova-scheduler[96655]: DEBUG cotyledon.oslo_config_glue [-] zvm.reachable_timeout = 300 {{(pid=96655) log_opt_values /opt/stack/data/venv/lib/python3.12/site-packages/oslo_config/cfg.py:3253}}
Jul 30 17:50:49.396154 np0000006161 nova-scheduler[96655]: DEBUG cotyledon.oslo_config_glue [-] oslo_versionedobjects.fatal_exception_format_errors = False {{(pid=96655) log_opt_values /opt/stack/data/venv/lib/python3.12/site-packages/oslo_config/cfg.py:3253}}
Jul 30 17:50:49.396224 np0000006161 nova-scheduler[96655]: DEBUG cotyledon.oslo_config_glue [-] oslo_middleware.http_basic_auth_user_file = /etc/htpasswd {{(pid=96655) log_opt_values /opt/stack/data/venv/lib/python3.12/site-packages/oslo_config/cfg.py:3253}}
Jul 30 17:50:49.396302 np0000006161 nova-scheduler[96655]: DEBUG cotyledon.oslo_config_glue [-] oslo_messaging_metrics.metrics_buffer_size = 1000 {{(pid=96655) log_opt_values /opt/stack/data/venv/lib/python3.12/site-packages/oslo_config/cfg.py:3253}}
Jul 30 17:50:49.396361 np0000006161 nova-scheduler[96655]: DEBUG cotyledon.oslo_config_glue [-] oslo_messaging_metrics.metrics_enabled = False {{(pid=96655) log_opt_values /opt/stack/data/venv/lib/python3.12/site-packages/oslo_config/cfg.py:3253}}
Jul 30 17:50:49.396415 np0000006161 nova-scheduler[96655]: DEBUG cotyledon.oslo_config_glue [-] oslo_messaging_metrics.metrics_process_name = {{(pid=96655) log_opt_values /opt/stack/data/venv/lib/python3.12/site-packages/oslo_config/cfg.py:3253}}
Jul 30 17:50:49.396473 np0000006161 nova-scheduler[96655]: DEBUG cotyledon.oslo_config_glue [-] oslo_messaging_metrics.metrics_socket_file = /var/tmp/metrics_collector.sock {{(pid=96655) log_opt_values /opt/stack/data/venv/lib/python3.12/site-packages/oslo_config/cfg.py:3253}}
Jul 30 17:50:49.396520 np0000006161 nova-scheduler[96655]: DEBUG cotyledon.oslo_config_glue [-] oslo_messaging_metrics.metrics_thread_stop_timeout = 10 {{(pid=96655) log_opt_values /opt/stack/data/venv/lib/python3.12/site-packages/oslo_config/cfg.py:3253}}
Jul 30 17:50:49.396588 np0000006161 nova-scheduler[96655]: DEBUG cotyledon.oslo_config_glue [-] profiler.connection_string = messaging:// {{(pid=96655) log_opt_values /opt/stack/data/venv/lib/python3.12/site-packages/oslo_config/cfg.py:3253}}
Jul 30 17:50:49.396636 np0000006161 nova-scheduler[96655]: DEBUG cotyledon.oslo_config_glue [-] profiler.enabled = False {{(pid=96655) log_opt_values /opt/stack/data/venv/lib/python3.12/site-packages/oslo_config/cfg.py:3253}}
Jul 30 17:50:49.396682 np0000006161 nova-scheduler[96655]: DEBUG cotyledon.oslo_config_glue [-] profiler.es_doc_type = notification {{(pid=96655) log_opt_values /opt/stack/data/venv/lib/python3.12/site-packages/oslo_config/cfg.py:3253}}
Jul 30 17:50:49.396729 np0000006161 nova-scheduler[96655]: DEBUG cotyledon.oslo_config_glue [-] profiler.es_scroll_size = 10000 {{(pid=96655) log_opt_values /opt/stack/data/venv/lib/python3.12/site-packages/oslo_config/cfg.py:3253}}
Jul 30 17:50:49.396779 np0000006161 nova-scheduler[96655]: DEBUG cotyledon.oslo_config_glue [-] profiler.es_scroll_time = 2m {{(pid=96655) log_opt_values /opt/stack/data/venv/lib/python3.12/site-packages/oslo_config/cfg.py:3253}}
Jul 30 17:50:49.396838 np0000006161 nova-scheduler[96655]: DEBUG cotyledon.oslo_config_glue [-] profiler.filter_error_trace = False {{(pid=96655) log_opt_values /opt/stack/data/venv/lib/python3.12/site-packages/oslo_config/cfg.py:3253}}
Jul 30 17:50:49.396886 np0000006161 nova-scheduler[96655]: DEBUG cotyledon.oslo_config_glue [-] profiler.hmac_keys = **** {{(pid=96655) log_opt_values /opt/stack/data/venv/lib/python3.12/site-packages/oslo_config/cfg.py:3253}}
Jul 30 17:50:49.396932 np0000006161 nova-scheduler[96655]: DEBUG cotyledon.oslo_config_glue [-] profiler.sentinel_service_name = mymaster {{(pid=96655) log_opt_values /opt/stack/data/venv/lib/python3.12/site-packages/oslo_config/cfg.py:3253}}
Jul 30 17:50:49.396975 np0000006161 nova-scheduler[96655]: DEBUG cotyledon.oslo_config_glue [-] profiler.socket_timeout = 0.1 {{(pid=96655) log_opt_values /opt/stack/data/venv/lib/python3.12/site-packages/oslo_config/cfg.py:3253}}
Jul 30 17:50:49.397021 np0000006161 nova-scheduler[96655]: DEBUG cotyledon.oslo_config_glue [-] profiler.trace_requests = False {{(pid=96655) log_opt_values /opt/stack/data/venv/lib/python3.12/site-packages/oslo_config/cfg.py:3253}}
Jul 30 17:50:49.397074 np0000006161 nova-scheduler[96655]: DEBUG cotyledon.oslo_config_glue [-] profiler.trace_sqlalchemy = False {{(pid=96655) log_opt_values /opt/stack/data/venv/lib/python3.12/site-packages/oslo_config/cfg.py:3253}}
Jul 30 17:50:49.397134 np0000006161 nova-scheduler[96655]: DEBUG cotyledon.oslo_config_glue [-] profiler_jaeger.process_tags = {} {{(pid=96655) log_opt_values /opt/stack/data/venv/lib/python3.12/site-packages/oslo_config/cfg.py:3253}}
Jul 30 17:50:49.397182 np0000006161 nova-scheduler[96655]: DEBUG cotyledon.oslo_config_glue [-] profiler_jaeger.service_name_prefix = None {{(pid=96655) log_opt_values /opt/stack/data/venv/lib/python3.12/site-packages/oslo_config/cfg.py:3253}}
Jul 30 17:50:49.397240 np0000006161 nova-scheduler[96655]: DEBUG cotyledon.oslo_config_glue [-] profiler_otlp.service_name_prefix = None {{(pid=96655) log_opt_values /opt/stack/data/venv/lib/python3.12/site-packages/oslo_config/cfg.py:3253}}
Jul 30 17:50:49.397329 np0000006161 nova-scheduler[96655]: DEBUG cotyledon.oslo_config_glue [-] oslo_messaging_rabbit.amqp_auto_delete = False {{(pid=96655) log_opt_values /opt/stack/data/venv/lib/python3.12/site-packages/oslo_config/cfg.py:3253}}
Jul 30 17:50:49.397380 np0000006161 nova-scheduler[96655]: DEBUG cotyledon.oslo_config_glue [-] oslo_messaging_rabbit.amqp_durable_queues = False {{(pid=96655) log_opt_values /opt/stack/data/venv/lib/python3.12/site-packages/oslo_config/cfg.py:3253}}
Jul 30 17:50:49.397434 np0000006161 nova-scheduler[96655]: DEBUG cotyledon.oslo_config_glue [-] oslo_messaging_rabbit.conn_pool_min_size = 2 {{(pid=96655) log_opt_values /opt/stack/data/venv/lib/python3.12/site-packages/oslo_config/cfg.py:3253}}
Jul 30 17:50:49.397487 np0000006161 nova-scheduler[96655]: DEBUG cotyledon.oslo_config_glue [-] oslo_messaging_rabbit.conn_pool_ttl = 1200 {{(pid=96655) log_opt_values /opt/stack/data/venv/lib/python3.12/site-packages/oslo_config/cfg.py:3253}}
Jul 30 17:50:49.397533 np0000006161 nova-scheduler[96655]: DEBUG cotyledon.oslo_config_glue [-] oslo_messaging_rabbit.direct_mandatory_flag = True {{(pid=96655) log_opt_values /opt/stack/data/venv/lib/python3.12/site-packages/oslo_config/cfg.py:3253}}
Jul 30 17:50:49.397578 np0000006161 nova-scheduler[96655]: DEBUG cotyledon.oslo_config_glue [-] oslo_messaging_rabbit.enable_cancel_on_failover = False {{(pid=96655) log_opt_values /opt/stack/data/venv/lib/python3.12/site-packages/oslo_config/cfg.py:3253}}
Jul 30 17:50:49.397624 np0000006161 nova-scheduler[96655]: DEBUG cotyledon.oslo_config_glue [-] oslo_messaging_rabbit.heartbeat_rate = 3 {{(pid=96655) log_opt_values /opt/stack/data/venv/lib/python3.12/site-packages/oslo_config/cfg.py:3253}}
Jul 30 17:50:49.397669 np0000006161 nova-scheduler[96655]: DEBUG cotyledon.oslo_config_glue [-] oslo_messaging_rabbit.heartbeat_timeout_threshold = 60 {{(pid=96655) log_opt_values /opt/stack/data/venv/lib/python3.12/site-packages/oslo_config/cfg.py:3253}}
Jul 30 17:50:49.397726 np0000006161 nova-scheduler[96655]: DEBUG cotyledon.oslo_config_glue [-] oslo_messaging_rabbit.hostname = np0000006161 {{(pid=96655) log_opt_values /opt/stack/data/venv/lib/python3.12/site-packages/oslo_config/cfg.py:3253}}
Jul 30 17:50:49.397785 np0000006161 nova-scheduler[96655]: DEBUG cotyledon.oslo_config_glue [-] oslo_messaging_rabbit.kombu_compression = None {{(pid=96655) log_opt_values /opt/stack/data/venv/lib/python3.12/site-packages/oslo_config/cfg.py:3253}}
Jul 30 17:50:49.397844 np0000006161 nova-scheduler[96655]: DEBUG cotyledon.oslo_config_glue [-] oslo_messaging_rabbit.kombu_failover_strategy = round-robin {{(pid=96655) log_opt_values /opt/stack/data/venv/lib/python3.12/site-packages/oslo_config/cfg.py:3253}}
Jul 30 17:50:49.397892 np0000006161 nova-scheduler[96655]: DEBUG cotyledon.oslo_config_glue [-] oslo_messaging_rabbit.kombu_missing_consumer_retry_timeout = 60 {{(pid=96655) log_opt_values /opt/stack/data/venv/lib/python3.12/site-packages/oslo_config/cfg.py:3253}}
Jul 30 17:50:49.397947 np0000006161 nova-scheduler[96655]: DEBUG cotyledon.oslo_config_glue [-] oslo_messaging_rabbit.kombu_reconnect_delay = 1.0 {{(pid=96655) log_opt_values /opt/stack/data/venv/lib/python3.12/site-packages/oslo_config/cfg.py:3253}}
Jul 30 17:50:49.397994 np0000006161 nova-scheduler[96655]: DEBUG cotyledon.oslo_config_glue [-] oslo_messaging_rabbit.kombu_reconnect_splay = 0.0 {{(pid=96655) log_opt_values /opt/stack/data/venv/lib/python3.12/site-packages/oslo_config/cfg.py:3253}}
Jul 30 17:50:49.398049 np0000006161 nova-scheduler[96655]: DEBUG cotyledon.oslo_config_glue [-] oslo_messaging_rabbit.processname = nova-scheduler {{(pid=96655) log_opt_values /opt/stack/data/venv/lib/python3.12/site-packages/oslo_config/cfg.py:3253}}
Jul 30 17:50:49.398113 np0000006161 nova-scheduler[96655]: DEBUG cotyledon.oslo_config_glue [-] oslo_messaging_rabbit.rabbit_ha_queues = False {{(pid=96655) log_opt_values /opt/stack/data/venv/lib/python3.12/site-packages/oslo_config/cfg.py:3253}}
Jul 30 17:50:49.398163 np0000006161 nova-scheduler[96655]: DEBUG cotyledon.oslo_config_glue [-] oslo_messaging_rabbit.rabbit_interval_max = 30 {{(pid=96655) log_opt_values /opt/stack/data/venv/lib/python3.12/site-packages/oslo_config/cfg.py:3253}}
Jul 30 17:50:49.398207 np0000006161 nova-scheduler[96655]: DEBUG cotyledon.oslo_config_glue [-] oslo_messaging_rabbit.rabbit_login_method = AMQPLAIN {{(pid=96655) log_opt_values /opt/stack/data/venv/lib/python3.12/site-packages/oslo_config/cfg.py:3253}}
Jul 30 17:50:49.398253 np0000006161 nova-scheduler[96655]: DEBUG cotyledon.oslo_config_glue [-] oslo_messaging_rabbit.rabbit_qos_prefetch_count = 0 {{(pid=96655) log_opt_values /opt/stack/data/venv/lib/python3.12/site-packages/oslo_config/cfg.py:3253}}
Jul 30 17:50:49.398299 np0000006161 nova-scheduler[96655]: DEBUG cotyledon.oslo_config_glue [-] oslo_messaging_rabbit.rabbit_quorum_delivery_limit = 0 {{(pid=96655) log_opt_values /opt/stack/data/venv/lib/python3.12/site-packages/oslo_config/cfg.py:3253}}
Jul 30 17:50:49.398344 np0000006161 nova-scheduler[96655]: DEBUG cotyledon.oslo_config_glue [-] oslo_messaging_rabbit.rabbit_quorum_max_memory_bytes = 0 {{(pid=96655) log_opt_values /opt/stack/data/venv/lib/python3.12/site-packages/oslo_config/cfg.py:3253}}
Jul 30 17:50:49.398390 np0000006161 nova-scheduler[96655]: DEBUG cotyledon.oslo_config_glue [-] oslo_messaging_rabbit.rabbit_quorum_max_memory_length = 0 {{(pid=96655) log_opt_values /opt/stack/data/venv/lib/python3.12/site-packages/oslo_config/cfg.py:3253}}
Jul 30 17:50:49.398436 np0000006161 nova-scheduler[96655]: DEBUG cotyledon.oslo_config_glue [-] oslo_messaging_rabbit.rabbit_quorum_queue = False {{(pid=96655) log_opt_values /opt/stack/data/venv/lib/python3.12/site-packages/oslo_config/cfg.py:3253}}
Jul 30 17:50:49.398481 np0000006161 nova-scheduler[96655]: DEBUG cotyledon.oslo_config_glue [-] oslo_messaging_rabbit.rabbit_retry_backoff = 2 {{(pid=96655) log_opt_values /opt/stack/data/venv/lib/python3.12/site-packages/oslo_config/cfg.py:3253}}
Jul 30 17:50:49.398526 np0000006161 nova-scheduler[96655]: DEBUG cotyledon.oslo_config_glue [-] oslo_messaging_rabbit.rabbit_retry_interval = 1 {{(pid=96655) log_opt_values /opt/stack/data/venv/lib/python3.12/site-packages/oslo_config/cfg.py:3253}}
Jul 30 17:50:49.398573 np0000006161 nova-scheduler[96655]: DEBUG cotyledon.oslo_config_glue [-] oslo_messaging_rabbit.rabbit_stream_fanout = False {{(pid=96655) log_opt_values /opt/stack/data/venv/lib/python3.12/site-packages/oslo_config/cfg.py:3253}}
Jul 30 17:50:49.398617 np0000006161 nova-scheduler[96655]: DEBUG cotyledon.oslo_config_glue [-] oslo_messaging_rabbit.rabbit_transient_queues_ttl = 1800 {{(pid=96655) log_opt_values /opt/stack/data/venv/lib/python3.12/site-packages/oslo_config/cfg.py:3253}}
Jul 30 17:50:49.398663 np0000006161 nova-scheduler[96655]: DEBUG cotyledon.oslo_config_glue [-] oslo_messaging_rabbit.rabbit_transient_quorum_queue = False {{(pid=96655) log_opt_values /opt/stack/data/venv/lib/python3.12/site-packages/oslo_config/cfg.py:3253}}
Jul 30 17:50:49.398717 np0000006161 nova-scheduler[96655]: DEBUG cotyledon.oslo_config_glue [-] oslo_messaging_rabbit.rpc_conn_pool_size = 30 {{(pid=96655) log_opt_values /opt/stack/data/venv/lib/python3.12/site-packages/oslo_config/cfg.py:3253}}
Jul 30 17:50:49.398769 np0000006161 nova-scheduler[96655]: DEBUG cotyledon.oslo_config_glue [-] oslo_messaging_rabbit.ssl = False {{(pid=96655) log_opt_values /opt/stack/data/venv/lib/python3.12/site-packages/oslo_config/cfg.py:3253}}
Jul 30 17:50:49.398830 np0000006161 nova-scheduler[96655]: DEBUG cotyledon.oslo_config_glue [-] oslo_messaging_rabbit.ssl_ca_file = {{(pid=96655) log_opt_values /opt/stack/data/venv/lib/python3.12/site-packages/oslo_config/cfg.py:3253}}
Jul 30 17:50:49.398871 np0000006161 nova-scheduler[96655]: DEBUG cotyledon.oslo_config_glue [-] oslo_messaging_rabbit.ssl_cert_file = {{(pid=96655) log_opt_values /opt/stack/data/venv/lib/python3.12/site-packages/oslo_config/cfg.py:3253}}
Jul 30 17:50:49.398919 np0000006161 nova-scheduler[96655]: DEBUG cotyledon.oslo_config_glue [-] oslo_messaging_rabbit.ssl_enforce_fips_mode = False {{(pid=96655) log_opt_values /opt/stack/data/venv/lib/python3.12/site-packages/oslo_config/cfg.py:3253}}
Jul 30 17:50:49.398968 np0000006161 nova-scheduler[96655]: DEBUG cotyledon.oslo_config_glue [-] oslo_messaging_rabbit.ssl_enforce_hostname_verification = True {{(pid=96655) log_opt_values /opt/stack/data/venv/lib/python3.12/site-packages/oslo_config/cfg.py:3253}}
Jul 30 17:50:49.399014 np0000006161 nova-scheduler[96655]: DEBUG cotyledon.oslo_config_glue [-] oslo_messaging_rabbit.ssl_key_file = {{(pid=96655) log_opt_values /opt/stack/data/venv/lib/python3.12/site-packages/oslo_config/cfg.py:3253}}
Jul 30 17:50:49.399056 np0000006161 nova-scheduler[96655]: DEBUG cotyledon.oslo_config_glue [-] oslo_messaging_rabbit.ssl_version = {{(pid=96655) log_opt_values /opt/stack/data/venv/lib/python3.12/site-packages/oslo_config/cfg.py:3253}}
Jul 30 17:50:49.399130 np0000006161 nova-scheduler[96655]: DEBUG cotyledon.oslo_config_glue [-] oslo_messaging_rabbit.use_queue_manager = False {{(pid=96655) log_opt_values /opt/stack/data/venv/lib/python3.12/site-packages/oslo_config/cfg.py:3253}}
Jul 30 17:50:49.399204 np0000006161 nova-scheduler[96655]: DEBUG cotyledon.oslo_config_glue [-] oslo_messaging_notifications.driver = ['messagingv2'] {{(pid=96655) log_opt_values /opt/stack/data/venv/lib/python3.12/site-packages/oslo_config/cfg.py:3253}}
Jul 30 17:50:49.399555 np0000006161 nova-scheduler[96655]: DEBUG cotyledon.oslo_config_glue [-] oslo_messaging_notifications.retry = -1 {{(pid=96655) log_opt_values /opt/stack/data/venv/lib/python3.12/site-packages/oslo_config/cfg.py:3253}}
Jul 30 17:50:49.399636 np0000006161 nova-scheduler[96655]: DEBUG cotyledon.oslo_config_glue [-] oslo_messaging_notifications.topics = ['notifications'] {{(pid=96655) log_opt_values /opt/stack/data/venv/lib/python3.12/site-packages/oslo_config/cfg.py:3253}}
Jul 30 17:50:49.399704 np0000006161 nova-scheduler[96655]: DEBUG cotyledon.oslo_config_glue [-] oslo_messaging_notifications.transport_url = **** {{(pid=96655) log_opt_values /opt/stack/data/venv/lib/python3.12/site-packages/oslo_config/cfg.py:3253}}
Jul 30 17:50:49.399783 np0000006161 nova-scheduler[96655]: DEBUG cotyledon.oslo_config_glue [-] oslo_limit.auth_section = None {{(pid=96655) log_opt_values /opt/stack/data/venv/lib/python3.12/site-packages/oslo_config/cfg.py:3253}}
Jul 30 17:50:49.399885 np0000006161 nova-scheduler[96655]: DEBUG cotyledon.oslo_config_glue [-] oslo_limit.auth_type = None {{(pid=96655) log_opt_values /opt/stack/data/venv/lib/python3.12/site-packages/oslo_config/cfg.py:3253}}
Jul 30 17:50:49.399918 np0000006161 nova-scheduler[96655]: DEBUG cotyledon.oslo_config_glue [-] oslo_limit.cafile = None {{(pid=96655) log_opt_values /opt/stack/data/venv/lib/python3.12/site-packages/oslo_config/cfg.py:3253}}
Jul 30 17:50:49.399941 np0000006161 nova-scheduler[96655]: DEBUG cotyledon.oslo_config_glue [-] oslo_limit.certfile = None {{(pid=96655) log_opt_values /opt/stack/data/venv/lib/python3.12/site-packages/oslo_config/cfg.py:3253}}
Jul 30 17:50:49.399993 np0000006161 nova-scheduler[96655]: DEBUG cotyledon.oslo_config_glue [-] oslo_limit.collect_timing = False {{(pid=96655) log_opt_values /opt/stack/data/venv/lib/python3.12/site-packages/oslo_config/cfg.py:3253}}
Jul 30 17:50:49.400038 np0000006161 nova-scheduler[96655]: DEBUG cotyledon.oslo_config_glue [-] oslo_limit.connect_retries = None {{(pid=96655) log_opt_values /opt/stack/data/venv/lib/python3.12/site-packages/oslo_config/cfg.py:3253}}
Jul 30 17:50:49.400103 np0000006161 nova-scheduler[96655]: DEBUG cotyledon.oslo_config_glue [-] oslo_limit.connect_retry_delay = None {{(pid=96655) log_opt_values /opt/stack/data/venv/lib/python3.12/site-packages/oslo_config/cfg.py:3253}}
Jul 30 17:50:49.400151 np0000006161 nova-scheduler[96655]: DEBUG cotyledon.oslo_config_glue [-] oslo_limit.endpoint_id = None {{(pid=96655) log_opt_values /opt/stack/data/venv/lib/python3.12/site-packages/oslo_config/cfg.py:3253}}
Jul 30 17:50:49.400205 np0000006161 nova-scheduler[96655]: DEBUG cotyledon.oslo_config_glue [-] oslo_limit.endpoint_interface = public {{(pid=96655) log_opt_values /opt/stack/data/venv/lib/python3.12/site-packages/oslo_config/cfg.py:3253}}
Jul 30 17:50:49.400251 np0000006161 nova-scheduler[96655]: DEBUG cotyledon.oslo_config_glue [-] oslo_limit.endpoint_override = None {{(pid=96655) log_opt_values /opt/stack/data/venv/lib/python3.12/site-packages/oslo_config/cfg.py:3253}}
Jul 30 17:50:49.400297 np0000006161 nova-scheduler[96655]: DEBUG cotyledon.oslo_config_glue [-] oslo_limit.endpoint_region_name = None {{(pid=96655) log_opt_values /opt/stack/data/venv/lib/python3.12/site-packages/oslo_config/cfg.py:3253}}
Jul 30 17:50:49.400352 np0000006161 nova-scheduler[96655]: DEBUG cotyledon.oslo_config_glue [-] oslo_limit.endpoint_service_name = None {{(pid=96655) log_opt_values /opt/stack/data/venv/lib/python3.12/site-packages/oslo_config/cfg.py:3253}}
Jul 30 17:50:49.400398 np0000006161 nova-scheduler[96655]: DEBUG cotyledon.oslo_config_glue [-] oslo_limit.endpoint_service_type = None {{(pid=96655) log_opt_values /opt/stack/data/venv/lib/python3.12/site-packages/oslo_config/cfg.py:3253}}
Jul 30 17:50:49.400443 np0000006161 nova-scheduler[96655]: DEBUG cotyledon.oslo_config_glue [-] oslo_limit.insecure = False {{(pid=96655) log_opt_values /opt/stack/data/venv/lib/python3.12/site-packages/oslo_config/cfg.py:3253}}
Jul 30 17:50:49.400489 np0000006161 nova-scheduler[96655]: DEBUG cotyledon.oslo_config_glue [-] oslo_limit.keyfile = None {{(pid=96655) log_opt_values /opt/stack/data/venv/lib/python3.12/site-packages/oslo_config/cfg.py:3253}}
Jul 30 17:50:49.400536 np0000006161 nova-scheduler[96655]: DEBUG cotyledon.oslo_config_glue [-] oslo_limit.max_version = None {{(pid=96655) log_opt_values /opt/stack/data/venv/lib/python3.12/site-packages/oslo_config/cfg.py:3253}}
Jul 30 17:50:49.400581 np0000006161 nova-scheduler[96655]: DEBUG cotyledon.oslo_config_glue [-] oslo_limit.min_version = None {{(pid=96655) log_opt_values /opt/stack/data/venv/lib/python3.12/site-packages/oslo_config/cfg.py:3253}}
Jul 30 17:50:49.400635 np0000006161 nova-scheduler[96655]: DEBUG cotyledon.oslo_config_glue [-] oslo_limit.region_name = None {{(pid=96655) log_opt_values /opt/stack/data/venv/lib/python3.12/site-packages/oslo_config/cfg.py:3253}}
Jul 30 17:50:49.400681 np0000006161 nova-scheduler[96655]: DEBUG cotyledon.oslo_config_glue [-] oslo_limit.retriable_status_codes = None {{(pid=96655) log_opt_values /opt/stack/data/venv/lib/python3.12/site-packages/oslo_config/cfg.py:3253}}
Jul 30 17:50:49.400734 np0000006161 nova-scheduler[96655]: DEBUG cotyledon.oslo_config_glue [-] oslo_limit.service_name = None {{(pid=96655) log_opt_values /opt/stack/data/venv/lib/python3.12/site-packages/oslo_config/cfg.py:3253}}
Jul 30 17:50:49.400792 np0000006161 nova-scheduler[96655]: DEBUG cotyledon.oslo_config_glue [-] oslo_limit.service_type = None {{(pid=96655) log_opt_values /opt/stack/data/venv/lib/python3.12/site-packages/oslo_config/cfg.py:3253}}
Jul 30 17:50:49.400851 np0000006161 nova-scheduler[96655]: DEBUG cotyledon.oslo_config_glue [-] oslo_limit.split_loggers = False {{(pid=96655) log_opt_values /opt/stack/data/venv/lib/python3.12/site-packages/oslo_config/cfg.py:3253}}
Jul 30 17:50:49.400899 np0000006161 nova-scheduler[96655]: DEBUG cotyledon.oslo_config_glue [-] oslo_limit.status_code_retries = None {{(pid=96655) log_opt_values /opt/stack/data/venv/lib/python3.12/site-packages/oslo_config/cfg.py:3253}}
Jul 30 17:50:49.400946 np0000006161 nova-scheduler[96655]: DEBUG cotyledon.oslo_config_glue [-] oslo_limit.status_code_retry_delay = None {{(pid=96655) log_opt_values /opt/stack/data/venv/lib/python3.12/site-packages/oslo_config/cfg.py:3253}}
Jul 30 17:50:49.400992 np0000006161 nova-scheduler[96655]: DEBUG cotyledon.oslo_config_glue [-] oslo_limit.timeout = None {{(pid=96655) log_opt_values /opt/stack/data/venv/lib/python3.12/site-packages/oslo_config/cfg.py:3253}}
Jul 30 17:50:49.401038 np0000006161 nova-scheduler[96655]: DEBUG cotyledon.oslo_config_glue [-] oslo_limit.valid_interfaces = None {{(pid=96655) log_opt_values /opt/stack/data/venv/lib/python3.12/site-packages/oslo_config/cfg.py:3253}}
Jul 30 17:50:49.401121 np0000006161 nova-scheduler[96655]: DEBUG cotyledon.oslo_config_glue [-] oslo_limit.version = None {{(pid=96655) log_opt_values /opt/stack/data/venv/lib/python3.12/site-packages/oslo_config/cfg.py:3253}}
Jul 30 17:50:49.401191 np0000006161 nova-scheduler[96655]: DEBUG cotyledon.oslo_config_glue [-] oslo_reports.file_event_handler = None {{(pid=96655) log_opt_values /opt/stack/data/venv/lib/python3.12/site-packages/oslo_config/cfg.py:3253}}
Jul 30 17:50:49.401239 np0000006161 nova-scheduler[96655]: DEBUG cotyledon.oslo_config_glue [-] oslo_reports.file_event_handler_interval = 1 {{(pid=96655) log_opt_values /opt/stack/data/venv/lib/python3.12/site-packages/oslo_config/cfg.py:3253}}
Jul 30 17:50:49.401298 np0000006161 nova-scheduler[96655]: DEBUG cotyledon.oslo_config_glue [-] oslo_reports.log_dir = None {{(pid=96655) log_opt_values /opt/stack/data/venv/lib/python3.12/site-packages/oslo_config/cfg.py:3253}}
Jul 30 17:50:49.401345 np0000006161 nova-scheduler[96655]: DEBUG cotyledon.oslo_config_glue [-] ******************************************************************************** {{(pid=96655) log_opt_values /opt/stack/data/venv/lib/python3.12/site-packages/oslo_config/cfg.py:3260}}
Jul 30 17:50:49.401511 np0000006161 nova-scheduler[96655]: DEBUG cotyledon._service_worker [-] Run service ServiceWrapper(3) [96655] {{(pid=96655) wait_forever /opt/stack/data/venv/lib/python3.12/site-packages/cotyledon/_service_worker.py:218}}
Jul 30 17:50:49.402592 np0000006161 nova-scheduler[96655]: INFO nova.service [-] Starting scheduler node (version 33.1.0)
Jul 30 17:50:49.402641 np0000006161 nova-scheduler[96647]: DEBUG oslo_db.sqlalchemy.engines [None req-1efc9ce2-27b2-4252-8d47-7c7d37b4fa55 None None] MySQL server mode set to STRICT_TRANS_TABLES,STRICT_ALL_TABLES,NO_ZERO_IN_DATE,NO_ZERO_DATE,ERROR_FOR_DIVISION_BY_ZERO,TRADITIONAL,NO_ENGINE_SUBSTITUTION {{(pid=96647) _check_effective_sql_mode /opt/stack/data/venv/lib/python3.12/site-packages/oslo_db/sqlalchemy/engines.py:325}}
Jul 30 17:50:49.405847 np0000006161 nova-scheduler[96649]: DEBUG oslo_db.sqlalchemy.engines [None req-ca906b87-8b4e-453c-a474-dcbf23ea3e92 None None] MySQL server mode set to STRICT_TRANS_TABLES,STRICT_ALL_TABLES,NO_ZERO_IN_DATE,NO_ZERO_DATE,ERROR_FOR_DIVISION_BY_ZERO,TRADITIONAL,NO_ENGINE_SUBSTITUTION {{(pid=96649) _check_effective_sql_mode /opt/stack/data/venv/lib/python3.12/site-packages/oslo_db/sqlalchemy/engines.py:325}}
Jul 30 17:50:49.406713 np0000006161 nova-scheduler[96655]: INFO dbcounter [None req-f7c31548-d549-44be-a46c-0b4b3cd8edf0 None None] Registered counter for database nova_cell0
Jul 30 17:50:49.412994 np0000006161 nova-scheduler[96647]: DEBUG dbcounter [-] [96647] Writer thread running {{(pid=96647) stat_writer /opt/stack/data/venv/lib/python3.12/site-packages/dbcounter.py:102}}
Jul 30 17:50:49.416364 np0000006161 nova-scheduler[96651]: DEBUG oslo_db.sqlalchemy.engines [None req-419115e3-9217-4e2f-aaff-177918771634 None None] MySQL server mode set to STRICT_TRANS_TABLES,STRICT_ALL_TABLES,NO_ZERO_IN_DATE,NO_ZERO_DATE,ERROR_FOR_DIVISION_BY_ZERO,TRADITIONAL,NO_ENGINE_SUBSTITUTION {{(pid=96651) _check_effective_sql_mode /opt/stack/data/venv/lib/python3.12/site-packages/oslo_db/sqlalchemy/engines.py:325}}
Jul 30 17:50:49.417918 np0000006161 nova-scheduler[96649]: DEBUG dbcounter [-] [96649] Writer thread running {{(pid=96649) stat_writer /opt/stack/data/venv/lib/python3.12/site-packages/dbcounter.py:102}}
Jul 30 17:50:49.430444 np0000006161 nova-scheduler[96651]: DEBUG dbcounter [-] [96651] Writer thread running {{(pid=96651) stat_writer /opt/stack/data/venv/lib/python3.12/site-packages/dbcounter.py:102}}
Jul 30 17:50:49.434824 np0000006161 nova-scheduler[96647]: DEBUG nova.service [None req-1efc9ce2-27b2-4252-8d47-7c7d37b4fa55 None None] Creating RPC server for service: nova-scheduler on topic: scheduler {{(pid=96647) start /opt/stack/nova/nova/service.py:196}}
Jul 30 17:50:49.443108 np0000006161 nova-scheduler[96649]: DEBUG nova.service [None req-ca906b87-8b4e-453c-a474-dcbf23ea3e92 None None] Creating RPC server for service: nova-scheduler on topic: scheduler {{(pid=96649) start /opt/stack/nova/nova/service.py:196}}
Jul 30 17:50:49.447703 np0000006161 nova-scheduler[96655]: DEBUG oslo_db.sqlalchemy.engines [None req-f7c31548-d549-44be-a46c-0b4b3cd8edf0 None None] MySQL server mode set to STRICT_TRANS_TABLES,STRICT_ALL_TABLES,NO_ZERO_IN_DATE,NO_ZERO_DATE,ERROR_FOR_DIVISION_BY_ZERO,TRADITIONAL,NO_ENGINE_SUBSTITUTION {{(pid=96655) _check_effective_sql_mode /opt/stack/data/venv/lib/python3.12/site-packages/oslo_db/sqlalchemy/engines.py:325}}
Jul 30 17:50:49.448076 np0000006161 nova-scheduler[96651]: DEBUG nova.service [None req-419115e3-9217-4e2f-aaff-177918771634 None None] Creating RPC server for service: nova-scheduler on topic: scheduler {{(pid=96651) start /opt/stack/nova/nova/service.py:196}}
Jul 30 17:50:49.458121 np0000006161 nova-scheduler[96655]: DEBUG dbcounter [-] [96655] Writer thread running {{(pid=96655) stat_writer /opt/stack/data/venv/lib/python3.12/site-packages/dbcounter.py:102}}
Jul 30 17:50:49.461417 np0000006161 nova-scheduler[96655]: DEBUG nova.service [None req-f7c31548-d549-44be-a46c-0b4b3cd8edf0 None None] Creating RPC server for service: nova-scheduler on topic: scheduler {{(pid=96655) start /opt/stack/nova/nova/service.py:196}}
Jul 30 17:50:49.470905 np0000006161 nova-scheduler[96649]: DEBUG nova.service [None req-ca906b87-8b4e-453c-a474-dcbf23ea3e92 None None] Join ServiceGroup membership for this service scheduler {{(pid=96649) start /opt/stack/nova/nova/service.py:222}}
Jul 30 17:50:49.471351 np0000006161 nova-scheduler[96649]: DEBUG nova.servicegroup.drivers.db [None req-ca906b87-8b4e-453c-a474-dcbf23ea3e92 None None] DB_Driver: join new ServiceGroup member np0000006161 to the scheduler group, service = {{(pid=96649) join /opt/stack/nova/nova/servicegroup/drivers/db.py:44}}
Jul 30 17:50:49.474980 np0000006161 nova-scheduler[96647]: DEBUG nova.service [None req-1efc9ce2-27b2-4252-8d47-7c7d37b4fa55 None None] Join ServiceGroup membership for this service scheduler {{(pid=96647) start /opt/stack/nova/nova/service.py:222}}
Jul 30 17:50:49.475360 np0000006161 nova-scheduler[96647]: DEBUG nova.servicegroup.drivers.db [None req-1efc9ce2-27b2-4252-8d47-7c7d37b4fa55 None None] DB_Driver: join new ServiceGroup member np0000006161 to the scheduler group, service = {{(pid=96647) join /opt/stack/nova/nova/servicegroup/drivers/db.py:44}}
Jul 30 17:50:49.476228 np0000006161 nova-scheduler[96651]: DEBUG nova.service [None req-419115e3-9217-4e2f-aaff-177918771634 None None] Join ServiceGroup membership for this service scheduler {{(pid=96651) start /opt/stack/nova/nova/service.py:222}}
Jul 30 17:50:49.476391 np0000006161 nova-scheduler[96651]: DEBUG nova.servicegroup.drivers.db [None req-419115e3-9217-4e2f-aaff-177918771634 None None] DB_Driver: join new ServiceGroup member np0000006161 to the scheduler group, service = {{(pid=96651) join /opt/stack/nova/nova/servicegroup/drivers/db.py:44}}
Jul 30 17:50:49.480252 np0000006161 nova-scheduler[96655]: DEBUG nova.service [None req-f7c31548-d549-44be-a46c-0b4b3cd8edf0 None None] Join ServiceGroup membership for this service scheduler {{(pid=96655) start /opt/stack/nova/nova/service.py:222}}
Jul 30 17:50:49.480425 np0000006161 nova-scheduler[96655]: DEBUG nova.servicegroup.drivers.db [None req-f7c31548-d549-44be-a46c-0b4b3cd8edf0 None None] DB_Driver: join new ServiceGroup member np0000006161 to the scheduler group, service = {{(pid=96655) join /opt/stack/nova/nova/servicegroup/drivers/db.py:44}}
Jul 30 17:50:54.490549 np0000006161 nova-scheduler[96649]: DEBUG oslo.service.backend._threading.loopingcall [-] Fixed interval looping call 'nova.servicegroup.drivers.db.DbDriver._report_state' sleeping for 119.98 seconds {{(pid=96649) _run_loop /opt/stack/data/venv/lib/python3.12/site-packages/oslo_service/backend/_threading/loopingcall.py:125}}
Jul 30 17:50:54.491614 np0000006161 nova-scheduler[96651]: DEBUG oslo.service.backend._threading.loopingcall [-] Fixed interval looping call 'nova.servicegroup.drivers.db.DbDriver._report_state' sleeping for 119.99 seconds {{(pid=96651) _run_loop /opt/stack/data/venv/lib/python3.12/site-packages/oslo_service/backend/_threading/loopingcall.py:125}}
Jul 30 17:50:54.492535 np0000006161 nova-scheduler[96647]: DEBUG oslo.service.backend._threading.loopingcall [-] Fixed interval looping call 'nova.servicegroup.drivers.db.DbDriver._report_state' sleeping for 119.99 seconds {{(pid=96647) _run_loop /opt/stack/data/venv/lib/python3.12/site-packages/oslo_service/backend/_threading/loopingcall.py:125}}
Jul 30 17:50:54.492992 np0000006161 nova-scheduler[96655]: DEBUG oslo.service.backend._threading.loopingcall [-] Fixed interval looping call 'nova.servicegroup.drivers.db.DbDriver._report_state' sleeping for 119.99 seconds {{(pid=96655) _run_loop /opt/stack/data/venv/lib/python3.12/site-packages/oslo_service/backend/_threading/loopingcall.py:125}}
Jul 30 17:50:55.477783 np0000006161 nova-scheduler[96647]: DEBUG oslo.service.backend._threading.loopingcall [None req-6db7f4a3-60a3-4465-87ee-0741e8244fc9 None None] Dynamic interval looping call 'nova.service.Service.periodic_tasks' sleeping for 60.00 seconds {{(pid=96647) _run_loop /opt/stack/data/venv/lib/python3.12/site-packages/oslo_service/backend/_threading/loopingcall.py:125}}
Jul 30 17:50:58.033907 np0000006161 nova-scheduler[95413]: DEBUG dbcounter [-] [95413] Writing DB stats nova_api:SELECT=3 {{(pid=95413) stat_writer /opt/stack/data/venv/lib/python3.12/site-packages/dbcounter.py:115}}
Jul 30 17:50:58.160715 np0000006161 nova-scheduler[95413]: DEBUG dbcounter [-] [95413] Writing DB stats nova_cell0:SELECT=1 {{(pid=95413) stat_writer /opt/stack/data/venv/lib/python3.12/site-packages/dbcounter.py:115}}
Jul 30 17:50:58.165617 np0000006161 nova-scheduler[95413]: DEBUG dbcounter [-] [95413] Writing DB stats nova_cell1:SELECT=1 {{(pid=95413) stat_writer /opt/stack/data/venv/lib/python3.12/site-packages/dbcounter.py:115}}
Jul 30 17:51:04.484099 np0000006161 nova-scheduler[96649]: DEBUG dbcounter [-] [96649] Writing DB stats nova_cell0:SELECT=5,nova_cell0:INSERT=1,nova_cell0:UPDATE=1 {{(pid=96649) stat_writer /opt/stack/data/venv/lib/python3.12/site-packages/dbcounter.py:115}}
Jul 30 17:51:04.485092 np0000006161 nova-scheduler[96651]: DEBUG dbcounter [-] [96651] Writing DB stats nova_cell0:SELECT=4,nova_cell0:INSERT=1,nova_cell0:UPDATE=1 {{(pid=96651) stat_writer /opt/stack/data/venv/lib/python3.12/site-packages/dbcounter.py:115}}
Jul 30 17:51:04.489192 np0000006161 nova-scheduler[96647]: DEBUG dbcounter [-] [96647] Writing DB stats nova_cell0:SELECT=4,nova_cell0:INSERT=1 {{(pid=96647) stat_writer /opt/stack/data/venv/lib/python3.12/site-packages/dbcounter.py:115}}
Jul 30 17:51:04.489486 np0000006161 nova-scheduler[96655]: DEBUG dbcounter [-] [96655] Writing DB stats nova_cell0:SELECT=3 {{(pid=96655) stat_writer /opt/stack/data/venv/lib/python3.12/site-packages/dbcounter.py:115}}
Jul 30 17:51:27.478593 np0000006161 nova-scheduler[96651]: DEBUG oslo.service.backend._threading.loopingcall [None req-49ca89a2-7020-4f34-a343-772fb5cb4c9e None None] Dynamic interval looping call 'nova.service.Service.periodic_tasks' sleeping for 60.00 seconds {{(pid=96651) _run_loop /opt/stack/data/venv/lib/python3.12/site-packages/oslo_service/backend/_threading/loopingcall.py:125}}
Jul 30 17:51:39.473459 np0000006161 nova-scheduler[96649]: DEBUG oslo.service.backend._threading.loopingcall [None req-4fc6e0d2-2d91-4671-8cbb-342f28f65a9e None None] Dynamic interval looping call 'nova.service.Service.periodic_tasks' sleeping for 60.00 seconds {{(pid=96649) _run_loop /opt/stack/data/venv/lib/python3.12/site-packages/oslo_service/backend/_threading/loopingcall.py:125}}
Jul 30 17:51:39.482197 np0000006161 nova-scheduler[96655]: DEBUG oslo.service.backend._threading.loopingcall [None req-15fc24b8-3835-4db7-98ab-dabe18b204f1 None None] Dynamic interval looping call 'nova.service.Service.periodic_tasks' sleeping for 60.00 seconds {{(pid=96655) _run_loop /opt/stack/data/venv/lib/python3.12/site-packages/oslo_service/backend/_threading/loopingcall.py:125}}
Jul 30 17:51:55.478344 np0000006161 nova-scheduler[96647]: DEBUG oslo.service.backend._threading.loopingcall [None req-6db7f4a3-60a3-4465-87ee-0741e8244fc9 None None] Dynamic interval looping call 'nova.service.Service.periodic_tasks' sleeping for 60.00 seconds {{(pid=96647) _run_loop /opt/stack/data/venv/lib/python3.12/site-packages/oslo_service/backend/_threading/loopingcall.py:125}}
Jul 30 17:52:27.479057 np0000006161 nova-scheduler[96651]: DEBUG oslo.service.backend._threading.loopingcall [None req-49ca89a2-7020-4f34-a343-772fb5cb4c9e None None] Dynamic interval looping call 'nova.service.Service.periodic_tasks' sleeping for 60.00 seconds {{(pid=96651) _run_loop /opt/stack/data/venv/lib/python3.12/site-packages/oslo_service/backend/_threading/loopingcall.py:125}}
Jul 30 17:52:39.473866 np0000006161 nova-scheduler[96649]: DEBUG oslo.service.backend._threading.loopingcall [None req-4fc6e0d2-2d91-4671-8cbb-342f28f65a9e None None] Dynamic interval looping call 'nova.service.Service.periodic_tasks' sleeping for 60.00 seconds {{(pid=96649) _run_loop /opt/stack/data/venv/lib/python3.12/site-packages/oslo_service/backend/_threading/loopingcall.py:125}}
Jul 30 17:52:39.482719 np0000006161 nova-scheduler[96655]: DEBUG oslo.service.backend._threading.loopingcall [None req-15fc24b8-3835-4db7-98ab-dabe18b204f1 None None] Dynamic interval looping call 'nova.service.Service.periodic_tasks' sleeping for 60.00 seconds {{(pid=96655) _run_loop /opt/stack/data/venv/lib/python3.12/site-packages/oslo_service/backend/_threading/loopingcall.py:125}}
Jul 30 17:52:54.480763 np0000006161 nova-scheduler[96649]: DEBUG oslo.service.backend._threading.loopingcall [-] Fixed interval looping call 'nova.servicegroup.drivers.db.DbDriver._report_state' sleeping for 119.99 seconds {{(pid=96649) _run_loop /opt/stack/data/venv/lib/python3.12/site-packages/oslo_service/backend/_threading/loopingcall.py:125}}
Jul 30 17:52:54.485307 np0000006161 nova-scheduler[96651]: DEBUG oslo.service.backend._threading.loopingcall [-] Fixed interval looping call 'nova.servicegroup.drivers.db.DbDriver._report_state' sleeping for 120.00 seconds {{(pid=96651) _run_loop /opt/stack/data/venv/lib/python3.12/site-packages/oslo_service/backend/_threading/loopingcall.py:125}}
Jul 30 17:52:54.486081 np0000006161 nova-scheduler[96647]: DEBUG oslo.service.backend._threading.loopingcall [-] Fixed interval looping call 'nova.servicegroup.drivers.db.DbDriver._report_state' sleeping for 120.00 seconds {{(pid=96647) _run_loop /opt/stack/data/venv/lib/python3.12/site-packages/oslo_service/backend/_threading/loopingcall.py:125}}
Jul 30 17:52:54.486872 np0000006161 nova-scheduler[96655]: DEBUG oslo.service.backend._threading.loopingcall [-] Fixed interval looping call 'nova.servicegroup.drivers.db.DbDriver._report_state' sleeping for 120.00 seconds {{(pid=96655) _run_loop /opt/stack/data/venv/lib/python3.12/site-packages/oslo_service/backend/_threading/loopingcall.py:125}}
Jul 30 17:52:55.478879 np0000006161 nova-scheduler[96647]: DEBUG oslo.service.backend._threading.loopingcall [None req-6db7f4a3-60a3-4465-87ee-0741e8244fc9 None None] Dynamic interval looping call 'nova.service.Service.periodic_tasks' sleeping for 60.00 seconds {{(pid=96647) _run_loop /opt/stack/data/venv/lib/python3.12/site-packages/oslo_service/backend/_threading/loopingcall.py:125}}
Jul 30 17:52:59.723152 np0000006161 nova-scheduler[96649]: DEBUG nova.scheduler.manager [None req-fefb1a60-bb42-496a-847e-854da3d00119 tempest-DeleteServersTestJSON-1372728803 tempest-DeleteServersTestJSON-1372728803-project-member] Starting to schedule for instances: ['c6ee8276-5671-4397-af9f-646c4191afd6'] {{(pid=96649) select_destinations /opt/stack/nova/nova/scheduler/manager.py:209}}
Jul 30 17:52:59.723997 np0000006161 nova-scheduler[96649]: DEBUG nova.scheduler.request_filter [None req-fefb1a60-bb42-496a-847e-854da3d00119 tempest-DeleteServersTestJSON-1372728803 tempest-DeleteServersTestJSON-1372728803-project-member] compute_status_filter request filter added forbidden trait COMPUTE_STATUS_DISABLED {{(pid=96649) compute_status_filter /opt/stack/nova/nova/scheduler/request_filter.py:253}}
Jul 30 17:52:59.724535 np0000006161 nova-scheduler[96649]: DEBUG nova.scheduler.request_filter [None req-fefb1a60-bb42-496a-847e-854da3d00119 tempest-DeleteServersTestJSON-1372728803 tempest-DeleteServersTestJSON-1372728803-project-member] Request filter 'compute_status_filter' took 0.0 seconds {{(pid=96649) wrapper /opt/stack/nova/nova/scheduler/request_filter.py:46}}
Jul 30 17:52:59.724535 np0000006161 nova-scheduler[96649]: DEBUG nova.scheduler.request_filter [None req-fefb1a60-bb42-496a-847e-854da3d00119 tempest-DeleteServersTestJSON-1372728803 tempest-DeleteServersTestJSON-1372728803-project-member] Request filter 'accelerators_filter' took 0.0 seconds {{(pid=96649) wrapper /opt/stack/nova/nova/scheduler/request_filter.py:46}}
Jul 30 17:52:59.724726 np0000006161 nova-scheduler[96649]: DEBUG nova.scheduler.request_filter [None req-fefb1a60-bb42-496a-847e-854da3d00119 tempest-DeleteServersTestJSON-1372728803 tempest-DeleteServersTestJSON-1372728803-project-member] Request filter 'packed_virtqueue_filter' took 0.0 seconds {{(pid=96649) wrapper /opt/stack/nova/nova/scheduler/request_filter.py:46}}
Jul 30 17:52:59.725031 np0000006161 nova-scheduler[96649]: DEBUG nova.scheduler.request_filter [None req-fefb1a60-bb42-496a-847e-854da3d00119 tempest-DeleteServersTestJSON-1372728803 tempest-DeleteServersTestJSON-1372728803-project-member] Request filter 'remote_managed_ports_filter' took 0.0 seconds {{(pid=96649) wrapper /opt/stack/nova/nova/scheduler/request_filter.py:46}}
Jul 30 17:52:59.725186 np0000006161 nova-scheduler[96649]: DEBUG nova.scheduler.request_filter [None req-fefb1a60-bb42-496a-847e-854da3d00119 tempest-DeleteServersTestJSON-1372728803 tempest-DeleteServersTestJSON-1372728803-project-member] ephemeral_encryption_filter skipped {{(pid=96649) ephemeral_encryption_filter /opt/stack/nova/nova/scheduler/request_filter.py:426}}
Jul 30 17:52:59.725920 np0000006161 nova-scheduler[96649]: DEBUG nova.scheduler.request_filter [None req-fefb1a60-bb42-496a-847e-854da3d00119 tempest-DeleteServersTestJSON-1372728803 tempest-DeleteServersTestJSON-1372728803-project-member] virtio_sound_filter skipped {{(pid=96649) virtio_sound_filter /opt/stack/nova/nova/scheduler/request_filter.py:460}}
Jul 30 17:52:59.725920 np0000006161 nova-scheduler[96649]: DEBUG nova.scheduler.request_filter [None req-fefb1a60-bb42-496a-847e-854da3d00119 tempest-DeleteServersTestJSON-1372728803 tempest-DeleteServersTestJSON-1372728803-project-member] tpm_secret_security_filter skipped {{(pid=96649) tpm_secret_security_filter /opt/stack/nova/nova/scheduler/request_filter.py:477}}
Jul 30 17:53:00.296722 np0000006161 nova-scheduler[96649]: INFO nova.utils [None req-fefb1a60-bb42-496a-847e-854da3d00119 tempest-DeleteServersTestJSON-1372728803 tempest-DeleteServersTestJSON-1372728803-project-member] The cell worker thread pool ForkProcess-2.cell_worker is initialized
Jul 30 17:53:00.297242 np0000006161 nova-scheduler[96649]: DEBUG oslo_concurrency.lockutils [None req-fefb1a60-bb42-496a-847e-854da3d00119 tempest-DeleteServersTestJSON-1372728803 tempest-DeleteServersTestJSON-1372728803-project-member] Acquiring lock "3d85dbf3-59e2-4b27-8c0a-1c8727cb57d6" by "nova.context.set_target_cell..get_or_set_cached_cell_and_set_connections" {{(pid=96649) inner /opt/stack/data/venv/lib/python3.12/site-packages/oslo_concurrency/lockutils.py:512}}
Jul 30 17:53:00.297452 np0000006161 nova-scheduler[96649]: DEBUG oslo_concurrency.lockutils [None req-fefb1a60-bb42-496a-847e-854da3d00119 tempest-DeleteServersTestJSON-1372728803 tempest-DeleteServersTestJSON-1372728803-project-member] Lock "3d85dbf3-59e2-4b27-8c0a-1c8727cb57d6" acquired by "nova.context.set_target_cell..get_or_set_cached_cell_and_set_connections" :: waited 0.000s {{(pid=96649) inner /opt/stack/data/venv/lib/python3.12/site-packages/oslo_concurrency/lockutils.py:525}}
Jul 30 17:53:00.299665 np0000006161 nova-scheduler[96649]: DEBUG oslo_concurrency.lockutils [None req-fefb1a60-bb42-496a-847e-854da3d00119 tempest-DeleteServersTestJSON-1372728803 tempest-DeleteServersTestJSON-1372728803-project-member] Lock "3d85dbf3-59e2-4b27-8c0a-1c8727cb57d6" "released" by "nova.context.set_target_cell..get_or_set_cached_cell_and_set_connections" :: held 0.002s {{(pid=96649) inner /opt/stack/data/venv/lib/python3.12/site-packages/oslo_concurrency/lockutils.py:544}}
Jul 30 17:53:00.302337 np0000006161 nova-scheduler[96649]: INFO dbcounter [None req-fefb1a60-bb42-496a-847e-854da3d00119 tempest-DeleteServersTestJSON-1372728803 tempest-DeleteServersTestJSON-1372728803-project-member] Registered counter for database nova_cell1
Jul 30 17:53:00.344566 np0000006161 nova-scheduler[96649]: DEBUG oslo_db.sqlalchemy.engines [None req-fefb1a60-bb42-496a-847e-854da3d00119 tempest-DeleteServersTestJSON-1372728803 tempest-DeleteServersTestJSON-1372728803-project-member] MySQL server mode set to STRICT_TRANS_TABLES,STRICT_ALL_TABLES,NO_ZERO_IN_DATE,NO_ZERO_DATE,ERROR_FOR_DIVISION_BY_ZERO,TRADITIONAL,NO_ENGINE_SUBSTITUTION {{(pid=96649) _check_effective_sql_mode /opt/stack/data/venv/lib/python3.12/site-packages/oslo_db/sqlalchemy/engines.py:325}}
Jul 30 17:53:00.350676 np0000006161 nova-scheduler[96649]: DEBUG dbcounter [-] [96649] Writer thread running {{(pid=96649) stat_writer /opt/stack/data/venv/lib/python3.12/site-packages/dbcounter.py:102}}
Jul 30 17:53:00.362164 np0000006161 nova-scheduler[96649]: DEBUG oslo_db.sqlalchemy.engines [None req-fefb1a60-bb42-496a-847e-854da3d00119 tempest-DeleteServersTestJSON-1372728803 tempest-DeleteServersTestJSON-1372728803-project-member] Parent process 95413 forked (96649) with an open database connection, which is being discarded and recreated. {{(pid=96649) checkout /opt/stack/data/venv/lib/python3.12/site-packages/oslo_db/sqlalchemy/engines.py:402}}
Jul 30 17:53:00.404801 np0000006161 nova-scheduler[96649]: DEBUG dbcounter [-] [96649] Writer thread running {{(pid=96649) stat_writer /opt/stack/data/venv/lib/python3.12/site-packages/dbcounter.py:102}}
Jul 30 17:53:00.407794 np0000006161 nova-scheduler[96649]: DEBUG oslo_concurrency.lockutils [None req-fefb1a60-bb42-496a-847e-854da3d00119 tempest-DeleteServersTestJSON-1372728803 tempest-DeleteServersTestJSON-1372728803-project-member] Acquiring lock "3d85dbf3-59e2-4b27-8c0a-1c8727cb57d6" by "nova.context.set_target_cell..get_or_set_cached_cell_and_set_connections" {{(pid=96649) inner /opt/stack/data/venv/lib/python3.12/site-packages/oslo_concurrency/lockutils.py:512}}
Jul 30 17:53:00.408001 np0000006161 nova-scheduler[96649]: DEBUG oslo_concurrency.lockutils [None req-fefb1a60-bb42-496a-847e-854da3d00119 tempest-DeleteServersTestJSON-1372728803 tempest-DeleteServersTestJSON-1372728803-project-member] Lock "3d85dbf3-59e2-4b27-8c0a-1c8727cb57d6" acquired by "nova.context.set_target_cell..get_or_set_cached_cell_and_set_connections" :: waited 0.000s {{(pid=96649) inner /opt/stack/data/venv/lib/python3.12/site-packages/oslo_concurrency/lockutils.py:525}}
Jul 30 17:53:00.408212 np0000006161 nova-scheduler[96649]: DEBUG oslo_concurrency.lockutils [None req-fefb1a60-bb42-496a-847e-854da3d00119 tempest-DeleteServersTestJSON-1372728803 tempest-DeleteServersTestJSON-1372728803-project-member] Lock "3d85dbf3-59e2-4b27-8c0a-1c8727cb57d6" "released" by "nova.context.set_target_cell..get_or_set_cached_cell_and_set_connections" :: held 0.000s {{(pid=96649) inner /opt/stack/data/venv/lib/python3.12/site-packages/oslo_concurrency/lockutils.py:544}}
Jul 30 17:53:00.412016 np0000006161 nova-scheduler[96649]: DEBUG oslo_concurrency.lockutils [None req-fefb1a60-bb42-496a-847e-854da3d00119 tempest-DeleteServersTestJSON-1372728803 tempest-DeleteServersTestJSON-1372728803-project-member] Acquiring lock "np0000006161-np0000006161" by "nova.scheduler.host_manager.HostState.update.._locked_update" {{(pid=96649) inner /opt/stack/data/venv/lib/python3.12/site-packages/oslo_concurrency/lockutils.py:512}}
