Jun 04 08:03:37.834533 np0000002111 devstack@c-api.service[96200]: DEBUG cinder.volume.api [None req-98864bcb-9e8f-4c2c-8089-8a5b355b06c5 tempest-VolumesTransfersV355Test-1748269898 tempest-VolumesTransfersV355Test-1748269898-project-member] Task 'cinder.volume.flows.api.create_volume.QuotaCommitTask;volume:create' (6ae3292b-f884-424b-b242-0729222cc91d) transitioned into state 'SUCCESS' from state 'RUNNING' with result '{'volume_properties': VolumeProperties(attach_status='detached',availability_zone='nova',cgsnapshot_id=None,consistencygroup_id=None,display_description=None,display_name='tempest-VolumesTransfersV355Test-Volume-1296800455',encryption_key_id=None,group_id=None,group_type_id=,metadata={},multiattach=False,project_id='63d8b23f989e43589a9bc15fc81b8ae8',qos_specs=None,replication_status=,reservations=['b51ccca9-f961-4bac-8473-86dfb43be9d0','7444b123-f7fb-4ef5-a083-7a8baa1feed0','4ff6386b-5dbb-46fc-9eec-2c611f0a9d93','c99d1a79-b120-45eb-a936-d0ec4760e7a0'],size=1,snapshot_id=None,source_replicaid=,source_volid=None,status='creating',user_id='e0ef92fe3a474a96814aee9a688dd29a',volume_type_id=ae6e3062-e15c-4b07-9113-8077edd74b75)}' {{(pid=96200) _task_receiver /opt/stack/data/venv/lib/python3.12/site-packages/taskflow/listeners/logging.py:218}}
Jun 04 08:03:37.837266 np0000002111 devstack@c-api.service[96201]: INFO cinder.api.openstack.wsgi [None req-33abf5ed-9350-47b0-a11c-387b9fcc8088 tempest-VolumesAdminNegativeTest-1163667641 tempest-VolumesAdminNegativeTest-1163667641-project-member] https://10.4.3.23/volume/v3/volumes/2e43cf07-0fb5-44ee-987c-a2f659041b30 returned with HTTP 404
Jun 04 08:03:37.837266 np0000002111 devstack@c-api.service[96201]: [pid: 96201|app: 0|req: 131/269] 10.4.3.23 () {66 vars in 1341 bytes} [Thu Jun 4 08:03:37 2026] GET /volume/v3/volumes/2e43cf07-0fb5-44ee-987c-a2f659041b30 => generated 109 bytes in 14 msecs (HTTP/1.1 404) 7 headers in 292 bytes (1 switches on core 0)
Jun 04 08:03:37.837460 np0000002111 devstack@c-api.service[96200]: DEBUG cinder.volume.api [None req-98864bcb-9e8f-4c2c-8089-8a5b355b06c5 tempest-VolumesTransfersV355Test-1748269898 tempest-VolumesTransfersV355Test-1748269898-project-member] Task 'cinder.volume.flows.api.create_volume.VolumeCastTask;volume:create' (260acc5a-c21a-4f83-91d8-07b2fc1014a1) transitioned into state 'RUNNING' from state 'PENDING' {{(pid=96200) _task_receiver /opt/stack/data/venv/lib/python3.12/site-packages/taskflow/listeners/logging.py:242}}
Jun 04 08:03:37.884225 np0000002111 devstack@c-api.service[96200]: DEBUG cinder.volume.api [None req-98864bcb-9e8f-4c2c-8089-8a5b355b06c5 tempest-VolumesTransfersV355Test-1748269898 tempest-VolumesTransfersV355Test-1748269898-project-member] Task 'cinder.volume.flows.api.create_volume.VolumeCastTask;volume:create' (260acc5a-c21a-4f83-91d8-07b2fc1014a1) transitioned into state 'SUCCESS' from state 'RUNNING' with result 'None' {{(pid=96200) _task_receiver /opt/stack/data/venv/lib/python3.12/site-packages/taskflow/listeners/logging.py:218}}
Jun 04 08:03:37.885508 np0000002111 devstack@c-api.service[96200]: DEBUG cinder.volume.api [None req-98864bcb-9e8f-4c2c-8089-8a5b355b06c5 tempest-VolumesTransfersV355Test-1748269898 tempest-VolumesTransfersV355Test-1748269898-project-member] Flow 'volume_create_api' (32de49c7-d669-46ac-b299-48905b51ad90) transitioned into state 'SUCCESS' from state 'RUNNING' {{(pid=96200) _flow_receiver /opt/stack/data/venv/lib/python3.12/site-packages/taskflow/listeners/logging.py:160}}
Jun 04 08:03:37.885973 np0000002111 devstack@c-api.service[96200]: INFO cinder.volume.api [None req-98864bcb-9e8f-4c2c-8089-8a5b355b06c5 tempest-VolumesTransfersV355Test-1748269898 tempest-VolumesTransfersV355Test-1748269898-project-member] Create volume request issued successfully.
Jun 04 08:03:37.889343 np0000002111 devstack@c-api.service[96200]: INFO cinder.api.openstack.wsgi [None req-98864bcb-9e8f-4c2c-8089-8a5b355b06c5 tempest-VolumesTransfersV355Test-1748269898 tempest-VolumesTransfersV355Test-1748269898-project-member] https://10.4.3.23/volume/v3/volumes returned with HTTP 202
Jun 04 08:03:37.889343 np0000002111 devstack@c-api.service[96200]: [pid: 96200|app: 0|req: 139/270] 10.4.3.23 () {70 vars in 1292 bytes} [Thu Jun 4 08:03:37 2026] POST /volume/v3/volumes => generated 817 bytes in 248 msecs (HTTP/1.1 202) 7 headers in 292 bytes (1 switches on core 0)
Jun 04 08:03:37.906706 np0000002111 devstack@c-api.service[96201]: DEBUG cinder.api.middleware.request_id [None req-cfad3174-925e-447d-aa2d-4bf40b5577ff None None] RequestId filter calling following filter/app {{(pid=96201) _context_setter /opt/stack/cinder/cinder/api/middleware/request_id.py:62}}
Jun 04 08:03:37.908852 np0000002111 devstack@c-api.service[96201]: INFO cinder.api.openstack.wsgi [None req-cfad3174-925e-447d-aa2d-4bf40b5577ff tempest-VolumesTransfersV355Test-1748269898 tempest-VolumesTransfersV355Test-1748269898-project-member] GET https://10.4.3.23/volume/v3/volumes/1a7b2f8f-8c7a-46b1-aa28-8c4f6d22d6f4
Jun 04 08:03:37.909211 np0000002111 devstack@c-api.service[96201]: DEBUG cinder.api.openstack.wsgi [None req-cfad3174-925e-447d-aa2d-4bf40b5577ff tempest-VolumesTransfersV355Test-1748269898 tempest-VolumesTransfersV355Test-1748269898-project-member] Empty body provided in request {{(pid=96201) get_body /opt/stack/cinder/cinder/api/openstack/wsgi.py:725}}
Jun 04 08:03:37.909483 np0000002111 devstack@c-api.service[96201]: DEBUG cinder.api.openstack.wsgi [None req-cfad3174-925e-447d-aa2d-4bf40b5577ff tempest-VolumesTransfersV355Test-1748269898 tempest-VolumesTransfersV355Test-1748269898-project-member] Calling method 'show' {{(pid=96201) _process_stack /opt/stack/cinder/cinder/api/openstack/wsgi.py:878}}
Jun 04 08:03:37.923801 np0000002111 devstack@c-api.service[96201]: /opt/stack/data/venv/lib/python3.12/site-packages/oslo_context/context.py:102: DeprecationWarning: Policy enforcement is depending on the value of is_admin. This key is deprecated. Please update your policy file to use the standard policy values.
Jun 04 08:03:37.923801 np0000002111 devstack@c-api.service[96201]: warnings.warn(
Jun 04 08:03:37.932588 np0000002111 devstack@c-api.service[96201]: INFO cinder.volume.api [None req-cfad3174-925e-447d-aa2d-4bf40b5577ff tempest-VolumesTransfersV355Test-1748269898 tempest-VolumesTransfersV355Test-1748269898-project-member] Volume info retrieved successfully.
Jun 04 08:03:37.938940 np0000002111 devstack@c-api.service[96201]: INFO cinder.api.openstack.wsgi [None req-cfad3174-925e-447d-aa2d-4bf40b5577ff tempest-VolumesTransfersV355Test-1748269898 tempest-VolumesTransfersV355Test-1748269898-project-member] https://10.4.3.23/volume/v3/volumes/1a7b2f8f-8c7a-46b1-aa28-8c4f6d22d6f4 returned with HTTP 200
Jun 04 08:03:37.939494 np0000002111 devstack@c-api.service[96201]: [pid: 96201|app: 0|req: 132/271] 10.4.3.23 () {68 vars in 1382 bytes} [Thu Jun 4 08:03:37 2026] GET /volume/v3/volumes/1a7b2f8f-8c7a-46b1-aa28-8c4f6d22d6f4 => generated 885 bytes in 33 msecs (HTTP/1.1 200) 7 headers in 286 bytes (1 switches on core 0)
Jun 04 08:03:38.117124 np0000002111 devstack@c-api.service[96200]: DEBUG cinder.api.middleware.request_id [None req-a2e54720-d128-41b6-8862-a377d01faada None None] RequestId filter calling following filter/app {{(pid=96200) _context_setter /opt/stack/cinder/cinder/api/middleware/request_id.py:62}}
Jun 04 08:03:38.119180 np0000002111 devstack@c-api.service[96200]: INFO cinder.api.openstack.wsgi [None req-a2e54720-d128-41b6-8862-a377d01faada tempest-DeleteServersTestJSON-1582598342 tempest-DeleteServersTestJSON-1582598342-project-member] GET https://10.4.3.23/volume/v3/volumes/8a466036-4a55-4594-8cf9-d9d0ac71c059
Jun 04 08:03:38.120566 np0000002111 devstack@c-api.service[96200]: DEBUG cinder.api.openstack.wsgi [None req-a2e54720-d128-41b6-8862-a377d01faada tempest-DeleteServersTestJSON-1582598342 tempest-DeleteServersTestJSON-1582598342-project-member] Empty body provided in request {{(pid=96200) get_body /opt/stack/cinder/cinder/api/openstack/wsgi.py:725}}
Jun 04 08:03:38.120566 np0000002111 devstack@c-api.service[96200]: DEBUG cinder.api.openstack.wsgi [None req-a2e54720-d128-41b6-8862-a377d01faada tempest-DeleteServersTestJSON-1582598342 tempest-DeleteServersTestJSON-1582598342-project-member] Calling method 'show' {{(pid=96200) _process_stack /opt/stack/cinder/cinder/api/openstack/wsgi.py:878}}
Jun 04 08:03:38.134923 np0000002111 devstack@c-api.service[96201]: DEBUG cinder.api.middleware.request_id [None req-1117bfaf-f195-4d21-b7a3-0e8b12f6d12c None None] RequestId filter calling following filter/app {{(pid=96201) _context_setter /opt/stack/cinder/cinder/api/middleware/request_id.py:62}}
Jun 04 08:03:38.140976 np0000002111 devstack@c-api.service[96201]: INFO cinder.api.openstack.wsgi [None req-1117bfaf-f195-4d21-b7a3-0e8b12f6d12c tempest-VolumesImageMetadata-373049944 tempest-VolumesImageMetadata-373049944-project-member] POST https://10.4.3.23/volume/v3/volumes
Jun 04 08:03:38.141382 np0000002111 devstack@c-api.service[96201]: DEBUG cinder.api.openstack.wsgi [None req-1117bfaf-f195-4d21-b7a3-0e8b12f6d12c tempest-VolumesImageMetadata-373049944 tempest-VolumesImageMetadata-373049944-project-member] Action: 'create', calling method: create, body: {"volume": {"imageRef": "4c69c8d6-4a4c-4c9c-a3a6-3d12b90a9bd0", "size": 1, "name": "tempest-VolumesImageMetadata-Volume-1853019757"}} {{(pid=96201) _process_stack /opt/stack/cinder/cinder/api/openstack/wsgi.py:876}}
Jun 04 08:03:38.142843 np0000002111 devstack@c-api.service[96201]: DEBUG cinder.api.v3.volumes [None req-1117bfaf-f195-4d21-b7a3-0e8b12f6d12c tempest-VolumesImageMetadata-373049944 tempest-VolumesImageMetadata-373049944-project-member] Create volume request body: {'volume': {'imageRef': '4c69c8d6-4a4c-4c9c-a3a6-3d12b90a9bd0', 'size': 1, 'name': 'tempest-VolumesImageMetadata-Volume-1853019757'}} {{(pid=96201) create /opt/stack/cinder/cinder/api/v3/volumes.py:368}}
Jun 04 08:03:38.148013 np0000002111 devstack@c-api.service[96200]: /opt/stack/data/venv/lib/python3.12/site-packages/oslo_context/context.py:102: DeprecationWarning: Policy enforcement is depending on the value of is_admin. This key is deprecated. Please update your policy file to use the standard policy values.
Jun 04 08:03:38.148013 np0000002111 devstack@c-api.service[96200]: warnings.warn(
Jun 04 08:03:38.157132 np0000002111 devstack@c-api.service[96200]: INFO cinder.volume.api [None req-a2e54720-d128-41b6-8862-a377d01faada tempest-DeleteServersTestJSON-1582598342 tempest-DeleteServersTestJSON-1582598342-project-member] Volume info retrieved successfully.
Jun 04 08:03:38.172658 np0000002111 devstack@c-api.service[96200]: INFO cinder.api.openstack.wsgi [None req-a2e54720-d128-41b6-8862-a377d01faada tempest-DeleteServersTestJSON-1582598342 tempest-DeleteServersTestJSON-1582598342-project-member] https://10.4.3.23/volume/v3/volumes/8a466036-4a55-4594-8cf9-d9d0ac71c059 returned with HTTP 200
Jun 04 08:03:38.172862 np0000002111 devstack@c-api.service[96200]: [pid: 96200|app: 0|req: 140/272] 10.4.3.23 () {66 vars in 1341 bytes} [Thu Jun 4 08:03:38 2026] GET /volume/v3/volumes/8a466036-4a55-4594-8cf9-d9d0ac71c059 => generated 843 bytes in 56 msecs (HTTP/1.1 200) 7 headers in 285 bytes (1 switches on core 0)
Jun 04 08:03:38.174730 np0000002111 devstack@c-api.service[96200]: DEBUG cinder.api.middleware.request_id [req-b1ae3aa8-0c7c-44fe-891b-1595ecd281c8 req-336bd1f9-ea66-4656-a7e5-2caaa1008898 None None] RequestId filter calling following filter/app {{(pid=96200) _context_setter /opt/stack/cinder/cinder/api/middleware/request_id.py:62}}
Jun 04 08:03:38.183084 np0000002111 devstack@c-api.service[96200]: INFO cinder.api.openstack.wsgi [req-b1ae3aa8-0c7c-44fe-891b-1595ecd281c8 req-336bd1f9-ea66-4656-a7e5-2caaa1008898 tempest-DeleteServersTestJSON-1582598342 tempest-DeleteServersTestJSON-1582598342-project-member] POST https://10.4.3.23/volume/v3/attachments/e5793c2c-189a-4d5b-9c01-27cd8c3fedd2/action
Jun 04 08:03:38.183537 np0000002111 devstack@c-api.service[96200]: DEBUG cinder.api.openstack.wsgi [req-b1ae3aa8-0c7c-44fe-891b-1595ecd281c8 req-336bd1f9-ea66-4656-a7e5-2caaa1008898 tempest-DeleteServersTestJSON-1582598342 tempest-DeleteServersTestJSON-1582598342-project-member] Action body: b'{"os-complete": null}' {{(pid=96200) get_method /opt/stack/cinder/cinder/api/openstack/wsgi.py:993}}
Jun 04 08:03:38.183695 np0000002111 devstack@c-api.service[96200]: DEBUG cinder.api.openstack.wsgi [req-b1ae3aa8-0c7c-44fe-891b-1595ecd281c8 req-336bd1f9-ea66-4656-a7e5-2caaa1008898 tempest-DeleteServersTestJSON-1582598342 tempest-DeleteServersTestJSON-1582598342-project-member] Action: 'action', calling method: version_select, body: {"os-complete": null} {{(pid=96200) _process_stack /opt/stack/cinder/cinder/api/openstack/wsgi.py:876}}
Jun 04 08:03:38.209197 np0000002111 devstack@c-api.service[96200]: /opt/stack/data/venv/lib/python3.12/site-packages/oslo_context/context.py:102: DeprecationWarning: Policy enforcement is depending on the value of is_admin. This key is deprecated. Please update your policy file to use the standard policy values.
Jun 04 08:03:38.209197 np0000002111 devstack@c-api.service[96200]: warnings.warn(
Jun 04 08:03:38.229384 np0000002111 devstack@c-api.service[96200]: INFO cinder.api.openstack.wsgi [req-b1ae3aa8-0c7c-44fe-891b-1595ecd281c8 req-336bd1f9-ea66-4656-a7e5-2caaa1008898 tempest-DeleteServersTestJSON-1582598342 tempest-DeleteServersTestJSON-1582598342-project-member] https://10.4.3.23/volume/v3/attachments/e5793c2c-189a-4d5b-9c01-27cd8c3fedd2/action returned with HTTP 204
Jun 04 08:03:38.229384 np0000002111 devstack@c-api.service[96200]: [pid: 96200|app: 0|req: 141/273] 10.4.3.23 () {74 vars in 1718 bytes} [Thu Jun 4 08:03:38 2026] POST /volume/v3/attachments/e5793c2c-189a-4d5b-9c01-27cd8c3fedd2/action => generated 0 bytes in 54 msecs (HTTP/1.1 204) 7 headers in 292 bytes (1 switches on core 0)
Jun 04 08:03:38.698592 np0000002111 devstack@c-api.service[96201]: INFO cinder.api.v3.volumes [None req-1117bfaf-f195-4d21-b7a3-0e8b12f6d12c tempest-VolumesImageMetadata-373049944 tempest-VolumesImageMetadata-373049944-project-member] Create volume of 1 GB
Jun 04 08:03:38.703646 np0000002111 devstack@c-api.service[96201]: INFO cinder.volume.api [None req-1117bfaf-f195-4d21-b7a3-0e8b12f6d12c tempest-VolumesImageMetadata-373049944 tempest-VolumesImageMetadata-373049944-project-member] Availability Zones retrieved successfully.
Jun 04 08:03:38.711093 np0000002111 devstack@c-api.service[96201]: DEBUG cinder.volume.api [None req-1117bfaf-f195-4d21-b7a3-0e8b12f6d12c tempest-VolumesImageMetadata-373049944 tempest-VolumesImageMetadata-373049944-project-member] Flow 'volume_create_api' (f0cb3603-5e77-45e9-b26a-df51e81972d0) transitioned into state 'RUNNING' from state 'PENDING' {{(pid=96201) _flow_receiver /opt/stack/data/venv/lib/python3.12/site-packages/taskflow/listeners/logging.py:160}}
Jun 04 08:03:38.712344 np0000002111 devstack@c-api.service[96201]: DEBUG cinder.volume.api [None req-1117bfaf-f195-4d21-b7a3-0e8b12f6d12c tempest-VolumesImageMetadata-373049944 tempest-VolumesImageMetadata-373049944-project-member] Task 'cinder.volume.flows.api.create_volume.ExtractVolumeRequestTask;volume:create' (2b67d110-0686-4c0a-955f-3f6db531667f) transitioned into state 'RUNNING' from state 'PENDING' {{(pid=96201) _task_receiver /opt/stack/data/venv/lib/python3.12/site-packages/taskflow/listeners/logging.py:242}}
Jun 04 08:03:38.713498 np0000002111 devstack@c-api.service[96201]: DEBUG cinder.volume.flows.api.create_volume [None req-1117bfaf-f195-4d21-b7a3-0e8b12f6d12c tempest-VolumesImageMetadata-373049944 tempest-VolumesImageMetadata-373049944-project-member] Validating volume size '1' using validate_int {{(pid=96201) _extract_size /opt/stack/cinder/cinder/volume/flows/api/create_volume.py:226}}
Jun 04 08:03:38.825310 np0000002111 devstack@c-api.service[96201]: DEBUG cinder.volume.api [None req-1117bfaf-f195-4d21-b7a3-0e8b12f6d12c tempest-VolumesImageMetadata-373049944 tempest-VolumesImageMetadata-373049944-project-member] Task 'cinder.volume.flows.api.create_volume.ExtractVolumeRequestTask;volume:create' (2b67d110-0686-4c0a-955f-3f6db531667f) transitioned into state 'SUCCESS' from state 'RUNNING' with result '{'size': 1, 'snapshot_id': None, 'source_volid': None, 'volume_type': VolumeType(created_at=2026-06-04T08:00:40Z,deleted=False,deleted_at=None,description=None,extra_specs={volume_backend_name='storpool'},id=ae6e3062-e15c-4b07-9113-8077edd74b75,is_public=True,name='storpool',projects=[],qos_specs=,qos_specs_id=None,updated_at=None), 'volume_type_id': 'ae6e3062-e15c-4b07-9113-8077edd74b75', 'encryption_key_id': None, 'qos_specs': None, 'consistencygroup_id': None, 'cgsnapshot_id': None, 'group_id': None, 'replication_status': 'disabled', 'refresh_az': False, 'backup_id': None, 'multiattach': False, 'availability_zones': ['nova']}' {{(pid=96201) _task_receiver /opt/stack/data/venv/lib/python3.12/site-packages/taskflow/listeners/logging.py:218}}
Jun 04 08:03:38.826655 np0000002111 devstack@c-api.service[96201]: DEBUG cinder.volume.api [None req-1117bfaf-f195-4d21-b7a3-0e8b12f6d12c tempest-VolumesImageMetadata-373049944 tempest-VolumesImageMetadata-373049944-project-member] Task 'cinder.volume.flows.api.create_volume.QuotaReserveTask;volume:create' (2faa6d46-27fb-4a46-9ead-61b69fdff855) transitioned into state 'RUNNING' from state 'PENDING' {{(pid=96201) _task_receiver /opt/stack/data/venv/lib/python3.12/site-packages/taskflow/listeners/logging.py:242}}
Jun 04 08:03:38.961390 np0000002111 devstack@c-api.service[96200]: DEBUG cinder.api.middleware.request_id [None req-448cb000-df90-4088-b135-973f9bbf6eba None None] RequestId filter calling following filter/app {{(pid=96200) _context_setter /opt/stack/cinder/cinder/api/middleware/request_id.py:62}}
Jun 04 08:03:38.966906 np0000002111 devstack@c-api.service[96200]: INFO cinder.api.openstack.wsgi [None req-448cb000-df90-4088-b135-973f9bbf6eba tempest-VolumesTransfersV355Test-1748269898 tempest-VolumesTransfersV355Test-1748269898-project-member] GET https://10.4.3.23/volume/v3/volumes/1a7b2f8f-8c7a-46b1-aa28-8c4f6d22d6f4
Jun 04 08:03:38.967307 np0000002111 devstack@c-api.service[96200]: DEBUG cinder.api.openstack.wsgi [None req-448cb000-df90-4088-b135-973f9bbf6eba tempest-VolumesTransfersV355Test-1748269898 tempest-VolumesTransfersV355Test-1748269898-project-member] Empty body provided in request {{(pid=96200) get_body /opt/stack/cinder/cinder/api/openstack/wsgi.py:725}}
Jun 04 08:03:38.970487 np0000002111 devstack@c-api.service[96200]: DEBUG cinder.api.openstack.wsgi [None req-448cb000-df90-4088-b135-973f9bbf6eba tempest-VolumesTransfersV355Test-1748269898 tempest-VolumesTransfersV355Test-1748269898-project-member] Calling method 'show' {{(pid=96200) _process_stack /opt/stack/cinder/cinder/api/openstack/wsgi.py:878}}
Jun 04 08:03:38.989403 np0000002111 devstack@c-api.service[96200]: /opt/stack/data/venv/lib/python3.12/site-packages/oslo_context/context.py:102: DeprecationWarning: Policy enforcement is depending on the value of is_admin. This key is deprecated. Please update your policy file to use the standard policy values.
Jun 04 08:03:38.989403 np0000002111 devstack@c-api.service[96200]: warnings.warn(
Jun 04 08:03:38.990265 np0000002111 devstack@c-api.service[96200]: INFO cinder.volume.api [None req-448cb000-df90-4088-b135-973f9bbf6eba tempest-VolumesTransfersV355Test-1748269898 tempest-VolumesTransfersV355Test-1748269898-project-member] Volume info retrieved successfully.
Jun 04 08:03:38.996485 np0000002111 devstack@c-api.service[96200]: INFO cinder.api.openstack.wsgi [None req-448cb000-df90-4088-b135-973f9bbf6eba tempest-VolumesTransfersV355Test-1748269898 tempest-VolumesTransfersV355Test-1748269898-project-member] https://10.4.3.23/volume/v3/volumes/1a7b2f8f-8c7a-46b1-aa28-8c4f6d22d6f4 returned with HTTP 200
Jun 04 08:03:38.997043 np0000002111 devstack@c-api.service[96200]: [pid: 96200|app: 0|req: 142/274] 10.4.3.23 () {68 vars in 1382 bytes} [Thu Jun 4 08:03:38 2026] GET /volume/v3/volumes/1a7b2f8f-8c7a-46b1-aa28-8c4f6d22d6f4 => generated 945 bytes in 36 msecs (HTTP/1.1 200) 7 headers in 286 bytes (1 switches on core 0)
Jun 04 08:03:39.012085 np0000002111 devstack@c-api.service[96201]: DEBUG cinder.quota [None req-1117bfaf-f195-4d21-b7a3-0e8b12f6d12c tempest-VolumesImageMetadata-373049944 tempest-VolumesImageMetadata-373049944-project-member] Created reservations ['654c9346-8afa-4cf1-a81d-59864ac965ac', '2a0a8325-385f-43dd-ae72-b3439666f934', 'abc4e2c6-88b7-4659-9a25-2af89fe53bc7', '2b41aafe-f800-4688-8c6c-6959ae065425'] {{(pid=96201) reserve /opt/stack/cinder/cinder/quota.py:752}}
Jun 04 08:03:39.020452 np0000002111 devstack@c-api.service[96201]: DEBUG cinder.volume.api [None req-1117bfaf-f195-4d21-b7a3-0e8b12f6d12c tempest-VolumesImageMetadata-373049944 tempest-VolumesImageMetadata-373049944-project-member] Task 'cinder.volume.flows.api.create_volume.QuotaReserveTask;volume:create' (2faa6d46-27fb-4a46-9ead-61b69fdff855) transitioned into state 'SUCCESS' from state 'RUNNING' with result '{'reservations': ['654c9346-8afa-4cf1-a81d-59864ac965ac', '2a0a8325-385f-43dd-ae72-b3439666f934', 'abc4e2c6-88b7-4659-9a25-2af89fe53bc7', '2b41aafe-f800-4688-8c6c-6959ae065425']}' {{(pid=96201) _task_receiver /opt/stack/data/venv/lib/python3.12/site-packages/taskflow/listeners/logging.py:218}}
Jun 04 08:03:39.020621 np0000002111 devstack@c-api.service[96200]: DEBUG cinder.api.middleware.request_id [None req-321c0fd2-6241-48dc-83c3-3a14fe9694fe None None] RequestId filter calling following filter/app {{(pid=96200) _context_setter /opt/stack/cinder/cinder/api/middleware/request_id.py:62}}
Jun 04 08:03:39.020678 np0000002111 devstack@c-api.service[96201]: DEBUG cinder.volume.api [None req-1117bfaf-f195-4d21-b7a3-0e8b12f6d12c tempest-VolumesImageMetadata-373049944 tempest-VolumesImageMetadata-373049944-project-member] Task 'cinder.volume.flows.api.create_volume.EntryCreateTask;volume:create' (3d4c9d9d-78d8-4bc5-908d-2e0696eb7df9) transitioned into state 'RUNNING' from state 'PENDING' {{(pid=96201) _task_receiver /opt/stack/data/venv/lib/python3.12/site-packages/taskflow/listeners/logging.py:242}}
Jun 04 08:03:39.020753 np0000002111 devstack@c-api.service[96200]: INFO cinder.api.openstack.wsgi [None req-321c0fd2-6241-48dc-83c3-3a14fe9694fe tempest-VolumesTransfersV355Test-1748269898 tempest-VolumesTransfersV355Test-1748269898-project-member] POST https://10.4.3.23/volume/v3/volume-transfers
Jun 04 08:03:39.020753 np0000002111 devstack@c-api.service[96200]: DEBUG cinder.api.openstack.wsgi [None req-321c0fd2-6241-48dc-83c3-3a14fe9694fe tempest-VolumesTransfersV355Test-1748269898 tempest-VolumesTransfersV355Test-1748269898-project-member] Action: 'create', calling method: create, body: {"transfer": {"volume_id": "1a7b2f8f-8c7a-46b1-aa28-8c4f6d22d6f4"}} {{(pid=96200) _process_stack /opt/stack/cinder/cinder/api/openstack/wsgi.py:876}}
Jun 04 08:03:39.020753 np0000002111 devstack@c-api.service[96200]: DEBUG cinder.api.v3.volume_transfer [None req-321c0fd2-6241-48dc-83c3-3a14fe9694fe tempest-VolumesTransfersV355Test-1748269898 tempest-VolumesTransfersV355Test-1748269898-project-member] Creating new volume transfer {'transfer': {'volume_id': '1a7b2f8f-8c7a-46b1-aa28-8c4f6d22d6f4'}} {{(pid=96200) create /opt/stack/cinder/cinder/api/v3/volume_transfer.py:85}}
Jun 04 08:03:39.020753 np0000002111 devstack@c-api.service[96200]: INFO cinder.api.v3.volume_transfer [None req-321c0fd2-6241-48dc-83c3-3a14fe9694fe tempest-VolumesTransfersV355Test-1748269898 tempest-VolumesTransfersV355Test-1748269898-project-member] Creating transfer of volume 1a7b2f8f-8c7a-46b1-aa28-8c4f6d22d6f4
Jun 04 08:03:39.020753 np0000002111 devstack@c-api.service[96200]: INFO cinder.transfer.api [None req-321c0fd2-6241-48dc-83c3-3a14fe9694fe tempest-VolumesTransfersV355Test-1748269898 tempest-VolumesTransfersV355Test-1748269898-project-member] Generating transfer record for volume 1a7b2f8f-8c7a-46b1-aa28-8c4f6d22d6f4
Jun 04 08:03:39.037347 np0000002111 devstack@c-api.service[96200]: /opt/stack/data/venv/lib/python3.12/site-packages/oslo_context/context.py:102: DeprecationWarning: Policy enforcement is depending on the value of is_admin. This key is deprecated. Please update your policy file to use the standard policy values.
Jun 04 08:03:39.037347 np0000002111 devstack@c-api.service[96200]: warnings.warn(
Jun 04 08:03:39.072399 np0000002111 devstack@c-api.service[96201]: DEBUG cinder.volume.api [None req-1117bfaf-f195-4d21-b7a3-0e8b12f6d12c tempest-VolumesImageMetadata-373049944 tempest-VolumesImageMetadata-373049944-project-member] Task 'cinder.volume.flows.api.create_volume.EntryCreateTask;volume:create' (3d4c9d9d-78d8-4bc5-908d-2e0696eb7df9) transitioned into state 'SUCCESS' from state 'RUNNING' with result '{'volume_id': 'ce7522dd-0e0b-43fc-a7c1-07bc98eb7eaa', 'volume_properties': VolumeProperties(attach_status='detached',availability_zone='nova',cgsnapshot_id=None,consistencygroup_id=None,display_description=None,display_name='tempest-VolumesImageMetadata-Volume-1853019757',encryption_key_id=None,group_id=None,group_type_id=,metadata={},multiattach=False,project_id='5abc1e91691f42a88b887aec285d67fc',qos_specs=None,replication_status=,reservations=['654c9346-8afa-4cf1-a81d-59864ac965ac','2a0a8325-385f-43dd-ae72-b3439666f934','abc4e2c6-88b7-4659-9a25-2af89fe53bc7','2b41aafe-f800-4688-8c6c-6959ae065425'],size=1,snapshot_id=None,source_replicaid=,source_volid=None,status='creating',user_id='c81ba870e5af4db78f32af9cffba18cd',volume_type_id=ae6e3062-e15c-4b07-9113-8077edd74b75), 'volume': Volume(_name_id=None,admin_metadata=,attach_status='detached',availability_zone='nova',bootable=False,cluster=,cluster_name=None,consistencygroup=,consistencygroup_id=None,created_at=2026-06-04T08:03:39Z,deleted=False,deleted_at=None,display_description=None,display_name='tempest-VolumesImageMetadata-Volume-1853019757',ec2_id=None,encryption_key_id=None,glance_metadata=,group=,group_id=None,host=None,id=ce7522dd-0e0b-43fc-a7c1-07bc98eb7eaa,launched_at=None,metadata={},migration_status=None,multiattach=False,previous_status=None,project_id='5abc1e91691f42a88b887aec285d67fc',provider_auth=None,provider_geometry=None,provider_id=None,provider_location=None,replication_driver_data=None,replication_extended_status=None,replication_status=None,scheduled_at=None,service_uuid=None,shared_targets=True,size=1,snapshot_id=None,snapshots=,source_volid=None,status='creating',terminated_at=None,updated_at=None,use_quota=True,user_id='c81ba870e5af4db78f32af9cffba18cd',volume_attachment=VolumeAttachmentList,volume_type=VolumeType(ae6e3062-e15c-4b07-9113-8077edd74b75),volume_type_id=ae6e3062-e15c-4b07-9113-8077edd74b75)}' {{(pid=96201) _task_receiver /opt/stack/data/venv/lib/python3.12/site-packages/taskflow/listeners/logging.py:218}}
Jun 04 08:03:39.072399 np0000002111 devstack@c-api.service[96201]: DEBUG cinder.volume.api [None req-1117bfaf-f195-4d21-b7a3-0e8b12f6d12c tempest-VolumesImageMetadata-373049944 tempest-VolumesImageMetadata-373049944-project-member] Task 'cinder.volume.flows.api.create_volume.QuotaCommitTask;volume:create' (26ad3b87-96b8-41b4-8a2c-649936b605ec) transitioned into state 'RUNNING' from state 'PENDING' {{(pid=96201) _task_receiver /opt/stack/data/venv/lib/python3.12/site-packages/taskflow/listeners/logging.py:242}}
Jun 04 08:03:39.075624 np0000002111 devstack@c-api.service[96200]: INFO cinder.api.openstack.wsgi [None req-321c0fd2-6241-48dc-83c3-3a14fe9694fe tempest-VolumesTransfersV355Test-1748269898 tempest-VolumesTransfersV355Test-1748269898-project-member] https://10.4.3.23/volume/v3/volume-transfers returned with HTTP 202
Jun 04 08:03:39.077366 np0000002111 devstack@c-api.service[96200]: [pid: 96200|app: 0|req: 143/275] 10.4.3.23 () {70 vars in 1319 bytes} [Thu Jun 4 08:03:39 2026] POST /volume/v3/volume-transfers => generated 462 bytes in 64 msecs (HTTP/1.1 202) 7 headers in 292 bytes (1 switches on core 0)
Jun 04 08:03:39.099954 np0000002111 devstack@c-api.service[96200]: DEBUG cinder.api.middleware.request_id [None req-99443d73-0c7d-4c78-9c5c-442942fde90a None None] RequestId filter calling following filter/app {{(pid=96200) _context_setter /opt/stack/cinder/cinder/api/middleware/request_id.py:62}}
Jun 04 08:03:39.100240 np0000002111 devstack@c-api.service[96201]: DEBUG cinder.volume.api [None req-1117bfaf-f195-4d21-b7a3-0e8b12f6d12c tempest-VolumesImageMetadata-373049944 tempest-VolumesImageMetadata-373049944-project-member] Task 'cinder.volume.flows.api.create_volume.QuotaCommitTask;volume:create' (26ad3b87-96b8-41b4-8a2c-649936b605ec) transitioned into state 'SUCCESS' from state 'RUNNING' with result '{'volume_properties': VolumeProperties(attach_status='detached',availability_zone='nova',cgsnapshot_id=None,consistencygroup_id=None,display_description=None,display_name='tempest-VolumesImageMetadata-Volume-1853019757',encryption_key_id=None,group_id=None,group_type_id=,metadata={},multiattach=False,project_id='5abc1e91691f42a88b887aec285d67fc',qos_specs=None,replication_status=,reservations=['654c9346-8afa-4cf1-a81d-59864ac965ac','2a0a8325-385f-43dd-ae72-b3439666f934','abc4e2c6-88b7-4659-9a25-2af89fe53bc7','2b41aafe-f800-4688-8c6c-6959ae065425'],size=1,snapshot_id=None,source_replicaid=,source_volid=None,status='creating',user_id='c81ba870e5af4db78f32af9cffba18cd',volume_type_id=ae6e3062-e15c-4b07-9113-8077edd74b75)}' {{(pid=96201) _task_receiver /opt/stack/data/venv/lib/python3.12/site-packages/taskflow/listeners/logging.py:218}}
Jun 04 08:03:39.100971 np0000002111 devstack@c-api.service[96201]: DEBUG cinder.volume.api [None req-1117bfaf-f195-4d21-b7a3-0e8b12f6d12c tempest-VolumesImageMetadata-373049944 tempest-VolumesImageMetadata-373049944-project-member] Task 'cinder.volume.flows.api.create_volume.VolumeCastTask;volume:create' (4f0e4f7b-098b-4cd9-ac1e-dbfa25a5df0b) transitioned into state 'RUNNING' from state 'PENDING' {{(pid=96201) _task_receiver /opt/stack/data/venv/lib/python3.12/site-packages/taskflow/listeners/logging.py:242}}
Jun 04 08:03:39.105617 np0000002111 devstack@c-api.service[96200]: INFO cinder.api.openstack.wsgi [None req-99443d73-0c7d-4c78-9c5c-442942fde90a tempest-VolumesTransfersV355Test-1748269898 tempest-VolumesTransfersV355Test-1748269898-project-member] GET https://10.4.3.23/volume/v3/volumes/1a7b2f8f-8c7a-46b1-aa28-8c4f6d22d6f4
Jun 04 08:03:39.106046 np0000002111 devstack@c-api.service[96200]: DEBUG cinder.api.openstack.wsgi [None req-99443d73-0c7d-4c78-9c5c-442942fde90a tempest-VolumesTransfersV355Test-1748269898 tempest-VolumesTransfersV355Test-1748269898-project-member] Empty body provided in request {{(pid=96200) get_body /opt/stack/cinder/cinder/api/openstack/wsgi.py:725}}
Jun 04 08:03:39.106293 np0000002111 devstack@c-api.service[96200]: DEBUG cinder.api.openstack.wsgi [None req-99443d73-0c7d-4c78-9c5c-442942fde90a tempest-VolumesTransfersV355Test-1748269898 tempest-VolumesTransfersV355Test-1748269898-project-member] Calling method 'show' {{(pid=96200) _process_stack /opt/stack/cinder/cinder/api/openstack/wsgi.py:878}}
Jun 04 08:03:39.110383 np0000002111 devstack@c-api.service[96201]: DEBUG cinder.volume.api [None req-1117bfaf-f195-4d21-b7a3-0e8b12f6d12c tempest-VolumesImageMetadata-373049944 tempest-VolumesImageMetadata-373049944-project-member] Task 'cinder.volume.flows.api.create_volume.VolumeCastTask;volume:create' (4f0e4f7b-098b-4cd9-ac1e-dbfa25a5df0b) transitioned into state 'SUCCESS' from state 'RUNNING' with result 'None' {{(pid=96201) _task_receiver /opt/stack/data/venv/lib/python3.12/site-packages/taskflow/listeners/logging.py:218}}
Jun 04 08:03:39.111120 np0000002111 devstack@c-api.service[96201]: DEBUG cinder.volume.api [None req-1117bfaf-f195-4d21-b7a3-0e8b12f6d12c tempest-VolumesImageMetadata-373049944 tempest-VolumesImageMetadata-373049944-project-member] Flow 'volume_create_api' (f0cb3603-5e77-45e9-b26a-df51e81972d0) transitioned into state 'SUCCESS' from state 'RUNNING' {{(pid=96201) _flow_receiver /opt/stack/data/venv/lib/python3.12/site-packages/taskflow/listeners/logging.py:160}}
Jun 04 08:03:39.111379 np0000002111 devstack@c-api.service[96201]: INFO cinder.volume.api [None req-1117bfaf-f195-4d21-b7a3-0e8b12f6d12c tempest-VolumesImageMetadata-373049944 tempest-VolumesImageMetadata-373049944-project-member] Create volume request issued successfully.
Jun 04 08:03:39.111895 np0000002111 devstack@c-api.service[96201]: INFO cinder.api.openstack.wsgi [None req-1117bfaf-f195-4d21-b7a3-0e8b12f6d12c tempest-VolumesImageMetadata-373049944 tempest-VolumesImageMetadata-373049944-project-member] https://10.4.3.23/volume/v3/volumes returned with HTTP 202
Jun 04 08:03:39.112600 np0000002111 devstack@c-api.service[96201]: [pid: 96201|app: 0|req: 133/276] 10.4.3.23 () {68 vars in 1252 bytes} [Thu Jun 4 08:03:38 2026] POST /volume/v3/volumes => generated 749 bytes in 978 msecs (HTTP/1.1 202) 7 headers in 291 bytes (2 switches on core 0)
Jun 04 08:03:39.125787 np0000002111 devstack@c-api.service[96200]: /opt/stack/data/venv/lib/python3.12/site-packages/oslo_context/context.py:102: DeprecationWarning: Policy enforcement is depending on the value of is_admin. This key is deprecated. Please update your policy file to use the standard policy values.
Jun 04 08:03:39.125787 np0000002111 devstack@c-api.service[96200]: warnings.warn(
Jun 04 08:03:39.128815 np0000002111 devstack@c-api.service[96201]: DEBUG cinder.api.middleware.request_id [None req-bce61c17-1487-4aa0-aae5-301f89df7ec7 None None] RequestId filter calling following filter/app {{(pid=96201) _context_setter /opt/stack/cinder/cinder/api/middleware/request_id.py:62}}
Jun 04 08:03:39.131698 np0000002111 devstack@c-api.service[96201]: INFO cinder.api.openstack.wsgi [None req-bce61c17-1487-4aa0-aae5-301f89df7ec7 tempest-VolumesImageMetadata-373049944 tempest-VolumesImageMetadata-373049944-project-member] GET https://10.4.3.23/volume/v3/volumes/ce7522dd-0e0b-43fc-a7c1-07bc98eb7eaa
Jun 04 08:03:39.131901 np0000002111 devstack@c-api.service[96201]: DEBUG cinder.api.openstack.wsgi [None req-bce61c17-1487-4aa0-aae5-301f89df7ec7 tempest-VolumesImageMetadata-373049944 tempest-VolumesImageMetadata-373049944-project-member] Empty body provided in request {{(pid=96201) get_body /opt/stack/cinder/cinder/api/openstack/wsgi.py:725}}
Jun 04 08:03:39.132050 np0000002111 devstack@c-api.service[96201]: DEBUG cinder.api.openstack.wsgi [None req-bce61c17-1487-4aa0-aae5-301f89df7ec7 tempest-VolumesImageMetadata-373049944 tempest-VolumesImageMetadata-373049944-project-member] Calling method 'show' {{(pid=96201) _process_stack /opt/stack/cinder/cinder/api/openstack/wsgi.py:878}}
Jun 04 08:03:39.135857 np0000002111 devstack@c-api.service[96200]: INFO cinder.volume.api [None req-99443d73-0c7d-4c78-9c5c-442942fde90a tempest-VolumesTransfersV355Test-1748269898 tempest-VolumesTransfersV355Test-1748269898-project-member] Volume info retrieved successfully.
Jun 04 08:03:39.139102 np0000002111 devstack@c-api.service[96201]: /opt/stack/data/venv/lib/python3.12/site-packages/oslo_context/context.py:102: DeprecationWarning: Policy enforcement is depending on the value of is_admin. This key is deprecated. Please update your policy file to use the standard policy values.
Jun 04 08:03:39.139102 np0000002111 devstack@c-api.service[96201]: warnings.warn(
Jun 04 08:03:39.143646 np0000002111 devstack@c-api.service[96201]: INFO cinder.volume.api [None req-bce61c17-1487-4aa0-aae5-301f89df7ec7 tempest-VolumesImageMetadata-373049944 tempest-VolumesImageMetadata-373049944-project-member] Volume info retrieved successfully.
Jun 04 08:03:39.145337 np0000002111 devstack@c-api.service[96200]: INFO cinder.api.openstack.wsgi [None req-99443d73-0c7d-4c78-9c5c-442942fde90a tempest-VolumesTransfersV355Test-1748269898 tempest-VolumesTransfersV355Test-1748269898-project-member] https://10.4.3.23/volume/v3/volumes/1a7b2f8f-8c7a-46b1-aa28-8c4f6d22d6f4 returned with HTTP 200
Jun 04 08:03:39.145978 np0000002111 devstack@c-api.service[96200]: [pid: 96200|app: 0|req: 144/277] 10.4.3.23 () {68 vars in 1382 bytes} [Thu Jun 4 08:03:39 2026] GET /volume/v3/volumes/1a7b2f8f-8c7a-46b1-aa28-8c4f6d22d6f4 => generated 953 bytes in 47 msecs (HTTP/1.1 200) 7 headers in 286 bytes (1 switches on core 0)
Jun 04 08:03:39.148896 np0000002111 devstack@c-api.service[96201]: INFO cinder.api.openstack.wsgi [None req-bce61c17-1487-4aa0-aae5-301f89df7ec7 tempest-VolumesImageMetadata-373049944 tempest-VolumesImageMetadata-373049944-project-member] https://10.4.3.23/volume/v3/volumes/ce7522dd-0e0b-43fc-a7c1-07bc98eb7eaa returned with HTTP 200
Jun 04 08:03:39.151445 np0000002111 devstack@c-api.service[96201]: [pid: 96201|app: 0|req: 134/278] 10.4.3.23 () {66 vars in 1341 bytes} [Thu Jun 4 08:03:39 2026] GET /volume/v3/volumes/ce7522dd-0e0b-43fc-a7c1-07bc98eb7eaa => generated 817 bytes in 21 msecs (HTTP/1.1 200) 7 headers in 285 bytes (1 switches on core 0)
Jun 04 08:03:39.160417 np0000002111 devstack@c-api.service[96200]: DEBUG cinder.api.middleware.request_id [None req-d9f41729-0497-46b7-b238-6a362a1652d3 None None] RequestId filter calling following filter/app {{(pid=96200) _context_setter /opt/stack/cinder/cinder/api/middleware/request_id.py:62}}
Jun 04 08:03:39.162446 np0000002111 devstack@c-api.service[96200]: INFO cinder.api.openstack.wsgi [None req-d9f41729-0497-46b7-b238-6a362a1652d3 tempest-VolumesTransfersV355Test-1748269898 tempest-VolumesTransfersV355Test-1748269898-project-member] GET https://10.4.3.23/volume/v3/volume-transfers/detail
Jun 04 08:03:39.162662 np0000002111 devstack@c-api.service[96200]: DEBUG cinder.api.openstack.wsgi [None req-d9f41729-0497-46b7-b238-6a362a1652d3 tempest-VolumesTransfersV355Test-1748269898 tempest-VolumesTransfersV355Test-1748269898-project-member] Empty body provided in request {{(pid=96200) get_body /opt/stack/cinder/cinder/api/openstack/wsgi.py:725}}
Jun 04 08:03:39.162848 np0000002111 devstack@c-api.service[96200]: DEBUG cinder.api.openstack.wsgi [None req-d9f41729-0497-46b7-b238-6a362a1652d3 tempest-VolumesTransfersV355Test-1748269898 tempest-VolumesTransfersV355Test-1748269898-project-member] Calling method 'detail' {{(pid=96200) _process_stack /opt/stack/cinder/cinder/api/openstack/wsgi.py:878}}
Jun 04 08:03:39.163025 np0000002111 devstack@c-api.service[96200]: DEBUG cinder.api.v3.volume_transfer [None req-d9f41729-0497-46b7-b238-6a362a1652d3 tempest-VolumesTransfersV355Test-1748269898 tempest-VolumesTransfersV355Test-1748269898-project-member] Listing volume transfers {{(pid=96200) _get_transfers /opt/stack/cinder/cinder/api/v3/volume_transfer.py:51}}
Jun 04 08:03:39.171444 np0000002111 devstack@c-api.service[96200]: INFO cinder.api.openstack.wsgi [None req-d9f41729-0497-46b7-b238-6a362a1652d3 tempest-VolumesTransfersV355Test-1748269898 tempest-VolumesTransfersV355Test-1748269898-project-member] https://10.4.3.23/volume/v3/volume-transfers/detail returned with HTTP 200
Jun 04 08:03:39.171965 np0000002111 devstack@c-api.service[96200]: [pid: 96200|app: 0|req: 145/279] 10.4.3.23 () {68 vars in 1319 bytes} [Thu Jun 4 08:03:39 2026] GET /volume/v3/volume-transfers/detail => generated 433 bytes in 12 msecs (HTTP/1.1 200) 7 headers in 286 bytes (1 switches on core 0)
Jun 04 08:03:39.183292 np0000002111 devstack@c-api.service[96201]: DEBUG cinder.api.middleware.request_id [None req-6e3d4413-dae7-4b3b-be35-d23ce0b6314c None None] RequestId filter calling following filter/app {{(pid=96201) _context_setter /opt/stack/cinder/cinder/api/middleware/request_id.py:62}}
Jun 04 08:03:39.186707 np0000002111 devstack@c-api.service[96201]: INFO cinder.api.openstack.wsgi [None req-6e3d4413-dae7-4b3b-be35-d23ce0b6314c tempest-VolumesTransfersV355Test-1748269898 tempest-VolumesTransfersV355Test-1748269898-project-member] DELETE https://10.4.3.23/volume/v3/volume-transfers/82dc2c78-3afe-4d49-8621-a405c4b31460
Jun 04 08:03:39.187476 np0000002111 devstack@c-api.service[96201]: DEBUG cinder.api.openstack.wsgi [None req-6e3d4413-dae7-4b3b-be35-d23ce0b6314c tempest-VolumesTransfersV355Test-1748269898 tempest-VolumesTransfersV355Test-1748269898-project-member] Empty body provided in request {{(pid=96201) get_body /opt/stack/cinder/cinder/api/openstack/wsgi.py:725}}
Jun 04 08:03:39.187476 np0000002111 devstack@c-api.service[96201]: DEBUG cinder.api.openstack.wsgi [None req-6e3d4413-dae7-4b3b-be35-d23ce0b6314c tempest-VolumesTransfersV355Test-1748269898 tempest-VolumesTransfersV355Test-1748269898-project-member] Calling method 'delete' {{(pid=96201) _process_stack /opt/stack/cinder/cinder/api/openstack/wsgi.py:878}}
Jun 04 08:03:39.187969 np0000002111 devstack@c-api.service[96201]: INFO cinder.api.contrib.volume_transfer [None req-6e3d4413-dae7-4b3b-be35-d23ce0b6314c tempest-VolumesTransfersV355Test-1748269898 tempest-VolumesTransfersV355Test-1748269898-project-member] Delete transfer with id: 82dc2c78-3afe-4d49-8621-a405c4b31460
Jun 04 08:03:39.197711 np0000002111 devstack@c-api.service[96201]: /opt/stack/data/venv/lib/python3.12/site-packages/oslo_context/context.py:102: DeprecationWarning: Policy enforcement is depending on the value of is_admin. This key is deprecated. Please update your policy file to use the standard policy values.
Jun 04 08:03:39.197711 np0000002111 devstack@c-api.service[96201]: warnings.warn(
Jun 04 08:03:39.197853 np0000002111 devstack@c-api.service[96200]: DEBUG cinder.api.middleware.request_id [None req-569f1027-a2d4-44e8-bc96-33fa3f2ed442 None None] RequestId filter calling following filter/app {{(pid=96200) _context_setter /opt/stack/cinder/cinder/api/middleware/request_id.py:62}}
Jun 04 08:03:39.199982 np0000002111 devstack@c-api.service[96200]: INFO cinder.api.openstack.wsgi [None req-569f1027-a2d4-44e8-bc96-33fa3f2ed442 tempest-DeleteServersTestJSON-1582598342 tempest-DeleteServersTestJSON-1582598342-project-member] GET https://10.4.3.23/volume/v3/volumes/8a466036-4a55-4594-8cf9-d9d0ac71c059
Jun 04 08:03:39.200214 np0000002111 devstack@c-api.service[96200]: DEBUG cinder.api.openstack.wsgi [None req-569f1027-a2d4-44e8-bc96-33fa3f2ed442 tempest-DeleteServersTestJSON-1582598342 tempest-DeleteServersTestJSON-1582598342-project-member] Empty body provided in request {{(pid=96200) get_body /opt/stack/cinder/cinder/api/openstack/wsgi.py:725}}
Jun 04 08:03:39.200543 np0000002111 devstack@c-api.service[96200]: DEBUG cinder.api.openstack.wsgi [None req-569f1027-a2d4-44e8-bc96-33fa3f2ed442 tempest-DeleteServersTestJSON-1582598342 tempest-DeleteServersTestJSON-1582598342-project-member] Calling method 'show' {{(pid=96200) _process_stack /opt/stack/cinder/cinder/api/openstack/wsgi.py:878}}
Jun 04 08:03:39.211034 np0000002111 devstack@c-api.service[96201]: INFO cinder.api.openstack.wsgi [None req-6e3d4413-dae7-4b3b-be35-d23ce0b6314c tempest-VolumesTransfersV355Test-1748269898 tempest-VolumesTransfersV355Test-1748269898-project-member] https://10.4.3.23/volume/v3/volume-transfers/82dc2c78-3afe-4d49-8621-a405c4b31460 returned with HTTP 202
Jun 04 08:03:39.211592 np0000002111 devstack@c-api.service[96201]: [pid: 96201|app: 0|req: 135/280] 10.4.3.23 () {68 vars in 1412 bytes} [Thu Jun 4 08:03:39 2026] DELETE /volume/v3/volume-transfers/82dc2c78-3afe-4d49-8621-a405c4b31460 => generated 0 bytes in 29 msecs (HTTP/1.1 202) 6 headers in 234 bytes (1 switches on core 0)
Jun 04 08:03:39.217614 np0000002111 devstack@c-api.service[96200]: /opt/stack/data/venv/lib/python3.12/site-packages/oslo_context/context.py:102: DeprecationWarning: Policy enforcement is depending on the value of is_admin. This key is deprecated. Please update your policy file to use the standard policy values.
Jun 04 08:03:39.217614 np0000002111 devstack@c-api.service[96200]: warnings.warn(
Jun 04 08:03:39.223108 np0000002111 devstack@c-api.service[96201]: DEBUG cinder.api.middleware.request_id [None req-8e5dfb84-1439-42cc-91ca-14fee59a214f None None] RequestId filter calling following filter/app {{(pid=96201) _context_setter /opt/stack/cinder/cinder/api/middleware/request_id.py:62}}
Jun 04 08:03:39.225522 np0000002111 devstack@c-api.service[96201]: INFO cinder.api.openstack.wsgi [None req-8e5dfb84-1439-42cc-91ca-14fee59a214f tempest-VolumesTransfersV355Test-1748269898 tempest-VolumesTransfersV355Test-1748269898-project-member] GET https://10.4.3.23/volume/v3/volumes/1a7b2f8f-8c7a-46b1-aa28-8c4f6d22d6f4
Jun 04 08:03:39.225875 np0000002111 devstack@c-api.service[96201]: DEBUG cinder.api.openstack.wsgi [None req-8e5dfb84-1439-42cc-91ca-14fee59a214f tempest-VolumesTransfersV355Test-1748269898 tempest-VolumesTransfersV355Test-1748269898-project-member] Empty body provided in request {{(pid=96201) get_body /opt/stack/cinder/cinder/api/openstack/wsgi.py:725}}
Jun 04 08:03:39.226280 np0000002111 devstack@c-api.service[96201]: DEBUG cinder.api.openstack.wsgi [None req-8e5dfb84-1439-42cc-91ca-14fee59a214f tempest-VolumesTransfersV355Test-1748269898 tempest-VolumesTransfersV355Test-1748269898-project-member] Calling method 'show' {{(pid=96201) _process_stack /opt/stack/cinder/cinder/api/openstack/wsgi.py:878}}
Jun 04 08:03:39.231666 np0000002111 devstack@c-api.service[96200]: INFO cinder.volume.api [None req-569f1027-a2d4-44e8-bc96-33fa3f2ed442 tempest-DeleteServersTestJSON-1582598342 tempest-DeleteServersTestJSON-1582598342-project-member] Volume info retrieved successfully.
Jun 04 08:03:39.236166 np0000002111 devstack@c-api.service[96201]: /opt/stack/data/venv/lib/python3.12/site-packages/oslo_context/context.py:102: DeprecationWarning: Policy enforcement is depending on the value of is_admin. This key is deprecated. Please update your policy file to use the standard policy values.
Jun 04 08:03:39.236166 np0000002111 devstack@c-api.service[96201]: warnings.warn(
Jun 04 08:03:39.242988 np0000002111 devstack@c-api.service[96201]: INFO cinder.volume.api [None req-8e5dfb84-1439-42cc-91ca-14fee59a214f tempest-VolumesTransfersV355Test-1748269898 tempest-VolumesTransfersV355Test-1748269898-project-member] Volume info retrieved successfully.
Jun 04 08:03:39.250889 np0000002111 devstack@c-api.service[96200]: INFO cinder.api.openstack.wsgi [None req-569f1027-a2d4-44e8-bc96-33fa3f2ed442 tempest-DeleteServersTestJSON-1582598342 tempest-DeleteServersTestJSON-1582598342-project-member] https://10.4.3.23/volume/v3/volumes/8a466036-4a55-4594-8cf9-d9d0ac71c059 returned with HTTP 200
Jun 04 08:03:39.253288 np0000002111 devstack@c-api.service[96201]: INFO cinder.api.openstack.wsgi [None req-8e5dfb84-1439-42cc-91ca-14fee59a214f tempest-VolumesTransfersV355Test-1748269898 tempest-VolumesTransfersV355Test-1748269898-project-member] https://10.4.3.23/volume/v3/volumes/1a7b2f8f-8c7a-46b1-aa28-8c4f6d22d6f4 returned with HTTP 200
Jun 04 08:03:39.254195 np0000002111 devstack@c-api.service[96201]: [pid: 96201|app: 0|req: 136/282] 10.4.3.23 () {68 vars in 1382 bytes} [Thu Jun 4 08:03:39 2026] GET /volume/v3/volumes/1a7b2f8f-8c7a-46b1-aa28-8c4f6d22d6f4 => generated 945 bytes in 31 msecs (HTTP/1.1 200) 7 headers in 286 bytes (1 switches on core 0)
Jun 04 08:03:39.254373 np0000002111 devstack@c-api.service[96200]: [pid: 96200|app: 0|req: 146/282] 10.4.3.23 () {66 vars in 1341 bytes} [Thu Jun 4 08:03:39 2026] GET /volume/v3/volumes/8a466036-4a55-4594-8cf9-d9d0ac71c059 => generated 1135 bytes in 56 msecs (HTTP/1.1 200) 7 headers in 286 bytes (1 switches on core 0)
Jun 04 08:03:39.273431 np0000002111 devstack@c-api.service[96201]: DEBUG cinder.api.middleware.request_id [None req-9cafe2c6-d760-45e5-958b-8cfde62a16ee None None] RequestId filter calling following filter/app {{(pid=96201) _context_setter /opt/stack/cinder/cinder/api/middleware/request_id.py:62}}
Jun 04 08:03:39.274479 np0000002111 devstack@c-api.service[96200]: DEBUG cinder.api.middleware.request_id [None req-d207ebb8-aee3-4e1e-9e72-f6b0fb414593 None None] RequestId filter calling following filter/app {{(pid=96200) _context_setter /opt/stack/cinder/cinder/api/middleware/request_id.py:62}}
Jun 04 08:03:39.276060 np0000002111 devstack@c-api.service[96201]: INFO cinder.api.openstack.wsgi [None req-9cafe2c6-d760-45e5-958b-8cfde62a16ee tempest-DeleteServersTestJSON-1582598342 tempest-DeleteServersTestJSON-1582598342-project-member] GET https://10.4.3.23/volume/v3/volumes/8a466036-4a55-4594-8cf9-d9d0ac71c059
Jun 04 08:03:39.276392 np0000002111 devstack@c-api.service[96201]: DEBUG cinder.api.openstack.wsgi [None req-9cafe2c6-d760-45e5-958b-8cfde62a16ee tempest-DeleteServersTestJSON-1582598342 tempest-DeleteServersTestJSON-1582598342-project-member] Empty body provided in request {{(pid=96201) get_body /opt/stack/cinder/cinder/api/openstack/wsgi.py:725}}
Jun 04 08:03:39.276655 np0000002111 devstack@c-api.service[96200]: INFO cinder.api.openstack.wsgi [None req-d207ebb8-aee3-4e1e-9e72-f6b0fb414593 tempest-VolumesTransfersV355Test-1748269898 tempest-VolumesTransfersV355Test-1748269898-project-member] DELETE https://10.4.3.23/volume/v3/volume-transfers/82dc2c78-3afe-4d49-8621-a405c4b31460
Jun 04 08:03:39.276760 np0000002111 devstack@c-api.service[96201]: DEBUG cinder.api.openstack.wsgi [None req-9cafe2c6-d760-45e5-958b-8cfde62a16ee tempest-DeleteServersTestJSON-1582598342 tempest-DeleteServersTestJSON-1582598342-project-member] Calling method 'show' {{(pid=96201) _process_stack /opt/stack/cinder/cinder/api/openstack/wsgi.py:878}}
Jun 04 08:03:39.276921 np0000002111 devstack@c-api.service[96200]: DEBUG cinder.api.openstack.wsgi [None req-d207ebb8-aee3-4e1e-9e72-f6b0fb414593 tempest-VolumesTransfersV355Test-1748269898 tempest-VolumesTransfersV355Test-1748269898-project-member] Empty body provided in request {{(pid=96200) get_body /opt/stack/cinder/cinder/api/openstack/wsgi.py:725}}
Jun 04 08:03:39.277172 np0000002111 devstack@c-api.service[96200]: DEBUG cinder.api.openstack.wsgi [None req-d207ebb8-aee3-4e1e-9e72-f6b0fb414593 tempest-VolumesTransfersV355Test-1748269898 tempest-VolumesTransfersV355Test-1748269898-project-member] Calling method 'delete' {{(pid=96200) _process_stack /opt/stack/cinder/cinder/api/openstack/wsgi.py:878}}
