Jun 04 08:03:03.179246 np0000002111 devstack@g-api.service[98939]: DEBUG swiftclient [None req-1fdf4d9c-f669-4614-8df5-2cc3a426cbf6 tempest-ServerActionsV293TestJSON-1114508328 tempest-ServerActionsV293TestJSON-1114508328-project-member] RESP HEADERS: {'Date': 'Thu, 04 Jun 2026 08:03:03 GMT', 'Server': 'Apache/2.4.58 (Ubuntu)', 'Content-Type': 'application/octet-stream', 'Etag': '87617e24a5e30cb3b87fda8c0764838f', 'Last-Modified': 'Thu, 04 Jun 2026 08:00:56 GMT', 'X-Timestamp': '1780560055.68512', 'Accept-Ranges': 'bytes', 'Content-Length': '21692416', 'X-Trans-Id': 'txaa108de6521a4488ab030-006a213136', 'X-Openstack-Request-Id': 'txaa108de6521a4488ab030-006a213136', 'Connection': 'close'} {{(pid=98939) http_log /opt/stack/data/venv/lib/python3.12/site-packages/swiftclient/client.py:162}}
Jun 04 08:03:03.190669 np0000002111 devstack@g-api.service[98939]: DEBUG glance.image_cache [None req-1fdf4d9c-f669-4614-8df5-2cc3a426cbf6 tempest-ServerActionsV293TestJSON-1114508328 tempest-ServerActionsV293TestJSON-1114508328-project-member] Tee'ing image '4c69c8d6-4a4c-4c9c-a3a6-3d12b90a9bd0' into cache {{(pid=98939) get_caching_iter /opt/stack/glance/glance/image_cache/__init__.py:356}}
Jun 04 08:03:03.375847 np0000002111 devstack@g-api.service[98939]: DEBUG glance.image_cache.drivers.centralized_db [None req-1fdf4d9c-f669-4614-8df5-2cc3a426cbf6 tempest-ServerActionsV293TestJSON-1114508328 tempest-ServerActionsV293TestJSON-1114508328-project-member] Fetch finished, moving '/opt/stack/data/glance/cache/incomplete/4c69c8d6-4a4c-4c9c-a3a6-3d12b90a9bd0' to '/opt/stack/data/glance/cache/4c69c8d6-4a4c-4c9c-a3a6-3d12b90a9bd0' {{(pid=98939) commit /opt/stack/glance/glance/image_cache/drivers/centralized_db.py:243}}
Jun 04 08:03:03.391099 np0000002111 devstack@g-api.service[98939]: DEBUG glance.image_cache.drivers.centralized_db [None req-1fdf4d9c-f669-4614-8df5-2cc3a426cbf6 tempest-ServerActionsV293TestJSON-1114508328 tempest-ServerActionsV293TestJSON-1114508328-project-member] Image cached successfully. {{(pid=98939) commit /opt/stack/glance/glance/image_cache/drivers/centralized_db.py:258}}
Jun 04 08:03:03.391275 np0000002111 devstack@g-api.service[98939]: [pid: 98939|app: 0|req: 21/40] 127.0.0.1 () {44 vars in 1121 bytes} [Thu Jun 4 08:03:02 2026] GET /v2/images/4c69c8d6-4a4c-4c9c-a3a6-3d12b90a9bd0/file => generated 21692416 bytes in 620 msecs (HTTP/1.1 200) 4 headers in 191 bytes (332 switches on core 0)
Jun 04 08:03:04.173959 np0000002111 devstack@g-api.service[98940]: DEBUG glance.api.middleware.version_negotiation [None req-1fdf4d9c-f669-4614-8df5-2cc3a426cbf6 tempest-ServerActionsV293TestJSON-1114508328 tempest-ServerActionsV293TestJSON-1114508328-project-member] Determining version of request: GET /v2/images/4c69c8d6-4a4c-4c9c-a3a6-3d12b90a9bd0 Accept: */* {{(pid=98940) process_request /opt/stack/glance/glance/api/middleware/version_negotiation.py:44}}
Jun 04 08:03:04.174466 np0000002111 devstack@g-api.service[98940]: DEBUG glance.api.middleware.version_negotiation [None req-1fdf4d9c-f669-4614-8df5-2cc3a426cbf6 tempest-ServerActionsV293TestJSON-1114508328 tempest-ServerActionsV293TestJSON-1114508328-project-member] Using url versioning {{(pid=98940) process_request /opt/stack/glance/glance/api/middleware/version_negotiation.py:57}}
Jun 04 08:03:04.174466 np0000002111 devstack@g-api.service[98940]: DEBUG glance.api.middleware.version_negotiation [None req-1fdf4d9c-f669-4614-8df5-2cc3a426cbf6 tempest-ServerActionsV293TestJSON-1114508328 tempest-ServerActionsV293TestJSON-1114508328-project-member] Matched version: v2 {{(pid=98940) process_request /opt/stack/glance/glance/api/middleware/version_negotiation.py:69}}
Jun 04 08:03:04.174466 np0000002111 devstack@g-api.service[98940]: DEBUG glance.api.middleware.version_negotiation [None req-1fdf4d9c-f669-4614-8df5-2cc3a426cbf6 tempest-ServerActionsV293TestJSON-1114508328 tempest-ServerActionsV293TestJSON-1114508328-project-member] new path /v2/images/4c69c8d6-4a4c-4c9c-a3a6-3d12b90a9bd0 {{(pid=98940) process_request /opt/stack/glance/glance/api/middleware/version_negotiation.py:70}}
Jun 04 08:03:04.194592 np0000002111 devstack@g-api.service[98940]: [pid: 98940|app: 0|req: 20/41] 127.0.0.1 () {44 vars in 1111 bytes} [Thu Jun 4 08:03:04 2026] GET /v2/images/4c69c8d6-4a4c-4c9c-a3a6-3d12b90a9bd0 => generated 1044 bytes in 20 msecs (HTTP/1.1 200) 4 headers in 158 bytes (1 switches on core 0)
Jun 04 08:03:04.202496 np0000002111 devstack@g-api.service[98939]: DEBUG glance.api.middleware.version_negotiation [None req-1fdf4d9c-f669-4614-8df5-2cc3a426cbf6 tempest-ServerActionsV293TestJSON-1114508328 tempest-ServerActionsV293TestJSON-1114508328-project-member] Determining version of request: GET /v2/schemas/image Accept: */* {{(pid=98939) process_request /opt/stack/glance/glance/api/middleware/version_negotiation.py:44}}
Jun 04 08:03:04.202496 np0000002111 devstack@g-api.service[98939]: DEBUG glance.api.middleware.version_negotiation [None req-1fdf4d9c-f669-4614-8df5-2cc3a426cbf6 tempest-ServerActionsV293TestJSON-1114508328 tempest-ServerActionsV293TestJSON-1114508328-project-member] Using url versioning {{(pid=98939) process_request /opt/stack/glance/glance/api/middleware/version_negotiation.py:57}}
Jun 04 08:03:04.202496 np0000002111 devstack@g-api.service[98939]: DEBUG glance.api.middleware.version_negotiation [None req-1fdf4d9c-f669-4614-8df5-2cc3a426cbf6 tempest-ServerActionsV293TestJSON-1114508328 tempest-ServerActionsV293TestJSON-1114508328-project-member] Matched version: v2 {{(pid=98939) process_request /opt/stack/glance/glance/api/middleware/version_negotiation.py:69}}
Jun 04 08:03:04.202496 np0000002111 devstack@g-api.service[98939]: DEBUG glance.api.middleware.version_negotiation [None req-1fdf4d9c-f669-4614-8df5-2cc3a426cbf6 tempest-ServerActionsV293TestJSON-1114508328 tempest-ServerActionsV293TestJSON-1114508328-project-member] new path /v2/schemas/image {{(pid=98939) process_request /opt/stack/glance/glance/api/middleware/version_negotiation.py:70}}
Jun 04 08:03:04.206224 np0000002111 devstack@g-api.service[98939]: [pid: 98939|app: 0|req: 22/42] 127.0.0.1 () {44 vars in 1051 bytes} [Thu Jun 4 08:03:04 2026] GET /v2/schemas/image => generated 6083 bytes in 4 msecs (HTTP/1.1 200) 4 headers in 158 bytes (1 switches on core 0)
Jun 04 08:03:05.410356 np0000002111 devstack@g-api.service[98940]: DEBUG glance.api.middleware.version_negotiation [None req-1fdf4d9c-f669-4614-8df5-2cc3a426cbf6 tempest-ServerActionsV293TestJSON-1114508328 tempest-ServerActionsV293TestJSON-1114508328-project-member] Determining version of request: GET /v2/images/4c69c8d6-4a4c-4c9c-a3a6-3d12b90a9bd0 Accept: */* {{(pid=98940) process_request /opt/stack/glance/glance/api/middleware/version_negotiation.py:44}}
Jun 04 08:03:05.410805 np0000002111 devstack@g-api.service[98940]: DEBUG glance.api.middleware.version_negotiation [None req-1fdf4d9c-f669-4614-8df5-2cc3a426cbf6 tempest-ServerActionsV293TestJSON-1114508328 tempest-ServerActionsV293TestJSON-1114508328-project-member] Using url versioning {{(pid=98940) process_request /opt/stack/glance/glance/api/middleware/version_negotiation.py:57}}
Jun 04 08:03:05.410805 np0000002111 devstack@g-api.service[98940]: DEBUG glance.api.middleware.version_negotiation [None req-1fdf4d9c-f669-4614-8df5-2cc3a426cbf6 tempest-ServerActionsV293TestJSON-1114508328 tempest-ServerActionsV293TestJSON-1114508328-project-member] Matched version: v2 {{(pid=98940) process_request /opt/stack/glance/glance/api/middleware/version_negotiation.py:69}}
Jun 04 08:03:05.410966 np0000002111 devstack@g-api.service[98940]: DEBUG glance.api.middleware.version_negotiation [None req-1fdf4d9c-f669-4614-8df5-2cc3a426cbf6 tempest-ServerActionsV293TestJSON-1114508328 tempest-ServerActionsV293TestJSON-1114508328-project-member] new path /v2/images/4c69c8d6-4a4c-4c9c-a3a6-3d12b90a9bd0 {{(pid=98940) process_request /opt/stack/glance/glance/api/middleware/version_negotiation.py:70}}
Jun 04 08:03:05.425045 np0000002111 devstack@g-api.service[98940]: [pid: 98940|app: 0|req: 21/43] 127.0.0.1 () {44 vars in 1111 bytes} [Thu Jun 4 08:03:05 2026] GET /v2/images/4c69c8d6-4a4c-4c9c-a3a6-3d12b90a9bd0 => generated 1044 bytes in 15 msecs (HTTP/1.1 200) 4 headers in 158 bytes (1 switches on core 0)
Jun 04 08:03:05.434605 np0000002111 devstack@g-api.service[98939]: DEBUG glance.api.middleware.version_negotiation [None req-1fdf4d9c-f669-4614-8df5-2cc3a426cbf6 tempest-ServerActionsV293TestJSON-1114508328 tempest-ServerActionsV293TestJSON-1114508328-project-member] Determining version of request: GET /v2/schemas/image Accept: */* {{(pid=98939) process_request /opt/stack/glance/glance/api/middleware/version_negotiation.py:44}}
Jun 04 08:03:05.435047 np0000002111 devstack@g-api.service[98939]: DEBUG glance.api.middleware.version_negotiation [None req-1fdf4d9c-f669-4614-8df5-2cc3a426cbf6 tempest-ServerActionsV293TestJSON-1114508328 tempest-ServerActionsV293TestJSON-1114508328-project-member] Using url versioning {{(pid=98939) process_request /opt/stack/glance/glance/api/middleware/version_negotiation.py:57}}
Jun 04 08:03:05.435047 np0000002111 devstack@g-api.service[98939]: DEBUG glance.api.middleware.version_negotiation [None req-1fdf4d9c-f669-4614-8df5-2cc3a426cbf6 tempest-ServerActionsV293TestJSON-1114508328 tempest-ServerActionsV293TestJSON-1114508328-project-member] Matched version: v2 {{(pid=98939) process_request /opt/stack/glance/glance/api/middleware/version_negotiation.py:69}}
Jun 04 08:03:05.435047 np0000002111 devstack@g-api.service[98939]: DEBUG glance.api.middleware.version_negotiation [None req-1fdf4d9c-f669-4614-8df5-2cc3a426cbf6 tempest-ServerActionsV293TestJSON-1114508328 tempest-ServerActionsV293TestJSON-1114508328-project-member] new path /v2/schemas/image {{(pid=98939) process_request /opt/stack/glance/glance/api/middleware/version_negotiation.py:70}}
Jun 04 08:03:05.437171 np0000002111 devstack@g-api.service[98939]: [pid: 98939|app: 0|req: 23/44] 127.0.0.1 () {44 vars in 1051 bytes} [Thu Jun 4 08:03:05 2026] GET /v2/schemas/image => generated 6083 bytes in 3 msecs (HTTP/1.1 200) 4 headers in 158 bytes (1 switches on core 0)
Jun 04 08:03:06.989356 np0000002111 devstack@g-api.service[98940]: DEBUG glance.api.middleware.version_negotiation [None req-1fdf4d9c-f669-4614-8df5-2cc3a426cbf6 tempest-ServerActionsV293TestJSON-1114508328 tempest-ServerActionsV293TestJSON-1114508328-project-member] Determining version of request: GET /v2/images/4c69c8d6-4a4c-4c9c-a3a6-3d12b90a9bd0 Accept: */* {{(pid=98940) process_request /opt/stack/glance/glance/api/middleware/version_negotiation.py:44}}
Jun 04 08:03:06.989881 np0000002111 devstack@g-api.service[98940]: DEBUG glance.api.middleware.version_negotiation [None req-1fdf4d9c-f669-4614-8df5-2cc3a426cbf6 tempest-ServerActionsV293TestJSON-1114508328 tempest-ServerActionsV293TestJSON-1114508328-project-member] Using url versioning {{(pid=98940) process_request /opt/stack/glance/glance/api/middleware/version_negotiation.py:57}}
Jun 04 08:03:06.989881 np0000002111 devstack@g-api.service[98940]: DEBUG glance.api.middleware.version_negotiation [None req-1fdf4d9c-f669-4614-8df5-2cc3a426cbf6 tempest-ServerActionsV293TestJSON-1114508328 tempest-ServerActionsV293TestJSON-1114508328-project-member] Matched version: v2 {{(pid=98940) process_request /opt/stack/glance/glance/api/middleware/version_negotiation.py:69}}
Jun 04 08:03:06.989881 np0000002111 devstack@g-api.service[98940]: DEBUG glance.api.middleware.version_negotiation [None req-1fdf4d9c-f669-4614-8df5-2cc3a426cbf6 tempest-ServerActionsV293TestJSON-1114508328 tempest-ServerActionsV293TestJSON-1114508328-project-member] new path /v2/images/4c69c8d6-4a4c-4c9c-a3a6-3d12b90a9bd0 {{(pid=98940) process_request /opt/stack/glance/glance/api/middleware/version_negotiation.py:70}}
Jun 04 08:03:07.006545 np0000002111 devstack@g-api.service[98940]: [pid: 98940|app: 0|req: 22/45] 127.0.0.1 () {44 vars in 1111 bytes} [Thu Jun 4 08:03:06 2026] GET /v2/images/4c69c8d6-4a4c-4c9c-a3a6-3d12b90a9bd0 => generated 1044 bytes in 17 msecs (HTTP/1.1 200) 4 headers in 158 bytes (1 switches on core 0)
Jun 04 08:03:07.019905 np0000002111 devstack@g-api.service[98939]: DEBUG glance.api.middleware.version_negotiation [None req-1fdf4d9c-f669-4614-8df5-2cc3a426cbf6 tempest-ServerActionsV293TestJSON-1114508328 tempest-ServerActionsV293TestJSON-1114508328-project-member] Determining version of request: GET /v2/schemas/image Accept: */* {{(pid=98939) process_request /opt/stack/glance/glance/api/middleware/version_negotiation.py:44}}
Jun 04 08:03:07.020244 np0000002111 devstack@g-api.service[98939]: DEBUG glance.api.middleware.version_negotiation [None req-1fdf4d9c-f669-4614-8df5-2cc3a426cbf6 tempest-ServerActionsV293TestJSON-1114508328 tempest-ServerActionsV293TestJSON-1114508328-project-member] Using url versioning {{(pid=98939) process_request /opt/stack/glance/glance/api/middleware/version_negotiation.py:57}}
Jun 04 08:03:07.020244 np0000002111 devstack@g-api.service[98939]: DEBUG glance.api.middleware.version_negotiation [None req-1fdf4d9c-f669-4614-8df5-2cc3a426cbf6 tempest-ServerActionsV293TestJSON-1114508328 tempest-ServerActionsV293TestJSON-1114508328-project-member] Matched version: v2 {{(pid=98939) process_request /opt/stack/glance/glance/api/middleware/version_negotiation.py:69}}
Jun 04 08:03:07.020360 np0000002111 devstack@g-api.service[98939]: DEBUG glance.api.middleware.version_negotiation [None req-1fdf4d9c-f669-4614-8df5-2cc3a426cbf6 tempest-ServerActionsV293TestJSON-1114508328 tempest-ServerActionsV293TestJSON-1114508328-project-member] new path /v2/schemas/image {{(pid=98939) process_request /opt/stack/glance/glance/api/middleware/version_negotiation.py:70}}
Jun 04 08:03:07.024661 np0000002111 devstack@g-api.service[98939]: [pid: 98939|app: 0|req: 24/46] 127.0.0.1 () {44 vars in 1051 bytes} [Thu Jun 4 08:03:07 2026] GET /v2/schemas/image => generated 6083 bytes in 5 msecs (HTTP/1.1 200) 4 headers in 158 bytes (1 switches on core 0)
Jun 04 08:03:08.686295 np0000002111 devstack@g-api.service[98940]: DEBUG glance.api.middleware.version_negotiation [None req-1fdf4d9c-f669-4614-8df5-2cc3a426cbf6 tempest-ServerActionsV293TestJSON-1114508328 tempest-ServerActionsV293TestJSON-1114508328-project-member] Determining version of request: GET /v2/images/4c69c8d6-4a4c-4c9c-a3a6-3d12b90a9bd0 Accept: application/json {{(pid=98940) process_request /opt/stack/glance/glance/api/middleware/version_negotiation.py:44}}
Jun 04 08:03:08.686676 np0000002111 devstack@g-api.service[98940]: DEBUG glance.api.middleware.version_negotiation [None req-1fdf4d9c-f669-4614-8df5-2cc3a426cbf6 tempest-ServerActionsV293TestJSON-1114508328 tempest-ServerActionsV293TestJSON-1114508328-project-member] Using url versioning {{(pid=98940) process_request /opt/stack/glance/glance/api/middleware/version_negotiation.py:57}}
Jun 04 08:03:08.686676 np0000002111 devstack@g-api.service[98940]: DEBUG glance.api.middleware.version_negotiation [None req-1fdf4d9c-f669-4614-8df5-2cc3a426cbf6 tempest-ServerActionsV293TestJSON-1114508328 tempest-ServerActionsV293TestJSON-1114508328-project-member] Matched version: v2 {{(pid=98940) process_request /opt/stack/glance/glance/api/middleware/version_negotiation.py:69}}
Jun 04 08:03:08.686796 np0000002111 devstack@g-api.service[98940]: DEBUG glance.api.middleware.version_negotiation [None req-1fdf4d9c-f669-4614-8df5-2cc3a426cbf6 tempest-ServerActionsV293TestJSON-1114508328 tempest-ServerActionsV293TestJSON-1114508328-project-member] new path /v2/images/4c69c8d6-4a4c-4c9c-a3a6-3d12b90a9bd0 {{(pid=98940) process_request /opt/stack/glance/glance/api/middleware/version_negotiation.py:70}}
Jun 04 08:03:08.955077 np0000002111 devstack@g-api.service[98940]: [pid: 98940|app: 0|req: 23/47] 127.0.0.1 () {40 vars in 834 bytes} [Thu Jun 4 08:03:08 2026] GET /v2/images/4c69c8d6-4a4c-4c9c-a3a6-3d12b90a9bd0 => generated 1044 bytes in 269 msecs (HTTP/1.1 200) 4 headers in 158 bytes (1 switches on core 0)
Jun 04 08:03:08.963691 np0000002111 devstack@g-api.service[98939]: DEBUG glance.api.middleware.version_negotiation [None req-1fdf4d9c-f669-4614-8df5-2cc3a426cbf6 tempest-ServerActionsV293TestJSON-1114508328 tempest-ServerActionsV293TestJSON-1114508328-project-member] Determining version of request: GET /v2/images/4c69c8d6-4a4c-4c9c-a3a6-3d12b90a9bd0/file Accept: application/json {{(pid=98939) process_request /opt/stack/glance/glance/api/middleware/version_negotiation.py:44}}
Jun 04 08:03:08.964023 np0000002111 devstack@g-api.service[98939]: DEBUG glance.api.middleware.version_negotiation [None req-1fdf4d9c-f669-4614-8df5-2cc3a426cbf6 tempest-ServerActionsV293TestJSON-1114508328 tempest-ServerActionsV293TestJSON-1114508328-project-member] Using url versioning {{(pid=98939) process_request /opt/stack/glance/glance/api/middleware/version_negotiation.py:57}}
Jun 04 08:03:08.964682 np0000002111 devstack@g-api.service[98939]: DEBUG glance.api.middleware.version_negotiation [None req-1fdf4d9c-f669-4614-8df5-2cc3a426cbf6 tempest-ServerActionsV293TestJSON-1114508328 tempest-ServerActionsV293TestJSON-1114508328-project-member] Matched version: v2 {{(pid=98939) process_request /opt/stack/glance/glance/api/middleware/version_negotiation.py:69}}
Jun 04 08:03:08.964815 np0000002111 devstack@g-api.service[98939]: DEBUG glance.api.middleware.version_negotiation [None req-1fdf4d9c-f669-4614-8df5-2cc3a426cbf6 tempest-ServerActionsV293TestJSON-1114508328 tempest-ServerActionsV293TestJSON-1114508328-project-member] new path /v2/images/4c69c8d6-4a4c-4c9c-a3a6-3d12b90a9bd0/file {{(pid=98939) process_request /opt/stack/glance/glance/api/middleware/version_negotiation.py:70}}
Jun 04 08:03:09.160806 np0000002111 devstack@g-api.service[98939]: DEBUG glance.api.middleware.cache [None req-28044bab-c5fb-47d0-bf49-e0ce1993405d tempest-AttachSCSIVolumeTestJSON-1675315825 tempest-AttachSCSIVolumeTestJSON-1675315825-project-admin] Cache hit for image '4c69c8d6-4a4c-4c9c-a3a6-3d12b90a9bd0' {{(pid=98939) process_request /opt/stack/glance/glance/api/middleware/cache.py:160}}
Jun 04 08:03:09.172431 np0000002111 devstack@g-api.service[98940]: DEBUG glance.api.middleware.version_negotiation [None req-1c80d64e-9bc9-4bea-97e5-29cd37c40ddb tempest-AttachSCSIVolumeTestJSON-2123871655 tempest-AttachSCSIVolumeTestJSON-2123871655-project-reader] Determining version of request: POST /v2/images Accept: application/json {{(pid=98940) process_request /opt/stack/glance/glance/api/middleware/version_negotiation.py:44}}
Jun 04 08:03:09.172732 np0000002111 devstack@g-api.service[98940]: DEBUG glance.api.middleware.version_negotiation [None req-1c80d64e-9bc9-4bea-97e5-29cd37c40ddb tempest-AttachSCSIVolumeTestJSON-2123871655 tempest-AttachSCSIVolumeTestJSON-2123871655-project-reader] Using url versioning {{(pid=98940) process_request /opt/stack/glance/glance/api/middleware/version_negotiation.py:57}}
Jun 04 08:03:09.172844 np0000002111 devstack@g-api.service[98940]: DEBUG glance.api.middleware.version_negotiation [None req-1c80d64e-9bc9-4bea-97e5-29cd37c40ddb tempest-AttachSCSIVolumeTestJSON-2123871655 tempest-AttachSCSIVolumeTestJSON-2123871655-project-reader] Matched version: v2 {{(pid=98940) process_request /opt/stack/glance/glance/api/middleware/version_negotiation.py:69}}
Jun 04 08:03:09.172999 np0000002111 devstack@g-api.service[98940]: DEBUG glance.api.middleware.version_negotiation [None req-1c80d64e-9bc9-4bea-97e5-29cd37c40ddb tempest-AttachSCSIVolumeTestJSON-2123871655 tempest-AttachSCSIVolumeTestJSON-2123871655-project-reader] new path /v2/images {{(pid=98940) process_request /opt/stack/glance/glance/api/middleware/version_negotiation.py:70}}
Jun 04 08:03:09.875020 np0000002111 devstack@g-api.service[98940]: [pid: 98940|app: 0|req: 24/48] 127.0.0.1 () {42 vars in 782 bytes} [Thu Jun 4 08:03:09 2026] POST /v2/images => generated 690 bytes in 701 msecs (HTTP/1.1 201) 6 headers in 315 bytes (1 switches on core 0)
Jun 04 08:03:09.882805 np0000002111 devstack@g-api.service[98940]: DEBUG glance.api.middleware.version_negotiation [None req-8e1b7734-6c38-4dcb-9e9f-e9d9543d71f1 tempest-AttachSCSIVolumeTestJSON-1675315825 tempest-AttachSCSIVolumeTestJSON-1675315825-project-admin] Determining version of request: PUT /v2/images/9b317190-34dc-4270-8b21-086e67ddcf94/file Accept: {{(pid=98940) process_request /opt/stack/glance/glance/api/middleware/version_negotiation.py:44}}
Jun 04 08:03:09.882805 np0000002111 devstack@g-api.service[98940]: DEBUG glance.api.middleware.version_negotiation [None req-8e1b7734-6c38-4dcb-9e9f-e9d9543d71f1 tempest-AttachSCSIVolumeTestJSON-1675315825 tempest-AttachSCSIVolumeTestJSON-1675315825-project-admin] Using url versioning {{(pid=98940) process_request /opt/stack/glance/glance/api/middleware/version_negotiation.py:57}}
Jun 04 08:03:09.882805 np0000002111 devstack@g-api.service[98940]: DEBUG glance.api.middleware.version_negotiation [None req-8e1b7734-6c38-4dcb-9e9f-e9d9543d71f1 tempest-AttachSCSIVolumeTestJSON-1675315825 tempest-AttachSCSIVolumeTestJSON-1675315825-project-admin] Matched version: v2 {{(pid=98940) process_request /opt/stack/glance/glance/api/middleware/version_negotiation.py:69}}
Jun 04 08:03:09.882805 np0000002111 devstack@g-api.service[98940]: DEBUG glance.api.middleware.version_negotiation [None req-8e1b7734-6c38-4dcb-9e9f-e9d9543d71f1 tempest-AttachSCSIVolumeTestJSON-1675315825 tempest-AttachSCSIVolumeTestJSON-1675315825-project-admin] new path /v2/images/9b317190-34dc-4270-8b21-086e67ddcf94/file {{(pid=98940) process_request /opt/stack/glance/glance/api/middleware/version_negotiation.py:70}}
Jun 04 08:03:09.931303 np0000002111 devstack@g-api.service[98939]: [pid: 98939|app: 0|req: 25/49] 127.0.0.1 () {40 vars in 844 bytes} [Thu Jun 4 08:03:08 2026] GET /v2/images/4c69c8d6-4a4c-4c9c-a3a6-3d12b90a9bd0/file => generated 21692416 bytes in 968 msecs (HTTP/1.1 200) 5 headers in 217 bytes (339 switches on core 0)
Jun 04 08:03:10.474954 np0000002111 devstack@g-api.service[98940]: INFO glance.api.v2.image_data [None req-77bea548-e650-4964-adb5-c848eedbd1a9 tempest-AttachSCSIVolumeTestJSON-1675315825 tempest-AttachSCSIVolumeTestJSON-1675315825-project-admin] Unable to create trust: no such option collect_timing in group [keystone_authtoken] Use the existing user token.
Jun 04 08:03:11.058873 np0000002111 devstack@g-api.service[98940]: DEBUG glance.location [None req-77bea548-e650-4964-adb5-c848eedbd1a9 tempest-AttachSCSIVolumeTestJSON-1675315825 tempest-AttachSCSIVolumeTestJSON-1675315825-project-admin] Enabling in-flight format inspection for qcow2 {{(pid=98940) set_data /opt/stack/glance/glance/location.py:616}}
Jun 04 08:03:11.059266 np0000002111 devstack@g-api.service[98940]: DEBUG glance_store.backend [None req-77bea548-e650-4964-adb5-c848eedbd1a9 tempest-AttachSCSIVolumeTestJSON-1675315825 tempest-AttachSCSIVolumeTestJSON-1675315825-project-admin] Attempting to import store swift {{(pid=98940) _load_store /opt/stack/data/venv/lib/python3.12/site-packages/glance_store/backend.py:215}}
Jun 04 08:03:11.060580 np0000002111 devstack@g-api.service[98940]: DEBUG glance_store.capabilities [None req-77bea548-e650-4964-adb5-c848eedbd1a9 tempest-AttachSCSIVolumeTestJSON-1675315825 tempest-AttachSCSIVolumeTestJSON-1675315825-project-admin] Store glance_store._drivers.swift.store.SingleTenantStore doesn't support updating dynamic storage capabilities. Please overwrite 'update_capabilities' method of the store to implement updating logics if needed. {{(pid=98940) update_capabilities /opt/stack/data/venv/lib/python3.12/site-packages/glance_store/capabilities.py:91}}
Jun 04 08:03:11.060677 np0000002111 devstack@g-api.service[98940]: DEBUG glance_store.driver [None req-77bea548-e650-4964-adb5-c848eedbd1a9 tempest-AttachSCSIVolumeTestJSON-1675315825 tempest-AttachSCSIVolumeTestJSON-1675315825-project-admin] Late loading location class glance_store._drivers.swift.store.StoreLocation {{(pid=98940) get_store_location_class /opt/stack/data/venv/lib/python3.12/site-packages/glance_store/driver.py:134}}
Jun 04 08:03:11.060754 np0000002111 devstack@g-api.service[98940]: DEBUG glance_store.location [None req-77bea548-e650-4964-adb5-c848eedbd1a9 tempest-AttachSCSIVolumeTestJSON-1675315825 tempest-AttachSCSIVolumeTestJSON-1675315825-project-admin] Registering scheme swift+https with {'store': , 'location_class': , 'store_entry': 'swift'} {{(pid=98940) register_scheme_map /opt/stack/data/venv/lib/python3.12/site-packages/glance_store/location.py:146}}
Jun 04 08:03:11.060875 np0000002111 devstack@g-api.service[98940]: DEBUG glance_store.location [None req-77bea548-e650-4964-adb5-c848eedbd1a9 tempest-AttachSCSIVolumeTestJSON-1675315825 tempest-AttachSCSIVolumeTestJSON-1675315825-project-admin] Registering scheme swift+https with {'store': , 'location_class': , 'store_entry': 'swift'} {{(pid=98940) register_scheme_map /opt/stack/data/venv/lib/python3.12/site-packages/glance_store/location.py:146}}
Jun 04 08:03:11.060998 np0000002111 devstack@g-api.service[98940]: DEBUG glance_store.location [None req-77bea548-e650-4964-adb5-c848eedbd1a9 tempest-AttachSCSIVolumeTestJSON-1675315825 tempest-AttachSCSIVolumeTestJSON-1675315825-project-admin] Registering scheme swift with {'store': , 'location_class': , 'store_entry': 'swift'} {{(pid=98940) register_scheme_map /opt/stack/data/venv/lib/python3.12/site-packages/glance_store/location.py:146}}
Jun 04 08:03:11.061118 np0000002111 devstack@g-api.service[98940]: DEBUG glance_store.location [None req-77bea548-e650-4964-adb5-c848eedbd1a9 tempest-AttachSCSIVolumeTestJSON-1675315825 tempest-AttachSCSIVolumeTestJSON-1675315825-project-admin] Registering scheme swift+https with {'store': , 'location_class': , 'store_entry': 'swift'} {{(pid=98940) register_scheme_map /opt/stack/data/venv/lib/python3.12/site-packages/glance_store/location.py:146}}
Jun 04 08:03:11.061223 np0000002111 devstack@g-api.service[98940]: DEBUG glance_store.location [None req-77bea548-e650-4964-adb5-c848eedbd1a9 tempest-AttachSCSIVolumeTestJSON-1675315825 tempest-AttachSCSIVolumeTestJSON-1675315825-project-admin] Registering scheme swift with {'store': , 'location_class': , 'store_entry': 'swift'} {{(pid=98940) register_scheme_map /opt/stack/data/venv/lib/python3.12/site-packages/glance_store/location.py:146}}
Jun 04 08:03:11.061422 np0000002111 devstack@g-api.service[98940]: DEBUG glance_store.location [None req-77bea548-e650-4964-adb5-c848eedbd1a9 tempest-AttachSCSIVolumeTestJSON-1675315825 tempest-AttachSCSIVolumeTestJSON-1675315825-project-admin] Registering scheme swift+http with {'store': , 'location_class': , 'store_entry': 'swift'} {{(pid=98940) register_scheme_map /opt/stack/data/venv/lib/python3.12/site-packages/glance_store/location.py:146}}
Jun 04 08:03:11.061548 np0000002111 devstack@g-api.service[98940]: DEBUG glance_store.location [None req-77bea548-e650-4964-adb5-c848eedbd1a9 tempest-AttachSCSIVolumeTestJSON-1675315825 tempest-AttachSCSIVolumeTestJSON-1675315825-project-admin] Registering scheme swift+https with {'store': , 'location_class': , 'store_entry': 'swift'} {{(pid=98940) register_scheme_map /opt/stack/data/venv/lib/python3.12/site-packages/glance_store/location.py:146}}
Jun 04 08:03:11.061667 np0000002111 devstack@g-api.service[98940]: DEBUG glance_store.location [None req-77bea548-e650-4964-adb5-c848eedbd1a9 tempest-AttachSCSIVolumeTestJSON-1675315825 tempest-AttachSCSIVolumeTestJSON-1675315825-project-admin] Registering scheme swift with {'store': , 'location_class': , 'store_entry': 'swift'} {{(pid=98940) register_scheme_map /opt/stack/data/venv/lib/python3.12/site-packages/glance_store/location.py:146}}
Jun 04 08:03:11.061748 np0000002111 devstack@g-api.service[98940]: DEBUG glance_store.location [None req-77bea548-e650-4964-adb5-c848eedbd1a9 tempest-AttachSCSIVolumeTestJSON-1675315825 tempest-AttachSCSIVolumeTestJSON-1675315825-project-admin] Registering scheme swift+http with {'store': , 'location_class': , 'store_entry': 'swift'} {{(pid=98940) register_scheme_map /opt/stack/data/venv/lib/python3.12/site-packages/glance_store/location.py:146}}
Jun 04 08:03:11.061819 np0000002111 devstack@g-api.service[98940]: DEBUG glance_store.location [None req-77bea548-e650-4964-adb5-c848eedbd1a9 tempest-AttachSCSIVolumeTestJSON-1675315825 tempest-AttachSCSIVolumeTestJSON-1675315825-project-admin] Registering scheme swift+config with {'store': , 'location_class': , 'store_entry': 'swift'} {{(pid=98940) register_scheme_map /opt/stack/data/venv/lib/python3.12/site-packages/glance_store/location.py:146}}
Jun 04 08:03:11.403353 np0000002111 devstack@g-api.service[98939]: DEBUG glance.api.middleware.version_negotiation [None req-28044bab-c5fb-47d0-bf49-e0ce1993405d tempest-AttachSCSIVolumeTestJSON-1675315825 tempest-AttachSCSIVolumeTestJSON-1675315825-project-admin] Determining version of request: GET /v2/images/4c69c8d6-4a4c-4c9c-a3a6-3d12b90a9bd0 Accept: */* {{(pid=98939) process_request /opt/stack/glance/glance/api/middleware/version_negotiation.py:44}}
Jun 04 08:03:11.403353 np0000002111 devstack@g-api.service[98939]: DEBUG glance.api.middleware.version_negotiation [None req-28044bab-c5fb-47d0-bf49-e0ce1993405d tempest-AttachSCSIVolumeTestJSON-1675315825 tempest-AttachSCSIVolumeTestJSON-1675315825-project-admin] Using url versioning {{(pid=98939) process_request /opt/stack/glance/glance/api/middleware/version_negotiation.py:57}}
Jun 04 08:03:11.403353 np0000002111 devstack@g-api.service[98939]: DEBUG glance.api.middleware.version_negotiation [None req-28044bab-c5fb-47d0-bf49-e0ce1993405d tempest-AttachSCSIVolumeTestJSON-1675315825 tempest-AttachSCSIVolumeTestJSON-1675315825-project-admin] Matched version: v2 {{(pid=98939) process_request /opt/stack/glance/glance/api/middleware/version_negotiation.py:69}}
Jun 04 08:03:11.403820 np0000002111 devstack@g-api.service[98939]: DEBUG glance.api.middleware.version_negotiation [None req-28044bab-c5fb-47d0-bf49-e0ce1993405d tempest-AttachSCSIVolumeTestJSON-1675315825 tempest-AttachSCSIVolumeTestJSON-1675315825-project-admin] new path /v2/images/4c69c8d6-4a4c-4c9c-a3a6-3d12b90a9bd0 {{(pid=98939) process_request /opt/stack/glance/glance/api/middleware/version_negotiation.py:70}}
Jun 04 08:03:11.415529 np0000002111 devstack@g-api.service[98939]: [pid: 98939|app: 0|req: 26/50] 127.0.0.1 () {44 vars in 1111 bytes} [Thu Jun 4 08:03:11 2026] GET /v2/images/4c69c8d6-4a4c-4c9c-a3a6-3d12b90a9bd0 => generated 1044 bytes in 13 msecs (HTTP/1.1 200) 4 headers in 158 bytes (1 switches on core 0)
Jun 04 08:03:11.438125 np0000002111 devstack@g-api.service[98940]: DEBUG swiftclient [None req-77bea548-e650-4964-adb5-c848eedbd1a9 tempest-AttachSCSIVolumeTestJSON-1675315825 tempest-AttachSCSIVolumeTestJSON-1675315825-project-admin] REQ: curl -i https://10.4.3.23:8080/v1/AUTH_a826c9237cb1485e936aa71d40ae77dc/glance -I -H "X-Auth-Token: gAAAAABqITE_pO_z..." {{(pid=98940) http_log /opt/stack/data/venv/lib/python3.12/site-packages/swiftclient/client.py:160}}
Jun 04 08:03:11.438267 np0000002111 devstack@g-api.service[98940]: DEBUG swiftclient [None req-77bea548-e650-4964-adb5-c848eedbd1a9 tempest-AttachSCSIVolumeTestJSON-1675315825 tempest-AttachSCSIVolumeTestJSON-1675315825-project-admin] RESP STATUS: 204 No Content {{(pid=98940) http_log /opt/stack/data/venv/lib/python3.12/site-packages/swiftclient/client.py:161}}
Jun 04 08:03:11.438455 np0000002111 devstack@g-api.service[98940]: DEBUG swiftclient [None req-77bea548-e650-4964-adb5-c848eedbd1a9 tempest-AttachSCSIVolumeTestJSON-1675315825 tempest-AttachSCSIVolumeTestJSON-1675315825-project-admin] RESP HEADERS: {'Date': 'Thu, 04 Jun 2026 08:03:11 GMT', 'Server': 'Apache/2.4.58 (Ubuntu)', 'Content-Type': 'text/plain; charset=utf-8', 'X-Container-Object-Count': '3', 'X-Container-Bytes-Used': '64356352', 'X-Timestamp': '1780560049.43194', 'Last-Modified': 'Thu, 04 Jun 2026 08:00:50 GMT', 'Accept-Ranges': 'bytes', 'X-Storage-Policy': 'Policy-0', 'X-Container-Sharding': 'False', 'Vary': 'Accept', 'X-Trans-Id': 'txeeb75b8d41a2425793ce3-006a21313f', 'X-Openstack-Request-Id': 'txeeb75b8d41a2425793ce3-006a21313f', 'Connection': 'close'} {{(pid=98940) http_log /opt/stack/data/venv/lib/python3.12/site-packages/swiftclient/client.py:162}}
Jun 04 08:03:11.438591 np0000002111 devstack@g-api.service[98940]: DEBUG glance_store._drivers.swift.store [None req-77bea548-e650-4964-adb5-c848eedbd1a9 tempest-AttachSCSIVolumeTestJSON-1675315825 tempest-AttachSCSIVolumeTestJSON-1675315825-project-admin] Adding image object '9b317190-34dc-4270-8b21-086e67ddcf94' to Swift {{(pid=98940) add /opt/stack/data/venv/lib/python3.12/site-packages/glance_store/_drivers/swift/store.py:970}}
Jun 04 08:03:11.438703 np0000002111 devstack@g-api.service[98940]: DEBUG glance_store._drivers.swift.store [None req-77bea548-e650-4964-adb5-c848eedbd1a9 tempest-AttachSCSIVolumeTestJSON-1675315825 tempest-AttachSCSIVolumeTestJSON-1675315825-project-admin] Cannot determine image size because it is either not provided in the request or chunked-transfer encoding is used. Adding image as a segmented object to Swift. {{(pid=98940) add /opt/stack/data/venv/lib/python3.12/site-packages/glance_store/_drivers/swift/store.py:994}}
Jun 04 08:03:11.444336 np0000002111 devstack@g-api.service[98940]: DEBUG oslo_utils.imageutils.format_inspector [None req-77bea548-e650-4964-adb5-c848eedbd1a9 tempest-AttachSCSIVolumeTestJSON-1675315825 tempest-AttachSCSIVolumeTestJSON-1675315825-project-admin] Format inspector for vmdk does not match, excluding from consideration (Signature KDMV not found: b'QFI\xfb') {{(pid=98940) _process_chunk /opt/stack/data/venv/lib/python3.12/site-packages/oslo_utils/imageutils/format_inspector.py:1758}}
Jun 04 08:03:11.445596 np0000002111 devstack@g-api.service[98939]: DEBUG glance.api.middleware.version_negotiation [None req-8e2d2620-ae10-4f6f-a4d0-b0f6a154455f tempest-DeleteServersTestJSON-1582598342 tempest-DeleteServersTestJSON-1582598342-project-member] Determining version of request: GET /v2/images/4c69c8d6-4a4c-4c9c-a3a6-3d12b90a9bd0/file Accept: */* {{(pid=98939) process_request /opt/stack/glance/glance/api/middleware/version_negotiation.py:44}}
Jun 04 08:03:11.445774 np0000002111 devstack@g-api.service[98939]: DEBUG glance.api.middleware.version_negotiation [None req-8e2d2620-ae10-4f6f-a4d0-b0f6a154455f tempest-DeleteServersTestJSON-1582598342 tempest-DeleteServersTestJSON-1582598342-project-member] Using url versioning {{(pid=98939) process_request /opt/stack/glance/glance/api/middleware/version_negotiation.py:57}}
Jun 04 08:03:11.445886 np0000002111 devstack@g-api.service[98939]: DEBUG glance.api.middleware.version_negotiation [None req-8e2d2620-ae10-4f6f-a4d0-b0f6a154455f tempest-DeleteServersTestJSON-1582598342 tempest-DeleteServersTestJSON-1582598342-project-member] Matched version: v2 {{(pid=98939) process_request /opt/stack/glance/glance/api/middleware/version_negotiation.py:69}}
Jun 04 08:03:11.445986 np0000002111 devstack@g-api.service[98939]: DEBUG glance.api.middleware.version_negotiation [None req-8e2d2620-ae10-4f6f-a4d0-b0f6a154455f tempest-DeleteServersTestJSON-1582598342 tempest-DeleteServersTestJSON-1582598342-project-member] new path /v2/images/4c69c8d6-4a4c-4c9c-a3a6-3d12b90a9bd0/file {{(pid=98939) process_request /opt/stack/glance/glance/api/middleware/version_negotiation.py:70}}
Jun 04 08:03:11.448624 np0000002111 devstack@g-api.service[98940]: DEBUG oslo_utils.imageutils.format_inspector [None req-77bea548-e650-4964-adb5-c848eedbd1a9 tempest-AttachSCSIVolumeTestJSON-1675315825 tempest-AttachSCSIVolumeTestJSON-1675315825-project-admin] Format inspector for vhdx does not match, excluding from consideration (Region signature not found at 30000) {{(pid=98940) _process_chunk /opt/stack/data/venv/lib/python3.12/site-packages/oslo_utils/imageutils/format_inspector.py:1758}}
Jun 04 08:03:11.454132 np0000002111 devstack@g-api.service[98939]: DEBUG glance.api.middleware.cache [None req-8e2d2620-ae10-4f6f-a4d0-b0f6a154455f tempest-DeleteServersTestJSON-1582598342 tempest-DeleteServersTestJSON-1582598342-project-member] Cache hit for image '4c69c8d6-4a4c-4c9c-a3a6-3d12b90a9bd0' {{(pid=98939) process_request /opt/stack/glance/glance/api/middleware/cache.py:160}}
Jun 04 08:03:11.512038 np0000002111 devstack@g-api.service[98939]: [pid: 98939|app: 0|req: 27/51] 127.0.0.1 () {44 vars in 1121 bytes} [Thu Jun 4 08:03:11 2026] GET /v2/images/4c69c8d6-4a4c-4c9c-a3a6-3d12b90a9bd0/file => generated 21692416 bytes in 66 msecs (HTTP/1.1 200) 5 headers in 217 bytes (339 switches on core 0)
Jun 04 08:03:11.591182 np0000002111 devstack@g-api.service[98939]: DEBUG glance.api.middleware.version_negotiation [None req-8e2d2620-ae10-4f6f-a4d0-b0f6a154455f tempest-DeleteServersTestJSON-1582598342 tempest-DeleteServersTestJSON-1582598342-project-member] Determining version of request: GET /v2/images/4c69c8d6-4a4c-4c9c-a3a6-3d12b90a9bd0 Accept: */* {{(pid=98939) process_request /opt/stack/glance/glance/api/middleware/version_negotiation.py:44}}
Jun 04 08:03:11.592962 np0000002111 devstack@g-api.service[98939]: DEBUG glance.api.middleware.version_negotiation [None req-8e2d2620-ae10-4f6f-a4d0-b0f6a154455f tempest-DeleteServersTestJSON-1582598342 tempest-DeleteServersTestJSON-1582598342-project-member] Using url versioning {{(pid=98939) process_request /opt/stack/glance/glance/api/middleware/version_negotiation.py:57}}
Jun 04 08:03:11.593213 np0000002111 devstack@g-api.service[98939]: DEBUG glance.api.middleware.version_negotiation [None req-8e2d2620-ae10-4f6f-a4d0-b0f6a154455f tempest-DeleteServersTestJSON-1582598342 tempest-DeleteServersTestJSON-1582598342-project-member] Matched version: v2 {{(pid=98939) process_request /opt/stack/glance/glance/api/middleware/version_negotiation.py:69}}
Jun 04 08:03:11.594598 np0000002111 devstack@g-api.service[98939]: DEBUG glance.api.middleware.version_negotiation [None req-8e2d2620-ae10-4f6f-a4d0-b0f6a154455f tempest-DeleteServersTestJSON-1582598342 tempest-DeleteServersTestJSON-1582598342-project-member] new path /v2/images/4c69c8d6-4a4c-4c9c-a3a6-3d12b90a9bd0 {{(pid=98939) process_request /opt/stack/glance/glance/api/middleware/version_negotiation.py:70}}
Jun 04 08:03:11.607965 np0000002111 devstack@g-api.service[98939]: [pid: 98939|app: 0|req: 28/52] 127.0.0.1 () {44 vars in 1111 bytes} [Thu Jun 4 08:03:11 2026] GET /v2/images/4c69c8d6-4a4c-4c9c-a3a6-3d12b90a9bd0 => generated 1044 bytes in 18 msecs (HTTP/1.1 200) 4 headers in 158 bytes (1 switches on core 0)
Jun 04 08:03:11.634058 np0000002111 devstack@g-api.service[98940]: DEBUG swiftclient [None req-77bea548-e650-4964-adb5-c848eedbd1a9 tempest-AttachSCSIVolumeTestJSON-1675315825 tempest-AttachSCSIVolumeTestJSON-1675315825-project-admin] REQ: curl -i https://10.4.3.23:8080/v1/AUTH_a826c9237cb1485e936aa71d40ae77dc/glance/9b317190-34dc-4270-8b21-086e67ddcf94-00001 -X PUT -H "X-Auth-Token: gAAAAABqITE_pO_z..." {{(pid=98940) http_log /opt/stack/data/venv/lib/python3.12/site-packages/swiftclient/client.py:160}}
Jun 04 08:03:11.634248 np0000002111 devstack@g-api.service[98940]: DEBUG swiftclient [None req-77bea548-e650-4964-adb5-c848eedbd1a9 tempest-AttachSCSIVolumeTestJSON-1675315825 tempest-AttachSCSIVolumeTestJSON-1675315825-project-admin] RESP STATUS: 201 Created {{(pid=98940) http_log /opt/stack/data/venv/lib/python3.12/site-packages/swiftclient/client.py:161}}
Jun 04 08:03:11.634379 np0000002111 devstack@g-api.service[98940]: DEBUG swiftclient [None req-77bea548-e650-4964-adb5-c848eedbd1a9 tempest-AttachSCSIVolumeTestJSON-1675315825 tempest-AttachSCSIVolumeTestJSON-1675315825-project-admin] RESP HEADERS: {'Date': 'Thu, 04 Jun 2026 08:03:11 GMT', 'Server': 'Apache/2.4.58 (Ubuntu)', 'Content-Type': 'text/html; charset=UTF-8', 'Content-Length': '0', 'Etag': '87617e24a5e30cb3b87fda8c0764838f', 'Last-Modified': 'Thu, 04 Jun 2026 08:03:12 GMT', 'X-Trans-Id': 'txe97dd00208d54144b6034-006a21313f', 'X-Openstack-Request-Id': 'txe97dd00208d54144b6034-006a21313f', 'Connection': 'close'} {{(pid=98940) http_log /opt/stack/data/venv/lib/python3.12/site-packages/swiftclient/client.py:162}}
Jun 04 08:03:11.634491 np0000002111 devstack@g-api.service[98940]: DEBUG glance_store._drivers.swift.store [None req-77bea548-e650-4964-adb5-c848eedbd1a9 tempest-AttachSCSIVolumeTestJSON-1675315825 tempest-AttachSCSIVolumeTestJSON-1675315825-project-admin] Wrote chunk 9b317190-34dc-4270-8b21-086e67ddcf94-00001 (1/?) of length 21692416 to Swift returning MD5 of content: 87617e24a5e30cb3b87fda8c0764838f {{(pid=98940) add /opt/stack/data/venv/lib/python3.12/site-packages/glance_store/_drivers/swift/store.py:1059}}
Jun 04 08:03:11.634684 np0000002111 devstack@g-api.service[98940]: DEBUG glance_store._drivers.swift.store [None req-77bea548-e650-4964-adb5-c848eedbd1a9 tempest-AttachSCSIVolumeTestJSON-1675315825 tempest-AttachSCSIVolumeTestJSON-1675315825-project-admin] Not writing zero-length chunk. {{(pid=98940) add /opt/stack/data/venv/lib/python3.12/site-packages/glance_store/_drivers/swift/store.py:1028}}
Jun 04 08:03:11.645525 np0000002111 devstack@g-api.service[98939]: DEBUG glance.api.middleware.version_negotiation [None req-8e2d2620-ae10-4f6f-a4d0-b0f6a154455f tempest-DeleteServersTestJSON-1582598342 tempest-DeleteServersTestJSON-1582598342-project-member] Determining version of request: GET /v2/schemas/image Accept: */* {{(pid=98939) process_request /opt/stack/glance/glance/api/middleware/version_negotiation.py:44}}
Jun 04 08:03:11.645673 np0000002111 devstack@g-api.service[98939]: DEBUG glance.api.middleware.version_negotiation [None req-8e2d2620-ae10-4f6f-a4d0-b0f6a154455f tempest-DeleteServersTestJSON-1582598342 tempest-DeleteServersTestJSON-1582598342-project-member] Using url versioning {{(pid=98939) process_request /opt/stack/glance/glance/api/middleware/version_negotiation.py:57}}
Jun 04 08:03:11.645795 np0000002111 devstack@g-api.service[98939]: DEBUG glance.api.middleware.version_negotiation [None req-8e2d2620-ae10-4f6f-a4d0-b0f6a154455f tempest-DeleteServersTestJSON-1582598342 tempest-DeleteServersTestJSON-1582598342-project-member] Matched version: v2 {{(pid=98939) process_request /opt/stack/glance/glance/api/middleware/version_negotiation.py:69}}
Jun 04 08:03:11.645902 np0000002111 devstack@g-api.service[98939]: DEBUG glance.api.middleware.version_negotiation [None req-8e2d2620-ae10-4f6f-a4d0-b0f6a154455f tempest-DeleteServersTestJSON-1582598342 tempest-DeleteServersTestJSON-1582598342-project-member] new path /v2/schemas/image {{(pid=98939) process_request /opt/stack/glance/glance/api/middleware/version_negotiation.py:70}}
Jun 04 08:03:11.650546 np0000002111 devstack@g-api.service[98939]: [pid: 98939|app: 0|req: 29/53] 127.0.0.1 () {44 vars in 1051 bytes} [Thu Jun 4 08:03:11 2026] GET /v2/schemas/image => generated 6083 bytes in 5 msecs (HTTP/1.1 200) 4 headers in 158 bytes (1 switches on core 0)
Jun 04 08:03:11.662026 np0000002111 devstack@g-api.service[98940]: DEBUG swiftclient [None req-77bea548-e650-4964-adb5-c848eedbd1a9 tempest-AttachSCSIVolumeTestJSON-1675315825 tempest-AttachSCSIVolumeTestJSON-1675315825-project-admin] REQ: curl -i https://10.4.3.23:8080/v1/AUTH_a826c9237cb1485e936aa71d40ae77dc/glance/9b317190-34dc-4270-8b21-086e67ddcf94 -X PUT -H "X-Object-Manifest: glance/9b317190-34dc-4270-8b21-086e67ddcf94-" -H "X-Auth-Token: gAAAAABqITE_pO_z..." -H "Content-Length: 0" {{(pid=98940) http_log /opt/stack/data/venv/lib/python3.12/site-packages/swiftclient/client.py:160}}
Jun 04 08:03:11.662136 np0000002111 devstack@g-api.service[98940]: DEBUG swiftclient [None req-77bea548-e650-4964-adb5-c848eedbd1a9 tempest-AttachSCSIVolumeTestJSON-1675315825 tempest-AttachSCSIVolumeTestJSON-1675315825-project-admin] RESP STATUS: 201 Created {{(pid=98940) http_log /opt/stack/data/venv/lib/python3.12/site-packages/swiftclient/client.py:161}}
Jun 04 08:03:11.662287 np0000002111 devstack@g-api.service[98940]: DEBUG swiftclient [None req-77bea548-e650-4964-adb5-c848eedbd1a9 tempest-AttachSCSIVolumeTestJSON-1675315825 tempest-AttachSCSIVolumeTestJSON-1675315825-project-admin] RESP HEADERS: {'Date': 'Thu, 04 Jun 2026 08:03:11 GMT', 'Server': 'Apache/2.4.58 (Ubuntu)', 'Content-Type': 'text/html; charset=UTF-8', 'Content-Length': '0', 'Etag': 'd41d8cd98f00b204e9800998ecf8427e', 'Last-Modified': 'Thu, 04 Jun 2026 08:03:12 GMT', 'X-Trans-Id': 'tx9af704425a234e0a8007c-006a21313f', 'X-Openstack-Request-Id': 'tx9af704425a234e0a8007c-006a21313f', 'Connection': 'close'} {{(pid=98940) http_log /opt/stack/data/venv/lib/python3.12/site-packages/swiftclient/client.py:162}}
Jun 04 08:03:11.662701 np0000002111 devstack@g-api.service[98940]: INFO glance.location [None req-77bea548-e650-4964-adb5-c848eedbd1a9 tempest-AttachSCSIVolumeTestJSON-1675315825 tempest-AttachSCSIVolumeTestJSON-1675315825-project-admin] Image format matched and virtual size computed: 117440512
Jun 04 08:03:11.683415 np0000002111 devstack@g-api.service[98940]: DEBUG glance_store.backend [None req-77bea548-e650-4964-adb5-c848eedbd1a9 tempest-AttachSCSIVolumeTestJSON-1675315825 tempest-AttachSCSIVolumeTestJSON-1675315825-project-admin] Attempting to import store swift {{(pid=98940) _load_store /opt/stack/data/venv/lib/python3.12/site-packages/glance_store/backend.py:215}}
Jun 04 08:03:11.685359 np0000002111 devstack@g-api.service[98940]: DEBUG glance_store.capabilities [None req-77bea548-e650-4964-adb5-c848eedbd1a9 tempest-AttachSCSIVolumeTestJSON-1675315825 tempest-AttachSCSIVolumeTestJSON-1675315825-project-admin] Store glance_store._drivers.swift.store.SingleTenantStore doesn't support updating dynamic storage capabilities. Please overwrite 'update_capabilities' method of the store to implement updating logics if needed. {{(pid=98940) update_capabilities /opt/stack/data/venv/lib/python3.12/site-packages/glance_store/capabilities.py:91}}
Jun 04 08:03:11.685359 np0000002111 devstack@g-api.service[98940]: DEBUG glance_store.driver [None req-77bea548-e650-4964-adb5-c848eedbd1a9 tempest-AttachSCSIVolumeTestJSON-1675315825 tempest-AttachSCSIVolumeTestJSON-1675315825-project-admin] Late loading location class glance_store._drivers.swift.store.StoreLocation {{(pid=98940) get_store_location_class /opt/stack/data/venv/lib/python3.12/site-packages/glance_store/driver.py:134}}
Jun 04 08:03:11.685359 np0000002111 devstack@g-api.service[98940]: DEBUG glance_store.location [None req-77bea548-e650-4964-adb5-c848eedbd1a9 tempest-AttachSCSIVolumeTestJSON-1675315825 tempest-AttachSCSIVolumeTestJSON-1675315825-project-admin] Registering scheme swift+https with {'store': , 'location_class': , 'store_entry': 'swift'} {{(pid=98940) register_scheme_map /opt/stack/data/venv/lib/python3.12/site-packages/glance_store/location.py:146}}
Jun 04 08:03:11.685545 np0000002111 devstack@g-api.service[98940]: DEBUG glance_store.location [None req-77bea548-e650-4964-adb5-c848eedbd1a9 tempest-AttachSCSIVolumeTestJSON-1675315825 tempest-AttachSCSIVolumeTestJSON-1675315825-project-admin] Registering scheme swift+https with {'store': , 'location_class': , 'store_entry': 'swift'} {{(pid=98940) register_scheme_map /opt/stack/data/venv/lib/python3.12/site-packages/glance_store/location.py:146}}
Jun 04 08:03:11.685545 np0000002111 devstack@g-api.service[98940]: DEBUG glance_store.location [None req-77bea548-e650-4964-adb5-c848eedbd1a9 tempest-AttachSCSIVolumeTestJSON-1675315825 tempest-AttachSCSIVolumeTestJSON-1675315825-project-admin] Registering scheme swift with {'store': , 'location_class': , 'store_entry': 'swift'} {{(pid=98940) register_scheme_map /opt/stack/data/venv/lib/python3.12/site-packages/glance_store/location.py:146}}
Jun 04 08:03:11.685545 np0000002111 devstack@g-api.service[98940]: DEBUG glance_store.location [None req-77bea548-e650-4964-adb5-c848eedbd1a9 tempest-AttachSCSIVolumeTestJSON-1675315825 tempest-AttachSCSIVolumeTestJSON-1675315825-project-admin] Registering scheme swift+https with {'store': , 'location_class': , 'store_entry': 'swift'} {{(pid=98940) register_scheme_map /opt/stack/data/venv/lib/python3.12/site-packages/glance_store/location.py:146}}
Jun 04 08:03:11.685641 np0000002111 devstack@g-api.service[98940]: DEBUG glance_store.location [None req-77bea548-e650-4964-adb5-c848eedbd1a9 tempest-AttachSCSIVolumeTestJSON-1675315825 tempest-AttachSCSIVolumeTestJSON-1675315825-project-admin] Registering scheme swift with {'store': , 'location_class': , 'store_entry': 'swift'} {{(pid=98940) register_scheme_map /opt/stack/data/venv/lib/python3.12/site-packages/glance_store/location.py:146}}
Jun 04 08:03:11.685641 np0000002111 devstack@g-api.service[98940]: DEBUG glance_store.location [None req-77bea548-e650-4964-adb5-c848eedbd1a9 tempest-AttachSCSIVolumeTestJSON-1675315825 tempest-AttachSCSIVolumeTestJSON-1675315825-project-admin] Registering scheme swift+http with {'store': , 'location_class': , 'store_entry': 'swift'} {{(pid=98940) register_scheme_map /opt/stack/data/venv/lib/python3.12/site-packages/glance_store/location.py:146}}
Jun 04 08:03:11.685641 np0000002111 devstack@g-api.service[98940]: DEBUG glance_store.location [None req-77bea548-e650-4964-adb5-c848eedbd1a9 tempest-AttachSCSIVolumeTestJSON-1675315825 tempest-AttachSCSIVolumeTestJSON-1675315825-project-admin] Registering scheme swift+https with {'store': , 'location_class': , 'store_entry': 'swift'} {{(pid=98940) register_scheme_map /opt/stack/data/venv/lib/python3.12/site-packages/glance_store/location.py:146}}
Jun 04 08:03:11.685724 np0000002111 devstack@g-api.service[98940]: DEBUG glance_store.location [None req-77bea548-e650-4964-adb5-c848eedbd1a9 tempest-AttachSCSIVolumeTestJSON-1675315825 tempest-AttachSCSIVolumeTestJSON-1675315825-project-admin] Registering scheme swift with {'store': , 'location_class': , 'store_entry': 'swift'} {{(pid=98940) register_scheme_map /opt/stack/data/venv/lib/python3.12/site-packages/glance_store/location.py:146}}
