Jun 19 12:41:53.275853 np0000003284 devstack@g-api.service[101984]: DEBUG glance_store.location [None req-b8d3ac8a-05a1-441d-8d9d-b5e2acd856fc tempest-VolumeAndVolumeTypeFromImageTest-304257246 tempest-VolumeAndVolumeTypeFromImageTest-304257246-project-member] Registering scheme swift+https with {'store': , 'location_class': , 'store_entry': 'swift'} {{(pid=101984) register_scheme_map /opt/stack/data/venv/lib/python3.12/site-packages/glance_store/location.py:146}}
Jun 19 12:41:53.275853 np0000003284 devstack@g-api.service[101984]: DEBUG glance_store.location [None req-b8d3ac8a-05a1-441d-8d9d-b5e2acd856fc tempest-VolumeAndVolumeTypeFromImageTest-304257246 tempest-VolumeAndVolumeTypeFromImageTest-304257246-project-member] Registering scheme swift with {'store': , 'location_class': , 'store_entry': 'swift'} {{(pid=101984) register_scheme_map /opt/stack/data/venv/lib/python3.12/site-packages/glance_store/location.py:146}}
Jun 19 12:41:53.275853 np0000003284 devstack@g-api.service[101984]: DEBUG glance_store.location [None req-b8d3ac8a-05a1-441d-8d9d-b5e2acd856fc tempest-VolumeAndVolumeTypeFromImageTest-304257246 tempest-VolumeAndVolumeTypeFromImageTest-304257246-project-member] Registering scheme swift+https with {'store': , 'location_class': , 'store_entry': 'swift'} {{(pid=101984) register_scheme_map /opt/stack/data/venv/lib/python3.12/site-packages/glance_store/location.py:146}}
Jun 19 12:41:53.275853 np0000003284 devstack@g-api.service[101984]: DEBUG glance_store.location [None req-b8d3ac8a-05a1-441d-8d9d-b5e2acd856fc tempest-VolumeAndVolumeTypeFromImageTest-304257246 tempest-VolumeAndVolumeTypeFromImageTest-304257246-project-member] Registering scheme swift with {'store': , 'location_class': , 'store_entry': 'swift'} {{(pid=101984) register_scheme_map /opt/stack/data/venv/lib/python3.12/site-packages/glance_store/location.py:146}}
Jun 19 12:41:53.275853 np0000003284 devstack@g-api.service[101984]: DEBUG glance_store.location [None req-b8d3ac8a-05a1-441d-8d9d-b5e2acd856fc tempest-VolumeAndVolumeTypeFromImageTest-304257246 tempest-VolumeAndVolumeTypeFromImageTest-304257246-project-member] Registering scheme swift+http with {'store': , 'location_class': , 'store_entry': 'swift'} {{(pid=101984) register_scheme_map /opt/stack/data/venv/lib/python3.12/site-packages/glance_store/location.py:146}}
Jun 19 12:41:53.275853 np0000003284 devstack@g-api.service[101984]: DEBUG glance_store.location [None req-b8d3ac8a-05a1-441d-8d9d-b5e2acd856fc tempest-VolumeAndVolumeTypeFromImageTest-304257246 tempest-VolumeAndVolumeTypeFromImageTest-304257246-project-member] Registering scheme swift+https with {'store': , 'location_class': , 'store_entry': 'swift'} {{(pid=101984) register_scheme_map /opt/stack/data/venv/lib/python3.12/site-packages/glance_store/location.py:146}}
Jun 19 12:41:53.276573 np0000003284 devstack@g-api.service[101984]: DEBUG glance_store.location [None req-b8d3ac8a-05a1-441d-8d9d-b5e2acd856fc tempest-VolumeAndVolumeTypeFromImageTest-304257246 tempest-VolumeAndVolumeTypeFromImageTest-304257246-project-member] Registering scheme swift with {'store': , 'location_class': , 'store_entry': 'swift'} {{(pid=101984) register_scheme_map /opt/stack/data/venv/lib/python3.12/site-packages/glance_store/location.py:146}}
Jun 19 12:41:53.276573 np0000003284 devstack@g-api.service[101984]: DEBUG glance_store.location [None req-b8d3ac8a-05a1-441d-8d9d-b5e2acd856fc tempest-VolumeAndVolumeTypeFromImageTest-304257246 tempest-VolumeAndVolumeTypeFromImageTest-304257246-project-member] Registering scheme swift+http with {'store': , 'location_class': , 'store_entry': 'swift'} {{(pid=101984) register_scheme_map /opt/stack/data/venv/lib/python3.12/site-packages/glance_store/location.py:146}}
Jun 19 12:41:53.276573 np0000003284 devstack@g-api.service[101984]: DEBUG glance_store.location [None req-b8d3ac8a-05a1-441d-8d9d-b5e2acd856fc tempest-VolumeAndVolumeTypeFromImageTest-304257246 tempest-VolumeAndVolumeTypeFromImageTest-304257246-project-member] Registering scheme swift+config with {'store': , 'location_class': , 'store_entry': 'swift'} {{(pid=101984) register_scheme_map /opt/stack/data/venv/lib/python3.12/site-packages/glance_store/location.py:146}}
Jun 19 12:41:53.352976 np0000003284 devstack@g-api.service[101983]: [pid: 101983|app: 0|req: 138/421] 127.0.0.1 () {40 vars in 841 bytes} [Fri Jun 19 12:41:53 2026] DELETE /v2/images/bd78d4df-6eb2-4e16-a712-885dfe4287f7 => generated 0 bytes in 294 msecs (HTTP/1.1 204) 4 headers in 171 bytes (1 switches on core 0)
Jun 19 12:41:53.429601 np0000003284 devstack@g-api.service[101984]: DEBUG swiftclient [None req-b8d3ac8a-05a1-441d-8d9d-b5e2acd856fc tempest-VolumeAndVolumeTypeFromImageTest-304257246 tempest-VolumeAndVolumeTypeFromImageTest-304257246-project-member] REQ: curl -i https://10.4.3.149:8080/v1/AUTH_371ee9c2f27845a6a4151f1510bd5ea2/glance -I -H "X-Auth-Token: gAAAAABqNTkR0p7q..." {{(pid=101984) http_log /opt/stack/data/venv/lib/python3.12/site-packages/swiftclient/client.py:160}}
Jun 19 12:41:53.429707 np0000003284 devstack@g-api.service[101984]: DEBUG swiftclient [None req-b8d3ac8a-05a1-441d-8d9d-b5e2acd856fc tempest-VolumeAndVolumeTypeFromImageTest-304257246 tempest-VolumeAndVolumeTypeFromImageTest-304257246-project-member] RESP STATUS: 204 No Content {{(pid=101984) http_log /opt/stack/data/venv/lib/python3.12/site-packages/swiftclient/client.py:161}}
Jun 19 12:41:53.429856 np0000003284 devstack@g-api.service[101984]: DEBUG swiftclient [None req-b8d3ac8a-05a1-441d-8d9d-b5e2acd856fc tempest-VolumeAndVolumeTypeFromImageTest-304257246 tempest-VolumeAndVolumeTypeFromImageTest-304257246-project-member] RESP HEADERS: {'Date': 'Fri, 19 Jun 2026 12:41:53 GMT', 'Server': 'Apache/2.4.58 (Ubuntu)', 'Content-Type': 'text/plain; charset=utf-8', 'X-Container-Object-Count': '5', 'X-Container-Bytes-Used': '118030336', 'X-Timestamp': '1781872365.09741', 'Last-Modified': 'Fri, 19 Jun 2026 12:32:46 GMT', 'Accept-Ranges': 'bytes', 'X-Storage-Policy': 'Policy-0', 'X-Container-Sharding': 'False', 'Vary': 'Accept', 'X-Trans-Id': 'tx2bd5b12670044416b88a9-006a353911', 'X-Openstack-Request-Id': 'tx2bd5b12670044416b88a9-006a353911', 'Connection': 'close'} {{(pid=101984) http_log /opt/stack/data/venv/lib/python3.12/site-packages/swiftclient/client.py:162}}
Jun 19 12:41:53.430016 np0000003284 devstack@g-api.service[101984]: DEBUG glance_store._drivers.swift.store [None req-b8d3ac8a-05a1-441d-8d9d-b5e2acd856fc tempest-VolumeAndVolumeTypeFromImageTest-304257246 tempest-VolumeAndVolumeTypeFromImageTest-304257246-project-member] Adding image object '232a39d7-6a3b-4566-9adc-4e91bef12afb' to Swift {{(pid=101984) add /opt/stack/data/venv/lib/python3.12/site-packages/glance_store/_drivers/swift/store.py:970}}
Jun 19 12:41:53.438254 np0000003284 devstack@g-api.service[101984]: DEBUG oslo_utils.imageutils.format_inspector [None req-b8d3ac8a-05a1-441d-8d9d-b5e2acd856fc tempest-VolumeAndVolumeTypeFromImageTest-304257246 tempest-VolumeAndVolumeTypeFromImageTest-304257246-project-member] Format inspector for vmdk does not match, excluding from consideration (Signature KDMV not found: b'~:[\xd1') {{(pid=101984) _process_chunk /opt/stack/data/venv/lib/python3.12/site-packages/oslo_utils/imageutils/format_inspector.py:1758}}
Jun 19 12:41:53.465399 np0000003284 devstack@g-api.service[101984]: DEBUG swiftclient [None req-b8d3ac8a-05a1-441d-8d9d-b5e2acd856fc tempest-VolumeAndVolumeTypeFromImageTest-304257246 tempest-VolumeAndVolumeTypeFromImageTest-304257246-project-member] REQ: curl -i https://10.4.3.149:8080/v1/AUTH_371ee9c2f27845a6a4151f1510bd5ea2/glance/232a39d7-6a3b-4566-9adc-4e91bef12afb -X PUT -H "X-Auth-Token: gAAAAABqNTkR0p7q..." -H "Content-Length: 1024" {{(pid=101984) http_log /opt/stack/data/venv/lib/python3.12/site-packages/swiftclient/client.py:160}}
Jun 19 12:41:53.465399 np0000003284 devstack@g-api.service[101984]: DEBUG swiftclient [None req-b8d3ac8a-05a1-441d-8d9d-b5e2acd856fc tempest-VolumeAndVolumeTypeFromImageTest-304257246 tempest-VolumeAndVolumeTypeFromImageTest-304257246-project-member] RESP STATUS: 201 Created {{(pid=101984) http_log /opt/stack/data/venv/lib/python3.12/site-packages/swiftclient/client.py:161}}
Jun 19 12:41:53.465399 np0000003284 devstack@g-api.service[101984]: DEBUG swiftclient [None req-b8d3ac8a-05a1-441d-8d9d-b5e2acd856fc tempest-VolumeAndVolumeTypeFromImageTest-304257246 tempest-VolumeAndVolumeTypeFromImageTest-304257246-project-member] RESP HEADERS: {'Date': 'Fri, 19 Jun 2026 12:41:53 GMT', 'Server': 'Apache/2.4.58 (Ubuntu)', 'Content-Type': 'text/html; charset=UTF-8', 'Content-Length': '0', 'Etag': 'f95338ec119555e53d7add8ccbae56bf', 'Last-Modified': 'Fri, 19 Jun 2026 12:41:54 GMT', 'X-Trans-Id': 'txad5989d1441d472b959db-006a353911', 'X-Openstack-Request-Id': 'txad5989d1441d472b959db-006a353911', 'Connection': 'close'} {{(pid=101984) http_log /opt/stack/data/venv/lib/python3.12/site-packages/swiftclient/client.py:162}}
Jun 19 12:41:53.465846 np0000003284 devstack@g-api.service[101984]: INFO glance.location [None req-b8d3ac8a-05a1-441d-8d9d-b5e2acd856fc tempest-VolumeAndVolumeTypeFromImageTest-304257246 tempest-VolumeAndVolumeTypeFromImageTest-304257246-project-member] Image format matched and virtual size computed: 1024
Jun 19 12:41:53.492883 np0000003284 devstack@g-api.service[101984]: DEBUG glance_store.backend [None req-b8d3ac8a-05a1-441d-8d9d-b5e2acd856fc tempest-VolumeAndVolumeTypeFromImageTest-304257246 tempest-VolumeAndVolumeTypeFromImageTest-304257246-project-member] Attempting to import store swift {{(pid=101984) _load_store /opt/stack/data/venv/lib/python3.12/site-packages/glance_store/backend.py:215}}
Jun 19 12:41:53.494162 np0000003284 devstack@g-api.service[101984]: DEBUG glance_store.capabilities [None req-b8d3ac8a-05a1-441d-8d9d-b5e2acd856fc tempest-VolumeAndVolumeTypeFromImageTest-304257246 tempest-VolumeAndVolumeTypeFromImageTest-304257246-project-member] Store glance_store._drivers.swift.store.SingleTenantStore doesn't support updating dynamic storage capabilities. Please overwrite 'update_capabilities' method of the store to implement updating logics if needed. {{(pid=101984) update_capabilities /opt/stack/data/venv/lib/python3.12/site-packages/glance_store/capabilities.py:91}}
Jun 19 12:41:53.494280 np0000003284 devstack@g-api.service[101984]: DEBUG glance_store.driver [None req-b8d3ac8a-05a1-441d-8d9d-b5e2acd856fc tempest-VolumeAndVolumeTypeFromImageTest-304257246 tempest-VolumeAndVolumeTypeFromImageTest-304257246-project-member] Late loading location class glance_store._drivers.swift.store.StoreLocation {{(pid=101984) get_store_location_class /opt/stack/data/venv/lib/python3.12/site-packages/glance_store/driver.py:134}}
Jun 19 12:41:53.494405 np0000003284 devstack@g-api.service[101984]: DEBUG glance_store.location [None req-b8d3ac8a-05a1-441d-8d9d-b5e2acd856fc tempest-VolumeAndVolumeTypeFromImageTest-304257246 tempest-VolumeAndVolumeTypeFromImageTest-304257246-project-member] Registering scheme swift+https with {'store': , 'location_class': , 'store_entry': 'swift'} {{(pid=101984) register_scheme_map /opt/stack/data/venv/lib/python3.12/site-packages/glance_store/location.py:146}}
Jun 19 12:41:53.494527 np0000003284 devstack@g-api.service[101984]: DEBUG glance_store.location [None req-b8d3ac8a-05a1-441d-8d9d-b5e2acd856fc tempest-VolumeAndVolumeTypeFromImageTest-304257246 tempest-VolumeAndVolumeTypeFromImageTest-304257246-project-member] Registering scheme swift+https with {'store': , 'location_class': , 'store_entry': 'swift'} {{(pid=101984) register_scheme_map /opt/stack/data/venv/lib/python3.12/site-packages/glance_store/location.py:146}}
Jun 19 12:41:53.494630 np0000003284 devstack@g-api.service[101984]: DEBUG glance_store.location [None req-b8d3ac8a-05a1-441d-8d9d-b5e2acd856fc tempest-VolumeAndVolumeTypeFromImageTest-304257246 tempest-VolumeAndVolumeTypeFromImageTest-304257246-project-member] Registering scheme swift with {'store': , 'location_class': , 'store_entry': 'swift'} {{(pid=101984) register_scheme_map /opt/stack/data/venv/lib/python3.12/site-packages/glance_store/location.py:146}}
Jun 19 12:41:53.494746 np0000003284 devstack@g-api.service[101984]: DEBUG glance_store.location [None req-b8d3ac8a-05a1-441d-8d9d-b5e2acd856fc tempest-VolumeAndVolumeTypeFromImageTest-304257246 tempest-VolumeAndVolumeTypeFromImageTest-304257246-project-member] Registering scheme swift+https with {'store': , 'location_class': , 'store_entry': 'swift'} {{(pid=101984) register_scheme_map /opt/stack/data/venv/lib/python3.12/site-packages/glance_store/location.py:146}}
Jun 19 12:41:53.495102 np0000003284 devstack@g-api.service[101984]: DEBUG glance_store.location [None req-b8d3ac8a-05a1-441d-8d9d-b5e2acd856fc tempest-VolumeAndVolumeTypeFromImageTest-304257246 tempest-VolumeAndVolumeTypeFromImageTest-304257246-project-member] Registering scheme swift with {'store': , 'location_class': , 'store_entry': 'swift'} {{(pid=101984) register_scheme_map /opt/stack/data/venv/lib/python3.12/site-packages/glance_store/location.py:146}}
Jun 19 12:41:53.495102 np0000003284 devstack@g-api.service[101984]: DEBUG glance_store.location [None req-b8d3ac8a-05a1-441d-8d9d-b5e2acd856fc tempest-VolumeAndVolumeTypeFromImageTest-304257246 tempest-VolumeAndVolumeTypeFromImageTest-304257246-project-member] Registering scheme swift+http with {'store': , 'location_class': , 'store_entry': 'swift'} {{(pid=101984) register_scheme_map /opt/stack/data/venv/lib/python3.12/site-packages/glance_store/location.py:146}}
Jun 19 12:41:53.495266 np0000003284 devstack@g-api.service[101984]: DEBUG glance_store.location [None req-b8d3ac8a-05a1-441d-8d9d-b5e2acd856fc tempest-VolumeAndVolumeTypeFromImageTest-304257246 tempest-VolumeAndVolumeTypeFromImageTest-304257246-project-member] Registering scheme swift+https with {'store': , 'location_class': , 'store_entry': 'swift'} {{(pid=101984) register_scheme_map /opt/stack/data/venv/lib/python3.12/site-packages/glance_store/location.py:146}}
Jun 19 12:41:53.495479 np0000003284 devstack@g-api.service[101984]: DEBUG glance_store.location [None req-b8d3ac8a-05a1-441d-8d9d-b5e2acd856fc tempest-VolumeAndVolumeTypeFromImageTest-304257246 tempest-VolumeAndVolumeTypeFromImageTest-304257246-project-member] Registering scheme swift with {'store': , 'location_class': , 'store_entry': 'swift'} {{(pid=101984) register_scheme_map /opt/stack/data/venv/lib/python3.12/site-packages/glance_store/location.py:146}}
Jun 19 12:41:53.495479 np0000003284 devstack@g-api.service[101984]: DEBUG glance_store.location [None req-b8d3ac8a-05a1-441d-8d9d-b5e2acd856fc tempest-VolumeAndVolumeTypeFromImageTest-304257246 tempest-VolumeAndVolumeTypeFromImageTest-304257246-project-member] Registering scheme swift+http with {'store': , 'location_class': , 'store_entry': 'swift'} {{(pid=101984) register_scheme_map /opt/stack/data/venv/lib/python3.12/site-packages/glance_store/location.py:146}}
Jun 19 12:41:53.495581 np0000003284 devstack@g-api.service[101984]: DEBUG glance_store.location [None req-b8d3ac8a-05a1-441d-8d9d-b5e2acd856fc tempest-VolumeAndVolumeTypeFromImageTest-304257246 tempest-VolumeAndVolumeTypeFromImageTest-304257246-project-member] Registering scheme swift+config with {'store': , 'location_class': , 'store_entry': 'swift'} {{(pid=101984) register_scheme_map /opt/stack/data/venv/lib/python3.12/site-packages/glance_store/location.py:146}}
Jun 19 12:41:53.495702 np0000003284 devstack@g-api.service[101984]: DEBUG glance_store.backend [None req-b8d3ac8a-05a1-441d-8d9d-b5e2acd856fc tempest-VolumeAndVolumeTypeFromImageTest-304257246 tempest-VolumeAndVolumeTypeFromImageTest-304257246-project-member] Skipping store.set_acls... not implemented. {{(pid=101984) set_acls /opt/stack/data/venv/lib/python3.12/site-packages/glance_store/backend.py:507}}
Jun 19 12:41:53.499018 np0000003284 devstack@g-api.service[101984]: [pid: 101984|app: 0|req: 139/422] 127.0.0.1 () {40 vars in 847 bytes} [Fri Jun 19 12:41:52 2026] PUT /v2/images/232a39d7-6a3b-4566-9adc-4e91bef12afb/file => generated 0 bytes in 1038 msecs (HTTP/1.1 204) 4 headers in 171 bytes (1 switches on core 0)
Jun 19 12:41:53.509644 np0000003284 devstack@g-api.service[101985]: DEBUG glance.api.middleware.version_negotiation [None req-c5698436-e711-4456-b949-3a61b7f9563a tempest-VolumeAndVolumeTypeFromImageTest-304257246 tempest-VolumeAndVolumeTypeFromImageTest-304257246-project-member] Determining version of request: GET /v2/images/232a39d7-6a3b-4566-9adc-4e91bef12afb Accept: application/json {{(pid=101985) process_request /opt/stack/glance/glance/api/middleware/version_negotiation.py:44}}
Jun 19 12:41:53.509644 np0000003284 devstack@g-api.service[101985]: DEBUG glance.api.middleware.version_negotiation [None req-c5698436-e711-4456-b949-3a61b7f9563a tempest-VolumeAndVolumeTypeFromImageTest-304257246 tempest-VolumeAndVolumeTypeFromImageTest-304257246-project-member] Using url versioning {{(pid=101985) process_request /opt/stack/glance/glance/api/middleware/version_negotiation.py:57}}
Jun 19 12:41:53.509644 np0000003284 devstack@g-api.service[101985]: DEBUG glance.api.middleware.version_negotiation [None req-c5698436-e711-4456-b949-3a61b7f9563a tempest-VolumeAndVolumeTypeFromImageTest-304257246 tempest-VolumeAndVolumeTypeFromImageTest-304257246-project-member] Matched version: v2 {{(pid=101985) process_request /opt/stack/glance/glance/api/middleware/version_negotiation.py:69}}
Jun 19 12:41:53.509644 np0000003284 devstack@g-api.service[101985]: DEBUG glance.api.middleware.version_negotiation [None req-c5698436-e711-4456-b949-3a61b7f9563a tempest-VolumeAndVolumeTypeFromImageTest-304257246 tempest-VolumeAndVolumeTypeFromImageTest-304257246-project-member] new path /v2/images/232a39d7-6a3b-4566-9adc-4e91bef12afb {{(pid=101985) process_request /opt/stack/glance/glance/api/middleware/version_negotiation.py:70}}
Jun 19 12:41:53.518480 np0000003284 devstack@g-api.service[101985]: [pid: 101985|app: 0|req: 146/423] 127.0.0.1 () {40 vars in 838 bytes} [Fri Jun 19 12:41:53 2026] GET /v2/images/232a39d7-6a3b-4566-9adc-4e91bef12afb => generated 898 bytes in 9 msecs (HTTP/1.1 200) 4 headers in 157 bytes (1 switches on core 0)
Jun 19 12:41:53.526807 np0000003284 devstack@g-api.service[101983]: DEBUG glance.api.middleware.version_negotiation [None req-f22acda0-2c82-42cd-b167-03b19f8dbe19 tempest-AttachVolumeMultiAttachTest-243074666 tempest-AttachVolumeMultiAttachTest-243074666-project-member] Determining version of request: GET /v2/images/232a39d7-6a3b-4566-9adc-4e91bef12afb Accept: application/json {{(pid=101983) process_request /opt/stack/glance/glance/api/middleware/version_negotiation.py:44}}
Jun 19 12:41:53.527012 np0000003284 devstack@g-api.service[101983]: DEBUG glance.api.middleware.version_negotiation [None req-f22acda0-2c82-42cd-b167-03b19f8dbe19 tempest-AttachVolumeMultiAttachTest-243074666 tempest-AttachVolumeMultiAttachTest-243074666-project-member] Using url versioning {{(pid=101983) process_request /opt/stack/glance/glance/api/middleware/version_negotiation.py:57}}
Jun 19 12:41:53.527165 np0000003284 devstack@g-api.service[101983]: DEBUG glance.api.middleware.version_negotiation [None req-f22acda0-2c82-42cd-b167-03b19f8dbe19 tempest-AttachVolumeMultiAttachTest-243074666 tempest-AttachVolumeMultiAttachTest-243074666-project-member] Matched version: v2 {{(pid=101983) process_request /opt/stack/glance/glance/api/middleware/version_negotiation.py:69}}
Jun 19 12:41:53.528637 np0000003284 devstack@g-api.service[101983]: DEBUG glance.api.middleware.version_negotiation [None req-f22acda0-2c82-42cd-b167-03b19f8dbe19 tempest-AttachVolumeMultiAttachTest-243074666 tempest-AttachVolumeMultiAttachTest-243074666-project-member] new path /v2/images/232a39d7-6a3b-4566-9adc-4e91bef12afb {{(pid=101983) process_request /opt/stack/glance/glance/api/middleware/version_negotiation.py:70}}
Jun 19 12:41:53.536654 np0000003284 devstack@g-api.service[101983]: [pid: 101983|app: 0|req: 139/424] 127.0.0.1 () {40 vars in 838 bytes} [Fri Jun 19 12:41:53 2026] GET /v2/images/232a39d7-6a3b-4566-9adc-4e91bef12afb => generated 898 bytes in 10 msecs (HTTP/1.1 200) 4 headers in 157 bytes (1 switches on core 0)
Jun 19 12:41:53.543607 np0000003284 devstack@g-api.service[101984]: DEBUG glance.api.middleware.version_negotiation [None req-b8d3ac8a-05a1-441d-8d9d-b5e2acd856fc tempest-VolumeAndVolumeTypeFromImageTest-304257246 tempest-VolumeAndVolumeTypeFromImageTest-304257246-project-member] Determining version of request: GET /v2/images/232a39d7-6a3b-4566-9adc-4e91bef12afb Accept: application/json {{(pid=101984) process_request /opt/stack/glance/glance/api/middleware/version_negotiation.py:44}}
Jun 19 12:41:53.544274 np0000003284 devstack@g-api.service[101984]: DEBUG glance.api.middleware.version_negotiation [None req-b8d3ac8a-05a1-441d-8d9d-b5e2acd856fc tempest-VolumeAndVolumeTypeFromImageTest-304257246 tempest-VolumeAndVolumeTypeFromImageTest-304257246-project-member] Using url versioning {{(pid=101984) process_request /opt/stack/glance/glance/api/middleware/version_negotiation.py:57}}
Jun 19 12:41:53.544274 np0000003284 devstack@g-api.service[101984]: DEBUG glance.api.middleware.version_negotiation [None req-b8d3ac8a-05a1-441d-8d9d-b5e2acd856fc tempest-VolumeAndVolumeTypeFromImageTest-304257246 tempest-VolumeAndVolumeTypeFromImageTest-304257246-project-member] Matched version: v2 {{(pid=101984) process_request /opt/stack/glance/glance/api/middleware/version_negotiation.py:69}}
Jun 19 12:41:53.544274 np0000003284 devstack@g-api.service[101984]: DEBUG glance.api.middleware.version_negotiation [None req-b8d3ac8a-05a1-441d-8d9d-b5e2acd856fc tempest-VolumeAndVolumeTypeFromImageTest-304257246 tempest-VolumeAndVolumeTypeFromImageTest-304257246-project-member] new path /v2/images/232a39d7-6a3b-4566-9adc-4e91bef12afb {{(pid=101984) process_request /opt/stack/glance/glance/api/middleware/version_negotiation.py:70}}
Jun 19 12:41:53.555918 np0000003284 devstack@g-api.service[101984]: [pid: 101984|app: 0|req: 140/425] 127.0.0.1 () {40 vars in 838 bytes} [Fri Jun 19 12:41:53 2026] GET /v2/images/232a39d7-6a3b-4566-9adc-4e91bef12afb => generated 898 bytes in 12 msecs (HTTP/1.1 200) 4 headers in 157 bytes (1 switches on core 0)
Jun 19 12:41:53.574706 np0000003284 devstack@g-api.service[101985]: DEBUG glance.api.middleware.version_negotiation [None req-1aa83e41-972b-45e3-9de1-e8fa1e789494 tempest-VolumeAndVolumeTypeFromImageTest-304257246 tempest-VolumeAndVolumeTypeFromImageTest-304257246-project-member] Determining version of request: GET /v2/images/232a39d7-6a3b-4566-9adc-4e91bef12afb Accept: */* {{(pid=101985) process_request /opt/stack/glance/glance/api/middleware/version_negotiation.py:44}}
Jun 19 12:41:53.574843 np0000003284 devstack@g-api.service[101985]: DEBUG glance.api.middleware.version_negotiation [None req-1aa83e41-972b-45e3-9de1-e8fa1e789494 tempest-VolumeAndVolumeTypeFromImageTest-304257246 tempest-VolumeAndVolumeTypeFromImageTest-304257246-project-member] Using url versioning {{(pid=101985) process_request /opt/stack/glance/glance/api/middleware/version_negotiation.py:57}}
Jun 19 12:41:53.575031 np0000003284 devstack@g-api.service[101985]: DEBUG glance.api.middleware.version_negotiation [None req-1aa83e41-972b-45e3-9de1-e8fa1e789494 tempest-VolumeAndVolumeTypeFromImageTest-304257246 tempest-VolumeAndVolumeTypeFromImageTest-304257246-project-member] Matched version: v2 {{(pid=101985) process_request /opt/stack/glance/glance/api/middleware/version_negotiation.py:69}}
Jun 19 12:41:53.575123 np0000003284 devstack@g-api.service[101985]: DEBUG glance.api.middleware.version_negotiation [None req-1aa83e41-972b-45e3-9de1-e8fa1e789494 tempest-VolumeAndVolumeTypeFromImageTest-304257246 tempest-VolumeAndVolumeTypeFromImageTest-304257246-project-member] new path /v2/images/232a39d7-6a3b-4566-9adc-4e91bef12afb {{(pid=101985) process_request /opt/stack/glance/glance/api/middleware/version_negotiation.py:70}}
Jun 19 12:41:53.583059 np0000003284 devstack@g-api.service[101985]: [pid: 101985|app: 0|req: 147/426] 127.0.0.1 () {44 vars in 1115 bytes} [Fri Jun 19 12:41:53 2026] GET /v2/images/232a39d7-6a3b-4566-9adc-4e91bef12afb => generated 898 bytes in 8 msecs (HTTP/1.1 200) 4 headers in 157 bytes (1 switches on core 0)
Jun 19 12:41:53.590004 np0000003284 devstack@g-api.service[101983]: DEBUG glance.api.middleware.version_negotiation [None req-1d5e6f51-aa0e-4e5b-850e-a8fd8a46c571 tempest-VolumeAndVolumeTypeFromImageTest-304257246 tempest-VolumeAndVolumeTypeFromImageTest-304257246-project-member] Determining version of request: GET /v2/schemas/image Accept: */* {{(pid=101983) process_request /opt/stack/glance/glance/api/middleware/version_negotiation.py:44}}
Jun 19 12:41:53.590449 np0000003284 devstack@g-api.service[101983]: DEBUG glance.api.middleware.version_negotiation [None req-1d5e6f51-aa0e-4e5b-850e-a8fd8a46c571 tempest-VolumeAndVolumeTypeFromImageTest-304257246 tempest-VolumeAndVolumeTypeFromImageTest-304257246-project-member] Using url versioning {{(pid=101983) process_request /opt/stack/glance/glance/api/middleware/version_negotiation.py:57}}
Jun 19 12:41:53.591636 np0000003284 devstack@g-api.service[101983]: DEBUG glance.api.middleware.version_negotiation [None req-1d5e6f51-aa0e-4e5b-850e-a8fd8a46c571 tempest-VolumeAndVolumeTypeFromImageTest-304257246 tempest-VolumeAndVolumeTypeFromImageTest-304257246-project-member] Matched version: v2 {{(pid=101983) process_request /opt/stack/glance/glance/api/middleware/version_negotiation.py:69}}
Jun 19 12:41:53.591693 np0000003284 devstack@g-api.service[101983]: DEBUG glance.api.middleware.version_negotiation [None req-1d5e6f51-aa0e-4e5b-850e-a8fd8a46c571 tempest-VolumeAndVolumeTypeFromImageTest-304257246 tempest-VolumeAndVolumeTypeFromImageTest-304257246-project-member] new path /v2/schemas/image {{(pid=101983) process_request /opt/stack/glance/glance/api/middleware/version_negotiation.py:70}}
Jun 19 12:41:53.596133 np0000003284 devstack@g-api.service[101983]: [pid: 101983|app: 0|req: 140/427] 127.0.0.1 () {44 vars in 1055 bytes} [Fri Jun 19 12:41:53 2026] GET /v2/schemas/image => generated 6083 bytes in 5 msecs (HTTP/1.1 200) 4 headers in 158 bytes (1 switches on core 0)
Jun 19 12:41:53.606061 np0000003284 devstack@g-api.service[101984]: DEBUG glance.api.middleware.version_negotiation [None req-06432f99-f34a-4b60-b50a-68ae3c65d9ab tempest-VolumeAndVolumeTypeFromImageTest-304257246 tempest-VolumeAndVolumeTypeFromImageTest-304257246-project-member] Determining version of request: GET /v2/schemas/image Accept: */* {{(pid=101984) process_request /opt/stack/glance/glance/api/middleware/version_negotiation.py:44}}
Jun 19 12:41:53.607611 np0000003284 devstack@g-api.service[101984]: DEBUG glance.api.middleware.version_negotiation [None req-06432f99-f34a-4b60-b50a-68ae3c65d9ab tempest-VolumeAndVolumeTypeFromImageTest-304257246 tempest-VolumeAndVolumeTypeFromImageTest-304257246-project-member] Using url versioning {{(pid=101984) process_request /opt/stack/glance/glance/api/middleware/version_negotiation.py:57}}
Jun 19 12:41:53.607611 np0000003284 devstack@g-api.service[101984]: DEBUG glance.api.middleware.version_negotiation [None req-06432f99-f34a-4b60-b50a-68ae3c65d9ab tempest-VolumeAndVolumeTypeFromImageTest-304257246 tempest-VolumeAndVolumeTypeFromImageTest-304257246-project-member] Matched version: v2 {{(pid=101984) process_request /opt/stack/glance/glance/api/middleware/version_negotiation.py:69}}
Jun 19 12:41:53.607611 np0000003284 devstack@g-api.service[101984]: DEBUG glance.api.middleware.version_negotiation [None req-06432f99-f34a-4b60-b50a-68ae3c65d9ab tempest-VolumeAndVolumeTypeFromImageTest-304257246 tempest-VolumeAndVolumeTypeFromImageTest-304257246-project-member] new path /v2/schemas/image {{(pid=101984) process_request /opt/stack/glance/glance/api/middleware/version_negotiation.py:70}}
Jun 19 12:41:53.609643 np0000003284 devstack@g-api.service[101984]: [pid: 101984|app: 0|req: 141/428] 127.0.0.1 () {44 vars in 1055 bytes} [Fri Jun 19 12:41:53 2026] GET /v2/schemas/image => generated 6083 bytes in 4 msecs (HTTP/1.1 200) 4 headers in 158 bytes (1 switches on core 0)
Jun 19 12:41:53.617582 np0000003284 devstack@g-api.service[101985]: DEBUG glance.api.middleware.version_negotiation [None req-706a82d2-913a-459d-a3a3-419c4368e474 tempest-VolumeAndVolumeTypeFromImageTest-304257246 tempest-VolumeAndVolumeTypeFromImageTest-304257246-project-member] Determining version of request: GET /v2/images/232a39d7-6a3b-4566-9adc-4e91bef12afb Accept: */* {{(pid=101985) process_request /opt/stack/glance/glance/api/middleware/version_negotiation.py:44}}
Jun 19 12:41:53.617693 np0000003284 devstack@g-api.service[101985]: DEBUG glance.api.middleware.version_negotiation [None req-706a82d2-913a-459d-a3a3-419c4368e474 tempest-VolumeAndVolumeTypeFromImageTest-304257246 tempest-VolumeAndVolumeTypeFromImageTest-304257246-project-member] Using url versioning {{(pid=101985) process_request /opt/stack/glance/glance/api/middleware/version_negotiation.py:57}}
Jun 19 12:41:53.617836 np0000003284 devstack@g-api.service[101985]: DEBUG glance.api.middleware.version_negotiation [None req-706a82d2-913a-459d-a3a3-419c4368e474 tempest-VolumeAndVolumeTypeFromImageTest-304257246 tempest-VolumeAndVolumeTypeFromImageTest-304257246-project-member] Matched version: v2 {{(pid=101985) process_request /opt/stack/glance/glance/api/middleware/version_negotiation.py:69}}
Jun 19 12:41:53.617965 np0000003284 devstack@g-api.service[101985]: DEBUG glance.api.middleware.version_negotiation [None req-706a82d2-913a-459d-a3a3-419c4368e474 tempest-VolumeAndVolumeTypeFromImageTest-304257246 tempest-VolumeAndVolumeTypeFromImageTest-304257246-project-member] new path /v2/images/232a39d7-6a3b-4566-9adc-4e91bef12afb {{(pid=101985) process_request /opt/stack/glance/glance/api/middleware/version_negotiation.py:70}}
Jun 19 12:41:53.629618 np0000003284 devstack@g-api.service[101985]: [pid: 101985|app: 0|req: 148/429] 127.0.0.1 () {44 vars in 1115 bytes} [Fri Jun 19 12:41:53 2026] GET /v2/images/232a39d7-6a3b-4566-9adc-4e91bef12afb => generated 898 bytes in 12 msecs (HTTP/1.1 200) 4 headers in 157 bytes (1 switches on core 0)
Jun 19 12:41:53.636635 np0000003284 devstack@g-api.service[101983]: DEBUG glance.api.middleware.version_negotiation [None req-706a82d2-913a-459d-a3a3-419c4368e474 tempest-VolumeAndVolumeTypeFromImageTest-304257246 tempest-VolumeAndVolumeTypeFromImageTest-304257246-project-member] Determining version of request: GET /v2/schemas/image Accept: */* {{(pid=101983) process_request /opt/stack/glance/glance/api/middleware/version_negotiation.py:44}}
Jun 19 12:41:53.636794 np0000003284 devstack@g-api.service[101983]: DEBUG glance.api.middleware.version_negotiation [None req-706a82d2-913a-459d-a3a3-419c4368e474 tempest-VolumeAndVolumeTypeFromImageTest-304257246 tempest-VolumeAndVolumeTypeFromImageTest-304257246-project-member] Using url versioning {{(pid=101983) process_request /opt/stack/glance/glance/api/middleware/version_negotiation.py:57}}
Jun 19 12:41:53.636940 np0000003284 devstack@g-api.service[101983]: DEBUG glance.api.middleware.version_negotiation [None req-706a82d2-913a-459d-a3a3-419c4368e474 tempest-VolumeAndVolumeTypeFromImageTest-304257246 tempest-VolumeAndVolumeTypeFromImageTest-304257246-project-member] Matched version: v2 {{(pid=101983) process_request /opt/stack/glance/glance/api/middleware/version_negotiation.py:69}}
Jun 19 12:41:53.637085 np0000003284 devstack@g-api.service[101983]: DEBUG glance.api.middleware.version_negotiation [None req-706a82d2-913a-459d-a3a3-419c4368e474 tempest-VolumeAndVolumeTypeFromImageTest-304257246 tempest-VolumeAndVolumeTypeFromImageTest-304257246-project-member] new path /v2/schemas/image {{(pid=101983) process_request /opt/stack/glance/glance/api/middleware/version_negotiation.py:70}}
Jun 19 12:41:53.639457 np0000003284 devstack@g-api.service[101983]: [pid: 101983|app: 0|req: 141/430] 127.0.0.1 () {44 vars in 1055 bytes} [Fri Jun 19 12:41:53 2026] GET /v2/schemas/image => generated 6083 bytes in 3 msecs (HTTP/1.1 200) 4 headers in 158 bytes (1 switches on core 0)
Jun 19 12:41:53.648587 np0000003284 devstack@g-api.service[101984]: DEBUG glance.api.middleware.version_negotiation [None req-706a82d2-913a-459d-a3a3-419c4368e474 tempest-VolumeAndVolumeTypeFromImageTest-304257246 tempest-VolumeAndVolumeTypeFromImageTest-304257246-project-member] Determining version of request: GET /v2/schemas/image Accept: */* {{(pid=101984) process_request /opt/stack/glance/glance/api/middleware/version_negotiation.py:44}}
Jun 19 12:41:53.648587 np0000003284 devstack@g-api.service[101984]: DEBUG glance.api.middleware.version_negotiation [None req-706a82d2-913a-459d-a3a3-419c4368e474 tempest-VolumeAndVolumeTypeFromImageTest-304257246 tempest-VolumeAndVolumeTypeFromImageTest-304257246-project-member] Using url versioning {{(pid=101984) process_request /opt/stack/glance/glance/api/middleware/version_negotiation.py:57}}
Jun 19 12:41:53.648587 np0000003284 devstack@g-api.service[101984]: DEBUG glance.api.middleware.version_negotiation [None req-706a82d2-913a-459d-a3a3-419c4368e474 tempest-VolumeAndVolumeTypeFromImageTest-304257246 tempest-VolumeAndVolumeTypeFromImageTest-304257246-project-member] Matched version: v2 {{(pid=101984) process_request /opt/stack/glance/glance/api/middleware/version_negotiation.py:69}}
Jun 19 12:41:53.648587 np0000003284 devstack@g-api.service[101984]: DEBUG glance.api.middleware.version_negotiation [None req-706a82d2-913a-459d-a3a3-419c4368e474 tempest-VolumeAndVolumeTypeFromImageTest-304257246 tempest-VolumeAndVolumeTypeFromImageTest-304257246-project-member] new path /v2/schemas/image {{(pid=101984) process_request /opt/stack/glance/glance/api/middleware/version_negotiation.py:70}}
Jun 19 12:41:53.650603 np0000003284 devstack@g-api.service[101984]: [pid: 101984|app: 0|req: 142/431] 127.0.0.1 () {44 vars in 1055 bytes} [Fri Jun 19 12:41:53 2026] GET /v2/schemas/image => generated 6083 bytes in 4 msecs (HTTP/1.1 200) 4 headers in 158 bytes (1 switches on core 0)
Jun 19 12:41:53.669156 np0000003284 devstack@g-api.service[101985]: DEBUG glance.api.middleware.version_negotiation [None req-706a82d2-913a-459d-a3a3-419c4368e474 tempest-VolumeAndVolumeTypeFromImageTest-304257246 tempest-VolumeAndVolumeTypeFromImageTest-304257246-project-member] Determining version of request: GET /v2/images/232a39d7-6a3b-4566-9adc-4e91bef12afb Accept: */* {{(pid=101985) process_request /opt/stack/glance/glance/api/middleware/version_negotiation.py:44}}
Jun 19 12:41:53.669325 np0000003284 devstack@g-api.service[101985]: DEBUG glance.api.middleware.version_negotiation [None req-706a82d2-913a-459d-a3a3-419c4368e474 tempest-VolumeAndVolumeTypeFromImageTest-304257246 tempest-VolumeAndVolumeTypeFromImageTest-304257246-project-member] Using url versioning {{(pid=101985) process_request /opt/stack/glance/glance/api/middleware/version_negotiation.py:57}}
Jun 19 12:41:53.669455 np0000003284 devstack@g-api.service[101985]: DEBUG glance.api.middleware.version_negotiation [None req-706a82d2-913a-459d-a3a3-419c4368e474 tempest-VolumeAndVolumeTypeFromImageTest-304257246 tempest-VolumeAndVolumeTypeFromImageTest-304257246-project-member] Matched version: v2 {{(pid=101985) process_request /opt/stack/glance/glance/api/middleware/version_negotiation.py:69}}
Jun 19 12:41:53.669564 np0000003284 devstack@g-api.service[101985]: DEBUG glance.api.middleware.version_negotiation [None req-706a82d2-913a-459d-a3a3-419c4368e474 tempest-VolumeAndVolumeTypeFromImageTest-304257246 tempest-VolumeAndVolumeTypeFromImageTest-304257246-project-member] new path /v2/images/232a39d7-6a3b-4566-9adc-4e91bef12afb {{(pid=101985) process_request /opt/stack/glance/glance/api/middleware/version_negotiation.py:70}}
Jun 19 12:41:53.677852 np0000003284 devstack@g-api.service[101985]: [pid: 101985|app: 0|req: 149/432] 127.0.0.1 () {44 vars in 1115 bytes} [Fri Jun 19 12:41:53 2026] GET /v2/images/232a39d7-6a3b-4566-9adc-4e91bef12afb => generated 898 bytes in 9 msecs (HTTP/1.1 200) 4 headers in 157 bytes (1 switches on core 0)
Jun 19 12:41:53.695191 np0000003284 devstack@g-api.service[101983]: DEBUG glance.api.middleware.version_negotiation [None req-706a82d2-913a-459d-a3a3-419c4368e474 tempest-VolumeAndVolumeTypeFromImageTest-304257246 tempest-VolumeAndVolumeTypeFromImageTest-304257246-project-member] Determining version of request: GET /v2/schemas/image Accept: */* {{(pid=101983) process_request /opt/stack/glance/glance/api/middleware/version_negotiation.py:44}}
Jun 19 12:41:53.695341 np0000003284 devstack@g-api.service[101983]: DEBUG glance.api.middleware.version_negotiation [None req-706a82d2-913a-459d-a3a3-419c4368e474 tempest-VolumeAndVolumeTypeFromImageTest-304257246 tempest-VolumeAndVolumeTypeFromImageTest-304257246-project-member] Using url versioning {{(pid=101983) process_request /opt/stack/glance/glance/api/middleware/version_negotiation.py:57}}
Jun 19 12:41:53.695508 np0000003284 devstack@g-api.service[101983]: DEBUG glance.api.middleware.version_negotiation [None req-706a82d2-913a-459d-a3a3-419c4368e474 tempest-VolumeAndVolumeTypeFromImageTest-304257246 tempest-VolumeAndVolumeTypeFromImageTest-304257246-project-member] Matched version: v2 {{(pid=101983) process_request /opt/stack/glance/glance/api/middleware/version_negotiation.py:69}}
Jun 19 12:41:53.695618 np0000003284 devstack@g-api.service[101983]: DEBUG glance.api.middleware.version_negotiation [None req-706a82d2-913a-459d-a3a3-419c4368e474 tempest-VolumeAndVolumeTypeFromImageTest-304257246 tempest-VolumeAndVolumeTypeFromImageTest-304257246-project-member] new path /v2/schemas/image {{(pid=101983) process_request /opt/stack/glance/glance/api/middleware/version_negotiation.py:70}}
Jun 19 12:41:53.702389 np0000003284 devstack@g-api.service[101983]: [pid: 101983|app: 0|req: 142/433] 127.0.0.1 () {44 vars in 1055 bytes} [Fri Jun 19 12:41:53 2026] GET /v2/schemas/image => generated 6083 bytes in 7 msecs (HTTP/1.1 200) 4 headers in 158 bytes (1 switches on core 0)
Jun 19 12:41:54.040192 np0000003284 devstack@g-api.service[101984]: DEBUG glance.api.middleware.version_negotiation [None req-706a82d2-913a-459d-a3a3-419c4368e474 tempest-VolumeAndVolumeTypeFromImageTest-304257246 tempest-VolumeAndVolumeTypeFromImageTest-304257246-project-member] Determining version of request: GET /versions Accept: */* {{(pid=101984) process_request /opt/stack/glance/glance/api/middleware/version_negotiation.py:44}}
Jun 19 12:41:54.040770 np0000003284 devstack@g-api.service[101984]: [pid: 101984|app: 0|req: 143/434] 127.0.0.1 () {44 vars in 1039 bytes} [Fri Jun 19 12:41:54 2026] GET /versions => generated 1407 bytes in 1 msecs (HTTP/1.1 200) 3 headers in 92 bytes (1 switches on core 0)
Jun 19 12:41:54.047940 np0000003284 devstack@g-api.service[101985]: DEBUG glance.api.middleware.version_negotiation [None req-706a82d2-913a-459d-a3a3-419c4368e474 tempest-VolumeAndVolumeTypeFromImageTest-304257246 tempest-VolumeAndVolumeTypeFromImageTest-304257246-project-member] Determining version of request: GET /v2/images/232a39d7-6a3b-4566-9adc-4e91bef12afb/locations Accept: */* {{(pid=101985) process_request /opt/stack/glance/glance/api/middleware/version_negotiation.py:44}}
Jun 19 12:41:54.048095 np0000003284 devstack@g-api.service[101985]: DEBUG glance.api.middleware.version_negotiation [None req-706a82d2-913a-459d-a3a3-419c4368e474 tempest-VolumeAndVolumeTypeFromImageTest-304257246 tempest-VolumeAndVolumeTypeFromImageTest-304257246-project-member] Using url versioning {{(pid=101985) process_request /opt/stack/glance/glance/api/middleware/version_negotiation.py:57}}
Jun 19 12:41:54.048202 np0000003284 devstack@g-api.service[101985]: DEBUG glance.api.middleware.version_negotiation [None req-706a82d2-913a-459d-a3a3-419c4368e474 tempest-VolumeAndVolumeTypeFromImageTest-304257246 tempest-VolumeAndVolumeTypeFromImageTest-304257246-project-member] Matched version: v2 {{(pid=101985) process_request /opt/stack/glance/glance/api/middleware/version_negotiation.py:69}}
Jun 19 12:41:54.048289 np0000003284 devstack@g-api.service[101985]: DEBUG glance.api.middleware.version_negotiation [None req-706a82d2-913a-459d-a3a3-419c4368e474 tempest-VolumeAndVolumeTypeFromImageTest-304257246 tempest-VolumeAndVolumeTypeFromImageTest-304257246-project-member] new path /v2/images/232a39d7-6a3b-4566-9adc-4e91bef12afb/locations {{(pid=101985) process_request /opt/stack/glance/glance/api/middleware/version_negotiation.py:70}}
Jun 19 12:41:54.077980 np0000003284 devstack@g-api.service[101985]: [pid: 101985|app: 0|req: 150/435] 127.0.0.1 () {44 vars in 1135 bytes} [Fri Jun 19 12:41:54 2026] GET /v2/images/232a39d7-6a3b-4566-9adc-4e91bef12afb/locations => generated 92 bytes in 30 msecs (HTTP/1.1 200) 4 headers in 156 bytes (1 switches on core 0)
Jun 19 12:41:54.086812 np0000003284 devstack@g-api.service[101983]: DEBUG glance.api.middleware.version_negotiation [None req-706a82d2-913a-459d-a3a3-419c4368e474 tempest-VolumeAndVolumeTypeFromImageTest-304257246 tempest-VolumeAndVolumeTypeFromImageTest-304257246-project-member] Determining version of request: GET /v2/images/232a39d7-6a3b-4566-9adc-4e91bef12afb Accept: */* {{(pid=101983) process_request /opt/stack/glance/glance/api/middleware/version_negotiation.py:44}}
Jun 19 12:41:54.086812 np0000003284 devstack@g-api.service[101983]: DEBUG glance.api.middleware.version_negotiation [None req-706a82d2-913a-459d-a3a3-419c4368e474 tempest-VolumeAndVolumeTypeFromImageTest-304257246 tempest-VolumeAndVolumeTypeFromImageTest-304257246-project-member] Using url versioning {{(pid=101983) process_request /opt/stack/glance/glance/api/middleware/version_negotiation.py:57}}
Jun 19 12:41:54.086812 np0000003284 devstack@g-api.service[101983]: DEBUG glance.api.middleware.version_negotiation [None req-706a82d2-913a-459d-a3a3-419c4368e474 tempest-VolumeAndVolumeTypeFromImageTest-304257246 tempest-VolumeAndVolumeTypeFromImageTest-304257246-project-member] Matched version: v2 {{(pid=101983) process_request /opt/stack/glance/glance/api/middleware/version_negotiation.py:69}}
Jun 19 12:41:54.086812 np0000003284 devstack@g-api.service[101983]: DEBUG glance.api.middleware.version_negotiation [None req-706a82d2-913a-459d-a3a3-419c4368e474 tempest-VolumeAndVolumeTypeFromImageTest-304257246 tempest-VolumeAndVolumeTypeFromImageTest-304257246-project-member] new path /v2/images/232a39d7-6a3b-4566-9adc-4e91bef12afb {{(pid=101983) process_request /opt/stack/glance/glance/api/middleware/version_negotiation.py:70}}
Jun 19 12:41:54.101714 np0000003284 devstack@g-api.service[101983]: [pid: 101983|app: 0|req: 143/436] 127.0.0.1 () {44 vars in 1115 bytes} [Fri Jun 19 12:41:54 2026] GET /v2/images/232a39d7-6a3b-4566-9adc-4e91bef12afb => generated 898 bytes in 16 msecs (HTTP/1.1 200) 4 headers in 157 bytes (1 switches on core 0)
Jun 19 12:41:54.108676 np0000003284 devstack@g-api.service[101984]: DEBUG glance.api.middleware.version_negotiation [None req-706a82d2-913a-459d-a3a3-419c4368e474 tempest-VolumeAndVolumeTypeFromImageTest-304257246 tempest-VolumeAndVolumeTypeFromImageTest-304257246-project-member] Determining version of request: GET /v2/schemas/image Accept: */* {{(pid=101984) process_request /opt/stack/glance/glance/api/middleware/version_negotiation.py:44}}
Jun 19 12:41:54.108808 np0000003284 devstack@g-api.service[101984]: DEBUG glance.api.middleware.version_negotiation [None req-706a82d2-913a-459d-a3a3-419c4368e474 tempest-VolumeAndVolumeTypeFromImageTest-304257246 tempest-VolumeAndVolumeTypeFromImageTest-304257246-project-member] Using url versioning {{(pid=101984) process_request /opt/stack/glance/glance/api/middleware/version_negotiation.py:57}}
Jun 19 12:41:54.110749 np0000003284 devstack@g-api.service[101984]: DEBUG glance.api.middleware.version_negotiation [None req-706a82d2-913a-459d-a3a3-419c4368e474 tempest-VolumeAndVolumeTypeFromImageTest-304257246 tempest-VolumeAndVolumeTypeFromImageTest-304257246-project-member] Matched version: v2 {{(pid=101984) process_request /opt/stack/glance/glance/api/middleware/version_negotiation.py:69}}
Jun 19 12:41:54.110749 np0000003284 devstack@g-api.service[101984]: DEBUG glance.api.middleware.version_negotiation [None req-706a82d2-913a-459d-a3a3-419c4368e474 tempest-VolumeAndVolumeTypeFromImageTest-304257246 tempest-VolumeAndVolumeTypeFromImageTest-304257246-project-member] new path /v2/schemas/image {{(pid=101984) process_request /opt/stack/glance/glance/api/middleware/version_negotiation.py:70}}
Jun 19 12:41:54.111049 np0000003284 devstack@g-api.service[101984]: [pid: 101984|app: 0|req: 144/437] 127.0.0.1 () {44 vars in 1055 bytes} [Fri Jun 19 12:41:54 2026] GET /v2/schemas/image => generated 6083 bytes in 2 msecs (HTTP/1.1 200) 4 headers in 158 bytes (1 switches on core 0)
Jun 19 12:41:54.118381 np0000003284 devstack@g-api.service[101985]: DEBUG glance.api.middleware.version_negotiation [None req-706a82d2-913a-459d-a3a3-419c4368e474 service glance] Determining version of request: GET /v2/schemas/image Accept: */* {{(pid=101985) process_request /opt/stack/glance/glance/api/middleware/version_negotiation.py:44}}
Jun 19 12:41:54.118807 np0000003284 devstack@g-api.service[101985]: DEBUG glance.api.middleware.version_negotiation [None req-706a82d2-913a-459d-a3a3-419c4368e474 service glance] Using url versioning {{(pid=101985) process_request /opt/stack/glance/glance/api/middleware/version_negotiation.py:57}}
Jun 19 12:41:54.119027 np0000003284 devstack@g-api.service[101985]: DEBUG glance.api.middleware.version_negotiation [None req-706a82d2-913a-459d-a3a3-419c4368e474 service glance] Matched version: v2 {{(pid=101985) process_request /opt/stack/glance/glance/api/middleware/version_negotiation.py:69}}
Jun 19 12:41:54.119147 np0000003284 devstack@g-api.service[101985]: DEBUG glance.api.middleware.version_negotiation [None req-706a82d2-913a-459d-a3a3-419c4368e474 service glance] new path /v2/schemas/image {{(pid=101985) process_request /opt/stack/glance/glance/api/middleware/version_negotiation.py:70}}
Jun 19 12:41:54.121172 np0000003284 devstack@g-api.service[101985]: [pid: 101985|app: 0|req: 151/438] 127.0.0.1 () {44 vars in 1055 bytes} [Fri Jun 19 12:41:54 2026] GET /v2/schemas/image => generated 6083 bytes in 3 msecs (HTTP/1.1 200) 4 headers in 158 bytes (1 switches on core 0)
Jun 19 12:41:54.145704 np0000003284 devstack@g-api.service[101983]: DEBUG glance.api.middleware.version_negotiation [None req-706a82d2-913a-459d-a3a3-419c4368e474 tempest-VolumeAndVolumeTypeFromImageTest-304257246 tempest-VolumeAndVolumeTypeFromImageTest-304257246-project-member] Determining version of request: GET /v2/images/232a39d7-6a3b-4566-9adc-4e91bef12afb Accept: */* {{(pid=101983) process_request /opt/stack/glance/glance/api/middleware/version_negotiation.py:44}}
Jun 19 12:41:54.145704 np0000003284 devstack@g-api.service[101983]: DEBUG glance.api.middleware.version_negotiation [None req-706a82d2-913a-459d-a3a3-419c4368e474 tempest-VolumeAndVolumeTypeFromImageTest-304257246 tempest-VolumeAndVolumeTypeFromImageTest-304257246-project-member] Using url versioning {{(pid=101983) process_request /opt/stack/glance/glance/api/middleware/version_negotiation.py:57}}
Jun 19 12:41:54.145704 np0000003284 devstack@g-api.service[101983]: DEBUG glance.api.middleware.version_negotiation [None req-706a82d2-913a-459d-a3a3-419c4368e474 tempest-VolumeAndVolumeTypeFromImageTest-304257246 tempest-VolumeAndVolumeTypeFromImageTest-304257246-project-member] Matched version: v2 {{(pid=101983) process_request /opt/stack/glance/glance/api/middleware/version_negotiation.py:69}}
Jun 19 12:41:54.145704 np0000003284 devstack@g-api.service[101983]: DEBUG glance.api.middleware.version_negotiation [None req-706a82d2-913a-459d-a3a3-419c4368e474 tempest-VolumeAndVolumeTypeFromImageTest-304257246 tempest-VolumeAndVolumeTypeFromImageTest-304257246-project-member] new path /v2/images/232a39d7-6a3b-4566-9adc-4e91bef12afb {{(pid=101983) process_request /opt/stack/glance/glance/api/middleware/version_negotiation.py:70}}
Jun 19 12:41:54.157739 np0000003284 devstack@g-api.service[101983]: [pid: 101983|app: 0|req: 144/439] 127.0.0.1 () {44 vars in 1115 bytes} [Fri Jun 19 12:41:54 2026] GET /v2/images/232a39d7-6a3b-4566-9adc-4e91bef12afb => generated 898 bytes in 13 msecs (HTTP/1.1 200) 4 headers in 157 bytes (1 switches on core 0)
Jun 19 12:41:54.164782 np0000003284 devstack@g-api.service[101984]: DEBUG glance.api.middleware.version_negotiation [None req-706a82d2-913a-459d-a3a3-419c4368e474 tempest-VolumeAndVolumeTypeFromImageTest-304257246 tempest-VolumeAndVolumeTypeFromImageTest-304257246-project-member] Determining version of request: GET /v2/images/232a39d7-6a3b-4566-9adc-4e91bef12afb/file Accept: */* {{(pid=101984) process_request /opt/stack/glance/glance/api/middleware/version_negotiation.py:44}}
Jun 19 12:41:54.164946 np0000003284 devstack@g-api.service[101984]: DEBUG glance.api.middleware.version_negotiation [None req-706a82d2-913a-459d-a3a3-419c4368e474 tempest-VolumeAndVolumeTypeFromImageTest-304257246 tempest-VolumeAndVolumeTypeFromImageTest-304257246-project-member] Using url versioning {{(pid=101984) process_request /opt/stack/glance/glance/api/middleware/version_negotiation.py:57}}
Jun 19 12:41:54.165123 np0000003284 devstack@g-api.service[101984]: DEBUG glance.api.middleware.version_negotiation [None req-706a82d2-913a-459d-a3a3-419c4368e474 tempest-VolumeAndVolumeTypeFromImageTest-304257246 tempest-VolumeAndVolumeTypeFromImageTest-304257246-project-member] Matched version: v2 {{(pid=101984) process_request /opt/stack/glance/glance/api/middleware/version_negotiation.py:69}}
Jun 19 12:41:54.165265 np0000003284 devstack@g-api.service[101984]: DEBUG glance.api.middleware.version_negotiation [None req-706a82d2-913a-459d-a3a3-419c4368e474 tempest-VolumeAndVolumeTypeFromImageTest-304257246 tempest-VolumeAndVolumeTypeFromImageTest-304257246-project-member] new path /v2/images/232a39d7-6a3b-4566-9adc-4e91bef12afb/file {{(pid=101984) process_request /opt/stack/glance/glance/api/middleware/version_negotiation.py:70}}
