Jun 19 12:31:53.082614 np0000003284 devstack@neutron-api.service[89903]: DEBUG neutron.api.extensions [None req-81a1e664-1bff-42f2-bd9b-64d68efd1467 None None] Extended resource: flavors {{(pid=89903) __init__ /opt/stack/neutron/neutron/api/extensions.py:156}}
Jun 19 12:31:53.083102 np0000003284 devstack@neutron-api.service[89902]: DEBUG neutron.api.extensions [None req-6e3200ac-f8b5-4939-8fd5-4415bdf69b18 None None] Extended resource: availability_zones {{(pid=89902) __init__ /opt/stack/neutron/neutron/api/extensions.py:156}}
Jun 19 12:31:53.083549 np0000003284 devstack@neutron-api.service[89903]: DEBUG neutron.api.extensions [None req-81a1e664-1bff-42f2-bd9b-64d68efd1467 None None] Extended resource: service_profiles {{(pid=89903) __init__ /opt/stack/neutron/neutron/api/extensions.py:156}}
Jun 19 12:31:53.083903 np0000003284 devstack@neutron-api.service[89902]: DEBUG neutron.api.extensions [None req-6e3200ac-f8b5-4939-8fd5-4415bdf69b18 None None] Extended resource: dhcp-networks {{(pid=89902) __init__ /opt/stack/neutron/neutron/api/extensions.py:156}}
Jun 19 12:31:53.084535 np0000003284 devstack@neutron-api.service[89903]: DEBUG neutron.api.extensions [None req-81a1e664-1bff-42f2-bd9b-64d68efd1467 None None] Extended resource: next_providers {{(pid=89903) __init__ /opt/stack/neutron/neutron/api/extensions.py:156}}
Jun 19 12:31:53.084892 np0000003284 devstack@neutron-api.service[89902]: DEBUG neutron.api.extensions [None req-6e3200ac-f8b5-4939-8fd5-4415bdf69b18 None None] Extended resource: dhcp-agents {{(pid=89902) __init__ /opt/stack/neutron/neutron/api/extensions.py:156}}
Jun 19 12:31:53.085264 np0000003284 devstack@neutron-api.service[89903]: DEBUG neutron.api.extensions [None req-81a1e664-1bff-42f2-bd9b-64d68efd1467 None None] Extended resource: service_profiles {{(pid=89903) __init__ /opt/stack/neutron/neutron/api/extensions.py:156}}
Jun 19 12:31:53.085603 np0000003284 devstack@neutron-api.service[89902]: DEBUG neutron.api.extensions [None req-6e3200ac-f8b5-4939-8fd5-4415bdf69b18 None None] Extended resource: routers {{(pid=89902) __init__ /opt/stack/neutron/neutron/api/extensions.py:156}}
Jun 19 12:31:53.085916 np0000003284 devstack@neutron-api.service[89903]: DEBUG neutron.api.extensions [None req-81a1e664-1bff-42f2-bd9b-64d68efd1467 None None] Extended resource: floatingip-pools {{(pid=89903) __init__ /opt/stack/neutron/neutron/api/extensions.py:156}}
Jun 19 12:31:53.086275 np0000003284 devstack@neutron-api.service[89902]: DEBUG neutron.api.extensions [None req-6e3200ac-f8b5-4939-8fd5-4415bdf69b18 None None] Extended resource: flavors {{(pid=89902) __init__ /opt/stack/neutron/neutron/api/extensions.py:156}}
Jun 19 12:31:53.086625 np0000003284 devstack@neutron-api.service[89903]: DEBUG neutron.api.extensions [None req-81a1e664-1bff-42f2-bd9b-64d68efd1467 None None] Extended resource: routers {{(pid=89903) __init__ /opt/stack/neutron/neutron/api/extensions.py:156}}
Jun 19 12:31:53.086901 np0000003284 devstack@neutron-api.service[89902]: DEBUG neutron.api.extensions [None req-6e3200ac-f8b5-4939-8fd5-4415bdf69b18 None None] Extended resource: service_profiles {{(pid=89902) __init__ /opt/stack/neutron/neutron/api/extensions.py:156}}
Jun 19 12:31:53.086901 np0000003284 devstack@neutron-api.service[89902]: DEBUG neutron.api.extensions [None req-6e3200ac-f8b5-4939-8fd5-4415bdf69b18 None None] Extended resource: next_providers {{(pid=89902) __init__ /opt/stack/neutron/neutron/api/extensions.py:156}}
Jun 19 12:31:53.086901 np0000003284 devstack@neutron-api.service[89902]: DEBUG neutron.api.extensions [None req-6e3200ac-f8b5-4939-8fd5-4415bdf69b18 None None] Extended resource: service_profiles {{(pid=89902) __init__ /opt/stack/neutron/neutron/api/extensions.py:156}}
Jun 19 12:31:53.087262 np0000003284 devstack@neutron-api.service[89903]: DEBUG neutron.api.extensions [None req-81a1e664-1bff-42f2-bd9b-64d68efd1467 None None] Extended resource: floatingips {{(pid=89903) __init__ /opt/stack/neutron/neutron/api/extensions.py:156}}
Jun 19 12:31:53.087505 np0000003284 devstack@neutron-api.service[89902]: DEBUG neutron.api.extensions [None req-6e3200ac-f8b5-4939-8fd5-4415bdf69b18 None None] Extended resource: floatingip-pools {{(pid=89902) __init__ /opt/stack/neutron/neutron/api/extensions.py:156}}
Jun 19 12:31:53.087828 np0000003284 devstack@neutron-api.service[89903]: DEBUG neutron.api.extensions [None req-81a1e664-1bff-42f2-bd9b-64d68efd1467 None None] Extended resource: l3-routers {{(pid=89903) __init__ /opt/stack/neutron/neutron/api/extensions.py:156}}
Jun 19 12:31:53.088091 np0000003284 devstack@neutron-api.service[89902]: DEBUG neutron.api.extensions [None req-6e3200ac-f8b5-4939-8fd5-4415bdf69b18 None None] Extended resource: routers {{(pid=89902) __init__ /opt/stack/neutron/neutron/api/extensions.py:156}}
Jun 19 12:31:53.088290 np0000003284 devstack@neutron-api.service[89903]: DEBUG neutron.api.extensions [None req-81a1e664-1bff-42f2-bd9b-64d68efd1467 None None] Extended resource: l3-agents {{(pid=89903) __init__ /opt/stack/neutron/neutron/api/extensions.py:156}}
Jun 19 12:31:53.088290 np0000003284 devstack@neutron-api.service[89903]: DEBUG neutron.api.extensions [None req-81a1e664-1bff-42f2-bd9b-64d68efd1467 None None] Extended resource: network-ip-availabilities {{(pid=89903) __init__ /opt/stack/neutron/neutron/api/extensions.py:156}}
Jun 19 12:31:53.088537 np0000003284 devstack@neutron-api.service[89902]: DEBUG neutron.api.extensions [None req-6e3200ac-f8b5-4939-8fd5-4415bdf69b18 None None] Extended resource: floatingips {{(pid=89902) __init__ /opt/stack/neutron/neutron/api/extensions.py:156}}
Jun 19 12:31:53.088724 np0000003284 devstack@neutron-api.service[89903]: DEBUG neutron.api.extensions [None req-81a1e664-1bff-42f2-bd9b-64d68efd1467 None None] Extended resource: network-ip-availabilities {{(pid=89903) __init__ /opt/stack/neutron/neutron/api/extensions.py:156}}
Jun 19 12:31:53.088843 np0000003284 devstack@neutron-api.service[89902]: DEBUG neutron.api.extensions [None req-6e3200ac-f8b5-4939-8fd5-4415bdf69b18 None None] Extended resource: l3-routers {{(pid=89902) __init__ /opt/stack/neutron/neutron/api/extensions.py:156}}
Jun 19 12:31:53.088989 np0000003284 devstack@neutron-api.service[89903]: DEBUG neutron.api.extensions [None req-81a1e664-1bff-42f2-bd9b-64d68efd1467 None None] Extended resource: bindings {{(pid=89903) __init__ /opt/stack/neutron/neutron/api/extensions.py:156}}
Jun 19 12:31:53.089172 np0000003284 devstack@neutron-api.service[89902]: DEBUG neutron.api.extensions [None req-6e3200ac-f8b5-4939-8fd5-4415bdf69b18 None None] Extended resource: l3-agents {{(pid=89902) __init__ /opt/stack/neutron/neutron/api/extensions.py:156}}
Jun 19 12:31:53.089318 np0000003284 devstack@neutron-api.service[89903]: DEBUG neutron.api.extensions [None req-81a1e664-1bff-42f2-bd9b-64d68efd1467 None None] Extended resource: quotas {{(pid=89903) __init__ /opt/stack/neutron/neutron/api/extensions.py:156}}
Jun 19 12:31:53.089446 np0000003284 devstack@neutron-api.service[89902]: DEBUG neutron.api.extensions [None req-6e3200ac-f8b5-4939-8fd5-4415bdf69b18 None None] Extended resource: network-ip-availabilities {{(pid=89902) __init__ /opt/stack/neutron/neutron/api/extensions.py:156}}
Jun 19 12:31:53.089607 np0000003284 devstack@neutron-api.service[89903]: DEBUG neutron.api.extensions [None req-81a1e664-1bff-42f2-bd9b-64d68efd1467 None None] Extended resource: quotas {{(pid=89903) __init__ /opt/stack/neutron/neutron/api/extensions.py:156}}
Jun 19 12:31:53.089738 np0000003284 devstack@neutron-api.service[89902]: DEBUG neutron.api.extensions [None req-6e3200ac-f8b5-4939-8fd5-4415bdf69b18 None None] Extended resource: network-ip-availabilities {{(pid=89902) __init__ /opt/stack/neutron/neutron/api/extensions.py:156}}
Jun 19 12:31:53.089933 np0000003284 devstack@neutron-api.service[89903]: DEBUG neutron.api.extensions [None req-81a1e664-1bff-42f2-bd9b-64d68efd1467 None None] Extended resource: rbac-policies {{(pid=89903) __init__ /opt/stack/neutron/neutron/api/extensions.py:156}}
Jun 19 12:31:53.090135 np0000003284 devstack@neutron-api.service[89902]: DEBUG neutron.api.extensions [None req-6e3200ac-f8b5-4939-8fd5-4415bdf69b18 None None] Extended resource: bindings {{(pid=89902) __init__ /opt/stack/neutron/neutron/api/extensions.py:156}}
Jun 19 12:31:53.090309 np0000003284 devstack@neutron-api.service[89903]: DEBUG neutron.api.extensions [None req-81a1e664-1bff-42f2-bd9b-64d68efd1467 None None] Extended resource: default-security-group-rules {{(pid=89903) __init__ /opt/stack/neutron/neutron/api/extensions.py:156}}
Jun 19 12:31:53.090462 np0000003284 devstack@neutron-api.service[89902]: DEBUG neutron.api.extensions [None req-6e3200ac-f8b5-4939-8fd5-4415bdf69b18 None None] Extended resource: quotas {{(pid=89902) __init__ /opt/stack/neutron/neutron/api/extensions.py:156}}
Jun 19 12:31:53.090624 np0000003284 devstack@neutron-api.service[89903]: DEBUG neutron.api.extensions [None req-81a1e664-1bff-42f2-bd9b-64d68efd1467 None None] Extended resource: security-groups-default-statefulness {{(pid=89903) __init__ /opt/stack/neutron/neutron/api/extensions.py:156}}
Jun 19 12:31:53.090794 np0000003284 devstack@neutron-api.service[89902]: DEBUG neutron.api.extensions [None req-6e3200ac-f8b5-4939-8fd5-4415bdf69b18 None None] Extended resource: quotas {{(pid=89902) __init__ /opt/stack/neutron/neutron/api/extensions.py:156}}
Jun 19 12:31:53.090919 np0000003284 devstack@neutron-api.service[89903]: DEBUG neutron.api.extensions [None req-81a1e664-1bff-42f2-bd9b-64d68efd1467 None None] Extended resource: security-groups {{(pid=89903) __init__ /opt/stack/neutron/neutron/api/extensions.py:156}}
Jun 19 12:31:53.091131 np0000003284 devstack@neutron-api.service[89902]: DEBUG neutron.api.extensions [None req-6e3200ac-f8b5-4939-8fd5-4415bdf69b18 None None] Extended resource: rbac-policies {{(pid=89902) __init__ /opt/stack/neutron/neutron/api/extensions.py:156}}
Jun 19 12:31:53.091131 np0000003284 devstack@neutron-api.service[89902]: DEBUG neutron.api.extensions [None req-6e3200ac-f8b5-4939-8fd5-4415bdf69b18 None None] Extended resource: default-security-group-rules {{(pid=89902) __init__ /opt/stack/neutron/neutron/api/extensions.py:156}}
Jun 19 12:31:53.091131 np0000003284 devstack@neutron-api.service[89902]: DEBUG neutron.api.extensions [None req-6e3200ac-f8b5-4939-8fd5-4415bdf69b18 None None] Extended resource: security-groups-default-statefulness {{(pid=89902) __init__ /opt/stack/neutron/neutron/api/extensions.py:156}}
Jun 19 12:31:53.091378 np0000003284 devstack@neutron-api.service[89903]: DEBUG neutron.api.extensions [None req-81a1e664-1bff-42f2-bd9b-64d68efd1467 None None] Extended resource: security-group-rules {{(pid=89903) __init__ /opt/stack/neutron/neutron/api/extensions.py:156}}
Jun 19 12:31:53.091533 np0000003284 devstack@neutron-api.service[89902]: DEBUG neutron.api.extensions [None req-6e3200ac-f8b5-4939-8fd5-4415bdf69b18 None None] Extended resource: security-groups {{(pid=89902) __init__ /opt/stack/neutron/neutron/api/extensions.py:156}}
Jun 19 12:31:53.091782 np0000003284 devstack@neutron-api.service[89903]: DEBUG neutron.api.extensions [None req-81a1e664-1bff-42f2-bd9b-64d68efd1467 None None] Extended resource: service-providers {{(pid=89903) __init__ /opt/stack/neutron/neutron/api/extensions.py:156}}
Jun 19 12:31:53.091981 np0000003284 devstack@neutron-api.service[89902]: DEBUG neutron.api.extensions [None req-6e3200ac-f8b5-4939-8fd5-4415bdf69b18 None None] Extended resource: security-group-rules {{(pid=89902) __init__ /opt/stack/neutron/neutron/api/extensions.py:156}}
Jun 19 12:31:53.092369 np0000003284 devstack@neutron-api.service[89902]: DEBUG neutron.api.extensions [None req-6e3200ac-f8b5-4939-8fd5-4415bdf69b18 None None] Extended resource: service-providers {{(pid=89902) __init__ /opt/stack/neutron/neutron/api/extensions.py:156}}
Jun 19 12:31:53.092518 np0000003284 devstack@neutron-api.service[89903]: DEBUG neutron.api.extensions [None req-81a1e664-1bff-42f2-bd9b-64d68efd1467 None None] Extended resource: subnetpools {{(pid=89903) __init__ /opt/stack/neutron/neutron/api/extensions.py:156}}
Jun 19 12:31:53.092751 np0000003284 devstack@neutron-api.service[89902]: DEBUG neutron.api.extensions [None req-6e3200ac-f8b5-4939-8fd5-4415bdf69b18 None None] Extended resource: subnetpools {{(pid=89902) __init__ /opt/stack/neutron/neutron/api/extensions.py:156}}
Jun 19 12:31:53.093260 np0000003284 devstack@neutron-api.service[89902]: DEBUG neutron.api.extensions [None req-6e3200ac-f8b5-4939-8fd5-4415bdf69b18 None None] Extended resource: subnetpools {{(pid=89902) __init__ /opt/stack/neutron/neutron/api/extensions.py:156}}
Jun 19 12:31:53.093437 np0000003284 devstack@neutron-api.service[89903]: DEBUG neutron.api.extensions [None req-81a1e664-1bff-42f2-bd9b-64d68efd1467 None None] Extended resource: subnetpools {{(pid=89903) __init__ /opt/stack/neutron/neutron/api/extensions.py:156}}
Jun 19 12:31:53.093921 np0000003284 devstack@neutron-api.service[89902]: DEBUG neutron.api.extensions [None req-6e3200ac-f8b5-4939-8fd5-4415bdf69b18 None None] Extended resource: tags {{(pid=89902) __init__ /opt/stack/neutron/neutron/api/extensions.py:156}}
Jun 19 12:31:53.094197 np0000003284 devstack@neutron-api.service[89903]: DEBUG neutron.api.extensions [None req-81a1e664-1bff-42f2-bd9b-64d68efd1467 None None] Extended resource: tags {{(pid=89903) __init__ /opt/stack/neutron/neutron/api/extensions.py:156}}
Jun 19 12:31:53.094632 np0000003284 devstack@neutron-api.service[89902]: DEBUG neutron.api.extensions [None req-6e3200ac-f8b5-4939-8fd5-4415bdf69b18 None None] Extended resource: tags {{(pid=89902) __init__ /opt/stack/neutron/neutron/api/extensions.py:156}}
Jun 19 12:31:53.095240 np0000003284 devstack@neutron-api.service[89903]: DEBUG neutron.api.extensions [None req-81a1e664-1bff-42f2-bd9b-64d68efd1467 None None] Extended resource: tags {{(pid=89903) __init__ /opt/stack/neutron/neutron/api/extensions.py:156}}
Jun 19 12:31:53.095457 np0000003284 devstack@neutron-api.service[89902]: DEBUG neutron.api.extensions [None req-6e3200ac-f8b5-4939-8fd5-4415bdf69b18 None None] Extended resource: tags {{(pid=89902) __init__ /opt/stack/neutron/neutron/api/extensions.py:156}}
Jun 19 12:31:53.095933 np0000003284 devstack@neutron-api.service[89902]: DEBUG neutron.api.extensions [None req-6e3200ac-f8b5-4939-8fd5-4415bdf69b18 None None] Extended resource: tags {{(pid=89902) __init__ /opt/stack/neutron/neutron/api/extensions.py:156}}
Jun 19 12:31:53.096151 np0000003284 devstack@neutron-api.service[89903]: DEBUG neutron.api.extensions [None req-81a1e664-1bff-42f2-bd9b-64d68efd1467 None None] Extended resource: tags {{(pid=89903) __init__ /opt/stack/neutron/neutron/api/extensions.py:156}}
Jun 19 12:31:53.096862 np0000003284 devstack@neutron-api.service[89903]: DEBUG neutron.api.extensions [None req-81a1e664-1bff-42f2-bd9b-64d68efd1467 None None] Extended resource: tags {{(pid=89903) __init__ /opt/stack/neutron/neutron/api/extensions.py:156}}
Jun 19 12:31:53.097037 np0000003284 devstack@neutron-api.service[89902]: DEBUG neutron.api.extensions [None req-6e3200ac-f8b5-4939-8fd5-4415bdf69b18 None None] Extended resource: tags {{(pid=89902) __init__ /opt/stack/neutron/neutron/api/extensions.py:156}}
Jun 19 12:31:53.097312 np0000003284 devstack@neutron-api.service[89903]: DEBUG neutron.api.extensions [None req-81a1e664-1bff-42f2-bd9b-64d68efd1467 None None] Extended resource: tags {{(pid=89903) __init__ /opt/stack/neutron/neutron/api/extensions.py:156}}
Jun 19 12:31:53.097544 np0000003284 devstack@neutron-api.service[89902]: DEBUG neutron.api.extensions [None req-6e3200ac-f8b5-4939-8fd5-4415bdf69b18 None None] Extended resource: tags {{(pid=89902) __init__ /opt/stack/neutron/neutron/api/extensions.py:156}}
Jun 19 12:31:53.098195 np0000003284 devstack@neutron-api.service[89902]: DEBUG neutron.api.extensions [None req-6e3200ac-f8b5-4939-8fd5-4415bdf69b18 None None] Extended resource: tags {{(pid=89902) __init__ /opt/stack/neutron/neutron/api/extensions.py:156}}
Jun 19 12:31:53.098405 np0000003284 devstack@neutron-api.service[89903]: DEBUG neutron.api.extensions [None req-81a1e664-1bff-42f2-bd9b-64d68efd1467 None None] Extended resource: tags {{(pid=89903) __init__ /opt/stack/neutron/neutron/api/extensions.py:156}}
Jun 19 12:31:53.098880 np0000003284 devstack@neutron-api.service[89902]: DEBUG neutron.api.extensions [None req-6e3200ac-f8b5-4939-8fd5-4415bdf69b18 None None] Extended resource: tags {{(pid=89902) __init__ /opt/stack/neutron/neutron/api/extensions.py:156}}
Jun 19 12:31:53.099418 np0000003284 devstack@neutron-api.service[89903]: DEBUG neutron.api.extensions [None req-81a1e664-1bff-42f2-bd9b-64d68efd1467 None None] Extended resource: tags {{(pid=89903) __init__ /opt/stack/neutron/neutron/api/extensions.py:156}}
Jun 19 12:31:53.099493 np0000003284 devstack@neutron-api.service[89902]: DEBUG neutron.api.extensions [None req-6e3200ac-f8b5-4939-8fd5-4415bdf69b18 None None] Extended resource: tags {{(pid=89902) __init__ /opt/stack/neutron/neutron/api/extensions.py:156}}
Jun 19 12:31:53.100175 np0000003284 devstack@neutron-api.service[89902]: DEBUG neutron.api.extensions [None req-6e3200ac-f8b5-4939-8fd5-4415bdf69b18 None None] Extended resource: tags {{(pid=89902) __init__ /opt/stack/neutron/neutron/api/extensions.py:156}}
Jun 19 12:31:53.100596 np0000003284 devstack@neutron-api.service[89903]: DEBUG neutron.api.extensions [None req-81a1e664-1bff-42f2-bd9b-64d68efd1467 None None] Extended resource: tags {{(pid=89903) __init__ /opt/stack/neutron/neutron/api/extensions.py:156}}
Jun 19 12:31:53.101345 np0000003284 devstack@neutron-api.service[89903]: DEBUG neutron.api.extensions [None req-81a1e664-1bff-42f2-bd9b-64d68efd1467 None None] Extended resource: tags {{(pid=89903) __init__ /opt/stack/neutron/neutron/api/extensions.py:156}}
Jun 19 12:31:53.101949 np0000003284 devstack@neutron-api.service[89903]: DEBUG neutron.api.extensions [None req-81a1e664-1bff-42f2-bd9b-64d68efd1467 None None] Extended resource: tags {{(pid=89903) __init__ /opt/stack/neutron/neutron/api/extensions.py:156}}
Jun 19 12:31:53.109971 np0000003284 devstack@neutron-api.service[89903]: DEBUG neutron_lib.callbacks.manager [None req-81a1e664-1bff-42f2-bd9b-64d68efd1467 None None] Publish callbacks ['neutron.plugins.ml2.drivers.ovn.mech_driver.mech_driver.OVNMechanismDriver.pre_fork_initialize-1916672'] for process (None), before_spawn {{(pid=89903) _notify_loop /opt/stack/data/venv/lib/python3.12/site-packages/neutron_lib/callbacks/manager.py:184}}
Jun 19 12:31:53.110397 np0000003284 devstack@neutron-api.service[89903]: DEBUG oslo_concurrency.processutils [None req-81a1e664-1bff-42f2-bd9b-64d68efd1467 None None] Running cmd (subprocess): ovsdb-client transact ssl:10.4.3.149:6641 --timeout 180 -p /opt/stack/data/CA/int-ca/private/devstack-cert.key -c /opt/stack/data/CA/int-ca/devstack-cert.crt -C /opt/stack/data/CA/int-ca/ca-chain.pem ["OVN_Northbound", {"op": "wait", "timeout": 0, "table": "Port_Group", "where": [["name", "==", "neutron_pg_drop"]], "until": "==", "rows": []}, {"op": "insert", "table": "ACL", "row": {"action": "drop", "direction": "to-lport", "match": "outport == @neutron_pg_drop && ip", "priority": 1001}, "uuid-name": "droptoport"}, {"op": "insert", "table": "ACL", "row": {"action": "drop", "direction": "from-lport", "match": "inport == @neutron_pg_drop && ip", "priority": 1001}, "uuid-name": "dropfromport"}, {"op": "insert", "table": "Port_Group", "row": {"name": "neutron_pg_drop", "acls": ["set", [["named-uuid", "droptoport"], ["named-uuid", "dropfromport"]]]}}] {{(pid=89903) execute /opt/stack/data/venv/lib/python3.12/site-packages/oslo_concurrency/processutils.py:440}}
Jun 19 12:31:53.111791 np0000003284 devstack@neutron-api.service[89902]: DEBUG neutron_lib.callbacks.manager [None req-6e3200ac-f8b5-4939-8fd5-4415bdf69b18 None None] Publish callbacks ['neutron.plugins.ml2.drivers.ovn.mech_driver.mech_driver.OVNMechanismDriver.pre_fork_initialize-1931221'] for process (None), before_spawn {{(pid=89902) _notify_loop /opt/stack/data/venv/lib/python3.12/site-packages/neutron_lib/callbacks/manager.py:184}}
Jun 19 12:31:53.112216 np0000003284 devstack@neutron-api.service[89902]: DEBUG oslo_concurrency.processutils [None req-6e3200ac-f8b5-4939-8fd5-4415bdf69b18 None None] Running cmd (subprocess): ovsdb-client transact ssl:10.4.3.149:6641 --timeout 180 -p /opt/stack/data/CA/int-ca/private/devstack-cert.key -c /opt/stack/data/CA/int-ca/devstack-cert.crt -C /opt/stack/data/CA/int-ca/ca-chain.pem ["OVN_Northbound", {"op": "wait", "timeout": 0, "table": "Port_Group", "where": [["name", "==", "neutron_pg_drop"]], "until": "==", "rows": []}, {"op": "insert", "table": "ACL", "row": {"action": "drop", "direction": "to-lport", "match": "outport == @neutron_pg_drop && ip", "priority": 1001}, "uuid-name": "droptoport"}, {"op": "insert", "table": "ACL", "row": {"action": "drop", "direction": "from-lport", "match": "inport == @neutron_pg_drop && ip", "priority": 1001}, "uuid-name": "dropfromport"}, {"op": "insert", "table": "Port_Group", "row": {"name": "neutron_pg_drop", "acls": ["set", [["named-uuid", "droptoport"], ["named-uuid", "dropfromport"]]]}}] {{(pid=89902) execute /opt/stack/data/venv/lib/python3.12/site-packages/oslo_concurrency/processutils.py:440}}
Jun 19 12:31:53.144720 np0000003284 devstack@neutron-api.service[89903]: DEBUG oslo_concurrency.processutils [None req-81a1e664-1bff-42f2-bd9b-64d68efd1467 None None] CMD "ovsdb-client transact ssl:10.4.3.149:6641 --timeout 180 -p /opt/stack/data/CA/int-ca/private/devstack-cert.key -c /opt/stack/data/CA/int-ca/devstack-cert.crt -C /opt/stack/data/CA/int-ca/ca-chain.pem ["OVN_Northbound", {"op": "wait", "timeout": 0, "table": "Port_Group", "where": [["name", "==", "neutron_pg_drop"]], "until": "==", "rows": []}, {"op": "insert", "table": "ACL", "row": {"action": "drop", "direction": "to-lport", "match": "outport == @neutron_pg_drop && ip", "priority": 1001}, "uuid-name": "droptoport"}, {"op": "insert", "table": "ACL", "row": {"action": "drop", "direction": "from-lport", "match": "inport == @neutron_pg_drop && ip", "priority": 1001}, "uuid-name": "dropfromport"}, {"op": "insert", "table": "Port_Group", "row": {"name": "neutron_pg_drop", "acls": ["set", [["named-uuid", "droptoport"], ["named-uuid", "dropfromport"]]]}}]" returned: 0 in 0.034s {{(pid=89903) execute /opt/stack/data/venv/lib/python3.12/site-packages/oslo_concurrency/processutils.py:468}}
Jun 19 12:31:53.145460 np0000003284 devstack@neutron-api.service[89903]: DEBUG neutron_lib.callbacks.manager [None req-81a1e664-1bff-42f2-bd9b-64d68efd1467 None None] Publish callbacks ['neutron.plugins.ml2.drivers.ovn.mech_driver.mech_driver.OVNMechanismDriver.post_fork_initialize-1916728', 'neutron.services.pvlan.drivers.ovn.driver._initialize_pvlan_pg_drop-8312371126946', 'neutron.services.ovn_l3.plugin.OVNL3RouterPlugin._post_fork_initialize-2788795'] for process (None), after_init {{(pid=89903) _notify_loop /opt/stack/data/venv/lib/python3.12/site-packages/neutron_lib/callbacks/manager.py:184}}
Jun 19 12:31:53.145842 np0000003284 devstack@neutron-api.service[89903]: DEBUG oslo_concurrency.lockutils [None req-81a1e664-1bff-42f2-bd9b-64d68efd1467 None None] Acquiring lock "singleton_lock" {{(pid=89903) lock /opt/stack/data/venv/lib/python3.12/site-packages/oslo_concurrency/lockutils.py:395}}
Jun 19 12:31:53.145891 np0000003284 devstack@neutron-api.service[89903]: DEBUG oslo_concurrency.lockutils [None req-81a1e664-1bff-42f2-bd9b-64d68efd1467 None None] Acquired lock "singleton_lock" {{(pid=89903) lock /opt/stack/data/venv/lib/python3.12/site-packages/oslo_concurrency/lockutils.py:398}}
Jun 19 12:31:53.146131 np0000003284 devstack@neutron-api.service[89903]: DEBUG oslo_concurrency.lockutils [None req-81a1e664-1bff-42f2-bd9b-64d68efd1467 None None] Releasing lock "singleton_lock" {{(pid=89903) lock /opt/stack/data/venv/lib/python3.12/site-packages/oslo_concurrency/lockutils.py:418}}
Jun 19 12:31:53.147413 np0000003284 devstack@neutron-api.service[89902]: DEBUG oslo_concurrency.processutils [None req-6e3200ac-f8b5-4939-8fd5-4415bdf69b18 None None] CMD "ovsdb-client transact ssl:10.4.3.149:6641 --timeout 180 -p /opt/stack/data/CA/int-ca/private/devstack-cert.key -c /opt/stack/data/CA/int-ca/devstack-cert.crt -C /opt/stack/data/CA/int-ca/ca-chain.pem ["OVN_Northbound", {"op": "wait", "timeout": 0, "table": "Port_Group", "where": [["name", "==", "neutron_pg_drop"]], "until": "==", "rows": []}, {"op": "insert", "table": "ACL", "row": {"action": "drop", "direction": "to-lport", "match": "outport == @neutron_pg_drop && ip", "priority": 1001}, "uuid-name": "droptoport"}, {"op": "insert", "table": "ACL", "row": {"action": "drop", "direction": "from-lport", "match": "inport == @neutron_pg_drop && ip", "priority": 1001}, "uuid-name": "dropfromport"}, {"op": "insert", "table": "Port_Group", "row": {"name": "neutron_pg_drop", "acls": ["set", [["named-uuid", "droptoport"], ["named-uuid", "dropfromport"]]]}}]" returned: 0 in 0.035s {{(pid=89902) execute /opt/stack/data/venv/lib/python3.12/site-packages/oslo_concurrency/processutils.py:468}}
Jun 19 12:31:53.150971 np0000003284 devstack@neutron-api.service[89902]: DEBUG neutron_lib.callbacks.manager [None req-6e3200ac-f8b5-4939-8fd5-4415bdf69b18 None None] Publish callbacks ['neutron.plugins.ml2.drivers.ovn.mech_driver.mech_driver.OVNMechanismDriver.post_fork_initialize-1930253', 'neutron.services.pvlan.drivers.ovn.driver._initialize_pvlan_pg_drop-8312371127730', 'neutron.services.ovn_l3.plugin.OVNL3RouterPlugin._post_fork_initialize-1701378'] for process (None), after_init {{(pid=89902) _notify_loop /opt/stack/data/venv/lib/python3.12/site-packages/neutron_lib/callbacks/manager.py:184}}
Jun 19 12:31:53.150971 np0000003284 devstack@neutron-api.service[89902]: DEBUG oslo_concurrency.lockutils [None req-6e3200ac-f8b5-4939-8fd5-4415bdf69b18 None None] Acquiring lock "singleton_lock" {{(pid=89902) lock /opt/stack/data/venv/lib/python3.12/site-packages/oslo_concurrency/lockutils.py:395}}
Jun 19 12:31:53.150971 np0000003284 devstack@neutron-api.service[89902]: DEBUG oslo_concurrency.lockutils [None req-6e3200ac-f8b5-4939-8fd5-4415bdf69b18 None None] Acquired lock "singleton_lock" {{(pid=89902) lock /opt/stack/data/venv/lib/python3.12/site-packages/oslo_concurrency/lockutils.py:398}}
Jun 19 12:31:53.150971 np0000003284 devstack@neutron-api.service[89902]: DEBUG oslo_concurrency.lockutils [None req-6e3200ac-f8b5-4939-8fd5-4415bdf69b18 None None] Releasing lock "singleton_lock" {{(pid=89902) lock /opt/stack/data/venv/lib/python3.12/site-packages/oslo_concurrency/lockutils.py:418}}
Jun 19 12:31:53.151230 np0000003284 devstack@neutron-api.service[89903]: DEBUG neutron.plugins.ml2.drivers.ovn.mech_driver.mech_driver [None req-81a1e664-1bff-42f2-bd9b-64d68efd1467 None None] Hash Ring setup using WSGI start time 2026-06-19 12:31:47+00:00 {{(pid=89903) _init_hash_ring /opt/stack/neutron/neutron/plugins/ml2/drivers/ovn/mech_driver/mech_driver.py:404}}
Jun 19 12:31:53.151288 np0000003284 devstack@neutron-api.service[89902]: DEBUG neutron.plugins.ml2.drivers.ovn.mech_driver.mech_driver [None req-6e3200ac-f8b5-4939-8fd5-4415bdf69b18 None None] Hash Ring setup using WSGI start time 2026-06-19 12:31:47+00:00 {{(pid=89902) _init_hash_ring /opt/stack/neutron/neutron/plugins/ml2/drivers/ovn/mech_driver/mech_driver.py:404}}
Jun 19 12:31:53.153822 np0000003284 devstack@neutron-api.service[89903]: INFO neutron.db.ovn_hash_ring_db [None req-81a1e664-1bff-42f2-bd9b-64d68efd1467 None None] Nodes from host "np0000003284" and group "mechanism_driver" removed from the Hash Ring created at 2026-06-19 12:31:47+00:00
Jun 19 12:31:53.156696 np0000003284 devstack@neutron-api.service[89903]: INFO neutron.db.ovn_hash_ring_db [None req-81a1e664-1bff-42f2-bd9b-64d68efd1467 None None] Node 58ef7deec3b05c668aeb0423f6e015bf from host "np0000003284" and group "mechanism_driver" added to the Hash Ring
Jun 19 12:31:53.157200 np0000003284 devstack@neutron-api.service[89902]: DEBUG neutron_lib.db.api [None req-6e3200ac-f8b5-4939-8fd5-4415bdf69b18 None None] Retry wrapper got retriable exception: (pymysql.err.OperationalError) (1213, 'Deadlock found when trying to get lock; try restarting transaction')
Jun 19 12:31:53.157200 np0000003284 devstack@neutron-api.service[89902]: [SQL: DELETE FROM ovn_hash_ring WHERE ovn_hash_ring.hostname = %(hostname_1)s AND ovn_hash_ring.group_name = %(group_name_1)s AND ovn_hash_ring.created_at != %(created_at_1)s]
Jun 19 12:31:53.157200 np0000003284 devstack@neutron-api.service[89902]: [parameters: {'hostname_1': 'np0000003284', 'group_name_1': 'mechanism_driver', 'created_at_1': datetime.datetime(2026, 6, 19, 12, 31, 47, tzinfo=datetime.timezone.utc)}]
Jun 19 12:31:53.157200 np0000003284 devstack@neutron-api.service[89902]: (Background on this error at: https://sqlalche.me/e/20/e3q8) {{(pid=89902) wrapped /opt/stack/data/venv/lib/python3.12/site-packages/neutron_lib/db/api.py:185}}
Jun 19 12:31:53.158678 np0000003284 devstack@neutron-api.service[89902]: DEBUG oslo_db.api [None req-6e3200ac-f8b5-4939-8fd5-4415bdf69b18 None None] Performing DB retry for function neutron.db.ovn_hash_ring_db.remove_nodes_from_host {{(pid=89902) wrapper /opt/stack/data/venv/lib/python3.12/site-packages/oslo_db/api.py:155}}
Jun 19 12:31:53.159829 np0000003284 devstack@neutron-api.service[89903]: DEBUG neutron.plugins.ml2.drivers.ovn.mech_driver.mech_driver [None req-81a1e664-1bff-42f2-bd9b-64d68efd1467 None None] Hash Ring setup, this worker has detected 2 OVN hash ring registers in the database {{(pid=89903) _init_hash_ring /opt/stack/neutron/neutron/plugins/ml2/drivers/ovn/mech_driver/mech_driver.py:414}}
Jun 19 12:31:53.165742 np0000003284 devstack@neutron-api.service[89903]: DEBUG neutron.plugins.ml2.drivers.ovn.mech_driver.ovsdb.maintenance [None req-81a1e664-1bff-42f2-bd9b-64d68efd1467 None None] Periodic task found: HashRingHealthCheckPeriodics.touch_hash_ring_node {{(pid=89903) add_periodics /opt/stack/neutron/neutron/plugins/ml2/drivers/ovn/mech_driver/ovsdb/maintenance.py:146}}
Jun 19 12:31:53.166600 np0000003284 devstack@neutron-api.service[89903]: INFO neutron.plugins.ml2.drivers.ovn.mech_driver.mech_driver [None req-81a1e664-1bff-42f2-bd9b-64d68efd1467 None None] Hash Ring probing thread for node 58ef7deec3b05c668aeb0423f6e015bf has started
Jun 19 12:31:53.167626 np0000003284 devstack@neutron-api.service[89903]: INFO neutron.plugins.ml2.drivers.ovn.mech_driver.ovsdb.impl_idl_ovn [None req-81a1e664-1bff-42f2-bd9b-64d68efd1467 None None] Getting OvsdbNbOvnIdl for WorkerService with retry
Jun 19 12:31:53.198808 np0000003284 devstack@neutron-api.service[89903]: DEBUG ovsdbapp.backend.ovs_idl [None req-81a1e664-1bff-42f2-bd9b-64d68efd1467 None None] Created lookup_table index Logical_Switch.name {{(pid=89903) autocreate_indices /opt/stack/data/venv/lib/python3.12/site-packages/ovsdbapp/backend/ovs_idl/__init__.py:87}}
Jun 19 12:31:53.198909 np0000003284 devstack@neutron-api.service[89903]: DEBUG ovsdbapp.backend.ovs_idl [None req-81a1e664-1bff-42f2-bd9b-64d68efd1467 None None] Created lookup_table index Logical_Router.name {{(pid=89903) autocreate_indices /opt/stack/data/venv/lib/python3.12/site-packages/ovsdbapp/backend/ovs_idl/__init__.py:87}}
Jun 19 12:31:53.199041 np0000003284 devstack@neutron-api.service[89903]: DEBUG ovsdbapp.backend.ovs_idl [None req-81a1e664-1bff-42f2-bd9b-64d68efd1467 None None] Created lookup_table index Load_Balancer.name {{(pid=89903) autocreate_indices /opt/stack/data/venv/lib/python3.12/site-packages/ovsdbapp/backend/ovs_idl/__init__.py:87}}
Jun 19 12:31:53.199184 np0000003284 devstack@neutron-api.service[89903]: DEBUG ovsdbapp.backend.ovs_idl [None req-81a1e664-1bff-42f2-bd9b-64d68efd1467 None None] Created schema index Copp.name {{(pid=89903) autocreate_indices /opt/stack/data/venv/lib/python3.12/site-packages/ovsdbapp/backend/ovs_idl/__init__.py:106}}
Jun 19 12:31:53.199271 np0000003284 devstack@neutron-api.service[89903]: DEBUG ovsdbapp.backend.ovs_idl [None req-81a1e664-1bff-42f2-bd9b-64d68efd1467 None None] Created schema index Meter.name {{(pid=89903) autocreate_indices /opt/stack/data/venv/lib/python3.12/site-packages/ovsdbapp/backend/ovs_idl/__init__.py:106}}
Jun 19 12:31:53.199353 np0000003284 devstack@neutron-api.service[89903]: DEBUG ovsdbapp.backend.ovs_idl [None req-81a1e664-1bff-42f2-bd9b-64d68efd1467 None None] Created schema index Load_Balancer_Group.name {{(pid=89903) autocreate_indices /opt/stack/data/venv/lib/python3.12/site-packages/ovsdbapp/backend/ovs_idl/__init__.py:106}}
Jun 19 12:31:53.199432 np0000003284 devstack@neutron-api.service[89903]: DEBUG ovsdbapp.backend.ovs_idl [None req-81a1e664-1bff-42f2-bd9b-64d68efd1467 None None] Created schema index HA_Chassis_Group.name {{(pid=89903) autocreate_indices /opt/stack/data/venv/lib/python3.12/site-packages/ovsdbapp/backend/ovs_idl/__init__.py:106}}
Jun 19 12:31:53.199528 np0000003284 devstack@neutron-api.service[89903]: DEBUG ovsdbapp.backend.ovs_idl [None req-81a1e664-1bff-42f2-bd9b-64d68efd1467 None None] Created schema index Address_Set.name {{(pid=89903) autocreate_indices /opt/stack/data/venv/lib/python3.12/site-packages/ovsdbapp/backend/ovs_idl/__init__.py:106}}
Jun 19 12:31:53.199650 np0000003284 devstack@neutron-api.service[89903]: DEBUG ovsdbapp.backend.ovs_idl [None req-81a1e664-1bff-42f2-bd9b-64d68efd1467 None None] Created schema index Connection.target {{(pid=89903) autocreate_indices /opt/stack/data/venv/lib/python3.12/site-packages/ovsdbapp/backend/ovs_idl/__init__.py:106}}
Jun 19 12:31:53.199724 np0000003284 devstack@neutron-api.service[89903]: DEBUG ovsdbapp.backend.ovs_idl [None req-81a1e664-1bff-42f2-bd9b-64d68efd1467 None None] Created schema index Gateway_Chassis.name {{(pid=89903) autocreate_indices /opt/stack/data/venv/lib/python3.12/site-packages/ovsdbapp/backend/ovs_idl/__init__.py:106}}
Jun 19 12:31:53.199800 np0000003284 devstack@neutron-api.service[89903]: DEBUG ovsdbapp.backend.ovs_idl [None req-81a1e664-1bff-42f2-bd9b-64d68efd1467 None None] Created schema index Mirror.name {{(pid=89903) autocreate_indices /opt/stack/data/venv/lib/python3.12/site-packages/ovsdbapp/backend/ovs_idl/__init__.py:106}}
Jun 19 12:31:53.199896 np0000003284 devstack@neutron-api.service[89903]: DEBUG ovsdbapp.backend.ovs_idl [None req-81a1e664-1bff-42f2-bd9b-64d68efd1467 None None] Created schema index Chassis_Template_Var.chassis {{(pid=89903) autocreate_indices /opt/stack/data/venv/lib/python3.12/site-packages/ovsdbapp/backend/ovs_idl/__init__.py:106}}
Jun 19 12:31:53.200051 np0000003284 devstack@neutron-api.service[89903]: DEBUG ovsdbapp.backend.ovs_idl [None req-81a1e664-1bff-42f2-bd9b-64d68efd1467 None None] Created schema index Logical_Router_Port.name {{(pid=89903) autocreate_indices /opt/stack/data/venv/lib/python3.12/site-packages/ovsdbapp/backend/ovs_idl/__init__.py:106}}
Jun 19 12:31:53.200148 np0000003284 devstack@neutron-api.service[89903]: DEBUG ovsdbapp.backend.ovs_idl [None req-81a1e664-1bff-42f2-bd9b-64d68efd1467 None None] Created schema index Port_Group.name {{(pid=89903) autocreate_indices /opt/stack/data/venv/lib/python3.12/site-packages/ovsdbapp/backend/ovs_idl/__init__.py:106}}
Jun 19 12:31:53.200230 np0000003284 devstack@neutron-api.service[89903]: DEBUG ovsdbapp.backend.ovs_idl [None req-81a1e664-1bff-42f2-bd9b-64d68efd1467 None None] Created schema index Logical_Switch_Port.name {{(pid=89903) autocreate_indices /opt/stack/data/venv/lib/python3.12/site-packages/ovsdbapp/backend/ovs_idl/__init__.py:106}}
Jun 19 12:31:53.202436 np0000003284 devstack@neutron-api.service[89903]: INFO ovsdbapp.backend.ovs_idl.vlog [None req-81a1e664-1bff-42f2-bd9b-64d68efd1467 None None] ssl:10.4.3.149:6641: connecting...
Jun 19 12:31:53.206070 np0000003284 devstack@neutron-api.service[89903]: INFO ovsdbapp.backend.ovs_idl.vlog [None req-81a1e664-1bff-42f2-bd9b-64d68efd1467 None None] ssl:10.4.3.149:6641: connected
Jun 19 12:31:53.232856 np0000003284 devstack@neutron-api.service[89903]: DEBUG neutron.common.ovn.hash_ring_manager [None req-81a1e664-1bff-42f2-bd9b-64d68efd1467 None None] Disallow caching, nodes 2<3 {{(pid=89903) _wait_startup_before_caching /opt/stack/neutron/neutron/common/ovn/hash_ring_manager.py:79}}
Jun 19 12:31:53.238122 np0000003284 devstack@neutron-api.service[89903]: DEBUG neutron.common.ovn.hash_ring_manager [None req-81a1e664-1bff-42f2-bd9b-64d68efd1467 None None] Hash Ring loaded. 2 active nodes. 0 offline nodes {{(pid=89903) _load_hash_ring /opt/stack/neutron/neutron/common/ovn/hash_ring_manager.py:110}}
Jun 19 12:31:53.244283 np0000003284 devstack@neutron-api.service[89903]: DEBUG neutron.common.ovn.hash_ring_manager [None req-81a1e664-1bff-42f2-bd9b-64d68efd1467 None None] Hash Ring loaded. 2 active nodes. 0 offline nodes {{(pid=89903) _load_hash_ring /opt/stack/neutron/neutron/common/ovn/hash_ring_manager.py:110}}
Jun 19 12:31:53.248996 np0000003284 devstack@neutron-api.service[89903]: DEBUG neutron.common.ovn.hash_ring_manager [None req-81a1e664-1bff-42f2-bd9b-64d68efd1467 None None] Hash Ring loaded. 2 active nodes. 0 offline nodes {{(pid=89903) _load_hash_ring /opt/stack/neutron/neutron/common/ovn/hash_ring_manager.py:110}}
Jun 19 12:31:53.253767 np0000003284 devstack@neutron-api.service[89903]: DEBUG neutron.common.ovn.hash_ring_manager [None req-81a1e664-1bff-42f2-bd9b-64d68efd1467 None None] Hash Ring loaded. 2 active nodes. 0 offline nodes {{(pid=89903) _load_hash_ring /opt/stack/neutron/neutron/common/ovn/hash_ring_manager.py:110}}
Jun 19 12:31:53.259186 np0000003284 devstack@neutron-api.service[89903]: DEBUG neutron.common.ovn.hash_ring_manager [None req-81a1e664-1bff-42f2-bd9b-64d68efd1467 None None] Hash Ring loaded. 2 active nodes. 0 offline nodes {{(pid=89903) _load_hash_ring /opt/stack/neutron/neutron/common/ovn/hash_ring_manager.py:110}}
Jun 19 12:31:53.263867 np0000003284 devstack@neutron-api.service[89903]: DEBUG neutron.common.ovn.hash_ring_manager [None req-81a1e664-1bff-42f2-bd9b-64d68efd1467 None None] Hash Ring loaded. 2 active nodes. 0 offline nodes {{(pid=89903) _load_hash_ring /opt/stack/neutron/neutron/common/ovn/hash_ring_manager.py:110}}
Jun 19 12:31:53.268802 np0000003284 devstack@neutron-api.service[89903]: DEBUG neutron.common.ovn.hash_ring_manager [None req-81a1e664-1bff-42f2-bd9b-64d68efd1467 None None] Hash Ring loaded. 2 active nodes. 0 offline nodes {{(pid=89903) _load_hash_ring /opt/stack/neutron/neutron/common/ovn/hash_ring_manager.py:110}}
Jun 19 12:31:53.273706 np0000003284 devstack@neutron-api.service[89903]: DEBUG neutron.common.ovn.hash_ring_manager [None req-81a1e664-1bff-42f2-bd9b-64d68efd1467 None None] Hash Ring loaded. 2 active nodes. 0 offline nodes {{(pid=89903) _load_hash_ring /opt/stack/neutron/neutron/common/ovn/hash_ring_manager.py:110}}
Jun 19 12:31:53.273873 np0000003284 devstack@neutron-api.service[89903]: DEBUG neutron.plugins.ml2.drivers.ovn.mech_driver.ovsdb.ovsdb_monitor [None req-81a1e664-1bff-42f2-bd9b-64d68efd1467 None None] Hash Ring: Node 58ef7deec3b05c668aeb0423f6e015bf (host: np0000003284) handling event "create" for row eb87032d-b305-48c0-825b-0a8970e1da9a (table: Port_Group) {{(pid=89903) notify /opt/stack/neutron/neutron/plugins/ml2/drivers/ovn/mech_driver/ovsdb/ovsdb_monitor.py:1015}}
Jun 19 12:31:53.278606 np0000003284 devstack@neutron-api.service[89903]: DEBUG neutron.common.ovn.hash_ring_manager [None req-81a1e664-1bff-42f2-bd9b-64d68efd1467 None None] Hash Ring loaded. 2 active nodes. 0 offline nodes {{(pid=89903) _load_hash_ring /opt/stack/neutron/neutron/common/ovn/hash_ring_manager.py:110}}
Jun 19 12:31:53.278760 np0000003284 devstack@neutron-api.service[89903]: DEBUG neutron.plugins.ml2.drivers.ovn.mech_driver.ovsdb.ovsdb_monitor [None req-81a1e664-1bff-42f2-bd9b-64d68efd1467 None None] Hash Ring: Node 58ef7deec3b05c668aeb0423f6e015bf (host: np0000003284) handling event "create" for row 48f9d08a-5b53-498c-8615-76a1449aad64 (table: SSL) {{(pid=89903) notify /opt/stack/neutron/neutron/plugins/ml2/drivers/ovn/mech_driver/ovsdb/ovsdb_monitor.py:1015}}
Jun 19 12:31:53.279688 np0000003284 devstack@neutron-api.service[89903]: INFO neutron.plugins.ml2.drivers.ovn.mech_driver.ovsdb.impl_idl_ovn [None req-81a1e664-1bff-42f2-bd9b-64d68efd1467 None None] Getting OvsdbSbOvnIdl for WorkerService with retry
Jun 19 12:31:53.300914 np0000003284 devstack@neutron-api.service[89903]: DEBUG ovsdbapp.backend.ovs_idl [None req-81a1e664-1bff-42f2-bd9b-64d68efd1467 None None] Created lookup_table index Chassis.name {{(pid=89903) autocreate_indices /opt/stack/data/venv/lib/python3.12/site-packages/ovsdbapp/backend/ovs_idl/__init__.py:87}}
Jun 19 12:31:53.301046 np0000003284 devstack@neutron-api.service[89903]: DEBUG ovsdbapp.backend.ovs_idl [None req-81a1e664-1bff-42f2-bd9b-64d68efd1467 None None] Created lookup_table index Port_Binding.logical_port {{(pid=89903) autocreate_indices /opt/stack/data/venv/lib/python3.12/site-packages/ovsdbapp/backend/ovs_idl/__init__.py:87}}
Jun 19 12:31:53.301139 np0000003284 devstack@neutron-api.service[89903]: DEBUG ovsdbapp.backend.ovs_idl [None req-81a1e664-1bff-42f2-bd9b-64d68efd1467 None None] Created schema index Chassis_Private.name {{(pid=89903) autocreate_indices /opt/stack/data/venv/lib/python3.12/site-packages/ovsdbapp/backend/ovs_idl/__init__.py:106}}
Jun 19 12:31:53.301222 np0000003284 devstack@neutron-api.service[89903]: DEBUG ovsdbapp.backend.ovs_idl [None req-81a1e664-1bff-42f2-bd9b-64d68efd1467 None None] Created schema index Datapath_Binding.tunnel_key {{(pid=89903) autocreate_indices /opt/stack/data/venv/lib/python3.12/site-packages/ovsdbapp/backend/ovs_idl/__init__.py:106}}
Jun 19 12:31:53.303839 np0000003284 devstack@neutron-api.service[89903]: INFO ovsdbapp.backend.ovs_idl.vlog [None req-81a1e664-1bff-42f2-bd9b-64d68efd1467 None None] ssl:10.4.3.149:6642: connecting...
Jun 19 12:31:53.306893 np0000003284 devstack@neutron-api.service[89903]: INFO ovsdbapp.backend.ovs_idl.vlog [None req-81a1e664-1bff-42f2-bd9b-64d68efd1467 None None] ssl:10.4.3.149:6642: connected
Jun 19 12:31:53.329211 np0000003284 devstack@neutron-api.service[89903]: DEBUG neutron.common.ovn.hash_ring_manager [None req-81a1e664-1bff-42f2-bd9b-64d68efd1467 None None] Disallow caching, nodes 2<3 {{(pid=89903) _wait_startup_before_caching /opt/stack/neutron/neutron/common/ovn/hash_ring_manager.py:79}}
Jun 19 12:31:53.332880 np0000003284 devstack@neutron-api.service[89903]: DEBUG neutron.common.ovn.hash_ring_manager [None req-81a1e664-1bff-42f2-bd9b-64d68efd1467 None None] Hash Ring loaded. 2 active nodes. 0 offline nodes {{(pid=89903) _load_hash_ring /opt/stack/neutron/neutron/common/ovn/hash_ring_manager.py:110}}
Jun 19 12:31:53.333018 np0000003284 devstack@neutron-api.service[89903]: DEBUG neutron.plugins.ml2.drivers.ovn.mech_driver.ovsdb.ovsdb_monitor [None req-81a1e664-1bff-42f2-bd9b-64d68efd1467 None None] Hash Ring: Node 58ef7deec3b05c668aeb0423f6e015bf (host: np0000003284) handling event "create" for row dbf3fe9f-781e-45cf-97b8-f25384f37d7e (table: Chassis) {{(pid=89903) notify /opt/stack/neutron/neutron/plugins/ml2/drivers/ovn/mech_driver/ovsdb/ovsdb_monitor.py:1015}}
Jun 19 12:31:53.333741 np0000003284 devstack@neutron-api.service[89903]: DEBUG ovsdbapp.backend.ovs_idl.event [None req-81a1e664-1bff-42f2-bd9b-64d68efd1467 None None] Matched CREATE: ChassisBandwidthConfigEvent(events=('create', 'update'), table='Chassis', conditions=None, old_conditions=None), priority=20 to row=Chassis(uuid=dbf3fe9f-781e-45cf-97b8-f25384f37d7e, encaps=[5097206d-8545-4e6e-8ebe-c01e2a33f06a], external_ids={}, hostname='np0000003284', name='492e8bc8-cf5e-4877-8ed7-9553fc400a9e', nb_cfg=0, other_config={'ct-commit-nat-v2': 'true', 'ct-commit-to-zone': 'true', 'ct-next-zone': 'true', 'ct-no-masked-label': 'true', 'ct-state-save': 'true', 'datapath-type': 'system', 'fdb-timestamp': 'true', 'iface-types': 'afxdp,afxdp-nonpmd,bareudp,erspan,geneve,gre,gtpu,internal,ip6erspan,ip6gre,lisp,patch,srv6,stt,system,tap,vxlan', 'is-interconn': 'false', 'ls-dpg-column': 'true', 'mac-binding-timestamp': 'true', 'ovn-bridge-mappings': 'public:br-ex', 'ovn-chassis-mac-mappings': '', 'ovn-cms-options': 'enable-chassis-as-gw', 'ovn-ct-lb-related': 'true', 'ovn-enable-lflow-cache': 'true', 'ovn-limit-lflow-cache': '', 'ovn-memlimit-lflow-cache-kb': '', 'ovn-monitor-all': 'false', 'ovn-trim-limit-lflow-cache': '', 'ovn-trim-timeout-ms': '', 'ovn-trim-wmark-perc-lflow-cache': '', 'port-up-notif': 'true'}, transport_zones=[], vtep_logical_switches=[]) old= {{(pid=89903) matches /opt/stack/data/venv/lib/python3.12/site-packages/ovsdbapp/backend/ovs_idl/event.py:55}}
Jun 19 12:31:53.334189 np0000003284 devstack@neutron-api.service[89903]: DEBUG neutron.plugins.ml2.drivers.ovn.mech_driver.ovsdb.ovsdb_monitor [None req-81a1e664-1bff-42f2-bd9b-64d68efd1467 None None] ChassisOVNAgentWriteEvent : Matched Chassis_Private, create, None None {{(pid=89903) matches /opt/stack/neutron/neutron/plugins/ml2/drivers/ovn/mech_driver/ovsdb/ovsdb_monitor.py:64}}
Jun 19 12:31:53.334445 np0000003284 devstack@neutron-api.service[89903]: DEBUG neutron.plugins.ml2.drivers.ovn.mech_driver.ovsdb.ovsdb_monitor [None req-81a1e664-1bff-42f2-bd9b-64d68efd1467 None None] ChassisAgentWriteEvent : Matched Chassis_Private, create, None None {{(pid=89903) matches /opt/stack/neutron/neutron/plugins/ml2/drivers/ovn/mech_driver/ovsdb/ovsdb_monitor.py:64}}
Jun 19 12:31:53.339860 np0000003284 devstack@neutron-api.service[89903]: DEBUG neutron.common.ovn.hash_ring_manager [None req-81a1e664-1bff-42f2-bd9b-64d68efd1467 None None] Hash Ring loaded. 2 active nodes. 0 offline nodes {{(pid=89903) _load_hash_ring /opt/stack/neutron/neutron/common/ovn/hash_ring_manager.py:110}}
Jun 19 12:31:53.345574 np0000003284 devstack@neutron-api.service[89903]: DEBUG neutron.common.ovn.hash_ring_manager [None req-81a1e664-1bff-42f2-bd9b-64d68efd1467 None None] Hash Ring loaded. 2 active nodes. 0 offline nodes {{(pid=89903) _load_hash_ring /opt/stack/neutron/neutron/common/ovn/hash_ring_manager.py:110}}
Jun 19 12:31:53.345718 np0000003284 devstack@neutron-api.service[89903]: DEBUG neutron.plugins.ml2.drivers.ovn.mech_driver.ovsdb.ovsdb_monitor [None req-81a1e664-1bff-42f2-bd9b-64d68efd1467 None None] Hash Ring: Node 58ef7deec3b05c668aeb0423f6e015bf (host: np0000003284) handling event "create" for row 5097206d-8545-4e6e-8ebe-c01e2a33f06a (table: Encap) {{(pid=89903) notify /opt/stack/neutron/neutron/plugins/ml2/drivers/ovn/mech_driver/ovsdb/ovsdb_monitor.py:1015}}
Jun 19 12:31:53.346765 np0000003284 devstack@neutron-api.service[89903]: INFO neutron.plugins.ml2.drivers.ovn.mech_driver.mech_driver [None req-81a1e664-1bff-42f2-bd9b-64d68efd1467 None None] WorkerService process has finished the post initialization
Jun 19 12:31:53.348830 np0000003284 devstack@neutron-api.service[89903]: DEBUG oslo_concurrency.processutils [None req-81a1e664-1bff-42f2-bd9b-64d68efd1467 None None] Running cmd (subprocess): ovsdb-client transact ssl:10.4.3.149:6641 --timeout 180 -p /opt/stack/data/CA/int-ca/private/devstack-cert.key -c /opt/stack/data/CA/int-ca/devstack-cert.crt -C /opt/stack/data/CA/int-ca/ca-chain.pem ["OVN_Northbound", {"op": "wait", "timeout": 0, "table": "Port_Group", "where": [["name", "==", "pvlan_pg_drop"]], "until": "==", "rows": []}, {"op": "insert", "table": "ACL", "row": {"action": "drop", "direction": "to-lport", "match": "outport == @pvlan_pg_drop && ip", "priority": 1010}, "uuid-name": "pvlandroptoport"}, {"op": "insert", "table": "ACL", "row": {"action": "drop", "direction": "from-lport", "match": "inport == @pvlan_pg_drop && ip", "priority": 1010}, "uuid-name": "pvlandropfromport"}, {"op": "insert", "table": "Port_Group", "row": {"name": "pvlan_pg_drop", "acls": ["set", [["named-uuid", "pvlandroptoport"], ["named-uuid", "pvlandropfromport"]]]}}] {{(pid=89903) execute /opt/stack/data/venv/lib/python3.12/site-packages/oslo_concurrency/processutils.py:440}}
Jun 19 12:31:53.348830 np0000003284 devstack@neutron-api.service[89903]: INFO neutron.plugins.ml2.drivers.ovn.mech_driver.ovsdb.extensions.qos [-] Starting OVNClientQosExtension
Jun 19 12:31:53.348830 np0000003284 devstack@neutron-api.service[89903]: INFO neutron.plugins.ml2.drivers.ovn.mech_driver.ovsdb.extensions.placement [-] Starting OVNClientPlacementExtension
Jun 19 12:31:53.371398 np0000003284 devstack@neutron-api.service[89903]: DEBUG oslo_concurrency.processutils [None req-81a1e664-1bff-42f2-bd9b-64d68efd1467 None None] CMD "ovsdb-client transact ssl:10.4.3.149:6641 --timeout 180 -p /opt/stack/data/CA/int-ca/private/devstack-cert.key -c /opt/stack/data/CA/int-ca/devstack-cert.crt -C /opt/stack/data/CA/int-ca/ca-chain.pem ["OVN_Northbound", {"op": "wait", "timeout": 0, "table": "Port_Group", "where": [["name", "==", "pvlan_pg_drop"]], "until": "==", "rows": []}, {"op": "insert", "table": "ACL", "row": {"action": "drop", "direction": "to-lport", "match": "outport == @pvlan_pg_drop && ip", "priority": 1010}, "uuid-name": "pvlandroptoport"}, {"op": "insert", "table": "ACL", "row": {"action": "drop", "direction": "from-lport", "match": "inport == @pvlan_pg_drop && ip", "priority": 1010}, "uuid-name": "pvlandropfromport"}, {"op": "insert", "table": "Port_Group", "row": {"name": "pvlan_pg_drop", "acls": ["set", [["named-uuid", "pvlandroptoport"], ["named-uuid", "pvlandropfromport"]]]}}]" returned: 0 in 0.024s {{(pid=89903) execute /opt/stack/data/venv/lib/python3.12/site-packages/oslo_concurrency/processutils.py:468}}
Jun 19 12:31:53.373306 np0000003284 devstack@neutron-api.service[89903]: WSGI app 0 (mountpoint='') ready in 6 seconds on interpreter 0x78f6060a3668 pid: 89903 (default app)
Jun 19 12:31:53.662361 np0000003284 devstack@neutron-api.service[89902]: WARNING neutron.objects.base [None req-6e3200ac-f8b5-4939-8fd5-4415bdf69b18 None None] ORM session: SQL execution without transaction in progress, traceback:
Jun 19 12:31:53.662361 np0000003284 devstack@neutron-api.service[89902]: File "", line 1360, in _find_and_load
