Aug 17 08:44:59.942549 np0000007472 devstack@g-api.service[99790]: DEBUG glance.api.middleware.version_negotiation [None req-3f30d6d2-9bc6-4ea5-bd9b-04d671b1e05b tempest-TestStampPattern-1862487626 tempest-TestStampPattern-1862487626-project-member] Determining version of request: PATCH /v2/images/f8658440-3fa1-4baa-a54e-122e8de1dbc1 Accept: */* {{(pid=99790) process_request /opt/stack/glance/glance/api/middleware/version_negotiation.py:44}}
Aug 17 08:44:59.942775 np0000007472 devstack@g-api.service[99790]: DEBUG glance.api.middleware.version_negotiation [None req-3f30d6d2-9bc6-4ea5-bd9b-04d671b1e05b tempest-TestStampPattern-1862487626 tempest-TestStampPattern-1862487626-project-member] Using url versioning {{(pid=99790) process_request /opt/stack/glance/glance/api/middleware/version_negotiation.py:57}}
Aug 17 08:44:59.942962 np0000007472 devstack@g-api.service[99790]: DEBUG glance.api.middleware.version_negotiation [None req-3f30d6d2-9bc6-4ea5-bd9b-04d671b1e05b tempest-TestStampPattern-1862487626 tempest-TestStampPattern-1862487626-project-member] Matched version: v2 {{(pid=99790) process_request /opt/stack/glance/glance/api/middleware/version_negotiation.py:69}}
Aug 17 08:44:59.943127 np0000007472 devstack@g-api.service[99790]: DEBUG glance.api.middleware.version_negotiation [None req-3f30d6d2-9bc6-4ea5-bd9b-04d671b1e05b tempest-TestStampPattern-1862487626 tempest-TestStampPattern-1862487626-project-member] new path /v2/images/f8658440-3fa1-4baa-a54e-122e8de1dbc1 {{(pid=99790) process_request /opt/stack/glance/glance/api/middleware/version_negotiation.py:70}}
Aug 17 08:45:00.106907 np0000007472 devstack@g-api.service[99790]: [pid: 99790|app: 0|req: 101/310] 127.0.0.1 () {46 vars in 1158 bytes} [Mon Aug 17 08:44:59 2026] PATCH /v2/images/f8658440-3fa1-4baa-a54e-122e8de1dbc1 => generated 1412 bytes in 164 msecs (HTTP/1.1 200) 4 headers in 158 bytes (1 switches on core 0)
Aug 17 08:45:00.177571 np0000007472 devstack@g-api.service[99789]: DEBUG glance.api.middleware.version_negotiation [None req-25ad9755-f69b-4fb6-84bf-5d6aea698f93 tempest-TestStampPattern-1862487626 tempest-TestStampPattern-1862487626-project-member] Determining version of request: GET /v2/images/f8658440-3fa1-4baa-a54e-122e8de1dbc1 Accept: */* {{(pid=99789) process_request /opt/stack/glance/glance/api/middleware/version_negotiation.py:44}}
Aug 17 08:45:00.178169 np0000007472 devstack@g-api.service[99789]: DEBUG glance.api.middleware.version_negotiation [None req-25ad9755-f69b-4fb6-84bf-5d6aea698f93 tempest-TestStampPattern-1862487626 tempest-TestStampPattern-1862487626-project-member] Using url versioning {{(pid=99789) process_request /opt/stack/glance/glance/api/middleware/version_negotiation.py:57}}
Aug 17 08:45:00.178169 np0000007472 devstack@g-api.service[99789]: DEBUG glance.api.middleware.version_negotiation [None req-25ad9755-f69b-4fb6-84bf-5d6aea698f93 tempest-TestStampPattern-1862487626 tempest-TestStampPattern-1862487626-project-member] Matched version: v2 {{(pid=99789) process_request /opt/stack/glance/glance/api/middleware/version_negotiation.py:69}}
Aug 17 08:45:00.178529 np0000007472 devstack@g-api.service[99789]: DEBUG glance.api.middleware.version_negotiation [None req-25ad9755-f69b-4fb6-84bf-5d6aea698f93 tempest-TestStampPattern-1862487626 tempest-TestStampPattern-1862487626-project-member] new path /v2/images/f8658440-3fa1-4baa-a54e-122e8de1dbc1 {{(pid=99789) process_request /opt/stack/glance/glance/api/middleware/version_negotiation.py:70}}
Aug 17 08:45:00.190879 np0000007472 devstack@g-api.service[99789]: [pid: 99789|app: 0|req: 107/311] 127.0.0.1 () {44 vars in 1115 bytes} [Mon Aug 17 08:45:00 2026] GET /v2/images/f8658440-3fa1-4baa-a54e-122e8de1dbc1 => generated 1412 bytes in 13 msecs (HTTP/1.1 200) 4 headers in 158 bytes (1 switches on core 0)
Aug 17 08:45:00.235376 np0000007472 devstack@g-api.service[99791]: DEBUG glance.api.middleware.version_negotiation [None req-3f30d6d2-9bc6-4ea5-bd9b-04d671b1e05b tempest-TestStampPattern-1862487626 tempest-TestStampPattern-1862487626-project-member] Determining version of request: PUT /v2/images/f8658440-3fa1-4baa-a54e-122e8de1dbc1/file Accept: */* {{(pid=99791) process_request /opt/stack/glance/glance/api/middleware/version_negotiation.py:44}}
Aug 17 08:45:00.236443 np0000007472 devstack@g-api.service[99791]: DEBUG glance.api.middleware.version_negotiation [None req-3f30d6d2-9bc6-4ea5-bd9b-04d671b1e05b tempest-TestStampPattern-1862487626 tempest-TestStampPattern-1862487626-project-member] Using url versioning {{(pid=99791) process_request /opt/stack/glance/glance/api/middleware/version_negotiation.py:57}}
Aug 17 08:45:00.236443 np0000007472 devstack@g-api.service[99791]: DEBUG glance.api.middleware.version_negotiation [None req-3f30d6d2-9bc6-4ea5-bd9b-04d671b1e05b tempest-TestStampPattern-1862487626 tempest-TestStampPattern-1862487626-project-member] Matched version: v2 {{(pid=99791) process_request /opt/stack/glance/glance/api/middleware/version_negotiation.py:69}}
Aug 17 08:45:00.236443 np0000007472 devstack@g-api.service[99791]: DEBUG glance.api.middleware.version_negotiation [None req-3f30d6d2-9bc6-4ea5-bd9b-04d671b1e05b tempest-TestStampPattern-1862487626 tempest-TestStampPattern-1862487626-project-member] new path /v2/images/f8658440-3fa1-4baa-a54e-122e8de1dbc1/file {{(pid=99791) process_request /opt/stack/glance/glance/api/middleware/version_negotiation.py:70}}
Aug 17 08:45:00.476559 np0000007472 devstack@g-api.service[99790]: DEBUG glance.api.middleware.version_negotiation [None req-3f30d6d2-9bc6-4ea5-bd9b-04d671b1e05b tempest-TestStampPattern-1862487626 tempest-TestStampPattern-1862487626-project-member] Determining version of request: GET /v2/images/ea7b0434-3d5a-473c-ae47-6636e114bc89 Accept: */* {{(pid=99790) process_request /opt/stack/glance/glance/api/middleware/version_negotiation.py:44}}
Aug 17 08:45:00.476799 np0000007472 devstack@g-api.service[99790]: DEBUG glance.api.middleware.version_negotiation [None req-3f30d6d2-9bc6-4ea5-bd9b-04d671b1e05b tempest-TestStampPattern-1862487626 tempest-TestStampPattern-1862487626-project-member] Using url versioning {{(pid=99790) process_request /opt/stack/glance/glance/api/middleware/version_negotiation.py:57}}
Aug 17 08:45:00.476998 np0000007472 devstack@g-api.service[99790]: DEBUG glance.api.middleware.version_negotiation [None req-3f30d6d2-9bc6-4ea5-bd9b-04d671b1e05b tempest-TestStampPattern-1862487626 tempest-TestStampPattern-1862487626-project-member] Matched version: v2 {{(pid=99790) process_request /opt/stack/glance/glance/api/middleware/version_negotiation.py:69}}
Aug 17 08:45:00.477157 np0000007472 devstack@g-api.service[99790]: DEBUG glance.api.middleware.version_negotiation [None req-3f30d6d2-9bc6-4ea5-bd9b-04d671b1e05b tempest-TestStampPattern-1862487626 tempest-TestStampPattern-1862487626-project-member] new path /v2/images/ea7b0434-3d5a-473c-ae47-6636e114bc89 {{(pid=99790) process_request /opt/stack/glance/glance/api/middleware/version_negotiation.py:70}}
Aug 17 08:45:00.488665 np0000007472 devstack@g-api.service[99790]: [pid: 99790|app: 0|req: 102/312] 127.0.0.1 () {44 vars in 1115 bytes} [Mon Aug 17 08:45:00 2026] GET /v2/images/ea7b0434-3d5a-473c-ae47-6636e114bc89 => generated 1044 bytes in 12 msecs (HTTP/1.1 200) 4 headers in 158 bytes (1 switches on core 0)
Aug 17 08:45:00.531175 np0000007472 devstack@g-api.service[99789]: DEBUG glance.api.middleware.version_negotiation [None req-3f30d6d2-9bc6-4ea5-bd9b-04d671b1e05b tempest-TestStampPattern-1862487626 tempest-TestStampPattern-1862487626-project-member] Determining version of request: GET /v2/schemas/image Accept: */* {{(pid=99789) process_request /opt/stack/glance/glance/api/middleware/version_negotiation.py:44}}
Aug 17 08:45:00.531253 np0000007472 devstack@g-api.service[99789]: DEBUG glance.api.middleware.version_negotiation [None req-3f30d6d2-9bc6-4ea5-bd9b-04d671b1e05b tempest-TestStampPattern-1862487626 tempest-TestStampPattern-1862487626-project-member] Using url versioning {{(pid=99789) process_request /opt/stack/glance/glance/api/middleware/version_negotiation.py:57}}
Aug 17 08:45:00.531451 np0000007472 devstack@g-api.service[99789]: DEBUG glance.api.middleware.version_negotiation [None req-3f30d6d2-9bc6-4ea5-bd9b-04d671b1e05b tempest-TestStampPattern-1862487626 tempest-TestStampPattern-1862487626-project-member] Matched version: v2 {{(pid=99789) process_request /opt/stack/glance/glance/api/middleware/version_negotiation.py:69}}
Aug 17 08:45:00.531559 np0000007472 devstack@g-api.service[99789]: DEBUG glance.api.middleware.version_negotiation [None req-3f30d6d2-9bc6-4ea5-bd9b-04d671b1e05b tempest-TestStampPattern-1862487626 tempest-TestStampPattern-1862487626-project-member] new path /v2/schemas/image {{(pid=99789) process_request /opt/stack/glance/glance/api/middleware/version_negotiation.py:70}}
Aug 17 08:45:00.534888 np0000007472 devstack@g-api.service[99789]: [pid: 99789|app: 0|req: 108/313] 127.0.0.1 () {44 vars in 1055 bytes} [Mon Aug 17 08:45:00 2026] GET /v2/schemas/image => generated 6083 bytes in 4 msecs (HTTP/1.1 200) 4 headers in 158 bytes (1 switches on core 0)
Aug 17 08:45:00.588315 np0000007472 devstack@g-api.service[99790]: DEBUG glance.api.middleware.version_negotiation [None req-58ad97d4-9546-4ef8-a161-ac1a24f45e07 tempest-ServerActionsV293TestJSON-1956740598 tempest-ServerActionsV293TestJSON-1956740598-project-member] Determining version of request: GET /v2/images/ea7b0434-3d5a-473c-ae47-6636e114bc89 Accept: */* {{(pid=99790) process_request /opt/stack/glance/glance/api/middleware/version_negotiation.py:44}}
Aug 17 08:45:00.588434 np0000007472 devstack@g-api.service[99790]: DEBUG glance.api.middleware.version_negotiation [None req-58ad97d4-9546-4ef8-a161-ac1a24f45e07 tempest-ServerActionsV293TestJSON-1956740598 tempest-ServerActionsV293TestJSON-1956740598-project-member] Using url versioning {{(pid=99790) process_request /opt/stack/glance/glance/api/middleware/version_negotiation.py:57}}
Aug 17 08:45:00.588584 np0000007472 devstack@g-api.service[99790]: DEBUG glance.api.middleware.version_negotiation [None req-58ad97d4-9546-4ef8-a161-ac1a24f45e07 tempest-ServerActionsV293TestJSON-1956740598 tempest-ServerActionsV293TestJSON-1956740598-project-member] Matched version: v2 {{(pid=99790) process_request /opt/stack/glance/glance/api/middleware/version_negotiation.py:69}}
Aug 17 08:45:00.588655 np0000007472 devstack@g-api.service[99790]: DEBUG glance.api.middleware.version_negotiation [None req-58ad97d4-9546-4ef8-a161-ac1a24f45e07 tempest-ServerActionsV293TestJSON-1956740598 tempest-ServerActionsV293TestJSON-1956740598-project-member] new path /v2/images/ea7b0434-3d5a-473c-ae47-6636e114bc89 {{(pid=99790) process_request /opt/stack/glance/glance/api/middleware/version_negotiation.py:70}}
Aug 17 08:45:00.600667 np0000007472 devstack@g-api.service[99790]: [pid: 99790|app: 0|req: 103/314] 127.0.0.1 () {44 vars in 1115 bytes} [Mon Aug 17 08:45:00 2026] GET /v2/images/ea7b0434-3d5a-473c-ae47-6636e114bc89 => generated 1044 bytes in 12 msecs (HTTP/1.1 200) 4 headers in 158 bytes (1 switches on core 0)
Aug 17 08:45:00.611820 np0000007472 devstack@g-api.service[99789]: DEBUG glance.api.middleware.version_negotiation [None req-58ad97d4-9546-4ef8-a161-ac1a24f45e07 tempest-ServerActionsV293TestJSON-1956740598 tempest-ServerActionsV293TestJSON-1956740598-project-member] Determining version of request: GET /v2/schemas/image Accept: */* {{(pid=99789) process_request /opt/stack/glance/glance/api/middleware/version_negotiation.py:44}}
Aug 17 08:45:00.612059 np0000007472 devstack@g-api.service[99789]: DEBUG glance.api.middleware.version_negotiation [None req-58ad97d4-9546-4ef8-a161-ac1a24f45e07 tempest-ServerActionsV293TestJSON-1956740598 tempest-ServerActionsV293TestJSON-1956740598-project-member] Using url versioning {{(pid=99789) process_request /opt/stack/glance/glance/api/middleware/version_negotiation.py:57}}
Aug 17 08:45:00.612492 np0000007472 devstack@g-api.service[99789]: DEBUG glance.api.middleware.version_negotiation [None req-58ad97d4-9546-4ef8-a161-ac1a24f45e07 tempest-ServerActionsV293TestJSON-1956740598 tempest-ServerActionsV293TestJSON-1956740598-project-member] Matched version: v2 {{(pid=99789) process_request /opt/stack/glance/glance/api/middleware/version_negotiation.py:69}}
Aug 17 08:45:00.612683 np0000007472 devstack@g-api.service[99789]: DEBUG glance.api.middleware.version_negotiation [None req-58ad97d4-9546-4ef8-a161-ac1a24f45e07 tempest-ServerActionsV293TestJSON-1956740598 tempest-ServerActionsV293TestJSON-1956740598-project-member] new path /v2/schemas/image {{(pid=99789) process_request /opt/stack/glance/glance/api/middleware/version_negotiation.py:70}}
Aug 17 08:45:00.615327 np0000007472 devstack@g-api.service[99789]: [pid: 99789|app: 0|req: 109/315] 127.0.0.1 () {44 vars in 1055 bytes} [Mon Aug 17 08:45:00 2026] GET /v2/schemas/image => generated 6083 bytes in 4 msecs (HTTP/1.1 200) 4 headers in 158 bytes (1 switches on core 0)
Aug 17 08:45:00.622927 np0000007472 devstack@g-api.service[99790]: DEBUG glance.api.middleware.version_negotiation [None req-58ad97d4-9546-4ef8-a161-ac1a24f45e07 tempest-ServerActionsV293TestJSON-1956740598 tempest-ServerActionsV293TestJSON-1956740598-project-member] Determining version of request: GET /v2/schemas/image Accept: */* {{(pid=99790) process_request /opt/stack/glance/glance/api/middleware/version_negotiation.py:44}}
Aug 17 08:45:00.623149 np0000007472 devstack@g-api.service[99790]: DEBUG glance.api.middleware.version_negotiation [None req-58ad97d4-9546-4ef8-a161-ac1a24f45e07 tempest-ServerActionsV293TestJSON-1956740598 tempest-ServerActionsV293TestJSON-1956740598-project-member] Using url versioning {{(pid=99790) process_request /opt/stack/glance/glance/api/middleware/version_negotiation.py:57}}
Aug 17 08:45:00.623337 np0000007472 devstack@g-api.service[99790]: DEBUG glance.api.middleware.version_negotiation [None req-58ad97d4-9546-4ef8-a161-ac1a24f45e07 tempest-ServerActionsV293TestJSON-1956740598 tempest-ServerActionsV293TestJSON-1956740598-project-member] Matched version: v2 {{(pid=99790) process_request /opt/stack/glance/glance/api/middleware/version_negotiation.py:69}}
Aug 17 08:45:00.623485 np0000007472 devstack@g-api.service[99790]: DEBUG glance.api.middleware.version_negotiation [None req-58ad97d4-9546-4ef8-a161-ac1a24f45e07 tempest-ServerActionsV293TestJSON-1956740598 tempest-ServerActionsV293TestJSON-1956740598-project-member] new path /v2/schemas/image {{(pid=99790) process_request /opt/stack/glance/glance/api/middleware/version_negotiation.py:70}}
Aug 17 08:45:00.626257 np0000007472 devstack@g-api.service[99790]: [pid: 99790|app: 0|req: 104/316] 127.0.0.1 () {44 vars in 1055 bytes} [Mon Aug 17 08:45:00 2026] GET /v2/schemas/image => generated 6083 bytes in 3 msecs (HTTP/1.1 200) 4 headers in 158 bytes (1 switches on core 0)
Aug 17 08:45:00.661056 np0000007472 devstack@g-api.service[99789]: DEBUG glance.api.middleware.version_negotiation [None req-58ad97d4-9546-4ef8-a161-ac1a24f45e07 tempest-ServerActionsV293TestJSON-1956740598 tempest-ServerActionsV293TestJSON-1956740598-project-member] Determining version of request: GET /v2/images/ea7b0434-3d5a-473c-ae47-6636e114bc89 Accept: */* {{(pid=99789) process_request /opt/stack/glance/glance/api/middleware/version_negotiation.py:44}}
Aug 17 08:45:00.661307 np0000007472 devstack@g-api.service[99789]: DEBUG glance.api.middleware.version_negotiation [None req-58ad97d4-9546-4ef8-a161-ac1a24f45e07 tempest-ServerActionsV293TestJSON-1956740598 tempest-ServerActionsV293TestJSON-1956740598-project-member] Using url versioning {{(pid=99789) process_request /opt/stack/glance/glance/api/middleware/version_negotiation.py:57}}
Aug 17 08:45:00.661440 np0000007472 devstack@g-api.service[99789]: DEBUG glance.api.middleware.version_negotiation [None req-58ad97d4-9546-4ef8-a161-ac1a24f45e07 tempest-ServerActionsV293TestJSON-1956740598 tempest-ServerActionsV293TestJSON-1956740598-project-member] Matched version: v2 {{(pid=99789) process_request /opt/stack/glance/glance/api/middleware/version_negotiation.py:69}}
Aug 17 08:45:00.661598 np0000007472 devstack@g-api.service[99789]: DEBUG glance.api.middleware.version_negotiation [None req-58ad97d4-9546-4ef8-a161-ac1a24f45e07 tempest-ServerActionsV293TestJSON-1956740598 tempest-ServerActionsV293TestJSON-1956740598-project-member] new path /v2/images/ea7b0434-3d5a-473c-ae47-6636e114bc89 {{(pid=99789) process_request /opt/stack/glance/glance/api/middleware/version_negotiation.py:70}}
Aug 17 08:45:00.672144 np0000007472 devstack@g-api.service[99789]: [pid: 99789|app: 0|req: 110/317] 127.0.0.1 () {44 vars in 1115 bytes} [Mon Aug 17 08:45:00 2026] GET /v2/images/ea7b0434-3d5a-473c-ae47-6636e114bc89 => generated 1044 bytes in 11 msecs (HTTP/1.1 200) 4 headers in 158 bytes (1 switches on core 0)
Aug 17 08:45:00.683827 np0000007472 devstack@g-api.service[99790]: DEBUG glance.api.middleware.version_negotiation [None req-58ad97d4-9546-4ef8-a161-ac1a24f45e07 tempest-ServerActionsV293TestJSON-1956740598 tempest-ServerActionsV293TestJSON-1956740598-project-member] Determining version of request: GET /v2/schemas/image Accept: */* {{(pid=99790) process_request /opt/stack/glance/glance/api/middleware/version_negotiation.py:44}}
Aug 17 08:45:00.683968 np0000007472 devstack@g-api.service[99790]: DEBUG glance.api.middleware.version_negotiation [None req-58ad97d4-9546-4ef8-a161-ac1a24f45e07 tempest-ServerActionsV293TestJSON-1956740598 tempest-ServerActionsV293TestJSON-1956740598-project-member] Using url versioning {{(pid=99790) process_request /opt/stack/glance/glance/api/middleware/version_negotiation.py:57}}
Aug 17 08:45:00.684121 np0000007472 devstack@g-api.service[99790]: DEBUG glance.api.middleware.version_negotiation [None req-58ad97d4-9546-4ef8-a161-ac1a24f45e07 tempest-ServerActionsV293TestJSON-1956740598 tempest-ServerActionsV293TestJSON-1956740598-project-member] Matched version: v2 {{(pid=99790) process_request /opt/stack/glance/glance/api/middleware/version_negotiation.py:69}}
Aug 17 08:45:00.684257 np0000007472 devstack@g-api.service[99790]: DEBUG glance.api.middleware.version_negotiation [None req-58ad97d4-9546-4ef8-a161-ac1a24f45e07 tempest-ServerActionsV293TestJSON-1956740598 tempest-ServerActionsV293TestJSON-1956740598-project-member] new path /v2/schemas/image {{(pid=99790) process_request /opt/stack/glance/glance/api/middleware/version_negotiation.py:70}}
Aug 17 08:45:00.686893 np0000007472 devstack@g-api.service[99790]: [pid: 99790|app: 0|req: 105/318] 127.0.0.1 () {44 vars in 1055 bytes} [Mon Aug 17 08:45:00 2026] GET /v2/schemas/image => generated 6083 bytes in 3 msecs (HTTP/1.1 200) 4 headers in 158 bytes (1 switches on core 0)
Aug 17 08:45:00.694938 np0000007472 devstack@g-api.service[99789]: DEBUG glance.api.middleware.version_negotiation [None req-58ad97d4-9546-4ef8-a161-ac1a24f45e07 tempest-ServerActionsV293TestJSON-1956740598 tempest-ServerActionsV293TestJSON-1956740598-project-member] Determining version of request: GET /v2/schemas/image Accept: */* {{(pid=99789) process_request /opt/stack/glance/glance/api/middleware/version_negotiation.py:44}}
Aug 17 08:45:00.695093 np0000007472 devstack@g-api.service[99789]: DEBUG glance.api.middleware.version_negotiation [None req-58ad97d4-9546-4ef8-a161-ac1a24f45e07 tempest-ServerActionsV293TestJSON-1956740598 tempest-ServerActionsV293TestJSON-1956740598-project-member] Using url versioning {{(pid=99789) process_request /opt/stack/glance/glance/api/middleware/version_negotiation.py:57}}
Aug 17 08:45:00.695212 np0000007472 devstack@g-api.service[99789]: DEBUG glance.api.middleware.version_negotiation [None req-58ad97d4-9546-4ef8-a161-ac1a24f45e07 tempest-ServerActionsV293TestJSON-1956740598 tempest-ServerActionsV293TestJSON-1956740598-project-member] Matched version: v2 {{(pid=99789) process_request /opt/stack/glance/glance/api/middleware/version_negotiation.py:69}}
Aug 17 08:45:00.695301 np0000007472 devstack@g-api.service[99789]: DEBUG glance.api.middleware.version_negotiation [None req-58ad97d4-9546-4ef8-a161-ac1a24f45e07 tempest-ServerActionsV293TestJSON-1956740598 tempest-ServerActionsV293TestJSON-1956740598-project-member] new path /v2/schemas/image {{(pid=99789) process_request /opt/stack/glance/glance/api/middleware/version_negotiation.py:70}}
Aug 17 08:45:00.701100 np0000007472 devstack@g-api.service[99789]: [pid: 99789|app: 0|req: 111/319] 127.0.0.1 () {44 vars in 1055 bytes} [Mon Aug 17 08:45:00 2026] GET /v2/schemas/image => generated 6083 bytes in 6 msecs (HTTP/1.1 200) 4 headers in 158 bytes (1 switches on core 0)
Aug 17 08:45:00.795336 np0000007472 devstack@g-api.service[99790]: DEBUG glance.api.middleware.version_negotiation [None req-58ad97d4-9546-4ef8-a161-ac1a24f45e07 tempest-ServerActionsV293TestJSON-1956740598 tempest-ServerActionsV293TestJSON-1956740598-project-member] Determining version of request: GET /versions Accept: */* {{(pid=99790) process_request /opt/stack/glance/glance/api/middleware/version_negotiation.py:44}}
Aug 17 08:45:00.796139 np0000007472 devstack@g-api.service[99790]: [pid: 99790|app: 0|req: 106/320] 127.0.0.1 () {44 vars in 1039 bytes} [Mon Aug 17 08:45:00 2026] GET /versions => generated 1515 bytes in 1 msecs (HTTP/1.1 200) 3 headers in 92 bytes (1 switches on core 0)
Aug 17 08:45:00.813027 np0000007472 devstack@g-api.service[99789]: DEBUG glance.api.middleware.version_negotiation [None req-58ad97d4-9546-4ef8-a161-ac1a24f45e07 tempest-ServerActionsV293TestJSON-1956740598 tempest-ServerActionsV293TestJSON-1956740598-project-member] Determining version of request: GET /v2/images/ea7b0434-3d5a-473c-ae47-6636e114bc89/locations Accept: */* {{(pid=99789) process_request /opt/stack/glance/glance/api/middleware/version_negotiation.py:44}}
Aug 17 08:45:00.813268 np0000007472 devstack@g-api.service[99789]: DEBUG glance.api.middleware.version_negotiation [None req-58ad97d4-9546-4ef8-a161-ac1a24f45e07 tempest-ServerActionsV293TestJSON-1956740598 tempest-ServerActionsV293TestJSON-1956740598-project-member] Using url versioning {{(pid=99789) process_request /opt/stack/glance/glance/api/middleware/version_negotiation.py:57}}
Aug 17 08:45:00.813464 np0000007472 devstack@g-api.service[99789]: DEBUG glance.api.middleware.version_negotiation [None req-58ad97d4-9546-4ef8-a161-ac1a24f45e07 tempest-ServerActionsV293TestJSON-1956740598 tempest-ServerActionsV293TestJSON-1956740598-project-member] Matched version: v2 {{(pid=99789) process_request /opt/stack/glance/glance/api/middleware/version_negotiation.py:69}}
Aug 17 08:45:00.813625 np0000007472 devstack@g-api.service[99789]: DEBUG glance.api.middleware.version_negotiation [None req-58ad97d4-9546-4ef8-a161-ac1a24f45e07 tempest-ServerActionsV293TestJSON-1956740598 tempest-ServerActionsV293TestJSON-1956740598-project-member] new path /v2/images/ea7b0434-3d5a-473c-ae47-6636e114bc89/locations {{(pid=99789) process_request /opt/stack/glance/glance/api/middleware/version_negotiation.py:70}}
Aug 17 08:45:00.846157 np0000007472 devstack@g-api.service[99791]: INFO glance.api.v2.image_data [None req-3f30d6d2-9bc6-4ea5-bd9b-04d671b1e05b tempest-TestStampPattern-1862487626 tempest-TestStampPattern-1862487626-project-member] Unable to create trust: no such option collect_timing in group [keystone_authtoken] Use the existing user token.
Aug 17 08:45:00.863355 np0000007472 devstack@g-api.service[99789]: [pid: 99789|app: 0|req: 112/321] 127.0.0.1 () {44 vars in 1135 bytes} [Mon Aug 17 08:45:00 2026] GET /v2/images/ea7b0434-3d5a-473c-ae47-6636e114bc89/locations => generated 92 bytes in 51 msecs (HTTP/1.1 200) 4 headers in 156 bytes (1 switches on core 0)
Aug 17 08:45:00.913188 np0000007472 devstack@g-api.service[99790]: DEBUG glance.api.middleware.version_negotiation [None req-58ad97d4-9546-4ef8-a161-ac1a24f45e07 tempest-ServerActionsV293TestJSON-1956740598 tempest-ServerActionsV293TestJSON-1956740598-project-member] Determining version of request: GET /v2/images/f8658440-3fa1-4baa-a54e-122e8de1dbc1 Accept: application/json {{(pid=99790) process_request /opt/stack/glance/glance/api/middleware/version_negotiation.py:44}}
Aug 17 08:45:00.913449 np0000007472 devstack@g-api.service[99790]: DEBUG glance.api.middleware.version_negotiation [None req-58ad97d4-9546-4ef8-a161-ac1a24f45e07 tempest-ServerActionsV293TestJSON-1956740598 tempest-ServerActionsV293TestJSON-1956740598-project-member] Using url versioning {{(pid=99790) process_request /opt/stack/glance/glance/api/middleware/version_negotiation.py:57}}
Aug 17 08:45:00.913578 np0000007472 devstack@g-api.service[99790]: DEBUG glance.api.middleware.version_negotiation [None req-58ad97d4-9546-4ef8-a161-ac1a24f45e07 tempest-ServerActionsV293TestJSON-1956740598 tempest-ServerActionsV293TestJSON-1956740598-project-member] Matched version: v2 {{(pid=99790) process_request /opt/stack/glance/glance/api/middleware/version_negotiation.py:69}}
Aug 17 08:45:00.913725 np0000007472 devstack@g-api.service[99790]: DEBUG glance.api.middleware.version_negotiation [None req-58ad97d4-9546-4ef8-a161-ac1a24f45e07 tempest-ServerActionsV293TestJSON-1956740598 tempest-ServerActionsV293TestJSON-1956740598-project-member] new path /v2/images/f8658440-3fa1-4baa-a54e-122e8de1dbc1 {{(pid=99790) process_request /opt/stack/glance/glance/api/middleware/version_negotiation.py:70}}
Aug 17 08:45:00.931685 np0000007472 devstack@g-api.service[99790]: [pid: 99790|app: 0|req: 107/322] 127.0.0.1 () {40 vars in 838 bytes} [Mon Aug 17 08:45:00 2026] GET /v2/images/f8658440-3fa1-4baa-a54e-122e8de1dbc1 => generated 1412 bytes in 18 msecs (HTTP/1.1 200) 4 headers in 158 bytes (1 switches on core 0)
Aug 17 08:45:00.969845 np0000007472 devstack@g-api.service[99789]: DEBUG glance.api.middleware.version_negotiation [None req-58ad97d4-9546-4ef8-a161-ac1a24f45e07 service glance] Determining version of request: GET /v2/images/ea7b0434-3d5a-473c-ae47-6636e114bc89 Accept: */* {{(pid=99789) process_request /opt/stack/glance/glance/api/middleware/version_negotiation.py:44}}
Aug 17 08:45:00.970253 np0000007472 devstack@g-api.service[99789]: DEBUG glance.api.middleware.version_negotiation [None req-58ad97d4-9546-4ef8-a161-ac1a24f45e07 service glance] Using url versioning {{(pid=99789) process_request /opt/stack/glance/glance/api/middleware/version_negotiation.py:57}}
Aug 17 08:45:00.970253 np0000007472 devstack@g-api.service[99789]: DEBUG glance.api.middleware.version_negotiation [None req-58ad97d4-9546-4ef8-a161-ac1a24f45e07 service glance] Matched version: v2 {{(pid=99789) process_request /opt/stack/glance/glance/api/middleware/version_negotiation.py:69}}
Aug 17 08:45:00.970413 np0000007472 devstack@g-api.service[99789]: DEBUG glance.api.middleware.version_negotiation [None req-58ad97d4-9546-4ef8-a161-ac1a24f45e07 service glance] new path /v2/images/ea7b0434-3d5a-473c-ae47-6636e114bc89 {{(pid=99789) process_request /opt/stack/glance/glance/api/middleware/version_negotiation.py:70}}
Aug 17 08:45:00.982153 np0000007472 devstack@g-api.service[99789]: [pid: 99789|app: 0|req: 113/323] 127.0.0.1 () {44 vars in 1115 bytes} [Mon Aug 17 08:45:00 2026] GET /v2/images/ea7b0434-3d5a-473c-ae47-6636e114bc89 => generated 1044 bytes in 11 msecs (HTTP/1.1 200) 4 headers in 158 bytes (1 switches on core 0)
Aug 17 08:45:00.987714 np0000007472 devstack@g-api.service[99790]: DEBUG glance.api.middleware.version_negotiation [None req-076578f7-45de-4b34-bd21-28b47cb7a8b4 tempest-TestStampPattern-1862487626 tempest-TestStampPattern-1862487626-project-member] Determining version of request: GET /v2/schemas/image Accept: */* {{(pid=99790) process_request /opt/stack/glance/glance/api/middleware/version_negotiation.py:44}}
Aug 17 08:45:00.987891 np0000007472 devstack@g-api.service[99790]: DEBUG glance.api.middleware.version_negotiation [None req-076578f7-45de-4b34-bd21-28b47cb7a8b4 tempest-TestStampPattern-1862487626 tempest-TestStampPattern-1862487626-project-member] Using url versioning {{(pid=99790) process_request /opt/stack/glance/glance/api/middleware/version_negotiation.py:57}}
Aug 17 08:45:00.987962 np0000007472 devstack@g-api.service[99790]: DEBUG glance.api.middleware.version_negotiation [None req-076578f7-45de-4b34-bd21-28b47cb7a8b4 tempest-TestStampPattern-1862487626 tempest-TestStampPattern-1862487626-project-member] Matched version: v2 {{(pid=99790) process_request /opt/stack/glance/glance/api/middleware/version_negotiation.py:69}}
Aug 17 08:45:00.988306 np0000007472 devstack@g-api.service[99790]: DEBUG glance.api.middleware.version_negotiation [None req-076578f7-45de-4b34-bd21-28b47cb7a8b4 tempest-TestStampPattern-1862487626 tempest-TestStampPattern-1862487626-project-member] new path /v2/schemas/image {{(pid=99790) process_request /opt/stack/glance/glance/api/middleware/version_negotiation.py:70}}
Aug 17 08:45:00.990357 np0000007472 devstack@g-api.service[99790]: [pid: 99790|app: 0|req: 108/324] 127.0.0.1 () {44 vars in 1055 bytes} [Mon Aug 17 08:45:00 2026] GET /v2/schemas/image => generated 6083 bytes in 3 msecs (HTTP/1.1 200) 4 headers in 158 bytes (1 switches on core 0)
Aug 17 08:45:01.001667 np0000007472 devstack@g-api.service[99789]: DEBUG glance.api.middleware.version_negotiation [None req-58ad97d4-9546-4ef8-a161-ac1a24f45e07 tempest-ServerActionsV293TestJSON-1956740598 tempest-ServerActionsV293TestJSON-1956740598-project-member] Determining version of request: GET /v2/schemas/image Accept: */* {{(pid=99789) process_request /opt/stack/glance/glance/api/middleware/version_negotiation.py:44}}
Aug 17 08:45:01.001831 np0000007472 devstack@g-api.service[99789]: DEBUG glance.api.middleware.version_negotiation [None req-58ad97d4-9546-4ef8-a161-ac1a24f45e07 tempest-ServerActionsV293TestJSON-1956740598 tempest-ServerActionsV293TestJSON-1956740598-project-member] Using url versioning {{(pid=99789) process_request /opt/stack/glance/glance/api/middleware/version_negotiation.py:57}}
Aug 17 08:45:01.001988 np0000007472 devstack@g-api.service[99789]: DEBUG glance.api.middleware.version_negotiation [None req-58ad97d4-9546-4ef8-a161-ac1a24f45e07 tempest-ServerActionsV293TestJSON-1956740598 tempest-ServerActionsV293TestJSON-1956740598-project-member] Matched version: v2 {{(pid=99789) process_request /opt/stack/glance/glance/api/middleware/version_negotiation.py:69}}
Aug 17 08:45:01.002183 np0000007472 devstack@g-api.service[99789]: DEBUG glance.api.middleware.version_negotiation [None req-58ad97d4-9546-4ef8-a161-ac1a24f45e07 tempest-ServerActionsV293TestJSON-1956740598 tempest-ServerActionsV293TestJSON-1956740598-project-member] new path /v2/schemas/image {{(pid=99789) process_request /opt/stack/glance/glance/api/middleware/version_negotiation.py:70}}
Aug 17 08:45:01.004367 np0000007472 devstack@g-api.service[99789]: [pid: 99789|app: 0|req: 114/325] 127.0.0.1 () {44 vars in 1055 bytes} [Mon Aug 17 08:45:01 2026] GET /v2/schemas/image => generated 6083 bytes in 3 msecs (HTTP/1.1 200) 4 headers in 158 bytes (1 switches on core 0)
Aug 17 08:45:01.294622 np0000007472 devstack@g-api.service[99791]: DEBUG glance.location [None req-3f30d6d2-9bc6-4ea5-bd9b-04d671b1e05b tempest-TestStampPattern-1862487626 tempest-TestStampPattern-1862487626-project-member] Enabling in-flight format inspection for qcow2 {{(pid=99791) set_data /opt/stack/glance/glance/location.py:596}}
Aug 17 08:45:01.295037 np0000007472 devstack@g-api.service[99791]: DEBUG glance_store.backend [None req-3f30d6d2-9bc6-4ea5-bd9b-04d671b1e05b tempest-TestStampPattern-1862487626 tempest-TestStampPattern-1862487626-project-member] Attempting to import store swift {{(pid=99791) _load_store /opt/stack/data/venv/lib/python3.12/site-packages/glance_store/backend.py:215}}
Aug 17 08:45:01.296550 np0000007472 devstack@g-api.service[99791]: DEBUG glance_store.capabilities [None req-3f30d6d2-9bc6-4ea5-bd9b-04d671b1e05b tempest-TestStampPattern-1862487626 tempest-TestStampPattern-1862487626-project-member] Store glance_store._drivers.swift.store.SingleTenantStore doesn't support updating dynamic storage capabilities. Please overwrite 'update_capabilities' method of the store to implement updating logics if needed. {{(pid=99791) update_capabilities /opt/stack/data/venv/lib/python3.12/site-packages/glance_store/capabilities.py:91}}
Aug 17 08:45:01.296696 np0000007472 devstack@g-api.service[99791]: DEBUG glance_store.driver [None req-3f30d6d2-9bc6-4ea5-bd9b-04d671b1e05b tempest-TestStampPattern-1862487626 tempest-TestStampPattern-1862487626-project-member] Late loading location class glance_store._drivers.swift.store.StoreLocation {{(pid=99791) get_store_location_class /opt/stack/data/venv/lib/python3.12/site-packages/glance_store/driver.py:134}}
Aug 17 08:45:01.296800 np0000007472 devstack@g-api.service[99791]: DEBUG glance_store.location [None req-3f30d6d2-9bc6-4ea5-bd9b-04d671b1e05b tempest-TestStampPattern-1862487626 tempest-TestStampPattern-1862487626-project-member] Registering scheme swift+https with {'store': , 'location_class': , 'store_entry': 'swift'} {{(pid=99791) register_scheme_map /opt/stack/data/venv/lib/python3.12/site-packages/glance_store/location.py:146}}
Aug 17 08:45:01.296914 np0000007472 devstack@g-api.service[99791]: DEBUG glance_store.location [None req-3f30d6d2-9bc6-4ea5-bd9b-04d671b1e05b tempest-TestStampPattern-1862487626 tempest-TestStampPattern-1862487626-project-member] Registering scheme swift+https with {'store': , 'location_class': , 'store_entry': 'swift'} {{(pid=99791) register_scheme_map /opt/stack/data/venv/lib/python3.12/site-packages/glance_store/location.py:146}}
Aug 17 08:45:01.298394 np0000007472 devstack@g-api.service[99791]: DEBUG glance_store.location [None req-3f30d6d2-9bc6-4ea5-bd9b-04d671b1e05b tempest-TestStampPattern-1862487626 tempest-TestStampPattern-1862487626-project-member] Registering scheme swift with {'store': , 'location_class': , 'store_entry': 'swift'} {{(pid=99791) register_scheme_map /opt/stack/data/venv/lib/python3.12/site-packages/glance_store/location.py:146}}
Aug 17 08:45:01.298536 np0000007472 devstack@g-api.service[99791]: DEBUG glance_store.location [None req-3f30d6d2-9bc6-4ea5-bd9b-04d671b1e05b tempest-TestStampPattern-1862487626 tempest-TestStampPattern-1862487626-project-member] Registering scheme swift+https with {'store': , 'location_class': , 'store_entry': 'swift'} {{(pid=99791) register_scheme_map /opt/stack/data/venv/lib/python3.12/site-packages/glance_store/location.py:146}}
Aug 17 08:45:01.298658 np0000007472 devstack@g-api.service[99791]: DEBUG glance_store.location [None req-3f30d6d2-9bc6-4ea5-bd9b-04d671b1e05b tempest-TestStampPattern-1862487626 tempest-TestStampPattern-1862487626-project-member] Registering scheme swift with {'store': , 'location_class': , 'store_entry': 'swift'} {{(pid=99791) register_scheme_map /opt/stack/data/venv/lib/python3.12/site-packages/glance_store/location.py:146}}
Aug 17 08:45:01.298757 np0000007472 devstack@g-api.service[99791]: DEBUG glance_store.location [None req-3f30d6d2-9bc6-4ea5-bd9b-04d671b1e05b tempest-TestStampPattern-1862487626 tempest-TestStampPattern-1862487626-project-member] Registering scheme swift+http with {'store': , 'location_class': , 'store_entry': 'swift'} {{(pid=99791) register_scheme_map /opt/stack/data/venv/lib/python3.12/site-packages/glance_store/location.py:146}}
Aug 17 08:45:01.298880 np0000007472 devstack@g-api.service[99791]: DEBUG glance_store.location [None req-3f30d6d2-9bc6-4ea5-bd9b-04d671b1e05b tempest-TestStampPattern-1862487626 tempest-TestStampPattern-1862487626-project-member] Registering scheme swift+https with {'store': , 'location_class': , 'store_entry': 'swift'} {{(pid=99791) register_scheme_map /opt/stack/data/venv/lib/python3.12/site-packages/glance_store/location.py:146}}
Aug 17 08:45:01.298944 np0000007472 devstack@g-api.service[99791]: DEBUG glance_store.location [None req-3f30d6d2-9bc6-4ea5-bd9b-04d671b1e05b tempest-TestStampPattern-1862487626 tempest-TestStampPattern-1862487626-project-member] Registering scheme swift with {'store': , 'location_class': , 'store_entry': 'swift'} {{(pid=99791) register_scheme_map /opt/stack/data/venv/lib/python3.12/site-packages/glance_store/location.py:146}}
Aug 17 08:45:01.299061 np0000007472 devstack@g-api.service[99791]: DEBUG glance_store.location [None req-3f30d6d2-9bc6-4ea5-bd9b-04d671b1e05b tempest-TestStampPattern-1862487626 tempest-TestStampPattern-1862487626-project-member] Registering scheme swift+http with {'store': , 'location_class': , 'store_entry': 'swift'} {{(pid=99791) register_scheme_map /opt/stack/data/venv/lib/python3.12/site-packages/glance_store/location.py:146}}
Aug 17 08:45:01.299158 np0000007472 devstack@g-api.service[99791]: DEBUG glance_store.location [None req-3f30d6d2-9bc6-4ea5-bd9b-04d671b1e05b tempest-TestStampPattern-1862487626 tempest-TestStampPattern-1862487626-project-member] Registering scheme swift+config with {'store': , 'location_class': , 'store_entry': 'swift'} {{(pid=99791) register_scheme_map /opt/stack/data/venv/lib/python3.12/site-packages/glance_store/location.py:146}}
Aug 17 08:45:01.475684 np0000007472 devstack@g-api.service[99790]: DEBUG glance.api.middleware.version_negotiation [None req-58ad97d4-9546-4ef8-a161-ac1a24f45e07 tempest-ServerActionsV293TestJSON-1956740598 tempest-ServerActionsV293TestJSON-1956740598-project-member] Determining version of request: GET /v2/images/ea7b0434-3d5a-473c-ae47-6636e114bc89 Accept: */* {{(pid=99790) process_request /opt/stack/glance/glance/api/middleware/version_negotiation.py:44}}
Aug 17 08:45:01.476270 np0000007472 devstack@g-api.service[99790]: DEBUG glance.api.middleware.version_negotiation [None req-58ad97d4-9546-4ef8-a161-ac1a24f45e07 tempest-ServerActionsV293TestJSON-1956740598 tempest-ServerActionsV293TestJSON-1956740598-project-member] Using url versioning {{(pid=99790) process_request /opt/stack/glance/glance/api/middleware/version_negotiation.py:57}}
Aug 17 08:45:01.476270 np0000007472 devstack@g-api.service[99790]: DEBUG glance.api.middleware.version_negotiation [None req-58ad97d4-9546-4ef8-a161-ac1a24f45e07 tempest-ServerActionsV293TestJSON-1956740598 tempest-ServerActionsV293TestJSON-1956740598-project-member] Matched version: v2 {{(pid=99790) process_request /opt/stack/glance/glance/api/middleware/version_negotiation.py:69}}
Aug 17 08:45:01.476270 np0000007472 devstack@g-api.service[99790]: DEBUG glance.api.middleware.version_negotiation [None req-58ad97d4-9546-4ef8-a161-ac1a24f45e07 tempest-ServerActionsV293TestJSON-1956740598 tempest-ServerActionsV293TestJSON-1956740598-project-member] new path /v2/images/ea7b0434-3d5a-473c-ae47-6636e114bc89 {{(pid=99790) process_request /opt/stack/glance/glance/api/middleware/version_negotiation.py:70}}
Aug 17 08:45:01.495778 np0000007472 devstack@g-api.service[99790]: [pid: 99790|app: 0|req: 109/326] 127.0.0.1 () {44 vars in 1115 bytes} [Mon Aug 17 08:45:01 2026] GET /v2/images/ea7b0434-3d5a-473c-ae47-6636e114bc89 => generated 1044 bytes in 18 msecs (HTTP/1.1 200) 4 headers in 158 bytes (1 switches on core 0)
Aug 17 08:45:01.505380 np0000007472 devstack@g-api.service[99789]: DEBUG glance.api.middleware.version_negotiation [None req-58ad97d4-9546-4ef8-a161-ac1a24f45e07 tempest-ServerActionsV293TestJSON-1956740598 tempest-ServerActionsV293TestJSON-1956740598-project-member] Determining version of request: GET /v2/images/ea7b0434-3d5a-473c-ae47-6636e114bc89/file Accept: */* {{(pid=99789) process_request /opt/stack/glance/glance/api/middleware/version_negotiation.py:44}}
Aug 17 08:45:01.505380 np0000007472 devstack@g-api.service[99789]: DEBUG glance.api.middleware.version_negotiation [None req-58ad97d4-9546-4ef8-a161-ac1a24f45e07 tempest-ServerActionsV293TestJSON-1956740598 tempest-ServerActionsV293TestJSON-1956740598-project-member] Using url versioning {{(pid=99789) process_request /opt/stack/glance/glance/api/middleware/version_negotiation.py:57}}
Aug 17 08:45:01.506751 np0000007472 devstack@g-api.service[99789]: DEBUG glance.api.middleware.version_negotiation [None req-58ad97d4-9546-4ef8-a161-ac1a24f45e07 tempest-ServerActionsV293TestJSON-1956740598 tempest-ServerActionsV293TestJSON-1956740598-project-member] Matched version: v2 {{(pid=99789) process_request /opt/stack/glance/glance/api/middleware/version_negotiation.py:69}}
Aug 17 08:45:01.506751 np0000007472 devstack@g-api.service[99789]: DEBUG glance.api.middleware.version_negotiation [None req-58ad97d4-9546-4ef8-a161-ac1a24f45e07 tempest-ServerActionsV293TestJSON-1956740598 tempest-ServerActionsV293TestJSON-1956740598-project-member] new path /v2/images/ea7b0434-3d5a-473c-ae47-6636e114bc89/file {{(pid=99789) process_request /opt/stack/glance/glance/api/middleware/version_negotiation.py:70}}
Aug 17 08:45:01.513124 np0000007472 devstack@g-api.service[99791]: DEBUG swiftclient [None req-3f30d6d2-9bc6-4ea5-bd9b-04d671b1e05b tempest-TestStampPattern-1862487626 tempest-TestStampPattern-1862487626-project-member] REQ: curl -i https://10.4.3.231:8080/v1/AUTH_ced6ae7e08fa463286bc4869be3d1e32/glance -I -H "X-Auth-Token: gAAAAABqgsoNjSJU..." {{(pid=99791) http_log /opt/stack/data/venv/lib/python3.12/site-packages/swiftclient/client.py:160}}
Aug 17 08:45:01.513233 np0000007472 devstack@g-api.service[99791]: DEBUG swiftclient [None req-3f30d6d2-9bc6-4ea5-bd9b-04d671b1e05b tempest-TestStampPattern-1862487626 tempest-TestStampPattern-1862487626-project-member] RESP STATUS: 204 No Content {{(pid=99791) http_log /opt/stack/data/venv/lib/python3.12/site-packages/swiftclient/client.py:161}}
Aug 17 08:45:01.513364 np0000007472 devstack@g-api.service[99791]: DEBUG swiftclient [None req-3f30d6d2-9bc6-4ea5-bd9b-04d671b1e05b tempest-TestStampPattern-1862487626 tempest-TestStampPattern-1862487626-project-member] RESP HEADERS: {'Date': 'Mon, 17 Aug 2026 08:45:01 GMT', 'Server': 'Apache/2.4.58 (Ubuntu)', 'Content-Type': 'text/plain; charset=utf-8', 'X-Container-Object-Count': '3', 'X-Container-Bytes-Used': '64356352', 'X-Timestamp': '1786955929.83003', 'Last-Modified': 'Mon, 17 Aug 2026 08:38:50 GMT', 'Accept-Ranges': 'bytes', 'X-Storage-Policy': 'Policy-0', 'X-Container-Sharding': 'False', 'Vary': 'Accept', 'X-Trans-Id': 'txe10d8deb8a2448e1a9a25-006a82ca0d', 'X-Openstack-Request-Id': 'txe10d8deb8a2448e1a9a25-006a82ca0d', 'Connection': 'close'} {{(pid=99791) http_log /opt/stack/data/venv/lib/python3.12/site-packages/swiftclient/client.py:162}}
Aug 17 08:45:01.513644 np0000007472 devstack@g-api.service[99791]: DEBUG glance_store._drivers.swift.store [None req-3f30d6d2-9bc6-4ea5-bd9b-04d671b1e05b tempest-TestStampPattern-1862487626 tempest-TestStampPattern-1862487626-project-member] Adding image object 'f8658440-3fa1-4baa-a54e-122e8de1dbc1' to Swift {{(pid=99791) add /opt/stack/data/venv/lib/python3.12/site-packages/glance_store/_drivers/swift/store.py:970}}
Aug 17 08:45:01.513644 np0000007472 devstack@g-api.service[99791]: DEBUG glance_store._drivers.swift.store [None req-3f30d6d2-9bc6-4ea5-bd9b-04d671b1e05b tempest-TestStampPattern-1862487626 tempest-TestStampPattern-1862487626-project-member] Cannot determine image size because it is either not provided in the request or chunked-transfer encoding is used. Adding image as a segmented object to Swift. {{(pid=99791) add /opt/stack/data/venv/lib/python3.12/site-packages/glance_store/_drivers/swift/store.py:994}}
Aug 17 08:45:01.520122 np0000007472 devstack@g-api.service[99789]: DEBUG glance.api.middleware.cache [None req-58ad97d4-9546-4ef8-a161-ac1a24f45e07 tempest-ServerActionsV293TestJSON-1956740598 tempest-ServerActionsV293TestJSON-1956740598-project-member] Cache hit for image 'ea7b0434-3d5a-473c-ae47-6636e114bc89' {{(pid=99789) process_request /opt/stack/glance/glance/api/middleware/cache.py:160}}
Aug 17 08:45:01.520997 np0000007472 devstack@g-api.service[99791]: DEBUG oslo_utils.imageutils.format_inspector [None req-3f30d6d2-9bc6-4ea5-bd9b-04d671b1e05b tempest-TestStampPattern-1862487626 tempest-TestStampPattern-1862487626-project-member] Format inspector for vmdk does not match, excluding from consideration (Signature KDMV not found: b'QFI\xfb') {{(pid=99791) _process_chunk /opt/stack/data/venv/lib/python3.12/site-packages/oslo_utils/imageutils/format_inspector.py:1758}}
Aug 17 08:45:01.525701 np0000007472 devstack@g-api.service[99791]: DEBUG oslo_utils.imageutils.format_inspector [None req-3f30d6d2-9bc6-4ea5-bd9b-04d671b1e05b tempest-TestStampPattern-1862487626 tempest-TestStampPattern-1862487626-project-member] Format inspector for vhdx does not match, excluding from consideration (Region signature not found at 30000) {{(pid=99791) _process_chunk /opt/stack/data/venv/lib/python3.12/site-packages/oslo_utils/imageutils/format_inspector.py:1758}}
Aug 17 08:45:01.585682 np0000007472 devstack@g-api.service[99789]: [pid: 99789|app: 0|req: 115/327] 127.0.0.1 () {44 vars in 1125 bytes} [Mon Aug 17 08:45:01 2026] GET /v2/images/ea7b0434-3d5a-473c-ae47-6636e114bc89/file => generated 21233664 bytes in 81 msecs (HTTP/1.1 200) 5 headers in 217 bytes (332 switches on core 0)
Aug 17 08:45:01.939476 np0000007472 devstack@g-api.service[99790]: DEBUG glance.api.middleware.version_negotiation [None req-58ad97d4-9546-4ef8-a161-ac1a24f45e07 tempest-ServerActionsV293TestJSON-1956740598 tempest-ServerActionsV293TestJSON-1956740598-project-member] Determining version of request: GET /v2/images/f8658440-3fa1-4baa-a54e-122e8de1dbc1 Accept: application/json {{(pid=99790) process_request /opt/stack/glance/glance/api/middleware/version_negotiation.py:44}}
Aug 17 08:45:01.939682 np0000007472 devstack@g-api.service[99790]: DEBUG glance.api.middleware.version_negotiation [None req-58ad97d4-9546-4ef8-a161-ac1a24f45e07 tempest-ServerActionsV293TestJSON-1956740598 tempest-ServerActionsV293TestJSON-1956740598-project-member] Using url versioning {{(pid=99790) process_request /opt/stack/glance/glance/api/middleware/version_negotiation.py:57}}
Aug 17 08:45:01.939821 np0000007472 devstack@g-api.service[99790]: DEBUG glance.api.middleware.version_negotiation [None req-58ad97d4-9546-4ef8-a161-ac1a24f45e07 tempest-ServerActionsV293TestJSON-1956740598 tempest-ServerActionsV293TestJSON-1956740598-project-member] Matched version: v2 {{(pid=99790) process_request /opt/stack/glance/glance/api/middleware/version_negotiation.py:69}}
Aug 17 08:45:01.939932 np0000007472 devstack@g-api.service[99790]: DEBUG glance.api.middleware.version_negotiation [None req-58ad97d4-9546-4ef8-a161-ac1a24f45e07 tempest-ServerActionsV293TestJSON-1956740598 tempest-ServerActionsV293TestJSON-1956740598-project-member] new path /v2/images/f8658440-3fa1-4baa-a54e-122e8de1dbc1 {{(pid=99790) process_request /opt/stack/glance/glance/api/middleware/version_negotiation.py:70}}
Aug 17 08:45:01.962525 np0000007472 devstack@g-api.service[99790]: [pid: 99790|app: 0|req: 110/328] 127.0.0.1 () {40 vars in 838 bytes} [Mon Aug 17 08:45:01 2026] GET /v2/images/f8658440-3fa1-4baa-a54e-122e8de1dbc1 => generated 1412 bytes in 23 msecs (HTTP/1.1 200) 4 headers in 158 bytes (1 switches on core 0)
Aug 17 08:45:02.066920 np0000007472 devstack@g-api.service[99791]: DEBUG swiftclient [None req-3f30d6d2-9bc6-4ea5-bd9b-04d671b1e05b tempest-TestStampPattern-1862487626 tempest-TestStampPattern-1862487626-project-member] REQ: curl -i https://10.4.3.231:8080/v1/AUTH_ced6ae7e08fa463286bc4869be3d1e32/glance/f8658440-3fa1-4baa-a54e-122e8de1dbc1-00001 -X PUT -H "X-Auth-Token: gAAAAABqgsoNjSJU..." {{(pid=99791) http_log /opt/stack/data/venv/lib/python3.12/site-packages/swiftclient/client.py:160}}
Aug 17 08:45:02.067043 np0000007472 devstack@g-api.service[99791]: DEBUG swiftclient [None req-3f30d6d2-9bc6-4ea5-bd9b-04d671b1e05b tempest-TestStampPattern-1862487626 tempest-TestStampPattern-1862487626-project-member] RESP STATUS: 201 Created {{(pid=99791) http_log /opt/stack/data/venv/lib/python3.12/site-packages/swiftclient/client.py:161}}
Aug 17 08:45:02.067185 np0000007472 devstack@g-api.service[99791]: DEBUG swiftclient [None req-3f30d6d2-9bc6-4ea5-bd9b-04d671b1e05b tempest-TestStampPattern-1862487626 tempest-TestStampPattern-1862487626-project-member] RESP HEADERS: {'Date': 'Mon, 17 Aug 2026 08:45:02 GMT', 'Server': 'Apache/2.4.58 (Ubuntu)', 'Content-Type': 'text/html; charset=UTF-8', 'Content-Length': '0', 'Etag': 'ac92eb8f16cf0e53315f2e2241731327', 'Last-Modified': 'Mon, 17 Aug 2026 08:45:02 GMT', 'X-Trans-Id': 'tx49ba509f0279438292879-006a82ca0d', 'X-Openstack-Request-Id': 'tx49ba509f0279438292879-006a82ca0d', 'Connection': 'close'} {{(pid=99791) http_log /opt/stack/data/venv/lib/python3.12/site-packages/swiftclient/client.py:162}}
Aug 17 08:45:02.067284 np0000007472 devstack@g-api.service[99791]: DEBUG glance_store._drivers.swift.store [None req-3f30d6d2-9bc6-4ea5-bd9b-04d671b1e05b tempest-TestStampPattern-1862487626 tempest-TestStampPattern-1862487626-project-member] Wrote chunk f8658440-3fa1-4baa-a54e-122e8de1dbc1-00001 (1/?) of length 53673984 to Swift returning MD5 of content: ac92eb8f16cf0e53315f2e2241731327 {{(pid=99791) add /opt/stack/data/venv/lib/python3.12/site-packages/glance_store/_drivers/swift/store.py:1059}}
Aug 17 08:45:02.067562 np0000007472 devstack@g-api.service[99791]: DEBUG glance_store._drivers.swift.store [None req-3f30d6d2-9bc6-4ea5-bd9b-04d671b1e05b tempest-TestStampPattern-1862487626 tempest-TestStampPattern-1862487626-project-member] Not writing zero-length chunk. {{(pid=99791) add /opt/stack/data/venv/lib/python3.12/site-packages/glance_store/_drivers/swift/store.py:1028}}
Aug 17 08:45:02.088526 np0000007472 devstack@g-api.service[99791]: DEBUG swiftclient [None req-3f30d6d2-9bc6-4ea5-bd9b-04d671b1e05b tempest-TestStampPattern-1862487626 tempest-TestStampPattern-1862487626-project-member] REQ: curl -i https://10.4.3.231:8080/v1/AUTH_ced6ae7e08fa463286bc4869be3d1e32/glance/f8658440-3fa1-4baa-a54e-122e8de1dbc1 -X PUT -H "X-Object-Manifest: glance/f8658440-3fa1-4baa-a54e-122e8de1dbc1-" -H "X-Auth-Token: gAAAAABqgsoNjSJU..." -H "Content-Length: 0" {{(pid=99791) http_log /opt/stack/data/venv/lib/python3.12/site-packages/swiftclient/client.py:160}}
