Aug 17 08:38:21.732255 np0000007472 nova-scheduler[93480]: DEBUG cotyledon.oslo_config_glue [-] oslo_messaging_rabbit.rabbit_quorum_delivery_limit = 0 {{(pid=93480) log_opt_values /opt/stack/data/venv/lib/python3.12/site-packages/oslo_config/cfg.py:3560}}
Aug 17 08:38:21.732603 np0000007472 nova-scheduler[93480]: DEBUG cotyledon.oslo_config_glue [-] oslo_messaging_rabbit.rabbit_quorum_max_memory_bytes = 0 {{(pid=93480) log_opt_values /opt/stack/data/venv/lib/python3.12/site-packages/oslo_config/cfg.py:3560}}
Aug 17 08:38:21.732603 np0000007472 nova-scheduler[93480]: DEBUG cotyledon.oslo_config_glue [-] oslo_messaging_rabbit.rabbit_quorum_max_memory_length = 0 {{(pid=93480) log_opt_values /opt/stack/data/venv/lib/python3.12/site-packages/oslo_config/cfg.py:3560}}
Aug 17 08:38:21.732603 np0000007472 nova-scheduler[93480]: DEBUG cotyledon.oslo_config_glue [-] oslo_messaging_rabbit.rabbit_quorum_queue = False {{(pid=93480) log_opt_values /opt/stack/data/venv/lib/python3.12/site-packages/oslo_config/cfg.py:3560}}
Aug 17 08:38:21.732603 np0000007472 nova-scheduler[93480]: DEBUG cotyledon.oslo_config_glue [-] oslo_messaging_rabbit.rabbit_retry_backoff = 2 {{(pid=93480) log_opt_values /opt/stack/data/venv/lib/python3.12/site-packages/oslo_config/cfg.py:3560}}
Aug 17 08:38:21.732603 np0000007472 nova-scheduler[93480]: DEBUG cotyledon.oslo_config_glue [-] oslo_messaging_rabbit.rabbit_retry_interval = 1 {{(pid=93480) log_opt_values /opt/stack/data/venv/lib/python3.12/site-packages/oslo_config/cfg.py:3560}}
Aug 17 08:38:21.732603 np0000007472 nova-scheduler[93480]: DEBUG cotyledon.oslo_config_glue [-] oslo_messaging_rabbit.rabbit_stream_fanout = False {{(pid=93480) log_opt_values /opt/stack/data/venv/lib/python3.12/site-packages/oslo_config/cfg.py:3560}}
Aug 17 08:38:21.732603 np0000007472 nova-scheduler[93480]: DEBUG cotyledon.oslo_config_glue [-] oslo_messaging_rabbit.rabbit_transient_queues_ttl = 1800 {{(pid=93480) log_opt_values /opt/stack/data/venv/lib/python3.12/site-packages/oslo_config/cfg.py:3560}}
Aug 17 08:38:21.732603 np0000007472 nova-scheduler[93480]: DEBUG cotyledon.oslo_config_glue [-] oslo_messaging_rabbit.rabbit_transient_quorum_queue = False {{(pid=93480) log_opt_values /opt/stack/data/venv/lib/python3.12/site-packages/oslo_config/cfg.py:3560}}
Aug 17 08:38:21.732786 np0000007472 nova-scheduler[93480]: DEBUG cotyledon.oslo_config_glue [-] oslo_messaging_rabbit.rpc_conn_pool_size = 30 {{(pid=93480) log_opt_values /opt/stack/data/venv/lib/python3.12/site-packages/oslo_config/cfg.py:3560}}
Aug 17 08:38:21.732786 np0000007472 nova-scheduler[93480]: DEBUG cotyledon.oslo_config_glue [-] oslo_messaging_rabbit.ssl = False {{(pid=93480) log_opt_values /opt/stack/data/venv/lib/python3.12/site-packages/oslo_config/cfg.py:3560}}
Aug 17 08:38:21.732786 np0000007472 nova-scheduler[93480]: DEBUG cotyledon.oslo_config_glue [-] oslo_messaging_rabbit.ssl_ca_file = {{(pid=93480) log_opt_values /opt/stack/data/venv/lib/python3.12/site-packages/oslo_config/cfg.py:3560}}
Aug 17 08:38:21.732786 np0000007472 nova-scheduler[93480]: DEBUG cotyledon.oslo_config_glue [-] oslo_messaging_rabbit.ssl_cert_file = {{(pid=93480) log_opt_values /opt/stack/data/venv/lib/python3.12/site-packages/oslo_config/cfg.py:3560}}
Aug 17 08:38:21.732786 np0000007472 nova-scheduler[93480]: DEBUG cotyledon.oslo_config_glue [-] oslo_messaging_rabbit.ssl_enforce_fips_mode = False {{(pid=93480) log_opt_values /opt/stack/data/venv/lib/python3.12/site-packages/oslo_config/cfg.py:3560}}
Aug 17 08:38:21.732786 np0000007472 nova-scheduler[93480]: DEBUG cotyledon.oslo_config_glue [-] oslo_messaging_rabbit.ssl_enforce_hostname_verification = True {{(pid=93480) log_opt_values /opt/stack/data/venv/lib/python3.12/site-packages/oslo_config/cfg.py:3560}}
Aug 17 08:38:21.732786 np0000007472 nova-scheduler[93480]: DEBUG cotyledon.oslo_config_glue [-] oslo_messaging_rabbit.ssl_key_file = {{(pid=93480) log_opt_values /opt/stack/data/venv/lib/python3.12/site-packages/oslo_config/cfg.py:3560}}
Aug 17 08:38:21.732786 np0000007472 nova-scheduler[93480]: DEBUG cotyledon.oslo_config_glue [-] oslo_messaging_rabbit.ssl_version = {{(pid=93480) log_opt_values /opt/stack/data/venv/lib/python3.12/site-packages/oslo_config/cfg.py:3560}}
Aug 17 08:38:21.732786 np0000007472 nova-scheduler[93480]: DEBUG cotyledon.oslo_config_glue [-] oslo_messaging_rabbit.use_queue_manager = False {{(pid=93480) log_opt_values /opt/stack/data/venv/lib/python3.12/site-packages/oslo_config/cfg.py:3560}}
Aug 17 08:38:21.732965 np0000007472 nova-scheduler[93480]: DEBUG cotyledon.oslo_config_glue [-] oslo_messaging_notifications.driver = ['messagingv2'] {{(pid=93480) log_opt_values /opt/stack/data/venv/lib/python3.12/site-packages/oslo_config/cfg.py:3560}}
Aug 17 08:38:21.732965 np0000007472 nova-scheduler[93480]: DEBUG cotyledon.oslo_config_glue [-] oslo_messaging_notifications.retry = -1 {{(pid=93480) log_opt_values /opt/stack/data/venv/lib/python3.12/site-packages/oslo_config/cfg.py:3560}}
Aug 17 08:38:21.732965 np0000007472 nova-scheduler[93480]: DEBUG cotyledon.oslo_config_glue [-] oslo_messaging_notifications.topics = ['notifications'] {{(pid=93480) log_opt_values /opt/stack/data/venv/lib/python3.12/site-packages/oslo_config/cfg.py:3560}}
Aug 17 08:38:21.732965 np0000007472 nova-scheduler[93480]: DEBUG cotyledon.oslo_config_glue [-] oslo_messaging_notifications.transport_url = **** {{(pid=93480) log_opt_values /opt/stack/data/venv/lib/python3.12/site-packages/oslo_config/cfg.py:3560}}
Aug 17 08:38:21.732965 np0000007472 nova-scheduler[93480]: DEBUG cotyledon.oslo_config_glue [-] oslo_limit.auth_section = None {{(pid=93480) log_opt_values /opt/stack/data/venv/lib/python3.12/site-packages/oslo_config/cfg.py:3560}}
Aug 17 08:38:21.732965 np0000007472 nova-scheduler[93480]: DEBUG cotyledon.oslo_config_glue [-] oslo_limit.auth_type = None {{(pid=93480) log_opt_values /opt/stack/data/venv/lib/python3.12/site-packages/oslo_config/cfg.py:3560}}
Aug 17 08:38:21.732965 np0000007472 nova-scheduler[93480]: DEBUG cotyledon.oslo_config_glue [-] oslo_limit.cafile = None {{(pid=93480) log_opt_values /opt/stack/data/venv/lib/python3.12/site-packages/oslo_config/cfg.py:3560}}
Aug 17 08:38:21.732965 np0000007472 nova-scheduler[93480]: DEBUG cotyledon.oslo_config_glue [-] oslo_limit.certfile = None {{(pid=93480) log_opt_values /opt/stack/data/venv/lib/python3.12/site-packages/oslo_config/cfg.py:3560}}
Aug 17 08:38:21.732965 np0000007472 nova-scheduler[93480]: DEBUG cotyledon.oslo_config_glue [-] oslo_limit.collect_timing = False {{(pid=93480) log_opt_values /opt/stack/data/venv/lib/python3.12/site-packages/oslo_config/cfg.py:3560}}
Aug 17 08:38:21.733212 np0000007472 nova-scheduler[93480]: DEBUG cotyledon.oslo_config_glue [-] oslo_limit.connect_retries = None {{(pid=93480) log_opt_values /opt/stack/data/venv/lib/python3.12/site-packages/oslo_config/cfg.py:3560}}
Aug 17 08:38:21.733212 np0000007472 nova-scheduler[93480]: DEBUG cotyledon.oslo_config_glue [-] oslo_limit.connect_retry_delay = None {{(pid=93480) log_opt_values /opt/stack/data/venv/lib/python3.12/site-packages/oslo_config/cfg.py:3560}}
Aug 17 08:38:21.733212 np0000007472 nova-scheduler[93480]: DEBUG cotyledon.oslo_config_glue [-] oslo_limit.endpoint_id = None {{(pid=93480) log_opt_values /opt/stack/data/venv/lib/python3.12/site-packages/oslo_config/cfg.py:3560}}
Aug 17 08:38:21.733212 np0000007472 nova-scheduler[93480]: DEBUG cotyledon.oslo_config_glue [-] oslo_limit.endpoint_interface = public {{(pid=93480) log_opt_values /opt/stack/data/venv/lib/python3.12/site-packages/oslo_config/cfg.py:3560}}
Aug 17 08:38:21.733212 np0000007472 nova-scheduler[93480]: DEBUG cotyledon.oslo_config_glue [-] oslo_limit.endpoint_override = None {{(pid=93480) log_opt_values /opt/stack/data/venv/lib/python3.12/site-packages/oslo_config/cfg.py:3560}}
Aug 17 08:38:21.733212 np0000007472 nova-scheduler[93480]: DEBUG cotyledon.oslo_config_glue [-] oslo_limit.endpoint_region_name = None {{(pid=93480) log_opt_values /opt/stack/data/venv/lib/python3.12/site-packages/oslo_config/cfg.py:3560}}
Aug 17 08:38:21.733212 np0000007472 nova-scheduler[93480]: DEBUG cotyledon.oslo_config_glue [-] oslo_limit.endpoint_service_name = None {{(pid=93480) log_opt_values /opt/stack/data/venv/lib/python3.12/site-packages/oslo_config/cfg.py:3560}}
Aug 17 08:38:21.733212 np0000007472 nova-scheduler[93480]: DEBUG cotyledon.oslo_config_glue [-] oslo_limit.endpoint_service_type = None {{(pid=93480) log_opt_values /opt/stack/data/venv/lib/python3.12/site-packages/oslo_config/cfg.py:3560}}
Aug 17 08:38:21.733212 np0000007472 nova-scheduler[93480]: DEBUG cotyledon.oslo_config_glue [-] oslo_limit.insecure = False {{(pid=93480) log_opt_values /opt/stack/data/venv/lib/python3.12/site-packages/oslo_config/cfg.py:3560}}
Aug 17 08:38:21.733390 np0000007472 nova-scheduler[93480]: DEBUG cotyledon.oslo_config_glue [-] oslo_limit.keyfile = None {{(pid=93480) log_opt_values /opt/stack/data/venv/lib/python3.12/site-packages/oslo_config/cfg.py:3560}}
Aug 17 08:38:21.733390 np0000007472 nova-scheduler[93480]: DEBUG cotyledon.oslo_config_glue [-] oslo_limit.max_version = None {{(pid=93480) log_opt_values /opt/stack/data/venv/lib/python3.12/site-packages/oslo_config/cfg.py:3560}}
Aug 17 08:38:21.733390 np0000007472 nova-scheduler[93480]: DEBUG cotyledon.oslo_config_glue [-] oslo_limit.min_version = None {{(pid=93480) log_opt_values /opt/stack/data/venv/lib/python3.12/site-packages/oslo_config/cfg.py:3560}}
Aug 17 08:38:21.733390 np0000007472 nova-scheduler[93480]: DEBUG cotyledon.oslo_config_glue [-] oslo_limit.region_name = None {{(pid=93480) log_opt_values /opt/stack/data/venv/lib/python3.12/site-packages/oslo_config/cfg.py:3560}}
Aug 17 08:38:21.733390 np0000007472 nova-scheduler[93480]: DEBUG cotyledon.oslo_config_glue [-] oslo_limit.retriable_status_codes = None {{(pid=93480) log_opt_values /opt/stack/data/venv/lib/python3.12/site-packages/oslo_config/cfg.py:3560}}
Aug 17 08:38:21.733390 np0000007472 nova-scheduler[93480]: DEBUG cotyledon.oslo_config_glue [-] oslo_limit.service_name = None {{(pid=93480) log_opt_values /opt/stack/data/venv/lib/python3.12/site-packages/oslo_config/cfg.py:3560}}
Aug 17 08:38:21.733390 np0000007472 nova-scheduler[93480]: DEBUG cotyledon.oslo_config_glue [-] oslo_limit.service_type = None {{(pid=93480) log_opt_values /opt/stack/data/venv/lib/python3.12/site-packages/oslo_config/cfg.py:3560}}
Aug 17 08:38:21.733390 np0000007472 nova-scheduler[93480]: DEBUG cotyledon.oslo_config_glue [-] oslo_limit.split_loggers = False {{(pid=93480) log_opt_values /opt/stack/data/venv/lib/python3.12/site-packages/oslo_config/cfg.py:3560}}
Aug 17 08:38:21.733390 np0000007472 nova-scheduler[93480]: DEBUG cotyledon.oslo_config_glue [-] oslo_limit.status_code_retries = None {{(pid=93480) log_opt_values /opt/stack/data/venv/lib/python3.12/site-packages/oslo_config/cfg.py:3560}}
Aug 17 08:38:21.733648 np0000007472 nova-scheduler[93480]: DEBUG cotyledon.oslo_config_glue [-] oslo_limit.status_code_retry_delay = None {{(pid=93480) log_opt_values /opt/stack/data/venv/lib/python3.12/site-packages/oslo_config/cfg.py:3560}}
Aug 17 08:38:21.733648 np0000007472 nova-scheduler[93480]: DEBUG cotyledon.oslo_config_glue [-] oslo_limit.timeout = None {{(pid=93480) log_opt_values /opt/stack/data/venv/lib/python3.12/site-packages/oslo_config/cfg.py:3560}}
Aug 17 08:38:21.733648 np0000007472 nova-scheduler[93480]: DEBUG cotyledon.oslo_config_glue [-] oslo_limit.valid_interfaces = None {{(pid=93480) log_opt_values /opt/stack/data/venv/lib/python3.12/site-packages/oslo_config/cfg.py:3560}}
Aug 17 08:38:21.733648 np0000007472 nova-scheduler[93480]: DEBUG cotyledon.oslo_config_glue [-] oslo_limit.version = None {{(pid=93480) log_opt_values /opt/stack/data/venv/lib/python3.12/site-packages/oslo_config/cfg.py:3560}}
Aug 17 08:38:21.733648 np0000007472 nova-scheduler[93480]: DEBUG cotyledon.oslo_config_glue [-] oslo_reports.file_event_handler = None {{(pid=93480) log_opt_values /opt/stack/data/venv/lib/python3.12/site-packages/oslo_config/cfg.py:3560}}
Aug 17 08:38:21.733648 np0000007472 nova-scheduler[93480]: DEBUG cotyledon.oslo_config_glue [-] oslo_reports.file_event_handler_interval = 1 {{(pid=93480) log_opt_values /opt/stack/data/venv/lib/python3.12/site-packages/oslo_config/cfg.py:3560}}
Aug 17 08:38:21.733648 np0000007472 nova-scheduler[93480]: DEBUG cotyledon.oslo_config_glue [-] oslo_reports.log_dir = None {{(pid=93480) log_opt_values /opt/stack/data/venv/lib/python3.12/site-packages/oslo_config/cfg.py:3560}}
Aug 17 08:38:21.733648 np0000007472 nova-scheduler[93480]: DEBUG cotyledon.oslo_config_glue [-] ******************************************************************************** {{(pid=93480) log_opt_values /opt/stack/data/venv/lib/python3.12/site-packages/oslo_config/cfg.py:3567}}
Aug 17 08:38:21.733648 np0000007472 nova-scheduler[93480]: DEBUG cotyledon._service_worker [-] Run service ServiceWrapper(2) [93480] {{(pid=93480) wait_forever /opt/stack/data/venv/lib/python3.12/site-packages/cotyledon/_service_worker.py:218}}
Aug 17 08:38:21.733812 np0000007472 nova-scheduler[93480]: INFO nova.service [-] Starting scheduler node (version 33.1.0)
Aug 17 08:38:21.733835 np0000007472 nova-scheduler[93433]: DEBUG oslo_db.sqlalchemy.engines [None req-7f294b80-716c-4046-8efb-95a982b18f1d None None] MySQL server mode set to STRICT_TRANS_TABLES,STRICT_ALL_TABLES,NO_ZERO_IN_DATE,NO_ZERO_DATE,ERROR_FOR_DIVISION_BY_ZERO,TRADITIONAL,NO_ENGINE_SUBSTITUTION {{(pid=93433) _check_effective_sql_mode /opt/stack/data/venv/lib/python3.12/site-packages/oslo_db/sqlalchemy/engines.py:325}}
Aug 17 08:38:21.733861 np0000007472 nova-scheduler[93480]: INFO dbcounter [None req-b492104e-b2b2-4d7e-b5db-9264b72e2edc None None] Registered counter for database nova_cell0
Aug 17 08:38:21.733885 np0000007472 nova-scheduler[93433]: DEBUG dbcounter [-] [93433] Writer thread running {{(pid=93433) stat_writer /opt/stack/data/venv/lib/python3.12/site-packages/dbcounter.py:102}}
Aug 17 08:38:21.733885 np0000007472 nova-scheduler[93433]: DEBUG nova.service [None req-7f294b80-716c-4046-8efb-95a982b18f1d None None] Creating RPC server for service: nova-scheduler on topic: scheduler {{(pid=93433) start /opt/stack/nova/nova/service.py:262}}
Aug 17 08:38:21.743008 np0000007472 nova-scheduler[93480]: DEBUG oslo_db.sqlalchemy.engines [None req-b492104e-b2b2-4d7e-b5db-9264b72e2edc None None] MySQL server mode set to STRICT_TRANS_TABLES,STRICT_ALL_TABLES,NO_ZERO_IN_DATE,NO_ZERO_DATE,ERROR_FOR_DIVISION_BY_ZERO,TRADITIONAL,NO_ENGINE_SUBSTITUTION {{(pid=93480) _check_effective_sql_mode /opt/stack/data/venv/lib/python3.12/site-packages/oslo_db/sqlalchemy/engines.py:325}}
Aug 17 08:38:21.747221 np0000007472 nova-scheduler[93450]: DEBUG oslo_db.sqlalchemy.engines [None req-eba4ceec-f574-42a7-91fb-f3cf517e0cf1 None None] MySQL server mode set to STRICT_TRANS_TABLES,STRICT_ALL_TABLES,NO_ZERO_IN_DATE,NO_ZERO_DATE,ERROR_FOR_DIVISION_BY_ZERO,TRADITIONAL,NO_ENGINE_SUBSTITUTION {{(pid=93450) _check_effective_sql_mode /opt/stack/data/venv/lib/python3.12/site-packages/oslo_db/sqlalchemy/engines.py:325}}
Aug 17 08:38:21.750272 np0000007472 nova-scheduler[93433]: DEBUG nova.service [None req-7f294b80-716c-4046-8efb-95a982b18f1d None None] Join ServiceGroup membership for this service scheduler {{(pid=93433) start /opt/stack/nova/nova/service.py:288}}
Aug 17 08:38:21.750570 np0000007472 nova-scheduler[93433]: DEBUG nova.servicegroup.drivers.db [None req-7f294b80-716c-4046-8efb-95a982b18f1d None None] DB_Driver: join new ServiceGroup member np0000007472 to the scheduler group, service = {{(pid=93433) join /opt/stack/nova/nova/servicegroup/drivers/db.py:44}}
Aug 17 08:38:21.752635 np0000007472 nova-scheduler[93480]: DEBUG dbcounter [-] [93480] Writer thread running {{(pid=93480) stat_writer /opt/stack/data/venv/lib/python3.12/site-packages/dbcounter.py:102}}
Aug 17 08:38:21.755466 np0000007472 nova-scheduler[93480]: DEBUG nova.service [None req-b492104e-b2b2-4d7e-b5db-9264b72e2edc None None] Creating RPC server for service: nova-scheduler on topic: scheduler {{(pid=93480) start /opt/stack/nova/nova/service.py:262}}
Aug 17 08:38:21.757785 np0000007472 nova-scheduler[93450]: DEBUG dbcounter [-] [93450] Writer thread running {{(pid=93450) stat_writer /opt/stack/data/venv/lib/python3.12/site-packages/dbcounter.py:102}}
Aug 17 08:38:21.760840 np0000007472 nova-scheduler[93450]: DEBUG nova.service [None req-eba4ceec-f574-42a7-91fb-f3cf517e0cf1 None None] Creating RPC server for service: nova-scheduler on topic: scheduler {{(pid=93450) start /opt/stack/nova/nova/service.py:262}}
Aug 17 08:38:21.772275 np0000007472 nova-scheduler[93480]: DEBUG nova.service [None req-b492104e-b2b2-4d7e-b5db-9264b72e2edc None None] Join ServiceGroup membership for this service scheduler {{(pid=93480) start /opt/stack/nova/nova/service.py:288}}
Aug 17 08:38:21.773003 np0000007472 nova-scheduler[93480]: DEBUG nova.servicegroup.drivers.db [None req-b492104e-b2b2-4d7e-b5db-9264b72e2edc None None] DB_Driver: join new ServiceGroup member np0000007472 to the scheduler group, service = {{(pid=93480) join /opt/stack/nova/nova/servicegroup/drivers/db.py:44}}
Aug 17 08:38:21.777690 np0000007472 nova-scheduler[93450]: DEBUG nova.service [None req-eba4ceec-f574-42a7-91fb-f3cf517e0cf1 None None] Join ServiceGroup membership for this service scheduler {{(pid=93450) start /opt/stack/nova/nova/service.py:288}}
Aug 17 08:38:21.777883 np0000007472 nova-scheduler[93450]: DEBUG nova.servicegroup.drivers.db [None req-eba4ceec-f574-42a7-91fb-f3cf517e0cf1 None None] DB_Driver: join new ServiceGroup member np0000007472 to the scheduler group, service = {{(pid=93450) join /opt/stack/nova/nova/servicegroup/drivers/db.py:44}}
Aug 17 08:38:22.774597 np0000007472 nova-scheduler[93480]: DEBUG oslo.service.backend._threading.loopingcall [None req-db255a67-f7ed-46ee-80a2-c3decd7d53f6 None None] Dynamic interval looping call 'nova.service.Service.periodic_tasks' sleeping for 60.00 seconds {{(pid=93480) _run_loop /opt/stack/data/venv/lib/python3.12/site-packages/oslo_service/backend/_threading/loopingcall.py:125}}
Aug 17 08:38:26.766489 np0000007472 nova-scheduler[93433]: DEBUG oslo.service.backend._threading.loopingcall [-] Fixed interval looping call 'nova.servicegroup.drivers.db.DbDriver._report_state' sleeping for 119.99 seconds {{(pid=93433) _run_loop /opt/stack/data/venv/lib/python3.12/site-packages/oslo_service/backend/_threading/loopingcall.py:125}}
Aug 17 08:38:26.785157 np0000007472 nova-scheduler[93480]: DEBUG oslo.service.backend._threading.loopingcall [-] Fixed interval looping call 'nova.servicegroup.drivers.db.DbDriver._report_state' sleeping for 119.99 seconds {{(pid=93480) _run_loop /opt/stack/data/venv/lib/python3.12/site-packages/oslo_service/backend/_threading/loopingcall.py:125}}
Aug 17 08:38:26.791464 np0000007472 nova-scheduler[93450]: DEBUG oslo.service.backend._threading.loopingcall [-] Fixed interval looping call 'nova.servicegroup.drivers.db.DbDriver._report_state' sleeping for 119.99 seconds {{(pid=93450) _run_loop /opt/stack/data/venv/lib/python3.12/site-packages/oslo_service/backend/_threading/loopingcall.py:125}}
Aug 17 08:38:30.341236 np0000007472 nova-scheduler[92208]: DEBUG dbcounter [-] [92208] Writing DB stats nova_api:SELECT=3 {{(pid=92208) stat_writer /opt/stack/data/venv/lib/python3.12/site-packages/dbcounter.py:115}}
Aug 17 08:38:30.492394 np0000007472 nova-scheduler[92208]: DEBUG dbcounter [-] [92208] Writing DB stats nova_cell0:SELECT=1 {{(pid=92208) stat_writer /opt/stack/data/venv/lib/python3.12/site-packages/dbcounter.py:115}}
Aug 17 08:38:30.500643 np0000007472 nova-scheduler[92208]: DEBUG dbcounter [-] [92208] Writing DB stats nova_cell1:SELECT=1 {{(pid=92208) stat_writer /opt/stack/data/venv/lib/python3.12/site-packages/dbcounter.py:115}}
Aug 17 08:38:36.760067 np0000007472 nova-scheduler[93433]: DEBUG dbcounter [-] [93433] Writing DB stats nova_cell0:SELECT=4,nova_cell0:INSERT=1,nova_cell0:UPDATE=1 {{(pid=93433) stat_writer /opt/stack/data/venv/lib/python3.12/site-packages/dbcounter.py:115}}
Aug 17 08:38:36.787462 np0000007472 nova-scheduler[93480]: DEBUG dbcounter [-] [93480] Writing DB stats nova_cell0:SELECT=3 {{(pid=93480) stat_writer /opt/stack/data/venv/lib/python3.12/site-packages/dbcounter.py:115}}
Aug 17 08:38:36.787923 np0000007472 nova-scheduler[93450]: DEBUG dbcounter [-] [93450] Writing DB stats nova_cell0:SELECT=3 {{(pid=93450) stat_writer /opt/stack/data/venv/lib/python3.12/site-packages/dbcounter.py:115}}
Aug 17 08:38:53.753756 np0000007472 nova-scheduler[93433]: DEBUG oslo.service.backend._threading.loopingcall [None req-f74e2c61-31fb-4b09-86c9-17b71eed9609 None None] Dynamic interval looping call 'nova.service.Service.periodic_tasks' sleeping for 60.00 seconds {{(pid=93433) _run_loop /opt/stack/data/venv/lib/python3.12/site-packages/oslo_service/backend/_threading/loopingcall.py:125}}
Aug 17 08:38:55.780061 np0000007472 nova-scheduler[93450]: DEBUG oslo.service.backend._threading.loopingcall [None req-09a0edeb-2845-43c7-9ba6-fe0b5082aabb None None] Dynamic interval looping call 'nova.service.Service.periodic_tasks' sleeping for 60.00 seconds {{(pid=93450) _run_loop /opt/stack/data/venv/lib/python3.12/site-packages/oslo_service/backend/_threading/loopingcall.py:125}}
Aug 17 08:39:22.775100 np0000007472 nova-scheduler[93480]: DEBUG oslo.service.backend._threading.loopingcall [None req-db255a67-f7ed-46ee-80a2-c3decd7d53f6 None None] Dynamic interval looping call 'nova.service.Service.periodic_tasks' sleeping for 60.00 seconds {{(pid=93480) _run_loop /opt/stack/data/venv/lib/python3.12/site-packages/oslo_service/backend/_threading/loopingcall.py:125}}
Aug 17 08:39:53.754382 np0000007472 nova-scheduler[93433]: DEBUG oslo.service.backend._threading.loopingcall [None req-f74e2c61-31fb-4b09-86c9-17b71eed9609 None None] Dynamic interval looping call 'nova.service.Service.periodic_tasks' sleeping for 60.00 seconds {{(pid=93433) _run_loop /opt/stack/data/venv/lib/python3.12/site-packages/oslo_service/backend/_threading/loopingcall.py:125}}
Aug 17 08:39:55.780607 np0000007472 nova-scheduler[93450]: DEBUG oslo.service.backend._threading.loopingcall [None req-09a0edeb-2845-43c7-9ba6-fe0b5082aabb None None] Dynamic interval looping call 'nova.service.Service.periodic_tasks' sleeping for 60.00 seconds {{(pid=93450) _run_loop /opt/stack/data/venv/lib/python3.12/site-packages/oslo_service/backend/_threading/loopingcall.py:125}}
Aug 17 08:40:22.775624 np0000007472 nova-scheduler[93480]: DEBUG oslo.service.backend._threading.loopingcall [None req-db255a67-f7ed-46ee-80a2-c3decd7d53f6 None None] Dynamic interval looping call 'nova.service.Service.periodic_tasks' sleeping for 60.00 seconds {{(pid=93480) _run_loop /opt/stack/data/venv/lib/python3.12/site-packages/oslo_service/backend/_threading/loopingcall.py:125}}
Aug 17 08:40:26.763759 np0000007472 nova-scheduler[93433]: DEBUG oslo.service.backend._threading.loopingcall [-] Fixed interval looping call 'nova.servicegroup.drivers.db.DbDriver._report_state' sleeping for 119.99 seconds {{(pid=93433) _run_loop /opt/stack/data/venv/lib/python3.12/site-packages/oslo_service/backend/_threading/loopingcall.py:125}}
Aug 17 08:40:26.782160 np0000007472 nova-scheduler[93480]: DEBUG oslo.service.backend._threading.loopingcall [-] Fixed interval looping call 'nova.servicegroup.drivers.db.DbDriver._report_state' sleeping for 119.99 seconds {{(pid=93480) _run_loop /opt/stack/data/venv/lib/python3.12/site-packages/oslo_service/backend/_threading/loopingcall.py:125}}
Aug 17 08:40:26.787391 np0000007472 nova-scheduler[93450]: DEBUG oslo.service.backend._threading.loopingcall [-] Fixed interval looping call 'nova.servicegroup.drivers.db.DbDriver._report_state' sleeping for 119.99 seconds {{(pid=93450) _run_loop /opt/stack/data/venv/lib/python3.12/site-packages/oslo_service/backend/_threading/loopingcall.py:125}}
Aug 17 08:40:36.761053 np0000007472 nova-scheduler[93433]: DEBUG dbcounter [-] [93433] Writing DB stats nova_cell0:SELECT=1,nova_cell0:UPDATE=1 {{(pid=93433) stat_writer /opt/stack/data/venv/lib/python3.12/site-packages/dbcounter.py:115}}
Aug 17 08:40:36.781717 np0000007472 nova-scheduler[93480]: DEBUG dbcounter [-] [93480] Writing DB stats nova_cell0:SELECT=1 {{(pid=93480) stat_writer /opt/stack/data/venv/lib/python3.12/site-packages/dbcounter.py:115}}
Aug 17 08:40:36.786001 np0000007472 nova-scheduler[93450]: DEBUG dbcounter [-] [93450] Writing DB stats nova_cell0:SELECT=1 {{(pid=93450) stat_writer /opt/stack/data/venv/lib/python3.12/site-packages/dbcounter.py:115}}
Aug 17 08:40:53.754824 np0000007472 nova-scheduler[93433]: DEBUG oslo.service.backend._threading.loopingcall [None req-f74e2c61-31fb-4b09-86c9-17b71eed9609 None None] Dynamic interval looping call 'nova.service.Service.periodic_tasks' sleeping for 60.00 seconds {{(pid=93433) _run_loop /opt/stack/data/venv/lib/python3.12/site-packages/oslo_service/backend/_threading/loopingcall.py:125}}
Aug 17 08:40:55.781549 np0000007472 nova-scheduler[93450]: DEBUG oslo.service.backend._threading.loopingcall [None req-09a0edeb-2845-43c7-9ba6-fe0b5082aabb None None] Dynamic interval looping call 'nova.service.Service.periodic_tasks' sleeping for 60.00 seconds {{(pid=93450) _run_loop /opt/stack/data/venv/lib/python3.12/site-packages/oslo_service/backend/_threading/loopingcall.py:125}}
Aug 17 08:40:56.986341 np0000007472 nova-scheduler[93433]: DEBUG nova.scheduler.manager [None req-93358973-55f4-4a0b-9794-a5e3ad1508f3 tempest-AttachSCSIVolumeTestJSON-1962834464 tempest-AttachSCSIVolumeTestJSON-1962834464-project-member] Starting to schedule for instances: ['dfce304c-bf7b-4a72-8510-690b0a868dcd'] {{(pid=93433) select_destinations /opt/stack/nova/nova/scheduler/manager.py:197}}
Aug 17 08:40:56.986978 np0000007472 nova-scheduler[93433]: DEBUG nova.scheduler.request_filter [None req-93358973-55f4-4a0b-9794-a5e3ad1508f3 tempest-AttachSCSIVolumeTestJSON-1962834464 tempest-AttachSCSIVolumeTestJSON-1962834464-project-member] compute_status_filter request filter added forbidden trait COMPUTE_STATUS_DISABLED {{(pid=93433) compute_status_filter /opt/stack/nova/nova/scheduler/request_filter.py:253}}
Aug 17 08:40:56.987158 np0000007472 nova-scheduler[93433]: DEBUG nova.scheduler.request_filter [None req-93358973-55f4-4a0b-9794-a5e3ad1508f3 tempest-AttachSCSIVolumeTestJSON-1962834464 tempest-AttachSCSIVolumeTestJSON-1962834464-project-member] Request filter 'compute_status_filter' took 0.0 seconds {{(pid=93433) wrapper /opt/stack/nova/nova/scheduler/request_filter.py:46}}
Aug 17 08:40:56.987344 np0000007472 nova-scheduler[93433]: DEBUG nova.scheduler.request_filter [None req-93358973-55f4-4a0b-9794-a5e3ad1508f3 tempest-AttachSCSIVolumeTestJSON-1962834464 tempest-AttachSCSIVolumeTestJSON-1962834464-project-member] Request filter 'accelerators_filter' took 0.0 seconds {{(pid=93433) wrapper /opt/stack/nova/nova/scheduler/request_filter.py:46}}
Aug 17 08:40:56.987509 np0000007472 nova-scheduler[93433]: DEBUG nova.scheduler.request_filter [None req-93358973-55f4-4a0b-9794-a5e3ad1508f3 tempest-AttachSCSIVolumeTestJSON-1962834464 tempest-AttachSCSIVolumeTestJSON-1962834464-project-member] Request filter 'packed_virtqueue_filter' took 0.0 seconds {{(pid=93433) wrapper /opt/stack/nova/nova/scheduler/request_filter.py:46}}
Aug 17 08:40:56.987790 np0000007472 nova-scheduler[93433]: DEBUG nova.scheduler.request_filter [None req-93358973-55f4-4a0b-9794-a5e3ad1508f3 tempest-AttachSCSIVolumeTestJSON-1962834464 tempest-AttachSCSIVolumeTestJSON-1962834464-project-member] Request filter 'remote_managed_ports_filter' took 0.0 seconds {{(pid=93433) wrapper /opt/stack/nova/nova/scheduler/request_filter.py:46}}
Aug 17 08:40:56.987907 np0000007472 nova-scheduler[93433]: DEBUG nova.scheduler.request_filter [None req-93358973-55f4-4a0b-9794-a5e3ad1508f3 tempest-AttachSCSIVolumeTestJSON-1962834464 tempest-AttachSCSIVolumeTestJSON-1962834464-project-member] ephemeral_encryption_filter skipped {{(pid=93433) ephemeral_encryption_filter /opt/stack/nova/nova/scheduler/request_filter.py:426}}
Aug 17 08:40:56.988038 np0000007472 nova-scheduler[93433]: DEBUG nova.scheduler.request_filter [None req-93358973-55f4-4a0b-9794-a5e3ad1508f3 tempest-AttachSCSIVolumeTestJSON-1962834464 tempest-AttachSCSIVolumeTestJSON-1962834464-project-member] virtio_sound_filter skipped {{(pid=93433) virtio_sound_filter /opt/stack/nova/nova/scheduler/request_filter.py:460}}
Aug 17 08:40:56.988175 np0000007472 nova-scheduler[93433]: DEBUG nova.scheduler.request_filter [None req-93358973-55f4-4a0b-9794-a5e3ad1508f3 tempest-AttachSCSIVolumeTestJSON-1962834464 tempest-AttachSCSIVolumeTestJSON-1962834464-project-member] tpm_secret_security_filter skipped {{(pid=93433) tpm_secret_security_filter /opt/stack/nova/nova/scheduler/request_filter.py:477}}
Aug 17 08:40:57.408894 np0000007472 nova-scheduler[93433]: INFO nova.utils [None req-93358973-55f4-4a0b-9794-a5e3ad1508f3 tempest-AttachSCSIVolumeTestJSON-1962834464 tempest-AttachSCSIVolumeTestJSON-1962834464-project-member] The cell worker thread pool ForkProcess-1.cell_worker is initialized
Aug 17 08:40:57.409367 np0000007472 nova-scheduler[93433]: DEBUG oslo_concurrency.lockutils [None req-93358973-55f4-4a0b-9794-a5e3ad1508f3 tempest-AttachSCSIVolumeTestJSON-1962834464 tempest-AttachSCSIVolumeTestJSON-1962834464-project-member] Acquiring lock "49206a7a-5484-433c-bc5a-468386bb4af5" by "nova.context.set_target_cell..get_or_set_cached_cell_and_set_connections" {{(pid=93433) inner /opt/stack/data/venv/lib/python3.12/site-packages/oslo_concurrency/lockutils.py:512}}
Aug 17 08:40:57.409634 np0000007472 nova-scheduler[93433]: DEBUG oslo_concurrency.lockutils [None req-93358973-55f4-4a0b-9794-a5e3ad1508f3 tempest-AttachSCSIVolumeTestJSON-1962834464 tempest-AttachSCSIVolumeTestJSON-1962834464-project-member] Lock "49206a7a-5484-433c-bc5a-468386bb4af5" acquired by "nova.context.set_target_cell..get_or_set_cached_cell_and_set_connections" :: waited 0.000s {{(pid=93433) inner /opt/stack/data/venv/lib/python3.12/site-packages/oslo_concurrency/lockutils.py:525}}
Aug 17 08:40:57.413830 np0000007472 nova-scheduler[93433]: DEBUG oslo_concurrency.lockutils [None req-93358973-55f4-4a0b-9794-a5e3ad1508f3 tempest-AttachSCSIVolumeTestJSON-1962834464 tempest-AttachSCSIVolumeTestJSON-1962834464-project-member] Lock "49206a7a-5484-433c-bc5a-468386bb4af5" "released" by "nova.context.set_target_cell..get_or_set_cached_cell_and_set_connections" :: held 0.004s {{(pid=93433) inner /opt/stack/data/venv/lib/python3.12/site-packages/oslo_concurrency/lockutils.py:544}}
Aug 17 08:40:57.417298 np0000007472 nova-scheduler[93433]: INFO dbcounter [None req-93358973-55f4-4a0b-9794-a5e3ad1508f3 tempest-AttachSCSIVolumeTestJSON-1962834464 tempest-AttachSCSIVolumeTestJSON-1962834464-project-member] Registered counter for database nova_cell1
Aug 17 08:40:57.455868 np0000007472 nova-scheduler[93433]: DEBUG oslo_db.sqlalchemy.engines [None req-93358973-55f4-4a0b-9794-a5e3ad1508f3 tempest-AttachSCSIVolumeTestJSON-1962834464 tempest-AttachSCSIVolumeTestJSON-1962834464-project-member] MySQL server mode set to STRICT_TRANS_TABLES,STRICT_ALL_TABLES,NO_ZERO_IN_DATE,NO_ZERO_DATE,ERROR_FOR_DIVISION_BY_ZERO,TRADITIONAL,NO_ENGINE_SUBSTITUTION {{(pid=93433) _check_effective_sql_mode /opt/stack/data/venv/lib/python3.12/site-packages/oslo_db/sqlalchemy/engines.py:325}}
Aug 17 08:40:57.461916 np0000007472 nova-scheduler[93433]: DEBUG dbcounter [-] [93433] Writer thread running {{(pid=93433) stat_writer /opt/stack/data/venv/lib/python3.12/site-packages/dbcounter.py:102}}
Aug 17 08:40:57.472657 np0000007472 nova-scheduler[93433]: DEBUG oslo_db.sqlalchemy.engines [None req-93358973-55f4-4a0b-9794-a5e3ad1508f3 tempest-AttachSCSIVolumeTestJSON-1962834464 tempest-AttachSCSIVolumeTestJSON-1962834464-project-member] Parent process 92208 forked (93433) with an open database connection, which is being discarded and recreated. {{(pid=93433) checkout /opt/stack/data/venv/lib/python3.12/site-packages/oslo_db/sqlalchemy/engines.py:402}}
Aug 17 08:40:57.511303 np0000007472 nova-scheduler[93433]: DEBUG dbcounter [-] [93433] Writer thread running {{(pid=93433) stat_writer /opt/stack/data/venv/lib/python3.12/site-packages/dbcounter.py:102}}
Aug 17 08:40:57.513691 np0000007472 nova-scheduler[93433]: DEBUG oslo_concurrency.lockutils [None req-93358973-55f4-4a0b-9794-a5e3ad1508f3 tempest-AttachSCSIVolumeTestJSON-1962834464 tempest-AttachSCSIVolumeTestJSON-1962834464-project-member] Acquiring lock "49206a7a-5484-433c-bc5a-468386bb4af5" by "nova.context.set_target_cell..get_or_set_cached_cell_and_set_connections" {{(pid=93433) inner /opt/stack/data/venv/lib/python3.12/site-packages/oslo_concurrency/lockutils.py:512}}
Aug 17 08:40:57.513836 np0000007472 nova-scheduler[93433]: DEBUG oslo_concurrency.lockutils [None req-93358973-55f4-4a0b-9794-a5e3ad1508f3 tempest-AttachSCSIVolumeTestJSON-1962834464 tempest-AttachSCSIVolumeTestJSON-1962834464-project-member] Lock "49206a7a-5484-433c-bc5a-468386bb4af5" acquired by "nova.context.set_target_cell..get_or_set_cached_cell_and_set_connections" :: waited 0.000s {{(pid=93433) inner /opt/stack/data/venv/lib/python3.12/site-packages/oslo_concurrency/lockutils.py:525}}
Aug 17 08:40:57.513946 np0000007472 nova-scheduler[93433]: DEBUG oslo_concurrency.lockutils [None req-93358973-55f4-4a0b-9794-a5e3ad1508f3 tempest-AttachSCSIVolumeTestJSON-1962834464 tempest-AttachSCSIVolumeTestJSON-1962834464-project-member] Lock "49206a7a-5484-433c-bc5a-468386bb4af5" "released" by "nova.context.set_target_cell..get_or_set_cached_cell_and_set_connections" :: held 0.000s {{(pid=93433) inner /opt/stack/data/venv/lib/python3.12/site-packages/oslo_concurrency/lockutils.py:544}}
Aug 17 08:40:57.516986 np0000007472 nova-scheduler[93433]: DEBUG oslo_concurrency.lockutils [None req-93358973-55f4-4a0b-9794-a5e3ad1508f3 tempest-AttachSCSIVolumeTestJSON-1962834464 tempest-AttachSCSIVolumeTestJSON-1962834464-project-member] Acquiring lock "np0000007472-np0000007472" by "nova.scheduler.host_manager.HostState.update.._locked_update" {{(pid=93433) inner /opt/stack/data/venv/lib/python3.12/site-packages/oslo_concurrency/lockutils.py:512}}
Aug 17 08:40:57.517212 np0000007472 nova-scheduler[93433]: DEBUG oslo_concurrency.lockutils [None req-93358973-55f4-4a0b-9794-a5e3ad1508f3 tempest-AttachSCSIVolumeTestJSON-1962834464 tempest-AttachSCSIVolumeTestJSON-1962834464-project-member] Lock "np0000007472-np0000007472" acquired by "nova.scheduler.host_manager.HostState.update.._locked_update" :: waited 0.000s {{(pid=93433) inner /opt/stack/data/venv/lib/python3.12/site-packages/oslo_concurrency/lockutils.py:525}}
Aug 17 08:40:57.518369 np0000007472 nova-scheduler[93433]: DEBUG nova.scheduler.host_manager [None req-93358973-55f4-4a0b-9794-a5e3ad1508f3 tempest-AttachSCSIVolumeTestJSON-1962834464 tempest-AttachSCSIVolumeTestJSON-1962834464-project-member] Update host state from compute node: ComputeNode(cpu_allocation_ratio=4.0,cpu_info='{"arch": "x86_64", "model": "EPYC-Milan", "vendor": "AMD", "topology": {"cells": 1, "sockets": 16, "cores": 1, "threads": 1}, "maxphysaddr": {"mode": "emulate", "bits": 40}, "features": ["mmxext", "cmp_legacy", "apic", "rdpid", "cmov", "smep", "xsaveopt", "skip-l1dfl-vmentry", "amd-psfd", "fsrm", "pge", "mtrr", "clwb", "mds-no", "smap", "stibp", "pat", "rdseed", "movbe", "pschange-mc-no", "xsavec", "amd-ssbd", "avx", "lm", "osvw", "tsc-scale", "gds-no", "null-sel-clr-base", "f16c", "fpu", "no-nested-data-bp", "amd-stibp", "invpcid", "vgif", "svme-addr-chk", "sep", "nrip-save", "virt-ssbd", "cx8", "de", "popcnt", "xsave", "lahf_lm", "pae", "syscall", "xsaveerptr", "abm", "arat", "mmx", "ibpb", "arch-capabilities", "clzero", "pku", "xsaves", "pse", "npt", "sse4a", "ibrs", "adx", "vaes", "msr", "vmcb-clean", "vme", "ssbd", "3dnowprefetch", "spec-ctrl", "flushbyasid", "bmi1", "fma", "mca", "fxsr_opt", "perfctr_core", "tsc", "x2apic", "fsgsbase", "umip", "erms", "vpclmulqdq", "rdrand", "bmi2", "pni", "cx16", "sse", "xgetbv1", "sse4.2", "cr8legacy", "nx", "stibp-always-on", "sha-ni", "topoext", "lbrv", "hypervisor", "aes", "clflush", "mce", "lfence-always-serializing", "pse36", "fxsr", "wbnoinvd", "tsc_adjust", "pcid", "sse2", "pclmuldq", "pfthreshold", "tsc-deadline", "rdtscp", "pdpe1gb", "v-vmsave-vmload", "rdctl-no", "pause-filter", "svm", "avx2", "sse4.1", "ssse3", "clflushopt", "misalignsse"]}',created_at=2026-08-17T08:38:42Z,current_workload=0,deleted=False,deleted_at=None,disk_allocation_ratio=1.0,disk_available_least=73,free_disk_gb=95,free_ram_mb=62765,host='np0000007472',host_ip=10.4.3.231,hypervisor_hostname='np0000007472',hypervisor_type='QEMU',hypervisor_version=8002002,id=1,local_gb=95,local_gb_used=0,mapped=1,memory_mb=63277,memory_mb_used=512,metrics='[]',numa_topology='{"nova_object.name": "NUMATopology", "nova_object.namespace": "nova", "nova_object.version": "1.2", "nova_object.data": {"cells": [{"nova_object.name": "NUMACell", "nova_object.namespace": "nova", "nova_object.version": "1.5", "nova_object.data": {"id": 0, "cpuset": [0, 1, 2, 3, 4, 5, 6, 7, 8, 9, 10, 11, 12, 13, 14, 15], "pcpuset": [0, 1, 2, 3, 4, 5, 6, 7, 8, 9, 10, 11, 12, 13, 14, 15], "memory": 63277, "cpu_usage": 0, "memory_usage": 0, "pinned_cpus": [], "siblings": [[6], [12], [2], [15], [5], [11], [8], [14], [4], [1], [7], [10], [0], [13], [3], [9]], "mempages": [{"nova_object.name": "NUMAPagesTopology", "nova_object.namespace": "nova", "nova_object.version": "1.1", "nova_object.data": {"size_kb": 4, "total": 16177927, "used": 0, "reserved": 0}, "nova_object.changes": ["used", "total", "size_kb", "reserved"]}, {"nova_object.name": "NUMAPagesTopology", "nova_object.namespace": "nova", "nova_object.version": "1.1", "nova_object.data": {"size_kb": 2048, "total": 41, "used": 0, "reserved": 0}, "nova_object.changes": ["used", "total", "size_kb", "reserved"]}, {"nova_object.name": "NUMAPagesTopology", "nova_object.namespace": "nova", "nova_object.version": "1.1", "nova_object.data": {"size_kb": 1048576, "total": 0, "used": 0, "reserved": 0}, "nova_object.changes": ["used", "total", "size_kb", "reserved"]}], "network_metadata": {"nova_object.name": "NetworkMetadata", "nova_object.namespace": "nova", "nova_object.version": "1.0", "nova_object.data": {"physnets": [], "tunneled": false}, "nova_object.changes": ["tunneled", "physnets"]}, "socket": null}, "nova_object.changes": ["socket", "pcpuset", "memory", "id", "siblings", "network_metadata", "cpu_usage", "memory_usage", "mempages", "cpuset", "pinned_cpus"]}]}, "nova_object.changes": ["cells"]}',pci_device_pools=PciDevicePoolList,ram_allocation_ratio=1.0,running_vms=0,service_id=2,stats={failed_builds='0',uptime=' 08:40:31 up 13 min, 2 users, load average: 1.74, 1.75, 0.95
Aug 17 08:40:57.518369 np0000007472 nova-scheduler[93433]: '},supported_hv_specs=[HVSpec,HVSpec,HVSpec,HVSpec,HVSpec,HVSpec,HVSpec,HVSpec,HVSpec,HVSpec,HVSpec,HVSpec,HVSpec,HVSpec,HVSpec,HVSpec,HVSpec,HVSpec,HVSpec,HVSpec,HVSpec,HVSpec,HVSpec,HVSpec,HVSpec],updated_at=2026-08-17T08:40:31Z,uuid=3f0e5ab0-884e-46b1-8286-308a4e38c54b,vcpus=16,vcpus_used=0) {{(pid=93433) _locked_update /opt/stack/nova/nova/scheduler/host_manager.py:168}}
Aug 17 08:40:57.519270 np0000007472 nova-scheduler[93433]: DEBUG nova.scheduler.host_manager [None req-93358973-55f4-4a0b-9794-a5e3ad1508f3 tempest-AttachSCSIVolumeTestJSON-1962834464 tempest-AttachSCSIVolumeTestJSON-1962834464-project-member] Update host state with aggregates: [] {{(pid=93433) _locked_update /opt/stack/nova/nova/scheduler/host_manager.py:171}}
Aug 17 08:40:57.519427 np0000007472 nova-scheduler[93433]: DEBUG nova.scheduler.host_manager [None req-93358973-55f4-4a0b-9794-a5e3ad1508f3 tempest-AttachSCSIVolumeTestJSON-1962834464 tempest-AttachSCSIVolumeTestJSON-1962834464-project-member] Update host state with service dict: {'id': 2, 'uuid': '384a6d7f-38d4-4dd9-8ce6-1902b055fd2e', 'host': 'np0000007472', 'binary': 'nova-compute', 'topic': 'compute', 'report_count': 2, 'disabled': False, 'disabled_reason': None, 'last_seen_up': datetime.datetime(2026, 8, 17, 8, 40, 49, tzinfo=datetime.timezone.utc), 'forced_down': False, 'version': 72, 'created_at': datetime.datetime(2026, 8, 17, 8, 38, 42, tzinfo=datetime.timezone.utc), 'updated_at': datetime.datetime(2026, 8, 17, 8, 40, 49, tzinfo=datetime.timezone.utc), 'deleted_at': None, 'deleted': False} {{(pid=93433) _locked_update /opt/stack/nova/nova/scheduler/host_manager.py:174}}
Aug 17 08:40:57.519589 np0000007472 nova-scheduler[93433]: DEBUG nova.scheduler.host_manager [None req-93358973-55f4-4a0b-9794-a5e3ad1508f3 tempest-AttachSCSIVolumeTestJSON-1962834464 tempest-AttachSCSIVolumeTestJSON-1962834464-project-member] Update host state with instances: [] {{(pid=93433) _locked_update /opt/stack/nova/nova/scheduler/host_manager.py:177}}
Aug 17 08:40:57.519747 np0000007472 nova-scheduler[93433]: DEBUG oslo_concurrency.lockutils [None req-93358973-55f4-4a0b-9794-a5e3ad1508f3 tempest-AttachSCSIVolumeTestJSON-1962834464 tempest-AttachSCSIVolumeTestJSON-1962834464-project-member] Lock "np0000007472-np0000007472" "released" by "nova.scheduler.host_manager.HostState.update.._locked_update" :: held 0.003s {{(pid=93433) inner /opt/stack/data/venv/lib/python3.12/site-packages/oslo_concurrency/lockutils.py:544}}
Aug 17 08:40:57.520325 np0000007472 nova-scheduler[93433]: DEBUG nova.filters [None req-93358973-55f4-4a0b-9794-a5e3ad1508f3 tempest-AttachSCSIVolumeTestJSON-1962834464 tempest-AttachSCSIVolumeTestJSON-1962834464-project-member] Starting with 1 host(s) {{(pid=93433) get_filtered_objects /opt/stack/nova/nova/filters.py:70}}
Aug 17 08:40:57.520594 np0000007472 nova-scheduler[93433]: DEBUG nova.filters [None req-93358973-55f4-4a0b-9794-a5e3ad1508f3 tempest-AttachSCSIVolumeTestJSON-1962834464 tempest-AttachSCSIVolumeTestJSON-1962834464-project-member] Filter ComputeFilter returned 1 host(s) {{(pid=93433) get_filtered_objects /opt/stack/nova/nova/filters.py:102}}
Aug 17 08:40:57.520750 np0000007472 nova-scheduler[93433]: DEBUG nova.filters [None req-93358973-55f4-4a0b-9794-a5e3ad1508f3 tempest-AttachSCSIVolumeTestJSON-1962834464 tempest-AttachSCSIVolumeTestJSON-1962834464-project-member] Filter ComputeCapabilitiesFilter returned 1 host(s) {{(pid=93433) get_filtered_objects /opt/stack/nova/nova/filters.py:102}}
Aug 17 08:40:57.520985 np0000007472 nova-scheduler[93433]: DEBUG nova.filters [None req-93358973-55f4-4a0b-9794-a5e3ad1508f3 tempest-AttachSCSIVolumeTestJSON-1962834464 tempest-AttachSCSIVolumeTestJSON-1962834464-project-member] Filter ImagePropertiesFilter returned 1 host(s) {{(pid=93433) get_filtered_objects /opt/stack/nova/nova/filters.py:102}}
Aug 17 08:40:57.521115 np0000007472 nova-scheduler[93433]: DEBUG nova.filters [None req-93358973-55f4-4a0b-9794-a5e3ad1508f3 tempest-AttachSCSIVolumeTestJSON-1962834464 tempest-AttachSCSIVolumeTestJSON-1962834464-project-member] Filter ServerGroupAntiAffinityFilter returned 1 host(s) {{(pid=93433) get_filtered_objects /opt/stack/nova/nova/filters.py:102}}
Aug 17 08:40:57.521220 np0000007472 nova-scheduler[93433]: DEBUG nova.filters [None req-93358973-55f4-4a0b-9794-a5e3ad1508f3 tempest-AttachSCSIVolumeTestJSON-1962834464 tempest-AttachSCSIVolumeTestJSON-1962834464-project-member] Filter ServerGroupAffinityFilter returned 1 host(s) {{(pid=93433) get_filtered_objects /opt/stack/nova/nova/filters.py:102}}
Aug 17 08:40:57.521333 np0000007472 nova-scheduler[93433]: DEBUG nova.filters [None req-93358973-55f4-4a0b-9794-a5e3ad1508f3 tempest-AttachSCSIVolumeTestJSON-1962834464 tempest-AttachSCSIVolumeTestJSON-1962834464-project-member] Filter SameHostFilter returned 1 host(s) {{(pid=93433) get_filtered_objects /opt/stack/nova/nova/filters.py:102}}
Aug 17 08:40:57.521432 np0000007472 nova-scheduler[93433]: DEBUG nova.filters [None req-93358973-55f4-4a0b-9794-a5e3ad1508f3 tempest-AttachSCSIVolumeTestJSON-1962834464 tempest-AttachSCSIVolumeTestJSON-1962834464-project-member] Filter DifferentHostFilter returned 1 host(s) {{(pid=93433) get_filtered_objects /opt/stack/nova/nova/filters.py:102}}
Aug 17 08:40:57.521557 np0000007472 nova-scheduler[93433]: DEBUG nova.scheduler.manager [None req-93358973-55f4-4a0b-9794-a5e3ad1508f3 tempest-AttachSCSIVolumeTestJSON-1962834464 tempest-AttachSCSIVolumeTestJSON-1962834464-project-member] Filtered [(np0000007472, np0000007472) ram: 62765MB disk: 74752MB io_ops: 0 instances: 0, allocation_candidates: 1] {{(pid=93433) _get_sorted_hosts /opt/stack/nova/nova/scheduler/manager.py:730}}
Aug 17 08:40:57.521734 np0000007472 nova-scheduler[93433]: DEBUG nova.scheduler.manager [None req-93358973-55f4-4a0b-9794-a5e3ad1508f3 tempest-AttachSCSIVolumeTestJSON-1962834464 tempest-AttachSCSIVolumeTestJSON-1962834464-project-member] Weighed [WeighedHost [host: (np0000007472, np0000007472) ram: 62765MB disk: 74752MB io_ops: 0 instances: 0, allocation_candidates: 1, weight: 0.0]] {{(pid=93433) _get_sorted_hosts /opt/stack/nova/nova/scheduler/manager.py:752}}
Aug 17 08:40:57.521896 np0000007472 nova-scheduler[93433]: DEBUG nova.scheduler.utils [None req-93358973-55f4-4a0b-9794-a5e3ad1508f3 tempest-AttachSCSIVolumeTestJSON-1962834464 tempest-AttachSCSIVolumeTestJSON-1962834464-project-member] Attempting to claim resources in the placement API for instance dfce304c-bf7b-4a72-8510-690b0a868dcd {{(pid=93433) claim_resources /opt/stack/nova/nova/scheduler/utils.py:1345}}
Aug 17 08:40:57.674981 np0000007472 nova-scheduler[93433]: DEBUG nova.scheduler.manager [None req-93358973-55f4-4a0b-9794-a5e3ad1508f3 tempest-AttachSCSIVolumeTestJSON-1962834464 tempest-AttachSCSIVolumeTestJSON-1962834464-project-member] [instance: dfce304c-bf7b-4a72-8510-690b0a868dcd] Selected host: (np0000007472, np0000007472) ram: 62765MB disk: 74752MB io_ops: 0 instances: 0, allocation_candidates: 1 {{(pid=93433) _consume_selected_host /opt/stack/nova/nova/scheduler/manager.py:612}}
Aug 17 08:40:57.675361 np0000007472 nova-scheduler[93433]: DEBUG oslo_concurrency.lockutils [None req-93358973-55f4-4a0b-9794-a5e3ad1508f3 tempest-AttachSCSIVolumeTestJSON-1962834464 tempest-AttachSCSIVolumeTestJSON-1962834464-project-member] Acquiring lock "np0000007472-np0000007472" by "nova.scheduler.host_manager.HostState.consume_from_request.._locked" {{(pid=93433) inner /opt/stack/data/venv/lib/python3.12/site-packages/oslo_concurrency/lockutils.py:512}}
Aug 17 08:40:57.675577 np0000007472 nova-scheduler[93433]: DEBUG oslo_concurrency.lockutils [None req-93358973-55f4-4a0b-9794-a5e3ad1508f3 tempest-AttachSCSIVolumeTestJSON-1962834464 tempest-AttachSCSIVolumeTestJSON-1962834464-project-member] Lock "np0000007472-np0000007472" acquired by "nova.scheduler.host_manager.HostState.consume_from_request.._locked" :: waited 0.000s {{(pid=93433) inner /opt/stack/data/venv/lib/python3.12/site-packages/oslo_concurrency/lockutils.py:525}}
Aug 17 08:40:57.675747 np0000007472 nova-scheduler[93433]: DEBUG oslo_concurrency.lockutils [None req-93358973-55f4-4a0b-9794-a5e3ad1508f3 tempest-AttachSCSIVolumeTestJSON-1962834464 tempest-AttachSCSIVolumeTestJSON-1962834464-project-member] Lock "np0000007472-np0000007472" "released" by "nova.scheduler.host_manager.HostState.consume_from_request.._locked" :: held 0.000s {{(pid=93433) inner /opt/stack/data/venv/lib/python3.12/site-packages/oslo_concurrency/lockutils.py:544}}
Aug 17 08:40:59.799582 np0000007472 nova-scheduler[93480]: DEBUG nova.scheduler.manager [None req-0d1a51fd-aeb3-4fc9-8b50-efc56cb73215 tempest-TaggedAttachmentsTest-1267921890 tempest-TaggedAttachmentsTest-1267921890-project-member] Starting to schedule for instances: ['6858b85c-2093-4c5d-9a07-d31b806f398f'] {{(pid=93480) select_destinations /opt/stack/nova/nova/scheduler/manager.py:197}}
Aug 17 08:40:59.800580 np0000007472 nova-scheduler[93480]: DEBUG nova.scheduler.request_filter [None req-0d1a51fd-aeb3-4fc9-8b50-efc56cb73215 tempest-TaggedAttachmentsTest-1267921890 tempest-TaggedAttachmentsTest-1267921890-project-member] compute_status_filter request filter added forbidden trait COMPUTE_STATUS_DISABLED {{(pid=93480) compute_status_filter /opt/stack/nova/nova/scheduler/request_filter.py:253}}
Aug 17 08:40:59.800728 np0000007472 nova-scheduler[93480]: DEBUG nova.scheduler.request_filter [None req-0d1a51fd-aeb3-4fc9-8b50-efc56cb73215 tempest-TaggedAttachmentsTest-1267921890 tempest-TaggedAttachmentsTest-1267921890-project-member] Request filter 'compute_status_filter' took 0.0 seconds {{(pid=93480) wrapper /opt/stack/nova/nova/scheduler/request_filter.py:46}}
Aug 17 08:40:59.800830 np0000007472 nova-scheduler[93480]: DEBUG nova.scheduler.request_filter [None req-0d1a51fd-aeb3-4fc9-8b50-efc56cb73215 tempest-TaggedAttachmentsTest-1267921890 tempest-TaggedAttachmentsTest-1267921890-project-member] Request filter 'accelerators_filter' took 0.0 seconds {{(pid=93480) wrapper /opt/stack/nova/nova/scheduler/request_filter.py:46}}
Aug 17 08:40:59.801065 np0000007472 nova-scheduler[93480]: DEBUG nova.scheduler.request_filter [None req-0d1a51fd-aeb3-4fc9-8b50-efc56cb73215 tempest-TaggedAttachmentsTest-1267921890 tempest-TaggedAttachmentsTest-1267921890-project-member] Request filter 'packed_virtqueue_filter' took 0.0 seconds {{(pid=93480) wrapper /opt/stack/nova/nova/scheduler/request_filter.py:46}}
Aug 17 08:40:59.801342 np0000007472 nova-scheduler[93480]: DEBUG nova.scheduler.request_filter [None req-0d1a51fd-aeb3-4fc9-8b50-efc56cb73215 tempest-TaggedAttachmentsTest-1267921890 tempest-TaggedAttachmentsTest-1267921890-project-member] Request filter 'remote_managed_ports_filter' took 0.0 seconds {{(pid=93480) wrapper /opt/stack/nova/nova/scheduler/request_filter.py:46}}
Aug 17 08:40:59.801870 np0000007472 nova-scheduler[93480]: DEBUG nova.scheduler.request_filter [None req-0d1a51fd-aeb3-4fc9-8b50-efc56cb73215 tempest-TaggedAttachmentsTest-1267921890 tempest-TaggedAttachmentsTest-1267921890-project-member] ephemeral_encryption_filter skipped {{(pid=93480) ephemeral_encryption_filter /opt/stack/nova/nova/scheduler/request_filter.py:426}}
