Jul 23 01:03:20.619975 np0000005684 systemd[1]: Starting devstack@n-api-meta.service - Devstack devstack@n-api-meta.service...
Jul 23 01:03:20.624963 np0000005684 devstack@n-api-meta.service[95996]: [uWSGI] getting INI configuration from /etc/nova/nova-metadata-uwsgi.ini
Jul 23 01:03:20.627164 np0000005684 devstack@n-api-meta.service[95996]: *** Starting uWSGI 2.0.24-debian (64bit) on [Thu Jul 23 01:03:20 2026] ***
Jul 23 01:03:20.627164 np0000005684 devstack@n-api-meta.service[95996]: compiled with version: 13.2.0 on 17 April 2024 16:23:48
Jul 23 01:03:20.627164 np0000005684 devstack@n-api-meta.service[95996]: os: Linux-6.8.0-100-generic #100-Ubuntu SMP PREEMPT_DYNAMIC Tue Jan 13 16:40:06 UTC 2026
Jul 23 01:03:20.627164 np0000005684 devstack@n-api-meta.service[95996]: nodename: np0000005684
Jul 23 01:03:20.627164 np0000005684 devstack@n-api-meta.service[95996]: machine: x86_64
Jul 23 01:03:20.627164 np0000005684 devstack@n-api-meta.service[95996]: clock source: unix
Jul 23 01:03:20.627164 np0000005684 devstack@n-api-meta.service[95996]: pcre jit disabled
Jul 23 01:03:20.627164 np0000005684 devstack@n-api-meta.service[95996]: detected number of CPU cores: 16
Jul 23 01:03:20.627164 np0000005684 devstack@n-api-meta.service[95996]: current working directory: /
Jul 23 01:03:20.627164 np0000005684 devstack@n-api-meta.service[95996]: detected binary path: /usr/bin/uwsgi-core
Jul 23 01:03:20.627164 np0000005684 devstack@n-api-meta.service[95996]: your processes number limit is 257052
Jul 23 01:03:20.627164 np0000005684 devstack@n-api-meta.service[95996]: your memory page size is 4096 bytes
Jul 23 01:03:20.627164 np0000005684 devstack@n-api-meta.service[95996]: detected max file descriptor number: 2048
Jul 23 01:03:20.627164 np0000005684 devstack@n-api-meta.service[95996]: lock engine: pthread robust mutexes
Jul 23 01:03:20.627465 np0000005684 devstack@n-api-meta.service[95996]: thunder lock: enabled
Jul 23 01:03:20.627551 np0000005684 devstack@n-api-meta.service[95996]: uWSGI http bound on 0.0.0.0:8775 fd 5
Jul 23 01:03:20.627587 np0000005684 devstack@n-api-meta.service[95996]: uwsgi socket 0 bound to TCP address 127.0.0.1:45053 (port auto-assigned) fd 4
Jul 23 01:03:20.627612 np0000005684 devstack@n-api-meta.service[95996]: Python version: 3.12.3 (main, Jun 19 2026, 12:46:00) [GCC 13.3.0]
Jul 23 01:03:20.627612 np0000005684 devstack@n-api-meta.service[95996]: PEP 405 virtualenv detected: /opt/stack/data/venv
Jul 23 01:03:20.627612 np0000005684 devstack@n-api-meta.service[95996]: Set PythonHome to /opt/stack/data/venv
Jul 23 01:03:20.661090 np0000005684 devstack@n-api-meta.service[95996]: Python main interpreter initialized at 0x757cd28a4668
Jul 23 01:03:20.661090 np0000005684 devstack@n-api-meta.service[95996]: python threads support enabled
Jul 23 01:03:20.661090 np0000005684 devstack@n-api-meta.service[95996]: your server socket listen backlog is limited to 100 connections
Jul 23 01:03:20.661090 np0000005684 devstack@n-api-meta.service[95996]: your mercy for graceful operations on workers is 80 seconds
Jul 23 01:03:20.661638 np0000005684 devstack@n-api-meta.service[95996]: mapped 671795 bytes (656 KB) for 4 cores
Jul 23 01:03:20.661786 np0000005684 devstack@n-api-meta.service[95996]: *** Operational MODE: preforking ***
Jul 23 01:03:20.661953 np0000005684 devstack@n-api-meta.service[95996]: *** uWSGI is running in multiple interpreter mode ***
Jul 23 01:03:20.661953 np0000005684 devstack@n-api-meta.service[95996]: spawned uWSGI master process (pid: 95996)
Jul 23 01:03:20.662099 np0000005684 systemd[1]: Started devstack@n-api-meta.service - Devstack devstack@n-api-meta.service.
Jul 23 01:03:20.662465 np0000005684 devstack@n-api-meta.service[95996]: spawned uWSGI worker 1 (pid: 95997, cores: 1)
Jul 23 01:03:20.662907 np0000005684 devstack@n-api-meta.service[95996]: spawned uWSGI worker 2 (pid: 95998, cores: 1)
Jul 23 01:03:20.663305 np0000005684 devstack@n-api-meta.service[95996]: spawned uWSGI worker 3 (pid: 95999, cores: 1)
Jul 23 01:03:20.663705 np0000005684 devstack@n-api-meta.service[95996]: spawned uWSGI worker 4 (pid: 96000, cores: 1)
Jul 23 01:03:20.664456 np0000005684 devstack@n-api-meta.service[95996]: spawned uWSGI http 1 (pid: 96001)
Jul 23 01:03:20.664456 np0000005684 devstack@n-api-meta.service[95996]: running "unix_signal:15 gracefully_kill_them_all" (master-start)...
Jul 23 01:03:22.239505 np0000005684 devstack@n-api-meta.service[96000]: INFO dbcounter [None req-6cf060a6-ea2c-40dc-91d4-f7bfa99b683c None None] Registered counter for database nova_api
Jul 23 01:03:22.284331 np0000005684 devstack@n-api-meta.service[96000]: DEBUG oslo_db.sqlalchemy.engines [None req-6cf060a6-ea2c-40dc-91d4-f7bfa99b683c None None] MySQL server mode set to STRICT_TRANS_TABLES,STRICT_ALL_TABLES,NO_ZERO_IN_DATE,NO_ZERO_DATE,ERROR_FOR_DIVISION_BY_ZERO,TRADITIONAL,NO_ENGINE_SUBSTITUTION {{(pid=96000) _check_effective_sql_mode /opt/stack/data/venv/lib/python3.12/site-packages/oslo_db/sqlalchemy/engines.py:325}}
Jul 23 01:03:22.307605 np0000005684 devstack@n-api-meta.service[95997]: INFO dbcounter [None req-2e2fe4fa-d8b9-48c1-805f-35c53368c4e4 None None] Registered counter for database nova_api
Jul 23 01:03:22.316621 np0000005684 devstack@n-api-meta.service[96000]: DEBUG dbcounter [-] [96000] Writer thread running {{(pid=96000) stat_writer /opt/stack/data/venv/lib/python3.12/site-packages/dbcounter.py:102}}
Jul 23 01:03:22.319193 np0000005684 devstack@n-api-meta.service[96000]: DEBUG nova.context [None req-6cf060a6-ea2c-40dc-91d4-f7bfa99b683c None None] Found 2 cells: 00000000-0000-0000-0000-000000000000(cell0),7defcc27-7279-4b3b-a999-0f527b79574d(cell1) {{(pid=96000) load_cells /opt/stack/nova/nova/context.py:509}}
Jul 23 01:03:22.319525 np0000005684 devstack@n-api-meta.service[96000]: INFO nova.utils [None req-6cf060a6-ea2c-40dc-91d4-f7bfa99b683c None None] The cell worker thread pool MainProcess.cell_worker is initialized
Jul 23 01:03:22.320702 np0000005684 devstack@n-api-meta.service[95999]: INFO dbcounter [None req-29caf5a0-745b-49ae-ad6d-3a317bbc79d7 None None] Registered counter for database nova_api
Jul 23 01:03:22.321325 np0000005684 devstack@n-api-meta.service[96000]: DEBUG oslo_concurrency.lockutils [None req-6cf060a6-ea2c-40dc-91d4-f7bfa99b683c None None] Acquiring lock "00000000-0000-0000-0000-000000000000" by "nova.context.set_target_cell..get_or_set_cached_cell_and_set_connections" {{(pid=96000) inner /opt/stack/data/venv/lib/python3.12/site-packages/oslo_concurrency/lockutils.py:512}}
Jul 23 01:03:22.321499 np0000005684 devstack@n-api-meta.service[96000]: DEBUG oslo_concurrency.lockutils [None req-6cf060a6-ea2c-40dc-91d4-f7bfa99b683c None None] Lock "00000000-0000-0000-0000-000000000000" acquired by "nova.context.set_target_cell..get_or_set_cached_cell_and_set_connections" :: waited 0.000s {{(pid=96000) inner /opt/stack/data/venv/lib/python3.12/site-packages/oslo_concurrency/lockutils.py:525}}
Jul 23 01:03:22.321917 np0000005684 devstack@n-api-meta.service[96000]: DEBUG oslo_concurrency.lockutils [None req-6cf060a6-ea2c-40dc-91d4-f7bfa99b683c None None] Lock "00000000-0000-0000-0000-000000000000" "released" by "nova.context.set_target_cell..get_or_set_cached_cell_and_set_connections" :: held 0.000s {{(pid=96000) inner /opt/stack/data/venv/lib/python3.12/site-packages/oslo_concurrency/lockutils.py:544}}
Jul 23 01:03:22.322650 np0000005684 devstack@n-api-meta.service[96000]: DEBUG oslo_concurrency.lockutils [None req-6cf060a6-ea2c-40dc-91d4-f7bfa99b683c None None] Acquiring lock "7defcc27-7279-4b3b-a999-0f527b79574d" by "nova.context.set_target_cell..get_or_set_cached_cell_and_set_connections" {{(pid=96000) inner /opt/stack/data/venv/lib/python3.12/site-packages/oslo_concurrency/lockutils.py:512}}
Jul 23 01:03:22.322831 np0000005684 devstack@n-api-meta.service[96000]: DEBUG oslo_concurrency.lockutils [None req-6cf060a6-ea2c-40dc-91d4-f7bfa99b683c None None] Lock "7defcc27-7279-4b3b-a999-0f527b79574d" acquired by "nova.context.set_target_cell..get_or_set_cached_cell_and_set_connections" :: waited 0.000s {{(pid=96000) inner /opt/stack/data/venv/lib/python3.12/site-packages/oslo_concurrency/lockutils.py:525}}
Jul 23 01:03:22.323767 np0000005684 devstack@n-api-meta.service[96000]: DEBUG oslo_concurrency.lockutils [None req-6cf060a6-ea2c-40dc-91d4-f7bfa99b683c None None] Lock "7defcc27-7279-4b3b-a999-0f527b79574d" "released" by "nova.context.set_target_cell..get_or_set_cached_cell_and_set_connections" :: held 0.001s {{(pid=96000) inner /opt/stack/data/venv/lib/python3.12/site-packages/oslo_concurrency/lockutils.py:544}}
Jul 23 01:03:22.326899 np0000005684 devstack@n-api-meta.service[96000]: INFO dbcounter [None req-6cf060a6-ea2c-40dc-91d4-f7bfa99b683c None None] Registered counter for database nova_cell0
Jul 23 01:03:22.331715 np0000005684 devstack@n-api-meta.service[96000]: INFO dbcounter [None req-6cf060a6-ea2c-40dc-91d4-f7bfa99b683c None None] Registered counter for database nova_cell1
Jul 23 01:03:22.356847 np0000005684 devstack@n-api-meta.service[95997]: DEBUG oslo_db.sqlalchemy.engines [None req-2e2fe4fa-d8b9-48c1-805f-35c53368c4e4 None None] MySQL server mode set to STRICT_TRANS_TABLES,STRICT_ALL_TABLES,NO_ZERO_IN_DATE,NO_ZERO_DATE,ERROR_FOR_DIVISION_BY_ZERO,TRADITIONAL,NO_ENGINE_SUBSTITUTION {{(pid=95997) _check_effective_sql_mode /opt/stack/data/venv/lib/python3.12/site-packages/oslo_db/sqlalchemy/engines.py:325}}
Jul 23 01:03:22.365620 np0000005684 devstack@n-api-meta.service[95999]: DEBUG oslo_db.sqlalchemy.engines [None req-29caf5a0-745b-49ae-ad6d-3a317bbc79d7 None None] MySQL server mode set to STRICT_TRANS_TABLES,STRICT_ALL_TABLES,NO_ZERO_IN_DATE,NO_ZERO_DATE,ERROR_FOR_DIVISION_BY_ZERO,TRADITIONAL,NO_ENGINE_SUBSTITUTION {{(pid=95999) _check_effective_sql_mode /opt/stack/data/venv/lib/python3.12/site-packages/oslo_db/sqlalchemy/engines.py:325}}
Jul 23 01:03:22.368388 np0000005684 devstack@n-api-meta.service[95998]: INFO dbcounter [None req-813e9172-6cf8-403b-9b5f-66680502dd25 None None] Registered counter for database nova_api
Jul 23 01:03:22.376298 np0000005684 devstack@n-api-meta.service[96000]: DEBUG oslo_db.sqlalchemy.engines [None req-6cf060a6-ea2c-40dc-91d4-f7bfa99b683c None None] MySQL server mode set to STRICT_TRANS_TABLES,STRICT_ALL_TABLES,NO_ZERO_IN_DATE,NO_ZERO_DATE,ERROR_FOR_DIVISION_BY_ZERO,TRADITIONAL,NO_ENGINE_SUBSTITUTION {{(pid=96000) _check_effective_sql_mode /opt/stack/data/venv/lib/python3.12/site-packages/oslo_db/sqlalchemy/engines.py:325}}
Jul 23 01:03:22.393573 np0000005684 devstack@n-api-meta.service[95999]: DEBUG dbcounter [-] [95999] Writer thread running {{(pid=95999) stat_writer /opt/stack/data/venv/lib/python3.12/site-packages/dbcounter.py:102}}
Jul 23 01:03:22.393782 np0000005684 devstack@n-api-meta.service[95997]: DEBUG dbcounter [-] [95997] Writer thread running {{(pid=95997) stat_writer /opt/stack/data/venv/lib/python3.12/site-packages/dbcounter.py:102}}
Jul 23 01:03:22.395604 np0000005684 devstack@n-api-meta.service[95999]: DEBUG nova.context [None req-29caf5a0-745b-49ae-ad6d-3a317bbc79d7 None None] Found 2 cells: 00000000-0000-0000-0000-000000000000(cell0),7defcc27-7279-4b3b-a999-0f527b79574d(cell1) {{(pid=95999) load_cells /opt/stack/nova/nova/context.py:509}}
Jul 23 01:03:22.395861 np0000005684 devstack@n-api-meta.service[95999]: INFO nova.utils [None req-29caf5a0-745b-49ae-ad6d-3a317bbc79d7 None None] The cell worker thread pool MainProcess.cell_worker is initialized
Jul 23 01:03:22.396401 np0000005684 devstack@n-api-meta.service[95997]: DEBUG nova.context [None req-2e2fe4fa-d8b9-48c1-805f-35c53368c4e4 None None] Found 2 cells: 00000000-0000-0000-0000-000000000000(cell0),7defcc27-7279-4b3b-a999-0f527b79574d(cell1) {{(pid=95997) load_cells /opt/stack/nova/nova/context.py:509}}
Jul 23 01:03:22.396678 np0000005684 devstack@n-api-meta.service[95997]: INFO nova.utils [None req-2e2fe4fa-d8b9-48c1-805f-35c53368c4e4 None None] The cell worker thread pool MainProcess.cell_worker is initialized
Jul 23 01:03:22.397495 np0000005684 devstack@n-api-meta.service[95999]: DEBUG oslo_concurrency.lockutils [None req-29caf5a0-745b-49ae-ad6d-3a317bbc79d7 None None] Acquiring lock "00000000-0000-0000-0000-000000000000" by "nova.context.set_target_cell..get_or_set_cached_cell_and_set_connections" {{(pid=95999) inner /opt/stack/data/venv/lib/python3.12/site-packages/oslo_concurrency/lockutils.py:512}}
Jul 23 01:03:22.397712 np0000005684 devstack@n-api-meta.service[95999]: DEBUG oslo_concurrency.lockutils [None req-29caf5a0-745b-49ae-ad6d-3a317bbc79d7 None None] Lock "00000000-0000-0000-0000-000000000000" acquired by "nova.context.set_target_cell..get_or_set_cached_cell_and_set_connections" :: waited 0.000s {{(pid=95999) inner /opt/stack/data/venv/lib/python3.12/site-packages/oslo_concurrency/lockutils.py:525}}
Jul 23 01:03:22.398179 np0000005684 devstack@n-api-meta.service[95999]: DEBUG oslo_concurrency.lockutils [None req-29caf5a0-745b-49ae-ad6d-3a317bbc79d7 None None] Lock "00000000-0000-0000-0000-000000000000" "released" by "nova.context.set_target_cell..get_or_set_cached_cell_and_set_connections" :: held 0.000s {{(pid=95999) inner /opt/stack/data/venv/lib/python3.12/site-packages/oslo_concurrency/lockutils.py:544}}
Jul 23 01:03:22.398853 np0000005684 devstack@n-api-meta.service[95999]: DEBUG oslo_concurrency.lockutils [None req-29caf5a0-745b-49ae-ad6d-3a317bbc79d7 None None] Acquiring lock "7defcc27-7279-4b3b-a999-0f527b79574d" by "nova.context.set_target_cell..get_or_set_cached_cell_and_set_connections" {{(pid=95999) inner /opt/stack/data/venv/lib/python3.12/site-packages/oslo_concurrency/lockutils.py:512}}
Jul 23 01:03:22.398914 np0000005684 devstack@n-api-meta.service[95997]: DEBUG oslo_concurrency.lockutils [None req-2e2fe4fa-d8b9-48c1-805f-35c53368c4e4 None None] Acquiring lock "00000000-0000-0000-0000-000000000000" by "nova.context.set_target_cell..get_or_set_cached_cell_and_set_connections" {{(pid=95997) inner /opt/stack/data/venv/lib/python3.12/site-packages/oslo_concurrency/lockutils.py:512}}
Jul 23 01:03:22.399027 np0000005684 devstack@n-api-meta.service[95999]: DEBUG oslo_concurrency.lockutils [None req-29caf5a0-745b-49ae-ad6d-3a317bbc79d7 None None] Lock "7defcc27-7279-4b3b-a999-0f527b79574d" acquired by "nova.context.set_target_cell..get_or_set_cached_cell_and_set_connections" :: waited 0.000s {{(pid=95999) inner /opt/stack/data/venv/lib/python3.12/site-packages/oslo_concurrency/lockutils.py:525}}
Jul 23 01:03:22.399078 np0000005684 devstack@n-api-meta.service[95997]: DEBUG oslo_concurrency.lockutils [None req-2e2fe4fa-d8b9-48c1-805f-35c53368c4e4 None None] Lock "00000000-0000-0000-0000-000000000000" acquired by "nova.context.set_target_cell..get_or_set_cached_cell_and_set_connections" :: waited 0.000s {{(pid=95997) inner /opt/stack/data/venv/lib/python3.12/site-packages/oslo_concurrency/lockutils.py:525}}
Jul 23 01:03:22.399416 np0000005684 devstack@n-api-meta.service[95997]: DEBUG oslo_concurrency.lockutils [None req-2e2fe4fa-d8b9-48c1-805f-35c53368c4e4 None None] Lock "00000000-0000-0000-0000-000000000000" "released" by "nova.context.set_target_cell..get_or_set_cached_cell_and_set_connections" :: held 0.000s {{(pid=95997) inner /opt/stack/data/venv/lib/python3.12/site-packages/oslo_concurrency/lockutils.py:544}}
Jul 23 01:03:22.400045 np0000005684 devstack@n-api-meta.service[95999]: DEBUG oslo_concurrency.lockutils [None req-29caf5a0-745b-49ae-ad6d-3a317bbc79d7 None None] Lock "7defcc27-7279-4b3b-a999-0f527b79574d" "released" by "nova.context.set_target_cell..get_or_set_cached_cell_and_set_connections" :: held 0.001s {{(pid=95999) inner /opt/stack/data/venv/lib/python3.12/site-packages/oslo_concurrency/lockutils.py:544}}
Jul 23 01:03:22.400128 np0000005684 devstack@n-api-meta.service[95997]: DEBUG oslo_concurrency.lockutils [None req-2e2fe4fa-d8b9-48c1-805f-35c53368c4e4 None None] Acquiring lock "7defcc27-7279-4b3b-a999-0f527b79574d" by "nova.context.set_target_cell..get_or_set_cached_cell_and_set_connections" {{(pid=95997) inner /opt/stack/data/venv/lib/python3.12/site-packages/oslo_concurrency/lockutils.py:512}}
Jul 23 01:03:22.400268 np0000005684 devstack@n-api-meta.service[95997]: DEBUG oslo_concurrency.lockutils [None req-2e2fe4fa-d8b9-48c1-805f-35c53368c4e4 None None] Lock "7defcc27-7279-4b3b-a999-0f527b79574d" acquired by "nova.context.set_target_cell..get_or_set_cached_cell_and_set_connections" :: waited 0.000s {{(pid=95997) inner /opt/stack/data/venv/lib/python3.12/site-packages/oslo_concurrency/lockutils.py:525}}
Jul 23 01:03:22.401154 np0000005684 devstack@n-api-meta.service[95997]: DEBUG oslo_concurrency.lockutils [None req-2e2fe4fa-d8b9-48c1-805f-35c53368c4e4 None None] Lock "7defcc27-7279-4b3b-a999-0f527b79574d" "released" by "nova.context.set_target_cell..get_or_set_cached_cell_and_set_connections" :: held 0.001s {{(pid=95997) inner /opt/stack/data/venv/lib/python3.12/site-packages/oslo_concurrency/lockutils.py:544}}
Jul 23 01:03:22.401727 np0000005684 devstack@n-api-meta.service[95999]: INFO dbcounter [None req-29caf5a0-745b-49ae-ad6d-3a317bbc79d7 None None] Registered counter for database nova_cell0
Jul 23 01:03:22.402876 np0000005684 devstack@n-api-meta.service[95997]: INFO dbcounter [None req-2e2fe4fa-d8b9-48c1-805f-35c53368c4e4 None None] Registered counter for database nova_cell0
Jul 23 01:03:22.404579 np0000005684 devstack@n-api-meta.service[95999]: INFO dbcounter [None req-29caf5a0-745b-49ae-ad6d-3a317bbc79d7 None None] Registered counter for database nova_cell1
Jul 23 01:03:22.409902 np0000005684 devstack@n-api-meta.service[95997]: INFO dbcounter [None req-2e2fe4fa-d8b9-48c1-805f-35c53368c4e4 None None] Registered counter for database nova_cell1
Jul 23 01:03:22.412109 np0000005684 devstack@n-api-meta.service[95998]: DEBUG oslo_db.sqlalchemy.engines [None req-813e9172-6cf8-403b-9b5f-66680502dd25 None None] MySQL server mode set to STRICT_TRANS_TABLES,STRICT_ALL_TABLES,NO_ZERO_IN_DATE,NO_ZERO_DATE,ERROR_FOR_DIVISION_BY_ZERO,TRADITIONAL,NO_ENGINE_SUBSTITUTION {{(pid=95998) _check_effective_sql_mode /opt/stack/data/venv/lib/python3.12/site-packages/oslo_db/sqlalchemy/engines.py:325}}
Jul 23 01:03:22.443780 np0000005684 devstack@n-api-meta.service[95998]: DEBUG dbcounter [-] [95998] Writer thread running {{(pid=95998) stat_writer /opt/stack/data/venv/lib/python3.12/site-packages/dbcounter.py:102}}
Jul 23 01:03:22.448144 np0000005684 devstack@n-api-meta.service[95998]: DEBUG nova.context [None req-813e9172-6cf8-403b-9b5f-66680502dd25 None None] Found 2 cells: 00000000-0000-0000-0000-000000000000(cell0),7defcc27-7279-4b3b-a999-0f527b79574d(cell1) {{(pid=95998) load_cells /opt/stack/nova/nova/context.py:509}}
Jul 23 01:03:22.448368 np0000005684 devstack@n-api-meta.service[95998]: INFO nova.utils [None req-813e9172-6cf8-403b-9b5f-66680502dd25 None None] The cell worker thread pool MainProcess.cell_worker is initialized
Jul 23 01:03:22.448522 np0000005684 devstack@n-api-meta.service[95999]: DEBUG oslo_db.sqlalchemy.engines [None req-29caf5a0-745b-49ae-ad6d-3a317bbc79d7 None None] MySQL server mode set to STRICT_TRANS_TABLES,STRICT_ALL_TABLES,NO_ZERO_IN_DATE,NO_ZERO_DATE,ERROR_FOR_DIVISION_BY_ZERO,TRADITIONAL,NO_ENGINE_SUBSTITUTION {{(pid=95999) _check_effective_sql_mode /opt/stack/data/venv/lib/python3.12/site-packages/oslo_db/sqlalchemy/engines.py:325}}
Jul 23 01:03:22.450085 np0000005684 devstack@n-api-meta.service[95998]: DEBUG oslo_concurrency.lockutils [None req-813e9172-6cf8-403b-9b5f-66680502dd25 None None] Acquiring lock "00000000-0000-0000-0000-000000000000" by "nova.context.set_target_cell..get_or_set_cached_cell_and_set_connections" {{(pid=95998) inner /opt/stack/data/venv/lib/python3.12/site-packages/oslo_concurrency/lockutils.py:512}}
Jul 23 01:03:22.450261 np0000005684 devstack@n-api-meta.service[95998]: DEBUG oslo_concurrency.lockutils [None req-813e9172-6cf8-403b-9b5f-66680502dd25 None None] Lock "00000000-0000-0000-0000-000000000000" acquired by "nova.context.set_target_cell..get_or_set_cached_cell_and_set_connections" :: waited 0.000s {{(pid=95998) inner /opt/stack/data/venv/lib/python3.12/site-packages/oslo_concurrency/lockutils.py:525}}
Jul 23 01:03:22.450612 np0000005684 devstack@n-api-meta.service[95998]: DEBUG oslo_concurrency.lockutils [None req-813e9172-6cf8-403b-9b5f-66680502dd25 None None] Lock "00000000-0000-0000-0000-000000000000" "released" by "nova.context.set_target_cell..get_or_set_cached_cell_and_set_connections" :: held 0.000s {{(pid=95998) inner /opt/stack/data/venv/lib/python3.12/site-packages/oslo_concurrency/lockutils.py:544}}
Jul 23 01:03:22.451254 np0000005684 devstack@n-api-meta.service[95998]: DEBUG oslo_concurrency.lockutils [None req-813e9172-6cf8-403b-9b5f-66680502dd25 None None] Acquiring lock "7defcc27-7279-4b3b-a999-0f527b79574d" by "nova.context.set_target_cell..get_or_set_cached_cell_and_set_connections" {{(pid=95998) inner /opt/stack/data/venv/lib/python3.12/site-packages/oslo_concurrency/lockutils.py:512}}
Jul 23 01:03:22.451391 np0000005684 devstack@n-api-meta.service[95998]: DEBUG oslo_concurrency.lockutils [None req-813e9172-6cf8-403b-9b5f-66680502dd25 None None] Lock "7defcc27-7279-4b3b-a999-0f527b79574d" acquired by "nova.context.set_target_cell..get_or_set_cached_cell_and_set_connections" :: waited 0.000s {{(pid=95998) inner /opt/stack/data/venv/lib/python3.12/site-packages/oslo_concurrency/lockutils.py:525}}
Jul 23 01:03:22.452185 np0000005684 devstack@n-api-meta.service[95998]: DEBUG oslo_concurrency.lockutils [None req-813e9172-6cf8-403b-9b5f-66680502dd25 None None] Lock "7defcc27-7279-4b3b-a999-0f527b79574d" "released" by "nova.context.set_target_cell..get_or_set_cached_cell_and_set_connections" :: held 0.001s {{(pid=95998) inner /opt/stack/data/venv/lib/python3.12/site-packages/oslo_concurrency/lockutils.py:544}}
Jul 23 01:03:22.454444 np0000005684 devstack@n-api-meta.service[95998]: INFO dbcounter [None req-813e9172-6cf8-403b-9b5f-66680502dd25 None None] Registered counter for database nova_cell0
Jul 23 01:03:22.456931 np0000005684 devstack@n-api-meta.service[95998]: INFO dbcounter [None req-813e9172-6cf8-403b-9b5f-66680502dd25 None None] Registered counter for database nova_cell1
Jul 23 01:03:22.464128 np0000005684 devstack@n-api-meta.service[96000]: DEBUG dbcounter [-] [96000] Writer thread running {{(pid=96000) stat_writer /opt/stack/data/venv/lib/python3.12/site-packages/dbcounter.py:102}}
Jul 23 01:03:22.468703 np0000005684 devstack@n-api-meta.service[96000]: DEBUG oslo_db.sqlalchemy.engines [None req-6cf060a6-ea2c-40dc-91d4-f7bfa99b683c None None] MySQL server mode set to STRICT_TRANS_TABLES,STRICT_ALL_TABLES,NO_ZERO_IN_DATE,NO_ZERO_DATE,ERROR_FOR_DIVISION_BY_ZERO,TRADITIONAL,NO_ENGINE_SUBSTITUTION {{(pid=96000) _check_effective_sql_mode /opt/stack/data/venv/lib/python3.12/site-packages/oslo_db/sqlalchemy/engines.py:325}}
Jul 23 01:03:22.471737 np0000005684 devstack@n-api-meta.service[95997]: DEBUG oslo_db.sqlalchemy.engines [None req-2e2fe4fa-d8b9-48c1-805f-35c53368c4e4 None None] MySQL server mode set to STRICT_TRANS_TABLES,STRICT_ALL_TABLES,NO_ZERO_IN_DATE,NO_ZERO_DATE,ERROR_FOR_DIVISION_BY_ZERO,TRADITIONAL,NO_ENGINE_SUBSTITUTION {{(pid=95997) _check_effective_sql_mode /opt/stack/data/venv/lib/python3.12/site-packages/oslo_db/sqlalchemy/engines.py:325}}
Jul 23 01:03:22.474372 np0000005684 devstack@n-api-meta.service[96000]: DEBUG dbcounter [-] [96000] Writer thread running {{(pid=96000) stat_writer /opt/stack/data/venv/lib/python3.12/site-packages/dbcounter.py:102}}
Jul 23 01:03:22.475618 np0000005684 devstack@n-api-meta.service[95997]: DEBUG oslo_db.sqlalchemy.engines [None req-2e2fe4fa-d8b9-48c1-805f-35c53368c4e4 None None] MySQL server mode set to STRICT_TRANS_TABLES,STRICT_ALL_TABLES,NO_ZERO_IN_DATE,NO_ZERO_DATE,ERROR_FOR_DIVISION_BY_ZERO,TRADITIONAL,NO_ENGINE_SUBSTITUTION {{(pid=95997) _check_effective_sql_mode /opt/stack/data/venv/lib/python3.12/site-packages/oslo_db/sqlalchemy/engines.py:325}}
Jul 23 01:03:22.477576 np0000005684 devstack@n-api-meta.service[96000]: INFO dbcounter [None req-6cf060a6-ea2c-40dc-91d4-f7bfa99b683c None None] Registered counter for database nova_cell0
Jul 23 01:03:22.503966 np0000005684 devstack@n-api-meta.service[95998]: DEBUG oslo_db.sqlalchemy.engines [None req-813e9172-6cf8-403b-9b5f-66680502dd25 None None] MySQL server mode set to STRICT_TRANS_TABLES,STRICT_ALL_TABLES,NO_ZERO_IN_DATE,NO_ZERO_DATE,ERROR_FOR_DIVISION_BY_ZERO,TRADITIONAL,NO_ENGINE_SUBSTITUTION {{(pid=95998) _check_effective_sql_mode /opt/stack/data/venv/lib/python3.12/site-packages/oslo_db/sqlalchemy/engines.py:325}}
Jul 23 01:03:22.511712 np0000005684 devstack@n-api-meta.service[96000]: DEBUG oslo_db.sqlalchemy.engines [None req-6cf060a6-ea2c-40dc-91d4-f7bfa99b683c None None] MySQL server mode set to STRICT_TRANS_TABLES,STRICT_ALL_TABLES,NO_ZERO_IN_DATE,NO_ZERO_DATE,ERROR_FOR_DIVISION_BY_ZERO,TRADITIONAL,NO_ENGINE_SUBSTITUTION {{(pid=96000) _check_effective_sql_mode /opt/stack/data/venv/lib/python3.12/site-packages/oslo_db/sqlalchemy/engines.py:325}}
Jul 23 01:03:22.519218 np0000005684 devstack@n-api-meta.service[96000]: DEBUG dbcounter [-] [96000] Writer thread running {{(pid=96000) stat_writer /opt/stack/data/venv/lib/python3.12/site-packages/dbcounter.py:102}}
Jul 23 01:03:22.519318 np0000005684 devstack@n-api-meta.service[95998]: DEBUG oslo_db.sqlalchemy.engines [None req-813e9172-6cf8-403b-9b5f-66680502dd25 None None] MySQL server mode set to STRICT_TRANS_TABLES,STRICT_ALL_TABLES,NO_ZERO_IN_DATE,NO_ZERO_DATE,ERROR_FOR_DIVISION_BY_ZERO,TRADITIONAL,NO_ENGINE_SUBSTITUTION {{(pid=95998) _check_effective_sql_mode /opt/stack/data/venv/lib/python3.12/site-packages/oslo_db/sqlalchemy/engines.py:325}}
Jul 23 01:03:22.533514 np0000005684 devstack@n-api-meta.service[95999]: DEBUG dbcounter [-] [95999] Writer thread running {{(pid=95999) stat_writer /opt/stack/data/venv/lib/python3.12/site-packages/dbcounter.py:102}}
Jul 23 01:03:22.538183 np0000005684 devstack@n-api-meta.service[95999]: DEBUG oslo_db.sqlalchemy.engines [None req-29caf5a0-745b-49ae-ad6d-3a317bbc79d7 None None] MySQL server mode set to STRICT_TRANS_TABLES,STRICT_ALL_TABLES,NO_ZERO_IN_DATE,NO_ZERO_DATE,ERROR_FOR_DIVISION_BY_ZERO,TRADITIONAL,NO_ENGINE_SUBSTITUTION {{(pid=95999) _check_effective_sql_mode /opt/stack/data/venv/lib/python3.12/site-packages/oslo_db/sqlalchemy/engines.py:325}}
Jul 23 01:03:22.543767 np0000005684 devstack@n-api-meta.service[95999]: DEBUG dbcounter [-] [95999] Writer thread running {{(pid=95999) stat_writer /opt/stack/data/venv/lib/python3.12/site-packages/dbcounter.py:102}}
Jul 23 01:03:22.546557 np0000005684 devstack@n-api-meta.service[95999]: INFO dbcounter [None req-29caf5a0-745b-49ae-ad6d-3a317bbc79d7 None None] Registered counter for database nova_cell0
Jul 23 01:03:22.561065 np0000005684 devstack@n-api-meta.service[95997]: DEBUG dbcounter [-] [95997] Writer thread running {{(pid=95997) stat_writer /opt/stack/data/venv/lib/python3.12/site-packages/dbcounter.py:102}}
Jul 23 01:03:22.565210 np0000005684 devstack@n-api-meta.service[95997]: DEBUG dbcounter [-] [95997] Writer thread running {{(pid=95997) stat_writer /opt/stack/data/venv/lib/python3.12/site-packages/dbcounter.py:102}}
Jul 23 01:03:22.565956 np0000005684 devstack@n-api-meta.service[96000]: WARNING nova.api.metadata.handler [None req-6cf060a6-ea2c-40dc-91d4-f7bfa99b683c None None] metadata_proxy_shared_secret is not configured, the metadata information returned by the proxy cannot be trusted
Jul 23 01:03:22.568705 np0000005684 devstack@n-api-meta.service[95997]: INFO dbcounter [None req-2e2fe4fa-d8b9-48c1-805f-35c53368c4e4 None None] Registered counter for database nova_cell0
Jul 23 01:03:22.568913 np0000005684 devstack@n-api-meta.service[96000]: DEBUG nova.api.openstack.wsgi_app [None req-6cf060a6-ea2c-40dc-91d4-f7bfa99b683c None None] ******************************************************************************** {{(pid=96000) log_opt_values /opt/stack/data/venv/lib/python3.12/site-packages/oslo_config/cfg.py:3226}}
Jul 23 01:03:22.569089 np0000005684 devstack@n-api-meta.service[96000]: DEBUG nova.api.openstack.wsgi_app [None req-6cf060a6-ea2c-40dc-91d4-f7bfa99b683c None None] Configuration options gathered from: {{(pid=96000) log_opt_values /opt/stack/data/venv/lib/python3.12/site-packages/oslo_config/cfg.py:3227}}
Jul 23 01:03:22.569254 np0000005684 devstack@n-api-meta.service[96000]: DEBUG nova.api.openstack.wsgi_app [None req-6cf060a6-ea2c-40dc-91d4-f7bfa99b683c None None] command line args: [] {{(pid=96000) log_opt_values /opt/stack/data/venv/lib/python3.12/site-packages/oslo_config/cfg.py:3228}}
Jul 23 01:03:22.569452 np0000005684 devstack@n-api-meta.service[96000]: DEBUG nova.api.openstack.wsgi_app [None req-6cf060a6-ea2c-40dc-91d4-f7bfa99b683c None None] config files: ['/etc/nova/api-paste.ini', '/etc/nova/nova.conf'] {{(pid=96000) log_opt_values /opt/stack/data/venv/lib/python3.12/site-packages/oslo_config/cfg.py:3229}}
Jul 23 01:03:22.569591 np0000005684 devstack@n-api-meta.service[96000]: DEBUG nova.api.openstack.wsgi_app [None req-6cf060a6-ea2c-40dc-91d4-f7bfa99b683c None None] ================================================================================ {{(pid=96000) log_opt_values /opt/stack/data/venv/lib/python3.12/site-packages/oslo_config/cfg.py:3234}}
Jul 23 01:03:22.569818 np0000005684 devstack@n-api-meta.service[96000]: DEBUG nova.api.openstack.wsgi_app [None req-6cf060a6-ea2c-40dc-91d4-f7bfa99b683c None None] allow_resize_to_same_host = True {{(pid=96000) log_opt_values /opt/stack/data/venv/lib/python3.12/site-packages/oslo_config/cfg.py:3242}}
Jul 23 01:03:22.569993 np0000005684 devstack@n-api-meta.service[96000]: DEBUG nova.api.openstack.wsgi_app [None req-6cf060a6-ea2c-40dc-91d4-f7bfa99b683c None None] arq_binding_timeout = 300 {{(pid=96000) log_opt_values /opt/stack/data/venv/lib/python3.12/site-packages/oslo_config/cfg.py:3242}}
Jul 23 01:03:22.570173 np0000005684 devstack@n-api-meta.service[96000]: DEBUG nova.api.openstack.wsgi_app [None req-6cf060a6-ea2c-40dc-91d4-f7bfa99b683c None None] block_device_allocate_retries = 60 {{(pid=96000) log_opt_values /opt/stack/data/venv/lib/python3.12/site-packages/oslo_config/cfg.py:3242}}
Jul 23 01:03:22.570339 np0000005684 devstack@n-api-meta.service[96000]: DEBUG nova.api.openstack.wsgi_app [None req-6cf060a6-ea2c-40dc-91d4-f7bfa99b683c None None] block_device_allocate_retries_interval = 3 {{(pid=96000) log_opt_values /opt/stack/data/venv/lib/python3.12/site-packages/oslo_config/cfg.py:3242}}
Jul 23 01:03:22.570504 np0000005684 devstack@n-api-meta.service[96000]: DEBUG nova.api.openstack.wsgi_app [None req-6cf060a6-ea2c-40dc-91d4-f7bfa99b683c None None] cell_worker_thread_pool_size = 5 {{(pid=96000) log_opt_values /opt/stack/data/venv/lib/python3.12/site-packages/oslo_config/cfg.py:3242}}
Jul 23 01:03:22.570678 np0000005684 devstack@n-api-meta.service[96000]: DEBUG nova.api.openstack.wsgi_app [None req-6cf060a6-ea2c-40dc-91d4-f7bfa99b683c None None] cert = self.pem {{(pid=96000) log_opt_values /opt/stack/data/venv/lib/python3.12/site-packages/oslo_config/cfg.py:3242}}
Jul 23 01:03:22.570870 np0000005684 devstack@n-api-meta.service[96000]: DEBUG nova.api.openstack.wsgi_app [None req-6cf060a6-ea2c-40dc-91d4-f7bfa99b683c None None] compute_driver = libvirt.LibvirtDriver {{(pid=96000) log_opt_values /opt/stack/data/venv/lib/python3.12/site-packages/oslo_config/cfg.py:3242}}
Jul 23 01:03:22.571039 np0000005684 devstack@n-api-meta.service[96000]: DEBUG nova.api.openstack.wsgi_app [None req-6cf060a6-ea2c-40dc-91d4-f7bfa99b683c None None] compute_monitors = [] {{(pid=96000) log_opt_values /opt/stack/data/venv/lib/python3.12/site-packages/oslo_config/cfg.py:3242}}
Jul 23 01:03:22.571225 np0000005684 devstack@n-api-meta.service[96000]: DEBUG nova.api.openstack.wsgi_app [None req-6cf060a6-ea2c-40dc-91d4-f7bfa99b683c None None] concurrency_backend = auto {{(pid=96000) log_opt_values /opt/stack/data/venv/lib/python3.12/site-packages/oslo_config/cfg.py:3242}}
Jul 23 01:03:22.571396 np0000005684 devstack@n-api-meta.service[96000]: DEBUG nova.api.openstack.wsgi_app [None req-6cf060a6-ea2c-40dc-91d4-f7bfa99b683c None None] config_dir = [] {{(pid=96000) log_opt_values /opt/stack/data/venv/lib/python3.12/site-packages/oslo_config/cfg.py:3242}}
Jul 23 01:03:22.571565 np0000005684 devstack@n-api-meta.service[96000]: DEBUG nova.api.openstack.wsgi_app [None req-6cf060a6-ea2c-40dc-91d4-f7bfa99b683c None None] config_drive_format = iso9660 {{(pid=96000) log_opt_values /opt/stack/data/venv/lib/python3.12/site-packages/oslo_config/cfg.py:3242}}
Jul 23 01:03:22.571717 np0000005684 devstack@n-api-meta.service[96000]: DEBUG nova.api.openstack.wsgi_app [None req-6cf060a6-ea2c-40dc-91d4-f7bfa99b683c None None] config_file = ['/etc/nova/api-paste.ini', '/etc/nova/nova.conf'] {{(pid=96000) log_opt_values /opt/stack/data/venv/lib/python3.12/site-packages/oslo_config/cfg.py:3242}}
Jul 23 01:03:22.571891 np0000005684 devstack@n-api-meta.service[96000]: DEBUG nova.api.openstack.wsgi_app [None req-6cf060a6-ea2c-40dc-91d4-f7bfa99b683c None None] config_source = [] {{(pid=96000) log_opt_values /opt/stack/data/venv/lib/python3.12/site-packages/oslo_config/cfg.py:3242}}
Jul 23 01:03:22.572060 np0000005684 devstack@n-api-meta.service[96000]: DEBUG nova.api.openstack.wsgi_app [None req-6cf060a6-ea2c-40dc-91d4-f7bfa99b683c None None] console_host = np0000005684 {{(pid=96000) log_opt_values /opt/stack/data/venv/lib/python3.12/site-packages/oslo_config/cfg.py:3242}}
Jul 23 01:03:22.572253 np0000005684 devstack@n-api-meta.service[96000]: DEBUG nova.api.openstack.wsgi_app [None req-6cf060a6-ea2c-40dc-91d4-f7bfa99b683c None None] control_exchange = nova {{(pid=96000) log_opt_values /opt/stack/data/venv/lib/python3.12/site-packages/oslo_config/cfg.py:3242}}
Jul 23 01:03:22.572416 np0000005684 devstack@n-api-meta.service[96000]: DEBUG nova.api.openstack.wsgi_app [None req-6cf060a6-ea2c-40dc-91d4-f7bfa99b683c None None] cpu_allocation_ratio = None {{(pid=96000) log_opt_values /opt/stack/data/venv/lib/python3.12/site-packages/oslo_config/cfg.py:3242}}
Jul 23 01:03:22.572577 np0000005684 devstack@n-api-meta.service[96000]: DEBUG nova.api.openstack.wsgi_app [None req-6cf060a6-ea2c-40dc-91d4-f7bfa99b683c None None] daemon = False {{(pid=96000) log_opt_values /opt/stack/data/venv/lib/python3.12/site-packages/oslo_config/cfg.py:3242}}
Jul 23 01:03:22.572763 np0000005684 devstack@n-api-meta.service[96000]: DEBUG nova.api.openstack.wsgi_app [None req-6cf060a6-ea2c-40dc-91d4-f7bfa99b683c None None] debug = True {{(pid=96000) log_opt_values /opt/stack/data/venv/lib/python3.12/site-packages/oslo_config/cfg.py:3242}}
Jul 23 01:03:22.572924 np0000005684 devstack@n-api-meta.service[96000]: DEBUG nova.api.openstack.wsgi_app [None req-6cf060a6-ea2c-40dc-91d4-f7bfa99b683c None None] default_access_ip_network_name = None {{(pid=96000) log_opt_values /opt/stack/data/venv/lib/python3.12/site-packages/oslo_config/cfg.py:3242}}
Jul 23 01:03:22.573104 np0000005684 devstack@n-api-meta.service[96000]: DEBUG nova.api.openstack.wsgi_app [None req-6cf060a6-ea2c-40dc-91d4-f7bfa99b683c None None] default_availability_zone = nova {{(pid=96000) log_opt_values /opt/stack/data/venv/lib/python3.12/site-packages/oslo_config/cfg.py:3242}}
Jul 23 01:03:22.573273 np0000005684 devstack@n-api-meta.service[96000]: DEBUG nova.api.openstack.wsgi_app [None req-6cf060a6-ea2c-40dc-91d4-f7bfa99b683c None None] default_ephemeral_format = ext4 {{(pid=96000) log_opt_values /opt/stack/data/venv/lib/python3.12/site-packages/oslo_config/cfg.py:3242}}
Jul 23 01:03:22.573438 np0000005684 devstack@n-api-meta.service[96000]: DEBUG nova.api.openstack.wsgi_app [None req-6cf060a6-ea2c-40dc-91d4-f7bfa99b683c None None] default_green_pool_size = 1000 {{(pid=96000) log_opt_values /opt/stack/data/venv/lib/python3.12/site-packages/oslo_config/cfg.py:3242}}
Jul 23 01:03:22.573726 np0000005684 devstack@n-api-meta.service[96000]: DEBUG nova.api.openstack.wsgi_app [None req-6cf060a6-ea2c-40dc-91d4-f7bfa99b683c None None] default_log_levels = ['amqp=WARN', 'boto=WARN', 'sqlalchemy=WARN', 'suds=INFO', 'oslo.messaging=INFO', 'oslo_messaging=INFO', 'iso8601=WARN', 'requests.packages.urllib3.connectionpool=WARN', 'urllib3.connectionpool=WARN', 'websocket=WARN', 'requests.packages.urllib3.util.retry=WARN', 'urllib3.util.retry=WARN', 'keystonemiddleware=WARN', 'routes.middleware=WARN', 'stevedore=WARN', 'taskflow=WARN', 'keystoneauth=WARN', 'oslo.cache=INFO', 'oslo_policy=INFO', 'dogpile.core.dogpile=INFO', 'glanceclient=WARN', 'oslo.privsep.daemon=INFO'] {{(pid=96000) log_opt_values /opt/stack/data/venv/lib/python3.12/site-packages/oslo_config/cfg.py:3242}}
Jul 23 01:03:22.573892 np0000005684 devstack@n-api-meta.service[96000]: DEBUG nova.api.openstack.wsgi_app [None req-6cf060a6-ea2c-40dc-91d4-f7bfa99b683c None None] default_schedule_zone = None {{(pid=96000) log_opt_values /opt/stack/data/venv/lib/python3.12/site-packages/oslo_config/cfg.py:3242}}
Jul 23 01:03:22.574056 np0000005684 devstack@n-api-meta.service[96000]: DEBUG nova.api.openstack.wsgi_app [None req-6cf060a6-ea2c-40dc-91d4-f7bfa99b683c None None] default_thread_pool_size = 10 {{(pid=96000) log_opt_values /opt/stack/data/venv/lib/python3.12/site-packages/oslo_config/cfg.py:3242}}
Jul 23 01:03:22.574227 np0000005684 devstack@n-api-meta.service[96000]: DEBUG nova.api.openstack.wsgi_app [None req-6cf060a6-ea2c-40dc-91d4-f7bfa99b683c None None] disk_allocation_ratio = None {{(pid=96000) log_opt_values /opt/stack/data/venv/lib/python3.12/site-packages/oslo_config/cfg.py:3242}}
Jul 23 01:03:22.574387 np0000005684 devstack@n-api-meta.service[96000]: DEBUG nova.api.openstack.wsgi_app [None req-6cf060a6-ea2c-40dc-91d4-f7bfa99b683c None None] enable_new_services = True {{(pid=96000) log_opt_values /opt/stack/data/venv/lib/python3.12/site-packages/oslo_config/cfg.py:3242}}
Jul 23 01:03:22.574558 np0000005684 devstack@n-api-meta.service[96000]: DEBUG nova.api.openstack.wsgi_app [None req-6cf060a6-ea2c-40dc-91d4-f7bfa99b683c None None] flat_injected = False {{(pid=96000) log_opt_values /opt/stack/data/venv/lib/python3.12/site-packages/oslo_config/cfg.py:3242}}
Jul 23 01:03:22.574754 np0000005684 devstack@n-api-meta.service[96000]: DEBUG nova.api.openstack.wsgi_app [None req-6cf060a6-ea2c-40dc-91d4-f7bfa99b683c None None] force_config_drive = True {{(pid=96000) log_opt_values /opt/stack/data/venv/lib/python3.12/site-packages/oslo_config/cfg.py:3242}}
Jul 23 01:03:22.574916 np0000005684 devstack@n-api-meta.service[96000]: DEBUG nova.api.openstack.wsgi_app [None req-6cf060a6-ea2c-40dc-91d4-f7bfa99b683c None None] force_raw_images = True {{(pid=96000) log_opt_values /opt/stack/data/venv/lib/python3.12/site-packages/oslo_config/cfg.py:3242}}
Jul 23 01:03:22.575100 np0000005684 devstack@n-api-meta.service[96000]: DEBUG nova.api.openstack.wsgi_app [None req-6cf060a6-ea2c-40dc-91d4-f7bfa99b683c None None] graceful_shutdown_timeout = 5 {{(pid=96000) log_opt_values /opt/stack/data/venv/lib/python3.12/site-packages/oslo_config/cfg.py:3242}}
Jul 23 01:03:22.575269 np0000005684 devstack@n-api-meta.service[96000]: DEBUG nova.api.openstack.wsgi_app [None req-6cf060a6-ea2c-40dc-91d4-f7bfa99b683c None None] heal_instance_info_cache_interval = -1 {{(pid=96000) log_opt_values /opt/stack/data/venv/lib/python3.12/site-packages/oslo_config/cfg.py:3242}}
Jul 23 01:03:22.575503 np0000005684 devstack@n-api-meta.service[96000]: DEBUG nova.api.openstack.wsgi_app [None req-6cf060a6-ea2c-40dc-91d4-f7bfa99b683c None None] host = np0000005684 {{(pid=96000) log_opt_values /opt/stack/data/venv/lib/python3.12/site-packages/oslo_config/cfg.py:3242}}
Jul 23 01:03:22.575673 np0000005684 devstack@n-api-meta.service[96000]: DEBUG nova.api.openstack.wsgi_app [None req-6cf060a6-ea2c-40dc-91d4-f7bfa99b683c None None] initial_cpu_allocation_ratio = 4.0 {{(pid=96000) log_opt_values /opt/stack/data/venv/lib/python3.12/site-packages/oslo_config/cfg.py:3242}}
Jul 23 01:03:22.575857 np0000005684 devstack@n-api-meta.service[96000]: DEBUG nova.api.openstack.wsgi_app [None req-6cf060a6-ea2c-40dc-91d4-f7bfa99b683c None None] initial_disk_allocation_ratio = 1.0 {{(pid=96000) log_opt_values /opt/stack/data/venv/lib/python3.12/site-packages/oslo_config/cfg.py:3242}}
Jul 23 01:03:22.576022 np0000005684 devstack@n-api-meta.service[96000]: DEBUG nova.api.openstack.wsgi_app [None req-6cf060a6-ea2c-40dc-91d4-f7bfa99b683c None None] initial_ram_allocation_ratio = 1.0 {{(pid=96000) log_opt_values /opt/stack/data/venv/lib/python3.12/site-packages/oslo_config/cfg.py:3242}}
Jul 23 01:03:22.576266 np0000005684 devstack@n-api-meta.service[96000]: DEBUG nova.api.openstack.wsgi_app [None req-6cf060a6-ea2c-40dc-91d4-f7bfa99b683c None None] injected_network_template = /opt/stack/nova/nova/virt/interfaces.template {{(pid=96000) log_opt_values /opt/stack/data/venv/lib/python3.12/site-packages/oslo_config/cfg.py:3242}}
Jul 23 01:03:22.576432 np0000005684 devstack@n-api-meta.service[96000]: DEBUG nova.api.openstack.wsgi_app [None req-6cf060a6-ea2c-40dc-91d4-f7bfa99b683c None None] instance_build_timeout = 0 {{(pid=96000) log_opt_values /opt/stack/data/venv/lib/python3.12/site-packages/oslo_config/cfg.py:3242}}
Jul 23 01:03:22.576596 np0000005684 devstack@n-api-meta.service[96000]: DEBUG nova.api.openstack.wsgi_app [None req-6cf060a6-ea2c-40dc-91d4-f7bfa99b683c None None] instance_delete_interval = 300 {{(pid=96000) log_opt_values /opt/stack/data/venv/lib/python3.12/site-packages/oslo_config/cfg.py:3242}}
Jul 23 01:03:22.576785 np0000005684 devstack@n-api-meta.service[96000]: DEBUG nova.api.openstack.wsgi_app [None req-6cf060a6-ea2c-40dc-91d4-f7bfa99b683c None None] instance_format = [instance: %(uuid)s] {{(pid=96000) log_opt_values /opt/stack/data/venv/lib/python3.12/site-packages/oslo_config/cfg.py:3242}}
Jul 23 01:03:22.577822 np0000005684 devstack@n-api-meta.service[96000]: DEBUG nova.api.openstack.wsgi_app [None req-6cf060a6-ea2c-40dc-91d4-f7bfa99b683c None None] instance_name_template = instance-%08x {{(pid=96000) log_opt_values /opt/stack/data/venv/lib/python3.12/site-packages/oslo_config/cfg.py:3242}}
Jul 23 01:03:22.577822 np0000005684 devstack@n-api-meta.service[96000]: DEBUG nova.api.openstack.wsgi_app [None req-6cf060a6-ea2c-40dc-91d4-f7bfa99b683c None None] instance_usage_audit = False {{(pid=96000) log_opt_values /opt/stack/data/venv/lib/python3.12/site-packages/oslo_config/cfg.py:3242}}
Jul 23 01:03:22.577822 np0000005684 devstack@n-api-meta.service[96000]: DEBUG nova.api.openstack.wsgi_app [None req-6cf060a6-ea2c-40dc-91d4-f7bfa99b683c None None] instance_usage_audit_period = month {{(pid=96000) log_opt_values /opt/stack/data/venv/lib/python3.12/site-packages/oslo_config/cfg.py:3242}}
Jul 23 01:03:22.577822 np0000005684 devstack@n-api-meta.service[96000]: DEBUG nova.api.openstack.wsgi_app [None req-6cf060a6-ea2c-40dc-91d4-f7bfa99b683c None None] instance_uuid_format = [instance: %(uuid)s] {{(pid=96000) log_opt_values /opt/stack/data/venv/lib/python3.12/site-packages/oslo_config/cfg.py:3242}}
Jul 23 01:03:22.577822 np0000005684 devstack@n-api-meta.service[96000]: DEBUG nova.api.openstack.wsgi_app [None req-6cf060a6-ea2c-40dc-91d4-f7bfa99b683c None None] instances_path = /opt/stack/data/nova/instances {{(pid=96000) log_opt_values /opt/stack/data/venv/lib/python3.12/site-packages/oslo_config/cfg.py:3242}}
Jul 23 01:03:22.577822 np0000005684 devstack@n-api-meta.service[96000]: DEBUG nova.api.openstack.wsgi_app [None req-6cf060a6-ea2c-40dc-91d4-f7bfa99b683c None None] internal_service_availability_zone = internal {{(pid=96000) log_opt_values /opt/stack/data/venv/lib/python3.12/site-packages/oslo_config/cfg.py:3242}}
Jul 23 01:03:22.577985 np0000005684 devstack@n-api-meta.service[96000]: DEBUG nova.api.openstack.wsgi_app [None req-6cf060a6-ea2c-40dc-91d4-f7bfa99b683c None None] key = None {{(pid=96000) log_opt_values /opt/stack/data/venv/lib/python3.12/site-packages/oslo_config/cfg.py:3242}}
Jul 23 01:03:22.578127 np0000005684 devstack@n-api-meta.service[96000]: DEBUG nova.api.openstack.wsgi_app [None req-6cf060a6-ea2c-40dc-91d4-f7bfa99b683c None None] live_migration_retry_count = 30 {{(pid=96000) log_opt_values /opt/stack/data/venv/lib/python3.12/site-packages/oslo_config/cfg.py:3242}}
Jul 23 01:03:22.578298 np0000005684 devstack@n-api-meta.service[96000]: DEBUG nova.api.openstack.wsgi_app [None req-6cf060a6-ea2c-40dc-91d4-f7bfa99b683c None None] log_color = False {{(pid=96000) log_opt_values /opt/stack/data/venv/lib/python3.12/site-packages/oslo_config/cfg.py:3242}}
Jul 23 01:03:22.578466 np0000005684 devstack@n-api-meta.service[96000]: DEBUG nova.api.openstack.wsgi_app [None req-6cf060a6-ea2c-40dc-91d4-f7bfa99b683c None None] log_config_append = None {{(pid=96000) log_opt_values /opt/stack/data/venv/lib/python3.12/site-packages/oslo_config/cfg.py:3242}}
Jul 23 01:03:22.578634 np0000005684 devstack@n-api-meta.service[96000]: DEBUG nova.api.openstack.wsgi_app [None req-6cf060a6-ea2c-40dc-91d4-f7bfa99b683c None None] log_date_format = %Y-%m-%d %H:%M:%S {{(pid=96000) log_opt_values /opt/stack/data/venv/lib/python3.12/site-packages/oslo_config/cfg.py:3242}}
Jul 23 01:03:22.579549 np0000005684 devstack@n-api-meta.service[96000]: DEBUG nova.api.openstack.wsgi_app [None req-6cf060a6-ea2c-40dc-91d4-f7bfa99b683c None None] log_dir = None {{(pid=96000) log_opt_values /opt/stack/data/venv/lib/python3.12/site-packages/oslo_config/cfg.py:3242}}
Jul 23 01:03:22.579549 np0000005684 devstack@n-api-meta.service[96000]: DEBUG nova.api.openstack.wsgi_app [None req-6cf060a6-ea2c-40dc-91d4-f7bfa99b683c None None] log_file = None {{(pid=96000) log_opt_values /opt/stack/data/venv/lib/python3.12/site-packages/oslo_config/cfg.py:3242}}
Jul 23 01:03:22.579549 np0000005684 devstack@n-api-meta.service[96000]: DEBUG nova.api.openstack.wsgi_app [None req-6cf060a6-ea2c-40dc-91d4-f7bfa99b683c None None] log_options = True {{(pid=96000) log_opt_values /opt/stack/data/venv/lib/python3.12/site-packages/oslo_config/cfg.py:3242}}
Jul 23 01:03:22.579549 np0000005684 devstack@n-api-meta.service[96000]: DEBUG nova.api.openstack.wsgi_app [None req-6cf060a6-ea2c-40dc-91d4-f7bfa99b683c None None] log_rotate_interval = 1 {{(pid=96000) log_opt_values /opt/stack/data/venv/lib/python3.12/site-packages/oslo_config/cfg.py:3242}}
Jul 23 01:03:22.579651 np0000005684 devstack@n-api-meta.service[96000]: DEBUG nova.api.openstack.wsgi_app [None req-6cf060a6-ea2c-40dc-91d4-f7bfa99b683c None None] log_rotate_interval_type = days {{(pid=96000) log_opt_values /opt/stack/data/venv/lib/python3.12/site-packages/oslo_config/cfg.py:3242}}
Jul 23 01:03:22.579837 np0000005684 devstack@n-api-meta.service[96000]: DEBUG nova.api.openstack.wsgi_app [None req-6cf060a6-ea2c-40dc-91d4-f7bfa99b683c None None] log_rotation_type = none {{(pid=96000) log_opt_values /opt/stack/data/venv/lib/python3.12/site-packages/oslo_config/cfg.py:3242}}
Jul 23 01:03:22.579974 np0000005684 devstack@n-api-meta.service[96000]: DEBUG nova.api.openstack.wsgi_app [None req-6cf060a6-ea2c-40dc-91d4-f7bfa99b683c None None] logging_context_format_string = %(color)s%(levelname)s %(name)s [%(global_request_id)s %(request_id)s %(project_name)s %(user_name)s%(color)s] %(instance)s%(color)s%(message)s {{(pid=96000) log_opt_values /opt/stack/data/venv/lib/python3.12/site-packages/oslo_config/cfg.py:3242}}
Jul 23 01:03:22.580115 np0000005684 devstack@n-api-meta.service[96000]: DEBUG nova.api.openstack.wsgi_app [None req-6cf060a6-ea2c-40dc-91d4-f7bfa99b683c None None] logging_debug_format_suffix = {{(pid=%(process)d) %(funcName)s %(pathname)s:%(lineno)d}} {{(pid=96000) log_opt_values /opt/stack/data/venv/lib/python3.12/site-packages/oslo_config/cfg.py:3242}}
Jul 23 01:03:22.580298 np0000005684 devstack@n-api-meta.service[96000]: DEBUG nova.api.openstack.wsgi_app [None req-6cf060a6-ea2c-40dc-91d4-f7bfa99b683c None None] logging_default_format_string = %(color)s%(levelname)s %(name)s [-%(color)s] %(instance)s%(color)s%(message)s {{(pid=96000) log_opt_values /opt/stack/data/venv/lib/python3.12/site-packages/oslo_config/cfg.py:3242}}
Jul 23 01:03:22.580470 np0000005684 devstack@n-api-meta.service[96000]: DEBUG nova.api.openstack.wsgi_app [None req-6cf060a6-ea2c-40dc-91d4-f7bfa99b683c None None] logging_exception_prefix = ERROR %(name)s %(instance)s {{(pid=96000) log_opt_values /opt/stack/data/venv/lib/python3.12/site-packages/oslo_config/cfg.py:3242}}
Jul 23 01:03:22.580607 np0000005684 devstack@n-api-meta.service[96000]: DEBUG nova.api.openstack.wsgi_app [None req-6cf060a6-ea2c-40dc-91d4-f7bfa99b683c None None] logging_user_identity_format = %(user)s %(project)s %(domain)s %(system_scope)s %(user_domain)s %(project_domain)s {{(pid=96000) log_opt_values /opt/stack/data/venv/lib/python3.12/site-packages/oslo_config/cfg.py:3242}}
Jul 23 01:03:22.580790 np0000005684 devstack@n-api-meta.service[96000]: DEBUG nova.api.openstack.wsgi_app [None req-6cf060a6-ea2c-40dc-91d4-f7bfa99b683c None None] long_rpc_timeout = 1800 {{(pid=96000) log_opt_values /opt/stack/data/venv/lib/python3.12/site-packages/oslo_config/cfg.py:3242}}
Jul 23 01:03:22.580954 np0000005684 devstack@n-api-meta.service[96000]: DEBUG nova.api.openstack.wsgi_app [None req-6cf060a6-ea2c-40dc-91d4-f7bfa99b683c None None] manager_shutdown_timeout = 160 {{(pid=96000) log_opt_values /opt/stack/data/venv/lib/python3.12/site-packages/oslo_config/cfg.py:3242}}
Jul 23 01:03:22.581128 np0000005684 devstack@n-api-meta.service[96000]: DEBUG nova.api.openstack.wsgi_app [None req-6cf060a6-ea2c-40dc-91d4-f7bfa99b683c None None] max_concurrent_builds = 10 {{(pid=96000) log_opt_values /opt/stack/data/venv/lib/python3.12/site-packages/oslo_config/cfg.py:3242}}
Jul 23 01:03:22.581290 np0000005684 devstack@n-api-meta.service[96000]: DEBUG nova.api.openstack.wsgi_app [None req-6cf060a6-ea2c-40dc-91d4-f7bfa99b683c None None] max_concurrent_live_migrations = 1 {{(pid=96000) log_opt_values /opt/stack/data/venv/lib/python3.12/site-packages/oslo_config/cfg.py:3242}}
