Jul 23 01:03:22.180608 np0000005684 nova-scheduler[96638]: DEBUG oslo_db.sqlalchemy.engines [None req-22352b44-9d7e-4a2a-be56-a7ce0add2a5d None None] MySQL server mode set to STRICT_TRANS_TABLES,STRICT_ALL_TABLES,NO_ZERO_IN_DATE,NO_ZERO_DATE,ERROR_FOR_DIVISION_BY_ZERO,TRADITIONAL,NO_ENGINE_SUBSTITUTION {{(pid=96638) _check_effective_sql_mode /opt/stack/data/venv/lib/python3.12/site-packages/oslo_db/sqlalchemy/engines.py:325}}
Jul 23 01:03:22.180640 np0000005684 nova-scheduler[96654]: DEBUG cotyledon.oslo_config_glue [-] workarounds.libvirt_disable_apic = False {{(pid=96654) log_opt_values /opt/stack/data/venv/lib/python3.12/site-packages/oslo_config/cfg.py:3253}}
Jul 23 01:03:22.180640 np0000005684 nova-scheduler[96654]: DEBUG cotyledon.oslo_config_glue [-] workarounds.never_download_image_if_on_rbd = False {{(pid=96654) log_opt_values /opt/stack/data/venv/lib/python3.12/site-packages/oslo_config/cfg.py:3253}}
Jul 23 01:03:22.180640 np0000005684 nova-scheduler[96654]: DEBUG cotyledon.oslo_config_glue [-] workarounds.qemu_monitor_announce_self_count = 3 {{(pid=96654) log_opt_values /opt/stack/data/venv/lib/python3.12/site-packages/oslo_config/cfg.py:3253}}
Jul 23 01:03:22.180640 np0000005684 nova-scheduler[96654]: DEBUG cotyledon.oslo_config_glue [-] workarounds.qemu_monitor_announce_self_interval = 1 {{(pid=96654) log_opt_values /opt/stack/data/venv/lib/python3.12/site-packages/oslo_config/cfg.py:3253}}
Jul 23 01:03:22.180640 np0000005684 nova-scheduler[96654]: DEBUG cotyledon.oslo_config_glue [-] workarounds.reserve_disk_resource_for_image_cache = False {{(pid=96654) log_opt_values /opt/stack/data/venv/lib/python3.12/site-packages/oslo_config/cfg.py:3253}}
Jul 23 01:03:22.180640 np0000005684 nova-scheduler[96654]: DEBUG cotyledon.oslo_config_glue [-] workarounds.skip_cpu_compare_at_startup = False {{(pid=96654) log_opt_values /opt/stack/data/venv/lib/python3.12/site-packages/oslo_config/cfg.py:3253}}
Jul 23 01:03:22.180640 np0000005684 nova-scheduler[96654]: DEBUG cotyledon.oslo_config_glue [-] workarounds.skip_cpu_compare_on_dest = False {{(pid=96654) log_opt_values /opt/stack/data/venv/lib/python3.12/site-packages/oslo_config/cfg.py:3253}}
Jul 23 01:03:22.180640 np0000005684 nova-scheduler[96654]: DEBUG cotyledon.oslo_config_glue [-] workarounds.skip_hypervisor_version_check_on_lm = False {{(pid=96654) log_opt_values /opt/stack/data/venv/lib/python3.12/site-packages/oslo_config/cfg.py:3253}}
Jul 23 01:03:22.180640 np0000005684 nova-scheduler[96654]: DEBUG cotyledon.oslo_config_glue [-] workarounds.skip_reserve_in_use_ironic_nodes = False {{(pid=96654) log_opt_values /opt/stack/data/venv/lib/python3.12/site-packages/oslo_config/cfg.py:3253}}
Jul 23 01:03:22.180836 np0000005684 nova-scheduler[96654]: DEBUG cotyledon.oslo_config_glue [-] workarounds.unified_limits_count_pcpu_as_vcpu = False {{(pid=96654) log_opt_values /opt/stack/data/venv/lib/python3.12/site-packages/oslo_config/cfg.py:3253}}
Jul 23 01:03:22.180836 np0000005684 nova-scheduler[96654]: DEBUG cotyledon.oslo_config_glue [-] workarounds.wait_for_vif_plugged_event_during_hard_reboot = [] {{(pid=96654) log_opt_values /opt/stack/data/venv/lib/python3.12/site-packages/oslo_config/cfg.py:3253}}
Jul 23 01:03:22.180836 np0000005684 nova-scheduler[96654]: DEBUG cotyledon.oslo_config_glue [-] wsgi.api_paste_config = /etc/nova/api-paste.ini {{(pid=96654) log_opt_values /opt/stack/data/venv/lib/python3.12/site-packages/oslo_config/cfg.py:3253}}
Jul 23 01:03:22.180836 np0000005684 nova-scheduler[96654]: DEBUG cotyledon.oslo_config_glue [-] wsgi.secure_proxy_ssl_header = None {{(pid=96654) log_opt_values /opt/stack/data/venv/lib/python3.12/site-packages/oslo_config/cfg.py:3253}}
Jul 23 01:03:22.180836 np0000005684 nova-scheduler[96654]: DEBUG cotyledon.oslo_config_glue [-] zvm.ca_file = None {{(pid=96654) log_opt_values /opt/stack/data/venv/lib/python3.12/site-packages/oslo_config/cfg.py:3253}}
Jul 23 01:03:22.180836 np0000005684 nova-scheduler[96654]: DEBUG cotyledon.oslo_config_glue [-] zvm.cloud_connector_url = None {{(pid=96654) log_opt_values /opt/stack/data/venv/lib/python3.12/site-packages/oslo_config/cfg.py:3253}}
Jul 23 01:03:22.180836 np0000005684 nova-scheduler[96654]: DEBUG cotyledon.oslo_config_glue [-] zvm.image_tmp_path = /opt/stack/data/nova/images {{(pid=96654) log_opt_values /opt/stack/data/venv/lib/python3.12/site-packages/oslo_config/cfg.py:3253}}
Jul 23 01:03:22.180836 np0000005684 nova-scheduler[96654]: DEBUG cotyledon.oslo_config_glue [-] zvm.reachable_timeout = 300 {{(pid=96654) log_opt_values /opt/stack/data/venv/lib/python3.12/site-packages/oslo_config/cfg.py:3253}}
Jul 23 01:03:22.180836 np0000005684 nova-scheduler[96654]: DEBUG cotyledon.oslo_config_glue [-] oslo_versionedobjects.fatal_exception_format_errors = False {{(pid=96654) log_opt_values /opt/stack/data/venv/lib/python3.12/site-packages/oslo_config/cfg.py:3253}}
Jul 23 01:03:22.181011 np0000005684 nova-scheduler[96654]: DEBUG cotyledon.oslo_config_glue [-] oslo_middleware.http_basic_auth_user_file = /etc/htpasswd {{(pid=96654) log_opt_values /opt/stack/data/venv/lib/python3.12/site-packages/oslo_config/cfg.py:3253}}
Jul 23 01:03:22.181011 np0000005684 nova-scheduler[96654]: DEBUG cotyledon.oslo_config_glue [-] oslo_messaging_metrics.metrics_buffer_size = 1000 {{(pid=96654) log_opt_values /opt/stack/data/venv/lib/python3.12/site-packages/oslo_config/cfg.py:3253}}
Jul 23 01:03:22.181011 np0000005684 nova-scheduler[96654]: DEBUG cotyledon.oslo_config_glue [-] oslo_messaging_metrics.metrics_enabled = False {{(pid=96654) log_opt_values /opt/stack/data/venv/lib/python3.12/site-packages/oslo_config/cfg.py:3253}}
Jul 23 01:03:22.181011 np0000005684 nova-scheduler[96654]: DEBUG cotyledon.oslo_config_glue [-] oslo_messaging_metrics.metrics_process_name = {{(pid=96654) log_opt_values /opt/stack/data/venv/lib/python3.12/site-packages/oslo_config/cfg.py:3253}}
Jul 23 01:03:22.181011 np0000005684 nova-scheduler[96654]: DEBUG cotyledon.oslo_config_glue [-] oslo_messaging_metrics.metrics_socket_file = /var/tmp/metrics_collector.sock {{(pid=96654) log_opt_values /opt/stack/data/venv/lib/python3.12/site-packages/oslo_config/cfg.py:3253}}
Jul 23 01:03:22.181011 np0000005684 nova-scheduler[96654]: DEBUG cotyledon.oslo_config_glue [-] oslo_messaging_metrics.metrics_thread_stop_timeout = 10 {{(pid=96654) log_opt_values /opt/stack/data/venv/lib/python3.12/site-packages/oslo_config/cfg.py:3253}}
Jul 23 01:03:22.181011 np0000005684 nova-scheduler[96654]: DEBUG cotyledon.oslo_config_glue [-] profiler.connection_string = messaging:// {{(pid=96654) log_opt_values /opt/stack/data/venv/lib/python3.12/site-packages/oslo_config/cfg.py:3253}}
Jul 23 01:03:22.181173 np0000005684 nova-scheduler[96656]: INFO nova.service [-] Starting scheduler node (version 33.1.0)
Jul 23 01:03:22.181206 np0000005684 nova-scheduler[96654]: DEBUG cotyledon.oslo_config_glue [-] profiler.enabled = False {{(pid=96654) log_opt_values /opt/stack/data/venv/lib/python3.12/site-packages/oslo_config/cfg.py:3253}}
Jul 23 01:03:22.181206 np0000005684 nova-scheduler[96654]: DEBUG cotyledon.oslo_config_glue [-] profiler.es_doc_type = notification {{(pid=96654) log_opt_values /opt/stack/data/venv/lib/python3.12/site-packages/oslo_config/cfg.py:3253}}
Jul 23 01:03:22.181206 np0000005684 nova-scheduler[96654]: DEBUG cotyledon.oslo_config_glue [-] profiler.es_scroll_size = 10000 {{(pid=96654) log_opt_values /opt/stack/data/venv/lib/python3.12/site-packages/oslo_config/cfg.py:3253}}
Jul 23 01:03:22.181206 np0000005684 nova-scheduler[96654]: DEBUG cotyledon.oslo_config_glue [-] profiler.es_scroll_time = 2m {{(pid=96654) log_opt_values /opt/stack/data/venv/lib/python3.12/site-packages/oslo_config/cfg.py:3253}}
Jul 23 01:03:22.181206 np0000005684 nova-scheduler[96654]: DEBUG cotyledon.oslo_config_glue [-] profiler.filter_error_trace = False {{(pid=96654) log_opt_values /opt/stack/data/venv/lib/python3.12/site-packages/oslo_config/cfg.py:3253}}
Jul 23 01:03:22.181206 np0000005684 nova-scheduler[96654]: DEBUG cotyledon.oslo_config_glue [-] profiler.hmac_keys = **** {{(pid=96654) log_opt_values /opt/stack/data/venv/lib/python3.12/site-packages/oslo_config/cfg.py:3253}}
Jul 23 01:03:22.181206 np0000005684 nova-scheduler[96654]: DEBUG cotyledon.oslo_config_glue [-] profiler.sentinel_service_name = mymaster {{(pid=96654) log_opt_values /opt/stack/data/venv/lib/python3.12/site-packages/oslo_config/cfg.py:3253}}
Jul 23 01:03:22.181206 np0000005684 nova-scheduler[96654]: DEBUG cotyledon.oslo_config_glue [-] profiler.socket_timeout = 0.1 {{(pid=96654) log_opt_values /opt/stack/data/venv/lib/python3.12/site-packages/oslo_config/cfg.py:3253}}
Jul 23 01:03:22.181206 np0000005684 nova-scheduler[96654]: DEBUG cotyledon.oslo_config_glue [-] profiler.trace_requests = False {{(pid=96654) log_opt_values /opt/stack/data/venv/lib/python3.12/site-packages/oslo_config/cfg.py:3253}}
Jul 23 01:03:22.181396 np0000005684 nova-scheduler[96654]: DEBUG cotyledon.oslo_config_glue [-] profiler.trace_sqlalchemy = False {{(pid=96654) log_opt_values /opt/stack/data/venv/lib/python3.12/site-packages/oslo_config/cfg.py:3253}}
Jul 23 01:03:22.181396 np0000005684 nova-scheduler[96654]: DEBUG cotyledon.oslo_config_glue [-] profiler_jaeger.process_tags = {} {{(pid=96654) log_opt_values /opt/stack/data/venv/lib/python3.12/site-packages/oslo_config/cfg.py:3253}}
Jul 23 01:03:22.181396 np0000005684 nova-scheduler[96654]: DEBUG cotyledon.oslo_config_glue [-] profiler_jaeger.service_name_prefix = None {{(pid=96654) log_opt_values /opt/stack/data/venv/lib/python3.12/site-packages/oslo_config/cfg.py:3253}}
Jul 23 01:03:22.181396 np0000005684 nova-scheduler[96654]: DEBUG cotyledon.oslo_config_glue [-] profiler_otlp.service_name_prefix = None {{(pid=96654) log_opt_values /opt/stack/data/venv/lib/python3.12/site-packages/oslo_config/cfg.py:3253}}
Jul 23 01:03:22.181396 np0000005684 nova-scheduler[96654]: DEBUG cotyledon.oslo_config_glue [-] oslo_messaging_rabbit.amqp_auto_delete = False {{(pid=96654) log_opt_values /opt/stack/data/venv/lib/python3.12/site-packages/oslo_config/cfg.py:3253}}
Jul 23 01:03:22.181396 np0000005684 nova-scheduler[96654]: DEBUG cotyledon.oslo_config_glue [-] oslo_messaging_rabbit.amqp_durable_queues = False {{(pid=96654) log_opt_values /opt/stack/data/venv/lib/python3.12/site-packages/oslo_config/cfg.py:3253}}
Jul 23 01:03:22.181396 np0000005684 nova-scheduler[96654]: DEBUG cotyledon.oslo_config_glue [-] oslo_messaging_rabbit.conn_pool_min_size = 2 {{(pid=96654) log_opt_values /opt/stack/data/venv/lib/python3.12/site-packages/oslo_config/cfg.py:3253}}
Jul 23 01:03:22.181396 np0000005684 nova-scheduler[96654]: DEBUG cotyledon.oslo_config_glue [-] oslo_messaging_rabbit.conn_pool_ttl = 1200 {{(pid=96654) log_opt_values /opt/stack/data/venv/lib/python3.12/site-packages/oslo_config/cfg.py:3253}}
Jul 23 01:03:22.181396 np0000005684 nova-scheduler[96654]: DEBUG cotyledon.oslo_config_glue [-] oslo_messaging_rabbit.direct_mandatory_flag = True {{(pid=96654) log_opt_values /opt/stack/data/venv/lib/python3.12/site-packages/oslo_config/cfg.py:3253}}
Jul 23 01:03:22.181573 np0000005684 nova-scheduler[96654]: DEBUG cotyledon.oslo_config_glue [-] oslo_messaging_rabbit.enable_cancel_on_failover = False {{(pid=96654) log_opt_values /opt/stack/data/venv/lib/python3.12/site-packages/oslo_config/cfg.py:3253}}
Jul 23 01:03:22.181573 np0000005684 nova-scheduler[96654]: DEBUG cotyledon.oslo_config_glue [-] oslo_messaging_rabbit.heartbeat_rate = 3 {{(pid=96654) log_opt_values /opt/stack/data/venv/lib/python3.12/site-packages/oslo_config/cfg.py:3253}}
Jul 23 01:03:22.181573 np0000005684 nova-scheduler[96654]: DEBUG cotyledon.oslo_config_glue [-] oslo_messaging_rabbit.heartbeat_timeout_threshold = 60 {{(pid=96654) log_opt_values /opt/stack/data/venv/lib/python3.12/site-packages/oslo_config/cfg.py:3253}}
Jul 23 01:03:22.181573 np0000005684 nova-scheduler[96654]: DEBUG cotyledon.oslo_config_glue [-] oslo_messaging_rabbit.hostname = np0000005684 {{(pid=96654) log_opt_values /opt/stack/data/venv/lib/python3.12/site-packages/oslo_config/cfg.py:3253}}
Jul 23 01:03:22.181573 np0000005684 nova-scheduler[96654]: DEBUG cotyledon.oslo_config_glue [-] oslo_messaging_rabbit.kombu_compression = None {{(pid=96654) log_opt_values /opt/stack/data/venv/lib/python3.12/site-packages/oslo_config/cfg.py:3253}}
Jul 23 01:03:22.181573 np0000005684 nova-scheduler[96654]: DEBUG cotyledon.oslo_config_glue [-] oslo_messaging_rabbit.kombu_failover_strategy = round-robin {{(pid=96654) log_opt_values /opt/stack/data/venv/lib/python3.12/site-packages/oslo_config/cfg.py:3253}}
Jul 23 01:03:22.181573 np0000005684 nova-scheduler[96654]: DEBUG cotyledon.oslo_config_glue [-] oslo_messaging_rabbit.kombu_missing_consumer_retry_timeout = 60 {{(pid=96654) log_opt_values /opt/stack/data/venv/lib/python3.12/site-packages/oslo_config/cfg.py:3253}}
Jul 23 01:03:22.181573 np0000005684 nova-scheduler[96654]: DEBUG cotyledon.oslo_config_glue [-] oslo_messaging_rabbit.kombu_reconnect_delay = 1.0 {{(pid=96654) log_opt_values /opt/stack/data/venv/lib/python3.12/site-packages/oslo_config/cfg.py:3253}}
Jul 23 01:03:22.181573 np0000005684 nova-scheduler[96654]: DEBUG cotyledon.oslo_config_glue [-] oslo_messaging_rabbit.kombu_reconnect_splay = 0.0 {{(pid=96654) log_opt_values /opt/stack/data/venv/lib/python3.12/site-packages/oslo_config/cfg.py:3253}}
Jul 23 01:03:22.181764 np0000005684 nova-scheduler[96654]: DEBUG cotyledon.oslo_config_glue [-] oslo_messaging_rabbit.processname = nova-scheduler {{(pid=96654) log_opt_values /opt/stack/data/venv/lib/python3.12/site-packages/oslo_config/cfg.py:3253}}
Jul 23 01:03:22.181764 np0000005684 nova-scheduler[96654]: DEBUG cotyledon.oslo_config_glue [-] oslo_messaging_rabbit.rabbit_ha_queues = False {{(pid=96654) log_opt_values /opt/stack/data/venv/lib/python3.12/site-packages/oslo_config/cfg.py:3253}}
Jul 23 01:03:22.181764 np0000005684 nova-scheduler[96654]: DEBUG cotyledon.oslo_config_glue [-] oslo_messaging_rabbit.rabbit_interval_max = 30 {{(pid=96654) log_opt_values /opt/stack/data/venv/lib/python3.12/site-packages/oslo_config/cfg.py:3253}}
Jul 23 01:03:22.181764 np0000005684 nova-scheduler[96654]: DEBUG cotyledon.oslo_config_glue [-] oslo_messaging_rabbit.rabbit_login_method = AMQPLAIN {{(pid=96654) log_opt_values /opt/stack/data/venv/lib/python3.12/site-packages/oslo_config/cfg.py:3253}}
Jul 23 01:03:22.181764 np0000005684 nova-scheduler[96654]: DEBUG cotyledon.oslo_config_glue [-] oslo_messaging_rabbit.rabbit_qos_prefetch_count = 0 {{(pid=96654) log_opt_values /opt/stack/data/venv/lib/python3.12/site-packages/oslo_config/cfg.py:3253}}
Jul 23 01:03:22.181764 np0000005684 nova-scheduler[96654]: DEBUG cotyledon.oslo_config_glue [-] oslo_messaging_rabbit.rabbit_quorum_delivery_limit = 0 {{(pid=96654) log_opt_values /opt/stack/data/venv/lib/python3.12/site-packages/oslo_config/cfg.py:3253}}
Jul 23 01:03:22.181764 np0000005684 nova-scheduler[96654]: DEBUG cotyledon.oslo_config_glue [-] oslo_messaging_rabbit.rabbit_quorum_max_memory_bytes = 0 {{(pid=96654) log_opt_values /opt/stack/data/venv/lib/python3.12/site-packages/oslo_config/cfg.py:3253}}
Jul 23 01:03:22.181764 np0000005684 nova-scheduler[96654]: DEBUG cotyledon.oslo_config_glue [-] oslo_messaging_rabbit.rabbit_quorum_max_memory_length = 0 {{(pid=96654) log_opt_values /opt/stack/data/venv/lib/python3.12/site-packages/oslo_config/cfg.py:3253}}
Jul 23 01:03:22.181764 np0000005684 nova-scheduler[96654]: DEBUG cotyledon.oslo_config_glue [-] oslo_messaging_rabbit.rabbit_quorum_queue = False {{(pid=96654) log_opt_values /opt/stack/data/venv/lib/python3.12/site-packages/oslo_config/cfg.py:3253}}
Jul 23 01:03:22.181957 np0000005684 nova-scheduler[96654]: DEBUG cotyledon.oslo_config_glue [-] oslo_messaging_rabbit.rabbit_retry_backoff = 2 {{(pid=96654) log_opt_values /opt/stack/data/venv/lib/python3.12/site-packages/oslo_config/cfg.py:3253}}
Jul 23 01:03:22.181957 np0000005684 nova-scheduler[96654]: DEBUG cotyledon.oslo_config_glue [-] oslo_messaging_rabbit.rabbit_retry_interval = 1 {{(pid=96654) log_opt_values /opt/stack/data/venv/lib/python3.12/site-packages/oslo_config/cfg.py:3253}}
Jul 23 01:03:22.181957 np0000005684 nova-scheduler[96654]: DEBUG cotyledon.oslo_config_glue [-] oslo_messaging_rabbit.rabbit_stream_fanout = False {{(pid=96654) log_opt_values /opt/stack/data/venv/lib/python3.12/site-packages/oslo_config/cfg.py:3253}}
Jul 23 01:03:22.181957 np0000005684 nova-scheduler[96654]: DEBUG cotyledon.oslo_config_glue [-] oslo_messaging_rabbit.rabbit_transient_queues_ttl = 1800 {{(pid=96654) log_opt_values /opt/stack/data/venv/lib/python3.12/site-packages/oslo_config/cfg.py:3253}}
Jul 23 01:03:22.181957 np0000005684 nova-scheduler[96654]: DEBUG cotyledon.oslo_config_glue [-] oslo_messaging_rabbit.rabbit_transient_quorum_queue = False {{(pid=96654) log_opt_values /opt/stack/data/venv/lib/python3.12/site-packages/oslo_config/cfg.py:3253}}
Jul 23 01:03:22.181957 np0000005684 nova-scheduler[96654]: DEBUG cotyledon.oslo_config_glue [-] oslo_messaging_rabbit.rpc_conn_pool_size = 30 {{(pid=96654) log_opt_values /opt/stack/data/venv/lib/python3.12/site-packages/oslo_config/cfg.py:3253}}
Jul 23 01:03:22.181957 np0000005684 nova-scheduler[96654]: DEBUG cotyledon.oslo_config_glue [-] oslo_messaging_rabbit.ssl = False {{(pid=96654) log_opt_values /opt/stack/data/venv/lib/python3.12/site-packages/oslo_config/cfg.py:3253}}
Jul 23 01:03:22.181957 np0000005684 nova-scheduler[96654]: DEBUG cotyledon.oslo_config_glue [-] oslo_messaging_rabbit.ssl_ca_file = {{(pid=96654) log_opt_values /opt/stack/data/venv/lib/python3.12/site-packages/oslo_config/cfg.py:3253}}
Jul 23 01:03:22.181957 np0000005684 nova-scheduler[96654]: DEBUG cotyledon.oslo_config_glue [-] oslo_messaging_rabbit.ssl_cert_file = {{(pid=96654) log_opt_values /opt/stack/data/venv/lib/python3.12/site-packages/oslo_config/cfg.py:3253}}
Jul 23 01:03:22.182151 np0000005684 nova-scheduler[96654]: DEBUG cotyledon.oslo_config_glue [-] oslo_messaging_rabbit.ssl_enforce_fips_mode = False {{(pid=96654) log_opt_values /opt/stack/data/venv/lib/python3.12/site-packages/oslo_config/cfg.py:3253}}
Jul 23 01:03:22.182151 np0000005684 nova-scheduler[96654]: DEBUG cotyledon.oslo_config_glue [-] oslo_messaging_rabbit.ssl_enforce_hostname_verification = True {{(pid=96654) log_opt_values /opt/stack/data/venv/lib/python3.12/site-packages/oslo_config/cfg.py:3253}}
Jul 23 01:03:22.182151 np0000005684 nova-scheduler[96654]: DEBUG cotyledon.oslo_config_glue [-] oslo_messaging_rabbit.ssl_key_file = {{(pid=96654) log_opt_values /opt/stack/data/venv/lib/python3.12/site-packages/oslo_config/cfg.py:3253}}
Jul 23 01:03:22.182151 np0000005684 nova-scheduler[96654]: DEBUG cotyledon.oslo_config_glue [-] oslo_messaging_rabbit.ssl_version = {{(pid=96654) log_opt_values /opt/stack/data/venv/lib/python3.12/site-packages/oslo_config/cfg.py:3253}}
Jul 23 01:03:22.182151 np0000005684 nova-scheduler[96654]: DEBUG cotyledon.oslo_config_glue [-] oslo_messaging_rabbit.use_queue_manager = False {{(pid=96654) log_opt_values /opt/stack/data/venv/lib/python3.12/site-packages/oslo_config/cfg.py:3253}}
Jul 23 01:03:22.182151 np0000005684 nova-scheduler[96654]: DEBUG cotyledon.oslo_config_glue [-] oslo_messaging_notifications.driver = ['messagingv2'] {{(pid=96654) log_opt_values /opt/stack/data/venv/lib/python3.12/site-packages/oslo_config/cfg.py:3253}}
Jul 23 01:03:22.182151 np0000005684 nova-scheduler[96654]: DEBUG cotyledon.oslo_config_glue [-] oslo_messaging_notifications.retry = -1 {{(pid=96654) log_opt_values /opt/stack/data/venv/lib/python3.12/site-packages/oslo_config/cfg.py:3253}}
Jul 23 01:03:22.182151 np0000005684 nova-scheduler[96654]: DEBUG cotyledon.oslo_config_glue [-] oslo_messaging_notifications.topics = ['notifications'] {{(pid=96654) log_opt_values /opt/stack/data/venv/lib/python3.12/site-packages/oslo_config/cfg.py:3253}}
Jul 23 01:03:22.182151 np0000005684 nova-scheduler[96654]: DEBUG cotyledon.oslo_config_glue [-] oslo_messaging_notifications.transport_url = **** {{(pid=96654) log_opt_values /opt/stack/data/venv/lib/python3.12/site-packages/oslo_config/cfg.py:3253}}
Jul 23 01:03:22.182332 np0000005684 nova-scheduler[96654]: DEBUG cotyledon.oslo_config_glue [-] oslo_limit.auth_section = None {{(pid=96654) log_opt_values /opt/stack/data/venv/lib/python3.12/site-packages/oslo_config/cfg.py:3253}}
Jul 23 01:03:22.182332 np0000005684 nova-scheduler[96654]: DEBUG cotyledon.oslo_config_glue [-] oslo_limit.auth_type = None {{(pid=96654) log_opt_values /opt/stack/data/venv/lib/python3.12/site-packages/oslo_config/cfg.py:3253}}
Jul 23 01:03:22.182332 np0000005684 nova-scheduler[96654]: DEBUG cotyledon.oslo_config_glue [-] oslo_limit.cafile = None {{(pid=96654) log_opt_values /opt/stack/data/venv/lib/python3.12/site-packages/oslo_config/cfg.py:3253}}
Jul 23 01:03:22.182332 np0000005684 nova-scheduler[96654]: DEBUG cotyledon.oslo_config_glue [-] oslo_limit.certfile = None {{(pid=96654) log_opt_values /opt/stack/data/venv/lib/python3.12/site-packages/oslo_config/cfg.py:3253}}
Jul 23 01:03:22.182332 np0000005684 nova-scheduler[96654]: DEBUG cotyledon.oslo_config_glue [-] oslo_limit.collect_timing = False {{(pid=96654) log_opt_values /opt/stack/data/venv/lib/python3.12/site-packages/oslo_config/cfg.py:3253}}
Jul 23 01:03:22.182332 np0000005684 nova-scheduler[96654]: DEBUG cotyledon.oslo_config_glue [-] oslo_limit.connect_retries = None {{(pid=96654) log_opt_values /opt/stack/data/venv/lib/python3.12/site-packages/oslo_config/cfg.py:3253}}
Jul 23 01:03:22.182332 np0000005684 nova-scheduler[96654]: DEBUG cotyledon.oslo_config_glue [-] oslo_limit.connect_retry_delay = None {{(pid=96654) log_opt_values /opt/stack/data/venv/lib/python3.12/site-packages/oslo_config/cfg.py:3253}}
Jul 23 01:03:22.182332 np0000005684 nova-scheduler[96654]: DEBUG cotyledon.oslo_config_glue [-] oslo_limit.endpoint_id = None {{(pid=96654) log_opt_values /opt/stack/data/venv/lib/python3.12/site-packages/oslo_config/cfg.py:3253}}
Jul 23 01:03:22.182332 np0000005684 nova-scheduler[96654]: DEBUG cotyledon.oslo_config_glue [-] oslo_limit.endpoint_interface = public {{(pid=96654) log_opt_values /opt/stack/data/venv/lib/python3.12/site-packages/oslo_config/cfg.py:3253}}
Jul 23 01:03:22.182516 np0000005684 nova-scheduler[96654]: DEBUG cotyledon.oslo_config_glue [-] oslo_limit.endpoint_override = None {{(pid=96654) log_opt_values /opt/stack/data/venv/lib/python3.12/site-packages/oslo_config/cfg.py:3253}}
Jul 23 01:03:22.182516 np0000005684 nova-scheduler[96654]: DEBUG cotyledon.oslo_config_glue [-] oslo_limit.endpoint_region_name = None {{(pid=96654) log_opt_values /opt/stack/data/venv/lib/python3.12/site-packages/oslo_config/cfg.py:3253}}
Jul 23 01:03:22.182516 np0000005684 nova-scheduler[96654]: DEBUG cotyledon.oslo_config_glue [-] oslo_limit.endpoint_service_name = None {{(pid=96654) log_opt_values /opt/stack/data/venv/lib/python3.12/site-packages/oslo_config/cfg.py:3253}}
Jul 23 01:03:22.182516 np0000005684 nova-scheduler[96654]: DEBUG cotyledon.oslo_config_glue [-] oslo_limit.endpoint_service_type = None {{(pid=96654) log_opt_values /opt/stack/data/venv/lib/python3.12/site-packages/oslo_config/cfg.py:3253}}
Jul 23 01:03:22.182516 np0000005684 nova-scheduler[96654]: DEBUG cotyledon.oslo_config_glue [-] oslo_limit.insecure = False {{(pid=96654) log_opt_values /opt/stack/data/venv/lib/python3.12/site-packages/oslo_config/cfg.py:3253}}
Jul 23 01:03:22.182516 np0000005684 nova-scheduler[96654]: DEBUG cotyledon.oslo_config_glue [-] oslo_limit.keyfile = None {{(pid=96654) log_opt_values /opt/stack/data/venv/lib/python3.12/site-packages/oslo_config/cfg.py:3253}}
Jul 23 01:03:22.182516 np0000005684 nova-scheduler[96654]: DEBUG cotyledon.oslo_config_glue [-] oslo_limit.max_version = None {{(pid=96654) log_opt_values /opt/stack/data/venv/lib/python3.12/site-packages/oslo_config/cfg.py:3253}}
Jul 23 01:03:22.182516 np0000005684 nova-scheduler[96654]: DEBUG cotyledon.oslo_config_glue [-] oslo_limit.min_version = None {{(pid=96654) log_opt_values /opt/stack/data/venv/lib/python3.12/site-packages/oslo_config/cfg.py:3253}}
Jul 23 01:03:22.182516 np0000005684 nova-scheduler[96654]: DEBUG cotyledon.oslo_config_glue [-] oslo_limit.region_name = None {{(pid=96654) log_opt_values /opt/stack/data/venv/lib/python3.12/site-packages/oslo_config/cfg.py:3253}}
Jul 23 01:03:22.182710 np0000005684 nova-scheduler[96654]: DEBUG cotyledon.oslo_config_glue [-] oslo_limit.retriable_status_codes = None {{(pid=96654) log_opt_values /opt/stack/data/venv/lib/python3.12/site-packages/oslo_config/cfg.py:3253}}
Jul 23 01:03:22.182710 np0000005684 nova-scheduler[96654]: DEBUG cotyledon.oslo_config_glue [-] oslo_limit.service_name = None {{(pid=96654) log_opt_values /opt/stack/data/venv/lib/python3.12/site-packages/oslo_config/cfg.py:3253}}
Jul 23 01:03:22.182710 np0000005684 nova-scheduler[96654]: DEBUG cotyledon.oslo_config_glue [-] oslo_limit.service_type = None {{(pid=96654) log_opt_values /opt/stack/data/venv/lib/python3.12/site-packages/oslo_config/cfg.py:3253}}
Jul 23 01:03:22.182710 np0000005684 nova-scheduler[96654]: DEBUG cotyledon.oslo_config_glue [-] oslo_limit.split_loggers = False {{(pid=96654) log_opt_values /opt/stack/data/venv/lib/python3.12/site-packages/oslo_config/cfg.py:3253}}
Jul 23 01:03:22.182710 np0000005684 nova-scheduler[96654]: DEBUG cotyledon.oslo_config_glue [-] oslo_limit.status_code_retries = None {{(pid=96654) log_opt_values /opt/stack/data/venv/lib/python3.12/site-packages/oslo_config/cfg.py:3253}}
Jul 23 01:03:22.182710 np0000005684 nova-scheduler[96654]: DEBUG cotyledon.oslo_config_glue [-] oslo_limit.status_code_retry_delay = None {{(pid=96654) log_opt_values /opt/stack/data/venv/lib/python3.12/site-packages/oslo_config/cfg.py:3253}}
Jul 23 01:03:22.182710 np0000005684 nova-scheduler[96654]: DEBUG cotyledon.oslo_config_glue [-] oslo_limit.timeout = None {{(pid=96654) log_opt_values /opt/stack/data/venv/lib/python3.12/site-packages/oslo_config/cfg.py:3253}}
Jul 23 01:03:22.182710 np0000005684 nova-scheduler[96654]: DEBUG cotyledon.oslo_config_glue [-] oslo_limit.valid_interfaces = None {{(pid=96654) log_opt_values /opt/stack/data/venv/lib/python3.12/site-packages/oslo_config/cfg.py:3253}}
Jul 23 01:03:22.182710 np0000005684 nova-scheduler[96654]: DEBUG cotyledon.oslo_config_glue [-] oslo_limit.version = None {{(pid=96654) log_opt_values /opt/stack/data/venv/lib/python3.12/site-packages/oslo_config/cfg.py:3253}}
Jul 23 01:03:22.182898 np0000005684 nova-scheduler[96654]: DEBUG cotyledon.oslo_config_glue [-] oslo_reports.file_event_handler = None {{(pid=96654) log_opt_values /opt/stack/data/venv/lib/python3.12/site-packages/oslo_config/cfg.py:3253}}
Jul 23 01:03:22.182898 np0000005684 nova-scheduler[96654]: DEBUG cotyledon.oslo_config_glue [-] oslo_reports.file_event_handler_interval = 1 {{(pid=96654) log_opt_values /opt/stack/data/venv/lib/python3.12/site-packages/oslo_config/cfg.py:3253}}
Jul 23 01:03:22.182951 np0000005684 nova-scheduler[96656]: INFO dbcounter [None req-d2118cd9-d695-402c-8a70-b871566539e1 None None] Registered counter for database nova_cell0
Jul 23 01:03:22.183026 np0000005684 nova-scheduler[96654]: DEBUG cotyledon.oslo_config_glue [-] oslo_reports.log_dir = None {{(pid=96654) log_opt_values /opt/stack/data/venv/lib/python3.12/site-packages/oslo_config/cfg.py:3253}}
Jul 23 01:03:22.183026 np0000005684 nova-scheduler[96654]: DEBUG cotyledon.oslo_config_glue [-] ******************************************************************************** {{(pid=96654) log_opt_values /opt/stack/data/venv/lib/python3.12/site-packages/oslo_config/cfg.py:3260}}
Jul 23 01:03:22.183026 np0000005684 nova-scheduler[96654]: DEBUG cotyledon._service_worker [-] Run service ServiceWrapper(2) [96654] {{(pid=96654) wait_forever /opt/stack/data/venv/lib/python3.12/site-packages/cotyledon/_service_worker.py:218}}
Jul 23 01:03:22.183026 np0000005684 nova-scheduler[96654]: INFO nova.service [-] Starting scheduler node (version 33.1.0)
Jul 23 01:03:22.183116 np0000005684 nova-scheduler[96638]: DEBUG dbcounter [-] [96638] Writer thread running {{(pid=96638) stat_writer /opt/stack/data/venv/lib/python3.12/site-packages/dbcounter.py:102}}
Jul 23 01:03:22.183153 np0000005684 nova-scheduler[96654]: INFO dbcounter [None req-1e3c359f-f673-4c68-8333-100b03ce49cb None None] Registered counter for database nova_cell0
Jul 23 01:03:22.183181 np0000005684 nova-scheduler[96652]: DEBUG oslo_db.sqlalchemy.engines [None req-9b9f5992-7e70-4ca7-a7fa-1cf796b2dc61 None None] MySQL server mode set to STRICT_TRANS_TABLES,STRICT_ALL_TABLES,NO_ZERO_IN_DATE,NO_ZERO_DATE,ERROR_FOR_DIVISION_BY_ZERO,TRADITIONAL,NO_ENGINE_SUBSTITUTION {{(pid=96652) _check_effective_sql_mode /opt/stack/data/venv/lib/python3.12/site-packages/oslo_db/sqlalchemy/engines.py:325}}
Jul 23 01:03:22.183211 np0000005684 nova-scheduler[96638]: DEBUG nova.service [None req-22352b44-9d7e-4a2a-be56-a7ce0add2a5d None None] Creating RPC server for service: nova-scheduler on topic: scheduler {{(pid=96638) start /opt/stack/nova/nova/service.py:196}}
Jul 23 01:03:22.183235 np0000005684 nova-scheduler[96652]: DEBUG dbcounter [-] [96652] Writer thread running {{(pid=96652) stat_writer /opt/stack/data/venv/lib/python3.12/site-packages/dbcounter.py:102}}
Jul 23 01:03:22.183235 np0000005684 nova-scheduler[96652]: DEBUG nova.service [None req-9b9f5992-7e70-4ca7-a7fa-1cf796b2dc61 None None] Creating RPC server for service: nova-scheduler on topic: scheduler {{(pid=96652) start /opt/stack/nova/nova/service.py:196}}
Jul 23 01:03:22.183282 np0000005684 nova-scheduler[96656]: DEBUG oslo_db.sqlalchemy.engines [None req-d2118cd9-d695-402c-8a70-b871566539e1 None None] MySQL server mode set to STRICT_TRANS_TABLES,STRICT_ALL_TABLES,NO_ZERO_IN_DATE,NO_ZERO_DATE,ERROR_FOR_DIVISION_BY_ZERO,TRADITIONAL,NO_ENGINE_SUBSTITUTION {{(pid=96656) _check_effective_sql_mode /opt/stack/data/venv/lib/python3.12/site-packages/oslo_db/sqlalchemy/engines.py:325}}
Jul 23 01:03:22.189919 np0000005684 nova-scheduler[96638]: DEBUG nova.service [None req-22352b44-9d7e-4a2a-be56-a7ce0add2a5d None None] Join ServiceGroup membership for this service scheduler {{(pid=96638) start /opt/stack/nova/nova/service.py:222}}
Jul 23 01:03:22.190106 np0000005684 nova-scheduler[96638]: DEBUG nova.servicegroup.drivers.db [None req-22352b44-9d7e-4a2a-be56-a7ce0add2a5d None None] DB_Driver: join new ServiceGroup member np0000005684 to the scheduler group, service = {{(pid=96638) join /opt/stack/nova/nova/servicegroup/drivers/db.py:44}}
Jul 23 01:03:22.190434 np0000005684 nova-scheduler[96656]: DEBUG dbcounter [-] [96656] Writer thread running {{(pid=96656) stat_writer /opt/stack/data/venv/lib/python3.12/site-packages/dbcounter.py:102}}
Jul 23 01:03:22.192863 np0000005684 nova-scheduler[96656]: DEBUG nova.service [None req-d2118cd9-d695-402c-8a70-b871566539e1 None None] Creating RPC server for service: nova-scheduler on topic: scheduler {{(pid=96656) start /opt/stack/nova/nova/service.py:196}}
Jul 23 01:03:22.193360 np0000005684 nova-scheduler[96654]: DEBUG oslo_db.sqlalchemy.engines [None req-1e3c359f-f673-4c68-8333-100b03ce49cb None None] MySQL server mode set to STRICT_TRANS_TABLES,STRICT_ALL_TABLES,NO_ZERO_IN_DATE,NO_ZERO_DATE,ERROR_FOR_DIVISION_BY_ZERO,TRADITIONAL,NO_ENGINE_SUBSTITUTION {{(pid=96654) _check_effective_sql_mode /opt/stack/data/venv/lib/python3.12/site-packages/oslo_db/sqlalchemy/engines.py:325}}
Jul 23 01:03:22.199367 np0000005684 nova-scheduler[96652]: DEBUG nova.service [None req-9b9f5992-7e70-4ca7-a7fa-1cf796b2dc61 None None] Join ServiceGroup membership for this service scheduler {{(pid=96652) start /opt/stack/nova/nova/service.py:222}}
Jul 23 01:03:22.199624 np0000005684 nova-scheduler[96652]: DEBUG nova.servicegroup.drivers.db [None req-9b9f5992-7e70-4ca7-a7fa-1cf796b2dc61 None None] DB_Driver: join new ServiceGroup member np0000005684 to the scheduler group, service = {{(pid=96652) join /opt/stack/nova/nova/servicegroup/drivers/db.py:44}}
Jul 23 01:03:22.203009 np0000005684 nova-scheduler[96654]: DEBUG dbcounter [-] [96654] Writer thread running {{(pid=96654) stat_writer /opt/stack/data/venv/lib/python3.12/site-packages/dbcounter.py:102}}
Jul 23 01:03:22.205789 np0000005684 nova-scheduler[96654]: DEBUG nova.service [None req-1e3c359f-f673-4c68-8333-100b03ce49cb None None] Creating RPC server for service: nova-scheduler on topic: scheduler {{(pid=96654) start /opt/stack/nova/nova/service.py:196}}
Jul 23 01:03:22.211566 np0000005684 nova-scheduler[96656]: DEBUG nova.service [None req-d2118cd9-d695-402c-8a70-b871566539e1 None None] Join ServiceGroup membership for this service scheduler {{(pid=96656) start /opt/stack/nova/nova/service.py:222}}
Jul 23 01:03:22.211895 np0000005684 nova-scheduler[96656]: DEBUG nova.servicegroup.drivers.db [None req-d2118cd9-d695-402c-8a70-b871566539e1 None None] DB_Driver: join new ServiceGroup member np0000005684 to the scheduler group, service = {{(pid=96656) join /opt/stack/nova/nova/servicegroup/drivers/db.py:44}}
Jul 23 01:03:22.222633 np0000005684 nova-scheduler[96654]: DEBUG nova.service [None req-1e3c359f-f673-4c68-8333-100b03ce49cb None None] Join ServiceGroup membership for this service scheduler {{(pid=96654) start /opt/stack/nova/nova/service.py:222}}
Jul 23 01:03:22.222943 np0000005684 nova-scheduler[96654]: DEBUG nova.servicegroup.drivers.db [None req-1e3c359f-f673-4c68-8333-100b03ce49cb None None] DB_Driver: join new ServiceGroup member np0000005684 to the scheduler group, service = {{(pid=96654) join /opt/stack/nova/nova/servicegroup/drivers/db.py:44}}
Jul 23 01:03:27.210735 np0000005684 nova-scheduler[96638]: DEBUG oslo.service.backend._threading.loopingcall [-] Fixed interval looping call 'nova.servicegroup.drivers.db.DbDriver._report_state' sleeping for 119.98 seconds {{(pid=96638) _run_loop /opt/stack/data/venv/lib/python3.12/site-packages/oslo_service/backend/_threading/loopingcall.py:125}}
Jul 23 01:03:27.214013 np0000005684 nova-scheduler[96652]: DEBUG oslo.service.backend._threading.loopingcall [-] Fixed interval looping call 'nova.servicegroup.drivers.db.DbDriver._report_state' sleeping for 119.99 seconds {{(pid=96652) _run_loop /opt/stack/data/venv/lib/python3.12/site-packages/oslo_service/backend/_threading/loopingcall.py:125}}
Jul 23 01:03:27.227307 np0000005684 nova-scheduler[96656]: DEBUG oslo.service.backend._threading.loopingcall [-] Fixed interval looping call 'nova.servicegroup.drivers.db.DbDriver._report_state' sleeping for 119.99 seconds {{(pid=96656) _run_loop /opt/stack/data/venv/lib/python3.12/site-packages/oslo_service/backend/_threading/loopingcall.py:125}}
Jul 23 01:03:27.238730 np0000005684 nova-scheduler[96654]: DEBUG oslo.service.backend._threading.loopingcall [-] Fixed interval looping call 'nova.servicegroup.drivers.db.DbDriver._report_state' sleeping for 119.99 seconds {{(pid=96654) _run_loop /opt/stack/data/venv/lib/python3.12/site-packages/oslo_service/backend/_threading/loopingcall.py:125}}
Jul 23 01:03:30.744418 np0000005684 nova-scheduler[95308]: DEBUG dbcounter [-] [95308] Writing DB stats nova_api:SELECT=3 {{(pid=95308) stat_writer /opt/stack/data/venv/lib/python3.12/site-packages/dbcounter.py:115}}
Jul 23 01:03:30.902377 np0000005684 nova-scheduler[95308]: DEBUG dbcounter [-] [95308] Writing DB stats nova_cell0:SELECT=1 {{(pid=95308) stat_writer /opt/stack/data/venv/lib/python3.12/site-packages/dbcounter.py:115}}
Jul 23 01:03:30.907755 np0000005684 nova-scheduler[95308]: DEBUG dbcounter [-] [95308] Writing DB stats nova_cell1:SELECT=1 {{(pid=95308) stat_writer /opt/stack/data/venv/lib/python3.12/site-packages/dbcounter.py:115}}
Jul 23 01:03:34.213495 np0000005684 nova-scheduler[96656]: DEBUG oslo.service.backend._threading.loopingcall [None req-8ed2f868-60b0-421e-bb25-bfaa34c89717 None None] Dynamic interval looping call 'nova.service.Service.periodic_tasks' sleeping for 60.00 seconds {{(pid=96656) _run_loop /opt/stack/data/venv/lib/python3.12/site-packages/oslo_service/backend/_threading/loopingcall.py:125}}
Jul 23 01:03:36.227111 np0000005684 nova-scheduler[96654]: DEBUG oslo.service.backend._threading.loopingcall [None req-85a17edf-d018-41ed-9bbe-cb88ff226cf4 None None] Dynamic interval looping call 'nova.service.Service.periodic_tasks' sleeping for 60.00 seconds {{(pid=96654) _run_loop /opt/stack/data/venv/lib/python3.12/site-packages/oslo_service/backend/_threading/loopingcall.py:125}}
Jul 23 01:03:37.202718 np0000005684 nova-scheduler[96638]: DEBUG dbcounter [-] [96638] Writing DB stats nova_cell0:SELECT=4,nova_cell0:INSERT=1,nova_cell0:UPDATE=1 {{(pid=96638) stat_writer /opt/stack/data/venv/lib/python3.12/site-packages/dbcounter.py:115}}
Jul 23 01:03:37.212483 np0000005684 nova-scheduler[96652]: DEBUG dbcounter [-] [96652] Writing DB stats nova_cell0:SELECT=3,nova_cell0:UPDATE=1 {{(pid=96652) stat_writer /opt/stack/data/venv/lib/python3.12/site-packages/dbcounter.py:115}}
Jul 23 01:03:37.226715 np0000005684 nova-scheduler[96656]: DEBUG dbcounter [-] [96656] Writing DB stats nova_cell0:SELECT=3 {{(pid=96656) stat_writer /opt/stack/data/venv/lib/python3.12/site-packages/dbcounter.py:115}}
Jul 23 01:03:37.235787 np0000005684 nova-scheduler[96654]: DEBUG dbcounter [-] [96654] Writing DB stats nova_cell0:SELECT=3 {{(pid=96654) stat_writer /opt/stack/data/venv/lib/python3.12/site-packages/dbcounter.py:115}}
Jul 23 01:03:47.202086 np0000005684 nova-scheduler[96652]: DEBUG oslo.service.backend._threading.loopingcall [None req-7774d297-6832-4e30-8bc1-845a3a1860ed None None] Dynamic interval looping call 'nova.service.Service.periodic_tasks' sleeping for 60.00 seconds {{(pid=96652) _run_loop /opt/stack/data/venv/lib/python3.12/site-packages/oslo_service/backend/_threading/loopingcall.py:125}}
Jul 23 01:03:57.191924 np0000005684 nova-scheduler[96638]: DEBUG oslo.service.backend._threading.loopingcall [None req-3d2b1586-e874-40c2-a120-ad4139d542e5 None None] Dynamic interval looping call 'nova.service.Service.periodic_tasks' sleeping for 60.00 seconds {{(pid=96638) _run_loop /opt/stack/data/venv/lib/python3.12/site-packages/oslo_service/backend/_threading/loopingcall.py:125}}
Jul 23 01:04:34.213966 np0000005684 nova-scheduler[96656]: DEBUG oslo.service.backend._threading.loopingcall [None req-8ed2f868-60b0-421e-bb25-bfaa34c89717 None None] Dynamic interval looping call 'nova.service.Service.periodic_tasks' sleeping for 60.00 seconds {{(pid=96656) _run_loop /opt/stack/data/venv/lib/python3.12/site-packages/oslo_service/backend/_threading/loopingcall.py:125}}
Jul 23 01:04:36.227646 np0000005684 nova-scheduler[96654]: DEBUG oslo.service.backend._threading.loopingcall [None req-85a17edf-d018-41ed-9bbe-cb88ff226cf4 None None] Dynamic interval looping call 'nova.service.Service.periodic_tasks' sleeping for 60.00 seconds {{(pid=96654) _run_loop /opt/stack/data/venv/lib/python3.12/site-packages/oslo_service/backend/_threading/loopingcall.py:125}}
Jul 23 01:04:47.202542 np0000005684 nova-scheduler[96652]: DEBUG oslo.service.backend._threading.loopingcall [None req-7774d297-6832-4e30-8bc1-845a3a1860ed None None] Dynamic interval looping call 'nova.service.Service.periodic_tasks' sleeping for 60.00 seconds {{(pid=96652) _run_loop /opt/stack/data/venv/lib/python3.12/site-packages/oslo_service/backend/_threading/loopingcall.py:125}}
Jul 23 01:04:57.192574 np0000005684 nova-scheduler[96638]: DEBUG oslo.service.backend._threading.loopingcall [None req-3d2b1586-e874-40c2-a120-ad4139d542e5 None None] Dynamic interval looping call 'nova.service.Service.periodic_tasks' sleeping for 60.00 seconds {{(pid=96638) _run_loop /opt/stack/data/venv/lib/python3.12/site-packages/oslo_service/backend/_threading/loopingcall.py:125}}
Jul 23 01:05:27.197655 np0000005684 nova-scheduler[96638]: DEBUG oslo.service.backend._threading.loopingcall [-] Fixed interval looping call 'nova.servicegroup.drivers.db.DbDriver._report_state' sleeping for 119.99 seconds {{(pid=96638) _run_loop /opt/stack/data/venv/lib/python3.12/site-packages/oslo_service/backend/_threading/loopingcall.py:125}}
Jul 23 01:05:27.207854 np0000005684 nova-scheduler[96652]: DEBUG oslo.service.backend._threading.loopingcall [-] Fixed interval looping call 'nova.servicegroup.drivers.db.DbDriver._report_state' sleeping for 120.00 seconds {{(pid=96652) _run_loop /opt/stack/data/venv/lib/python3.12/site-packages/oslo_service/backend/_threading/loopingcall.py:125}}
Jul 23 01:05:27.220886 np0000005684 nova-scheduler[96656]: DEBUG oslo.service.backend._threading.loopingcall [-] Fixed interval looping call 'nova.servicegroup.drivers.db.DbDriver._report_state' sleeping for 120.00 seconds {{(pid=96656) _run_loop /opt/stack/data/venv/lib/python3.12/site-packages/oslo_service/backend/_threading/loopingcall.py:125}}
Jul 23 01:05:27.231918 np0000005684 nova-scheduler[96654]: DEBUG oslo.service.backend._threading.loopingcall [-] Fixed interval looping call 'nova.servicegroup.drivers.db.DbDriver._report_state' sleeping for 120.00 seconds {{(pid=96654) _run_loop /opt/stack/data/venv/lib/python3.12/site-packages/oslo_service/backend/_threading/loopingcall.py:125}}
Jul 23 01:05:34.214669 np0000005684 nova-scheduler[96656]: DEBUG oslo.service.backend._threading.loopingcall [None req-8ed2f868-60b0-421e-bb25-bfaa34c89717 None None] Dynamic interval looping call 'nova.service.Service.periodic_tasks' sleeping for 60.00 seconds {{(pid=96656) _run_loop /opt/stack/data/venv/lib/python3.12/site-packages/oslo_service/backend/_threading/loopingcall.py:125}}
Jul 23 01:05:36.228345 np0000005684 nova-scheduler[96654]: DEBUG oslo.service.backend._threading.loopingcall [None req-85a17edf-d018-41ed-9bbe-cb88ff226cf4 None None] Dynamic interval looping call 'nova.service.Service.periodic_tasks' sleeping for 60.00 seconds {{(pid=96654) _run_loop /opt/stack/data/venv/lib/python3.12/site-packages/oslo_service/backend/_threading/loopingcall.py:125}}
Jul 23 01:05:37.200487 np0000005684 nova-scheduler[96638]: DEBUG dbcounter [-] [96638] Writing DB stats nova_cell0:SELECT=1,nova_cell0:UPDATE=1 {{(pid=96638) stat_writer /opt/stack/data/venv/lib/python3.12/site-packages/dbcounter.py:115}}
Jul 23 01:05:37.207050 np0000005684 nova-scheduler[96652]: DEBUG dbcounter [-] [96652] Writing DB stats nova_cell0:SELECT=1 {{(pid=96652) stat_writer /opt/stack/data/venv/lib/python3.12/site-packages/dbcounter.py:115}}
Jul 23 01:05:37.219130 np0000005684 nova-scheduler[96656]: DEBUG dbcounter [-] [96656] Writing DB stats nova_cell0:SELECT=1 {{(pid=96656) stat_writer /opt/stack/data/venv/lib/python3.12/site-packages/dbcounter.py:115}}
Jul 23 01:05:37.230548 np0000005684 nova-scheduler[96654]: DEBUG dbcounter [-] [96654] Writing DB stats nova_cell0:SELECT=1 {{(pid=96654) stat_writer /opt/stack/data/venv/lib/python3.12/site-packages/dbcounter.py:115}}
Jul 23 01:05:43.479950 np0000005684 nova-scheduler[96638]: DEBUG nova.scheduler.manager [None req-10aa7604-9494-4baf-a258-f6de88fee896 tempest-ServerBootFromVolumeStableRescueTest-1379357545 tempest-ServerBootFromVolumeStableRescueTest-1379357545-project-member] Starting to schedule for instances: ['a9bc94e1-5942-45c8-979a-2ad1229ea4bb'] {{(pid=96638) select_destinations /opt/stack/nova/nova/scheduler/manager.py:209}}
Jul 23 01:05:43.480543 np0000005684 nova-scheduler[96638]: DEBUG nova.scheduler.request_filter [None req-10aa7604-9494-4baf-a258-f6de88fee896 tempest-ServerBootFromVolumeStableRescueTest-1379357545 tempest-ServerBootFromVolumeStableRescueTest-1379357545-project-member] compute_status_filter request filter added forbidden trait COMPUTE_STATUS_DISABLED {{(pid=96638) compute_status_filter /opt/stack/nova/nova/scheduler/request_filter.py:253}}
Jul 23 01:05:43.480848 np0000005684 nova-scheduler[96638]: DEBUG nova.scheduler.request_filter [None req-10aa7604-9494-4baf-a258-f6de88fee896 tempest-ServerBootFromVolumeStableRescueTest-1379357545 tempest-ServerBootFromVolumeStableRescueTest-1379357545-project-member] Request filter 'compute_status_filter' took 0.0 seconds {{(pid=96638) wrapper /opt/stack/nova/nova/scheduler/request_filter.py:46}}
Jul 23 01:05:43.481088 np0000005684 nova-scheduler[96638]: DEBUG nova.scheduler.request_filter [None req-10aa7604-9494-4baf-a258-f6de88fee896 tempest-ServerBootFromVolumeStableRescueTest-1379357545 tempest-ServerBootFromVolumeStableRescueTest-1379357545-project-member] Request filter 'accelerators_filter' took 0.0 seconds {{(pid=96638) wrapper /opt/stack/nova/nova/scheduler/request_filter.py:46}}
Jul 23 01:05:43.481269 np0000005684 nova-scheduler[96638]: DEBUG nova.scheduler.request_filter [None req-10aa7604-9494-4baf-a258-f6de88fee896 tempest-ServerBootFromVolumeStableRescueTest-1379357545 tempest-ServerBootFromVolumeStableRescueTest-1379357545-project-member] Request filter 'packed_virtqueue_filter' took 0.0 seconds {{(pid=96638) wrapper /opt/stack/nova/nova/scheduler/request_filter.py:46}}
Jul 23 01:05:43.481932 np0000005684 nova-scheduler[96638]: DEBUG nova.scheduler.request_filter [None req-10aa7604-9494-4baf-a258-f6de88fee896 tempest-ServerBootFromVolumeStableRescueTest-1379357545 tempest-ServerBootFromVolumeStableRescueTest-1379357545-project-member] Request filter 'remote_managed_ports_filter' took 0.0 seconds {{(pid=96638) wrapper /opt/stack/nova/nova/scheduler/request_filter.py:46}}
Jul 23 01:05:43.482072 np0000005684 nova-scheduler[96638]: DEBUG nova.scheduler.request_filter [None req-10aa7604-9494-4baf-a258-f6de88fee896 tempest-ServerBootFromVolumeStableRescueTest-1379357545 tempest-ServerBootFromVolumeStableRescueTest-1379357545-project-member] ephemeral_encryption_filter skipped {{(pid=96638) ephemeral_encryption_filter /opt/stack/nova/nova/scheduler/request_filter.py:426}}
Jul 23 01:05:43.482202 np0000005684 nova-scheduler[96638]: DEBUG nova.scheduler.request_filter [None req-10aa7604-9494-4baf-a258-f6de88fee896 tempest-ServerBootFromVolumeStableRescueTest-1379357545 tempest-ServerBootFromVolumeStableRescueTest-1379357545-project-member] virtio_sound_filter skipped {{(pid=96638) virtio_sound_filter /opt/stack/nova/nova/scheduler/request_filter.py:460}}
Jul 23 01:05:43.482547 np0000005684 nova-scheduler[96638]: DEBUG nova.scheduler.request_filter [None req-10aa7604-9494-4baf-a258-f6de88fee896 tempest-ServerBootFromVolumeStableRescueTest-1379357545 tempest-ServerBootFromVolumeStableRescueTest-1379357545-project-member] tpm_secret_security_filter skipped {{(pid=96638) tpm_secret_security_filter /opt/stack/nova/nova/scheduler/request_filter.py:477}}
Jul 23 01:05:44.225432 np0000005684 nova-scheduler[96638]: INFO nova.utils [None req-10aa7604-9494-4baf-a258-f6de88fee896 tempest-ServerBootFromVolumeStableRescueTest-1379357545 tempest-ServerBootFromVolumeStableRescueTest-1379357545-project-member] The cell worker thread pool ForkProcess-1.cell_worker is initialized
Jul 23 01:05:44.225852 np0000005684 nova-scheduler[96638]: DEBUG oslo_concurrency.lockutils [None req-10aa7604-9494-4baf-a258-f6de88fee896 tempest-ServerBootFromVolumeStableRescueTest-1379357545 tempest-ServerBootFromVolumeStableRescueTest-1379357545-project-member] Acquiring lock "7defcc27-7279-4b3b-a999-0f527b79574d" by "nova.context.set_target_cell..get_or_set_cached_cell_and_set_connections" {{(pid=96638) inner /opt/stack/data/venv/lib/python3.12/site-packages/oslo_concurrency/lockutils.py:512}}
Jul 23 01:05:44.226069 np0000005684 nova-scheduler[96638]: DEBUG oslo_concurrency.lockutils [None req-10aa7604-9494-4baf-a258-f6de88fee896 tempest-ServerBootFromVolumeStableRescueTest-1379357545 tempest-ServerBootFromVolumeStableRescueTest-1379357545-project-member] Lock "7defcc27-7279-4b3b-a999-0f527b79574d" acquired by "nova.context.set_target_cell..get_or_set_cached_cell_and_set_connections" :: waited 0.000s {{(pid=96638) inner /opt/stack/data/venv/lib/python3.12/site-packages/oslo_concurrency/lockutils.py:525}}
Jul 23 01:05:44.227372 np0000005684 nova-scheduler[96638]: DEBUG oslo_concurrency.lockutils [None req-10aa7604-9494-4baf-a258-f6de88fee896 tempest-ServerBootFromVolumeStableRescueTest-1379357545 tempest-ServerBootFromVolumeStableRescueTest-1379357545-project-member] Lock "7defcc27-7279-4b3b-a999-0f527b79574d" "released" by "nova.context.set_target_cell..get_or_set_cached_cell_and_set_connections" :: held 0.001s {{(pid=96638) inner /opt/stack/data/venv/lib/python3.12/site-packages/oslo_concurrency/lockutils.py:544}}
Jul 23 01:05:44.233493 np0000005684 nova-scheduler[96638]: INFO dbcounter [None req-10aa7604-9494-4baf-a258-f6de88fee896 tempest-ServerBootFromVolumeStableRescueTest-1379357545 tempest-ServerBootFromVolumeStableRescueTest-1379357545-project-member] Registered counter for database nova_cell1
Jul 23 01:05:44.282787 np0000005684 nova-scheduler[96638]: DEBUG oslo_db.sqlalchemy.engines [None req-10aa7604-9494-4baf-a258-f6de88fee896 tempest-ServerBootFromVolumeStableRescueTest-1379357545 tempest-ServerBootFromVolumeStableRescueTest-1379357545-project-member] MySQL server mode set to STRICT_TRANS_TABLES,STRICT_ALL_TABLES,NO_ZERO_IN_DATE,NO_ZERO_DATE,ERROR_FOR_DIVISION_BY_ZERO,TRADITIONAL,NO_ENGINE_SUBSTITUTION {{(pid=96638) _check_effective_sql_mode /opt/stack/data/venv/lib/python3.12/site-packages/oslo_db/sqlalchemy/engines.py:325}}
Jul 23 01:05:44.294462 np0000005684 nova-scheduler[96638]: DEBUG dbcounter [-] [96638] Writer thread running {{(pid=96638) stat_writer /opt/stack/data/venv/lib/python3.12/site-packages/dbcounter.py:102}}
Jul 23 01:05:44.314713 np0000005684 nova-scheduler[96638]: DEBUG oslo_db.sqlalchemy.engines [None req-10aa7604-9494-4baf-a258-f6de88fee896 tempest-ServerBootFromVolumeStableRescueTest-1379357545 tempest-ServerBootFromVolumeStableRescueTest-1379357545-project-member] Parent process 95308 forked (96638) with an open database connection, which is being discarded and recreated. {{(pid=96638) checkout /opt/stack/data/venv/lib/python3.12/site-packages/oslo_db/sqlalchemy/engines.py:402}}
Jul 23 01:05:44.383195 np0000005684 nova-scheduler[96638]: DEBUG dbcounter [-] [96638] Writer thread running {{(pid=96638) stat_writer /opt/stack/data/venv/lib/python3.12/site-packages/dbcounter.py:102}}
