Jun 04 18:37:44.601163 np0000002180 devstack@c-api.service[99226]: DEBUG cinder.api.openstack.wsgi [None req-3ca01c97-f492-4e21-8760-e6e26a97426e tempest-GroupSnapshotsV319Test-1328155405 tempest-GroupSnapshotsV319Test-1328155405-project-member] Calling method 'version_select' {{(pid=99226) _process_stack /opt/stack/cinder/cinder/api/openstack/wsgi.py:878}}
Jun 04 18:37:44.601163 np0000002180 devstack@c-api.service[99226]: DEBUG cinder.api.v3.group_snapshots [None req-3ca01c97-f492-4e21-8760-e6e26a97426e tempest-GroupSnapshotsV319Test-1328155405 tempest-GroupSnapshotsV319Test-1328155405-project-member] show called for member a6de7653-6120-4942-8928-8faa81af4686 {{(pid=99226) show /opt/stack/cinder/cinder/api/v3/group_snapshots.py:58}}
Jun 04 18:37:44.608704 np0000002180 devstack@c-api.service[99226]: /opt/stack/data/venv/lib/python3.12/site-packages/oslo_context/context.py:102: DeprecationWarning: Policy enforcement is depending on the value of is_admin. This key is deprecated. Please update your policy file to use the standard policy values.
Jun 04 18:37:44.608704 np0000002180 devstack@c-api.service[99226]: warnings.warn(
Jun 04 18:37:44.612345 np0000002180 devstack@c-api.service[99226]: INFO cinder.api.openstack.wsgi [None req-3ca01c97-f492-4e21-8760-e6e26a97426e tempest-GroupSnapshotsV319Test-1328155405 tempest-GroupSnapshotsV319Test-1328155405-project-member] https://10.4.3.250/volume/v3/group_snapshots/a6de7653-6120-4942-8928-8faa81af4686 returned with HTTP 200
Jun 04 18:37:44.612868 np0000002180 devstack@c-api.service[99226]: [pid: 99226|app: 0|req: 61/180] 10.4.3.250 () {68 vars in 1413 bytes} [Thu Jun 4 18:37:44 2026] GET /volume/v3/group_snapshots/a6de7653-6120-4942-8928-8faa81af4686 => generated 331 bytes in 16 msecs (HTTP/1.1 200) 7 headers in 286 bytes (1 switches on core 0)
Jun 04 18:37:44.621157 np0000002180 devstack@c-api.service[99225]: DEBUG cinder.api.middleware.request_id [None req-11de0924-300f-4d7e-b536-0c5d05156505 None None] RequestId filter calling following filter/app {{(pid=99225) _context_setter /opt/stack/cinder/cinder/api/middleware/request_id.py:62}}
Jun 04 18:37:44.622667 np0000002180 devstack@c-api.service[99225]: INFO cinder.api.openstack.wsgi [None req-11de0924-300f-4d7e-b536-0c5d05156505 tempest-GroupSnapshotsV319Test-290234525 tempest-GroupSnapshotsV319Test-290234525-project-admin] POST https://10.4.3.250/volume/v3/group_snapshots/a6de7653-6120-4942-8928-8faa81af4686/action
Jun 04 18:37:44.624502 np0000002180 devstack@c-api.service[99225]: DEBUG cinder.api.openstack.wsgi [None req-11de0924-300f-4d7e-b536-0c5d05156505 tempest-GroupSnapshotsV319Test-290234525 tempest-GroupSnapshotsV319Test-290234525-project-admin] Action body: b'{"reset_status": {"status": "error"}}' {{(pid=99225) get_method /opt/stack/cinder/cinder/api/openstack/wsgi.py:993}}
Jun 04 18:37:44.624502 np0000002180 devstack@c-api.service[99225]: DEBUG cinder.api.openstack.wsgi [None req-11de0924-300f-4d7e-b536-0c5d05156505 tempest-GroupSnapshotsV319Test-290234525 tempest-GroupSnapshotsV319Test-290234525-project-admin] Action: 'action', calling method: version_select, body: {"reset_status": {"status": "error"}} {{(pid=99225) _process_stack /opt/stack/cinder/cinder/api/openstack/wsgi.py:876}}
Jun 04 18:37:44.624598 np0000002180 devstack@c-api.service[99225]: DEBUG cinder.api.v3.group_snapshots [None req-11de0924-300f-4d7e-b536-0c5d05156505 tempest-GroupSnapshotsV319Test-290234525 tempest-GroupSnapshotsV319Test-290234525-project-admin] Updating group 'a6de7653-6120-4942-8928-8faa81af4686' with 'error' {{(pid=99225) _reset_status /opt/stack/cinder/cinder/api/v3/group_snapshots.py:194}}
Jun 04 18:37:44.628498 np0000002180 devstack@c-api.service[99225]: /opt/stack/data/venv/lib/python3.12/site-packages/oslo_context/context.py:102: DeprecationWarning: Policy enforcement is depending on the value of is_admin. This key is deprecated. Please update your policy file to use the standard policy values.
Jun 04 18:37:44.628498 np0000002180 devstack@c-api.service[99225]: warnings.warn(
Jun 04 18:37:44.635117 np0000002180 devstack@c-api.service[99225]: INFO cinder.api.openstack.wsgi [None req-11de0924-300f-4d7e-b536-0c5d05156505 tempest-GroupSnapshotsV319Test-290234525 tempest-GroupSnapshotsV319Test-290234525-project-admin] https://10.4.3.250/volume/v3/group_snapshots/a6de7653-6120-4942-8928-8faa81af4686/action returned with HTTP 202
Jun 04 18:37:44.635741 np0000002180 devstack@c-api.service[99225]: [pid: 99225|app: 0|req: 59/181] 10.4.3.250 () {70 vars in 1455 bytes} [Thu Jun 4 18:37:44 2026] POST /volume/v3/group_snapshots/a6de7653-6120-4942-8928-8faa81af4686/action => generated 0 bytes in 15 msecs (HTTP/1.1 202) 6 headers in 234 bytes (1 switches on core 0)
Jun 04 18:37:44.642424 np0000002180 devstack@c-api.service[99223]: DEBUG cinder.api.middleware.request_id [None req-df467ca1-9949-4cc0-921e-60010ab364a0 None None] RequestId filter calling following filter/app {{(pid=99223) _context_setter /opt/stack/cinder/cinder/api/middleware/request_id.py:62}}
Jun 04 18:37:44.645006 np0000002180 devstack@c-api.service[99223]: INFO cinder.api.openstack.wsgi [None req-df467ca1-9949-4cc0-921e-60010ab364a0 tempest-GroupSnapshotsV319Test-1328155405 tempest-GroupSnapshotsV319Test-1328155405-project-member] GET https://10.4.3.250/volume/v3/group_snapshots/a6de7653-6120-4942-8928-8faa81af4686
Jun 04 18:37:44.645644 np0000002180 devstack@c-api.service[99223]: DEBUG cinder.api.openstack.wsgi [None req-df467ca1-9949-4cc0-921e-60010ab364a0 tempest-GroupSnapshotsV319Test-1328155405 tempest-GroupSnapshotsV319Test-1328155405-project-member] Empty body provided in request {{(pid=99223) get_body /opt/stack/cinder/cinder/api/openstack/wsgi.py:725}}
Jun 04 18:37:44.646112 np0000002180 devstack@c-api.service[99223]: DEBUG cinder.api.openstack.wsgi [None req-df467ca1-9949-4cc0-921e-60010ab364a0 tempest-GroupSnapshotsV319Test-1328155405 tempest-GroupSnapshotsV319Test-1328155405-project-member] Calling method 'version_select' {{(pid=99223) _process_stack /opt/stack/cinder/cinder/api/openstack/wsgi.py:878}}
Jun 04 18:37:44.646406 np0000002180 devstack@c-api.service[99223]: DEBUG cinder.api.v3.group_snapshots [None req-df467ca1-9949-4cc0-921e-60010ab364a0 tempest-GroupSnapshotsV319Test-1328155405 tempest-GroupSnapshotsV319Test-1328155405-project-member] show called for member a6de7653-6120-4942-8928-8faa81af4686 {{(pid=99223) show /opt/stack/cinder/cinder/api/v3/group_snapshots.py:58}}
Jun 04 18:37:44.650608 np0000002180 devstack@c-api.service[99223]: /opt/stack/data/venv/lib/python3.12/site-packages/oslo_context/context.py:102: DeprecationWarning: Policy enforcement is depending on the value of is_admin. This key is deprecated. Please update your policy file to use the standard policy values.
Jun 04 18:37:44.650608 np0000002180 devstack@c-api.service[99223]: warnings.warn(
Jun 04 18:37:44.654256 np0000002180 devstack@c-api.service[99223]: INFO cinder.api.openstack.wsgi [None req-df467ca1-9949-4cc0-921e-60010ab364a0 tempest-GroupSnapshotsV319Test-1328155405 tempest-GroupSnapshotsV319Test-1328155405-project-member] https://10.4.3.250/volume/v3/group_snapshots/a6de7653-6120-4942-8928-8faa81af4686 returned with HTTP 200
Jun 04 18:37:44.654825 np0000002180 devstack@c-api.service[99223]: [pid: 99223|app: 0|req: 62/182] 10.4.3.250 () {68 vars in 1413 bytes} [Thu Jun 4 18:37:44 2026] GET /volume/v3/group_snapshots/a6de7653-6120-4942-8928-8faa81af4686 => generated 327 bytes in 13 msecs (HTTP/1.1 200) 7 headers in 286 bytes (1 switches on core 0)
Jun 04 18:37:44.656963 np0000002180 devstack@c-api.service[99226]: DEBUG cinder.api.middleware.request_id [req-01fc5a2e-6daf-461a-85a6-37e16265e135 req-9001c0df-6144-4ae6-a269-39f76b3f15e9 None None] RequestId filter calling following filter/app {{(pid=99226) _context_setter /opt/stack/cinder/cinder/api/middleware/request_id.py:62}}
Jun 04 18:37:44.660750 np0000002180 devstack@c-api.service[99226]: INFO cinder.api.openstack.wsgi [req-01fc5a2e-6daf-461a-85a6-37e16265e135 req-9001c0df-6144-4ae6-a269-39f76b3f15e9 tempest-TestMultiAttachVolumeSwap-717774560 tempest-TestMultiAttachVolumeSwap-717774560-project-member] POST https://10.4.3.250/volume/v3/attachments/57092e95-194d-496b-bce0-0a12a248d974/action
Jun 04 18:37:44.661114 np0000002180 devstack@c-api.service[99226]: DEBUG cinder.api.openstack.wsgi [req-01fc5a2e-6daf-461a-85a6-37e16265e135 req-9001c0df-6144-4ae6-a269-39f76b3f15e9 tempest-TestMultiAttachVolumeSwap-717774560 tempest-TestMultiAttachVolumeSwap-717774560-project-member] Action body: b'{"os-complete": null}' {{(pid=99226) get_method /opt/stack/cinder/cinder/api/openstack/wsgi.py:993}}
Jun 04 18:37:44.661266 np0000002180 devstack@c-api.service[99226]: DEBUG cinder.api.openstack.wsgi [req-01fc5a2e-6daf-461a-85a6-37e16265e135 req-9001c0df-6144-4ae6-a269-39f76b3f15e9 tempest-TestMultiAttachVolumeSwap-717774560 tempest-TestMultiAttachVolumeSwap-717774560-project-member] Action: 'action', calling method: complete, body: {"os-complete": null} {{(pid=99226) _process_stack /opt/stack/cinder/cinder/api/openstack/wsgi.py:876}}
Jun 04 18:37:44.665260 np0000002180 devstack@c-api.service[99225]: DEBUG cinder.api.middleware.request_id [None req-4ed465e6-3188-44f4-8e0e-5dff4d27f064 None None] RequestId filter calling following filter/app {{(pid=99225) _context_setter /opt/stack/cinder/cinder/api/middleware/request_id.py:62}}
Jun 04 18:37:44.667531 np0000002180 devstack@c-api.service[99225]: INFO cinder.api.openstack.wsgi [None req-4ed465e6-3188-44f4-8e0e-5dff4d27f064 tempest-GroupSnapshotsV319Test-290234525 tempest-GroupSnapshotsV319Test-290234525-project-admin] POST https://10.4.3.250/volume/v3/group_snapshots/a6de7653-6120-4942-8928-8faa81af4686/action
Jun 04 18:37:44.667991 np0000002180 devstack@c-api.service[99225]: DEBUG cinder.api.openstack.wsgi [None req-4ed465e6-3188-44f4-8e0e-5dff4d27f064 tempest-GroupSnapshotsV319Test-290234525 tempest-GroupSnapshotsV319Test-290234525-project-admin] Action body: b'{"reset_status": {"status": "available"}}' {{(pid=99225) get_method /opt/stack/cinder/cinder/api/openstack/wsgi.py:993}}
Jun 04 18:37:44.668184 np0000002180 devstack@c-api.service[99225]: DEBUG cinder.api.openstack.wsgi [None req-4ed465e6-3188-44f4-8e0e-5dff4d27f064 tempest-GroupSnapshotsV319Test-290234525 tempest-GroupSnapshotsV319Test-290234525-project-admin] Action: 'action', calling method: reset_status, body: {"reset_status": {"status": "available"}} {{(pid=99225) _process_stack /opt/stack/cinder/cinder/api/openstack/wsgi.py:876}}
Jun 04 18:37:44.669905 np0000002180 devstack@c-api.service[99225]: DEBUG cinder.api.v3.group_snapshots [None req-4ed465e6-3188-44f4-8e0e-5dff4d27f064 tempest-GroupSnapshotsV319Test-290234525 tempest-GroupSnapshotsV319Test-290234525-project-admin] Updating group 'a6de7653-6120-4942-8928-8faa81af4686' with 'available' {{(pid=99225) _reset_status /opt/stack/cinder/cinder/api/v3/group_snapshots.py:194}}
Jun 04 18:37:44.676805 np0000002180 devstack@c-api.service[99226]: /opt/stack/data/venv/lib/python3.12/site-packages/oslo_context/context.py:102: DeprecationWarning: Policy enforcement is depending on the value of is_admin. This key is deprecated. Please update your policy file to use the standard policy values.
Jun 04 18:37:44.676805 np0000002180 devstack@c-api.service[99226]: warnings.warn(
Jun 04 18:37:44.679145 np0000002180 devstack@c-api.service[99225]: /opt/stack/data/venv/lib/python3.12/site-packages/oslo_context/context.py:102: DeprecationWarning: Policy enforcement is depending on the value of is_admin. This key is deprecated. Please update your policy file to use the standard policy values.
Jun 04 18:37:44.679145 np0000002180 devstack@c-api.service[99225]: warnings.warn(
Jun 04 18:37:44.686135 np0000002180 devstack@c-api.service[99226]: INFO cinder.api.openstack.wsgi [req-01fc5a2e-6daf-461a-85a6-37e16265e135 req-9001c0df-6144-4ae6-a269-39f76b3f15e9 tempest-TestMultiAttachVolumeSwap-717774560 tempest-TestMultiAttachVolumeSwap-717774560-project-member] https://10.4.3.250/volume/v3/attachments/57092e95-194d-496b-bce0-0a12a248d974/action returned with HTTP 204
Jun 04 18:37:44.686790 np0000002180 devstack@c-api.service[99226]: [pid: 99226|app: 0|req: 62/183] 10.4.3.250 () {74 vars in 1725 bytes} [Thu Jun 4 18:37:44 2026] POST /volume/v3/attachments/57092e95-194d-496b-bce0-0a12a248d974/action => generated 0 bytes in 30 msecs (HTTP/1.1 204) 7 headers in 292 bytes (1 switches on core 0)
Jun 04 18:37:44.687067 np0000002180 devstack@c-api.service[99225]: INFO cinder.api.openstack.wsgi [None req-4ed465e6-3188-44f4-8e0e-5dff4d27f064 tempest-GroupSnapshotsV319Test-290234525 tempest-GroupSnapshotsV319Test-290234525-project-admin] https://10.4.3.250/volume/v3/group_snapshots/a6de7653-6120-4942-8928-8faa81af4686/action returned with HTTP 202
Jun 04 18:37:44.687852 np0000002180 devstack@c-api.service[99225]: [pid: 99225|app: 0|req: 60/184] 10.4.3.250 () {70 vars in 1455 bytes} [Thu Jun 4 18:37:44 2026] POST /volume/v3/group_snapshots/a6de7653-6120-4942-8928-8faa81af4686/action => generated 0 bytes in 23 msecs (HTTP/1.1 202) 6 headers in 234 bytes (1 switches on core 0)
Jun 04 18:37:44.697110 np0000002180 devstack@c-api.service[99223]: DEBUG cinder.api.middleware.request_id [None req-2ef4c340-e129-4bdf-b7b3-395a29694d4f None None] RequestId filter calling following filter/app {{(pid=99223) _context_setter /opt/stack/cinder/cinder/api/middleware/request_id.py:62}}
Jun 04 18:37:44.699853 np0000002180 devstack@c-api.service[99223]: INFO cinder.api.openstack.wsgi [None req-2ef4c340-e129-4bdf-b7b3-395a29694d4f tempest-GroupSnapshotsV319Test-1328155405 tempest-GroupSnapshotsV319Test-1328155405-project-member] GET https://10.4.3.250/volume/v3/group_snapshots/a6de7653-6120-4942-8928-8faa81af4686
Jun 04 18:37:44.700353 np0000002180 devstack@c-api.service[99223]: DEBUG cinder.api.openstack.wsgi [None req-2ef4c340-e129-4bdf-b7b3-395a29694d4f tempest-GroupSnapshotsV319Test-1328155405 tempest-GroupSnapshotsV319Test-1328155405-project-member] Empty body provided in request {{(pid=99223) get_body /opt/stack/cinder/cinder/api/openstack/wsgi.py:725}}
Jun 04 18:37:44.700937 np0000002180 devstack@c-api.service[99223]: DEBUG cinder.api.openstack.wsgi [None req-2ef4c340-e129-4bdf-b7b3-395a29694d4f tempest-GroupSnapshotsV319Test-1328155405 tempest-GroupSnapshotsV319Test-1328155405-project-member] Calling method 'version_select' {{(pid=99223) _process_stack /opt/stack/cinder/cinder/api/openstack/wsgi.py:878}}
Jun 04 18:37:44.701300 np0000002180 devstack@c-api.service[99223]: DEBUG cinder.api.v3.group_snapshots [None req-2ef4c340-e129-4bdf-b7b3-395a29694d4f tempest-GroupSnapshotsV319Test-1328155405 tempest-GroupSnapshotsV319Test-1328155405-project-member] show called for member a6de7653-6120-4942-8928-8faa81af4686 {{(pid=99223) show /opt/stack/cinder/cinder/api/v3/group_snapshots.py:58}}
Jun 04 18:37:44.705843 np0000002180 devstack@c-api.service[99223]: /opt/stack/data/venv/lib/python3.12/site-packages/oslo_context/context.py:102: DeprecationWarning: Policy enforcement is depending on the value of is_admin. This key is deprecated. Please update your policy file to use the standard policy values.
Jun 04 18:37:44.705843 np0000002180 devstack@c-api.service[99223]: warnings.warn(
Jun 04 18:37:44.710595 np0000002180 devstack@c-api.service[99223]: INFO cinder.api.openstack.wsgi [None req-2ef4c340-e129-4bdf-b7b3-395a29694d4f tempest-GroupSnapshotsV319Test-1328155405 tempest-GroupSnapshotsV319Test-1328155405-project-member] https://10.4.3.250/volume/v3/group_snapshots/a6de7653-6120-4942-8928-8faa81af4686 returned with HTTP 200
Jun 04 18:37:44.711306 np0000002180 devstack@c-api.service[99223]: [pid: 99223|app: 0|req: 63/185] 10.4.3.250 () {68 vars in 1413 bytes} [Thu Jun 4 18:37:44 2026] GET /volume/v3/group_snapshots/a6de7653-6120-4942-8928-8faa81af4686 => generated 331 bytes in 16 msecs (HTTP/1.1 200) 7 headers in 286 bytes (1 switches on core 0)
Jun 04 18:37:44.721967 np0000002180 devstack@c-api.service[99226]: DEBUG cinder.api.middleware.request_id [None req-c0692147-4224-41c4-a548-52ed94d79067 None None] RequestId filter calling following filter/app {{(pid=99226) _context_setter /opt/stack/cinder/cinder/api/middleware/request_id.py:62}}
Jun 04 18:37:44.727068 np0000002180 devstack@c-api.service[99226]: INFO cinder.api.openstack.wsgi [None req-c0692147-4224-41c4-a548-52ed94d79067 tempest-GroupSnapshotsV319Test-1328155405 tempest-GroupSnapshotsV319Test-1328155405-project-member] DELETE https://10.4.3.250/volume/v3/group_snapshots/a6de7653-6120-4942-8928-8faa81af4686
Jun 04 18:37:44.727068 np0000002180 devstack@c-api.service[99226]: DEBUG cinder.api.openstack.wsgi [None req-c0692147-4224-41c4-a548-52ed94d79067 tempest-GroupSnapshotsV319Test-1328155405 tempest-GroupSnapshotsV319Test-1328155405-project-member] Empty body provided in request {{(pid=99226) get_body /opt/stack/cinder/cinder/api/openstack/wsgi.py:725}}
Jun 04 18:37:44.727068 np0000002180 devstack@c-api.service[99226]: DEBUG cinder.api.openstack.wsgi [None req-c0692147-4224-41c4-a548-52ed94d79067 tempest-GroupSnapshotsV319Test-1328155405 tempest-GroupSnapshotsV319Test-1328155405-project-member] Calling method 'version_select' {{(pid=99226) _process_stack /opt/stack/cinder/cinder/api/openstack/wsgi.py:878}}
Jun 04 18:37:44.727068 np0000002180 devstack@c-api.service[99226]: DEBUG cinder.api.v3.group_snapshots [None req-c0692147-4224-41c4-a548-52ed94d79067 tempest-GroupSnapshotsV319Test-1328155405 tempest-GroupSnapshotsV319Test-1328155405-project-member] delete called for member a6de7653-6120-4942-8928-8faa81af4686 {{(pid=99226) delete /opt/stack/cinder/cinder/api/v3/group_snapshots.py:72}}
Jun 04 18:37:44.727068 np0000002180 devstack@c-api.service[99226]: INFO cinder.api.v3.group_snapshots [None req-c0692147-4224-41c4-a548-52ed94d79067 tempest-GroupSnapshotsV319Test-1328155405 tempest-GroupSnapshotsV319Test-1328155405-project-member] Delete group_snapshot with id: a6de7653-6120-4942-8928-8faa81af4686
Jun 04 18:37:44.730508 np0000002180 devstack@c-api.service[99226]: /opt/stack/data/venv/lib/python3.12/site-packages/oslo_context/context.py:102: DeprecationWarning: Policy enforcement is depending on the value of is_admin. This key is deprecated. Please update your policy file to use the standard policy values.
Jun 04 18:37:44.730508 np0000002180 devstack@c-api.service[99226]: warnings.warn(
Jun 04 18:37:44.778741 np0000002180 devstack@c-api.service[99226]: INFO cinder.api.openstack.wsgi [None req-c0692147-4224-41c4-a548-52ed94d79067 tempest-GroupSnapshotsV319Test-1328155405 tempest-GroupSnapshotsV319Test-1328155405-project-member] https://10.4.3.250/volume/v3/group_snapshots/a6de7653-6120-4942-8928-8faa81af4686 returned with HTTP 202
Jun 04 18:37:44.779270 np0000002180 devstack@c-api.service[99226]: [pid: 99226|app: 0|req: 63/186] 10.4.3.250 () {68 vars in 1416 bytes} [Thu Jun 4 18:37:44 2026] DELETE /volume/v3/group_snapshots/a6de7653-6120-4942-8928-8faa81af4686 => generated 0 bytes in 58 msecs (HTTP/1.1 202) 6 headers in 234 bytes (1 switches on core 0)
Jun 04 18:37:44.798787 np0000002180 devstack@c-api.service[99225]: DEBUG cinder.api.middleware.request_id [None req-8153d7f0-bd53-46bf-88ff-12292ae76c5c None None] RequestId filter calling following filter/app {{(pid=99225) _context_setter /opt/stack/cinder/cinder/api/middleware/request_id.py:62}}
Jun 04 18:37:44.802393 np0000002180 devstack@c-api.service[99225]: INFO cinder.api.openstack.wsgi [None req-8153d7f0-bd53-46bf-88ff-12292ae76c5c tempest-GroupSnapshotsV319Test-1328155405 tempest-GroupSnapshotsV319Test-1328155405-project-member] GET https://10.4.3.250/volume/v3/volumes/detail
Jun 04 18:37:44.802658 np0000002180 devstack@c-api.service[99225]: DEBUG cinder.api.openstack.wsgi [None req-8153d7f0-bd53-46bf-88ff-12292ae76c5c tempest-GroupSnapshotsV319Test-1328155405 tempest-GroupSnapshotsV319Test-1328155405-project-member] Empty body provided in request {{(pid=99225) get_body /opt/stack/cinder/cinder/api/openstack/wsgi.py:725}}
Jun 04 18:37:44.802913 np0000002180 devstack@c-api.service[99225]: DEBUG cinder.api.openstack.wsgi [None req-8153d7f0-bd53-46bf-88ff-12292ae76c5c tempest-GroupSnapshotsV319Test-1328155405 tempest-GroupSnapshotsV319Test-1328155405-project-member] Calling method 'detail' {{(pid=99225) _process_stack /opt/stack/cinder/cinder/api/openstack/wsgi.py:878}}
Jun 04 18:37:44.803678 np0000002180 devstack@c-api.service[99225]: DEBUG cinder.api.api_utils [None req-8153d7f0-bd53-46bf-88ff-12292ae76c5c tempest-GroupSnapshotsV319Test-1328155405 tempest-GroupSnapshotsV319Test-1328155405-project-member] Removing options '' from query. {{(pid=99225) remove_invalid_filter_options /opt/stack/cinder/cinder/api/api_utils.py:82}}
Jun 04 18:37:44.807848 np0000002180 devstack@c-api.service[99225]: DEBUG cinder.volume.api [None req-8153d7f0-bd53-46bf-88ff-12292ae76c5c tempest-GroupSnapshotsV319Test-1328155405 tempest-GroupSnapshotsV319Test-1328155405-project-member] Searching by: MultiDict([('no_migration_targets', True)]). {{(pid=99225) get_all /opt/stack/cinder/cinder/volume/api.py:663}}
Jun 04 18:37:44.848218 np0000002180 devstack@c-api.service[99225]: INFO cinder.volume.api [None req-8153d7f0-bd53-46bf-88ff-12292ae76c5c tempest-GroupSnapshotsV319Test-1328155405 tempest-GroupSnapshotsV319Test-1328155405-project-member] Get all volumes completed successfully.
Jun 04 18:37:44.849210 np0000002180 devstack@c-api.service[99225]: WARNING stevedore.named [None req-8153d7f0-bd53-46bf-88ff-12292ae76c5c tempest-GroupSnapshotsV319Test-1328155405 tempest-GroupSnapshotsV319Test-1328155405-project-member] Could not load cinder.keymgr.conf_key_mgr.ConfKeyManager
Jun 04 18:37:44.849455 np0000002180 devstack@c-api.service[99225]: WARNING castellan.key_manager [None req-8153d7f0-bd53-46bf-88ff-12292ae76c5c tempest-GroupSnapshotsV319Test-1328155405 tempest-GroupSnapshotsV319Test-1328155405-project-member] Deprecation Warning : cinder.keymgr.conf_key_mgr.ConfKeyManager is not a stevedore based driver, trying to load it as a class: stevedore.exception.NoMatches: No 'castellan.drivers' driver found, looking for 'cinder.keymgr.conf_key_mgr.ConfKeyManager'
Jun 04 18:37:44.908285 np0000002180 devstack@c-api.service[99225]: DEBUG oslo_db.sqlalchemy.engines [None req-8153d7f0-bd53-46bf-88ff-12292ae76c5c tempest-GroupSnapshotsV319Test-1328155405 tempest-GroupSnapshotsV319Test-1328155405-project-member] MySQL server mode set to STRICT_TRANS_TABLES,STRICT_ALL_TABLES,NO_ZERO_IN_DATE,NO_ZERO_DATE,ERROR_FOR_DIVISION_BY_ZERO,TRADITIONAL,NO_ENGINE_SUBSTITUTION {{(pid=99225) _check_effective_sql_mode /opt/stack/data/venv/lib/python3.12/site-packages/oslo_db/sqlalchemy/engines.py:325}}
Jun 04 18:37:44.917289 np0000002180 devstack@c-api.service[99225]: /opt/stack/data/venv/lib/python3.12/site-packages/oslo_context/context.py:102: DeprecationWarning: Policy enforcement is depending on the value of is_admin. This key is deprecated. Please update your policy file to use the standard policy values.
Jun 04 18:37:44.917289 np0000002180 devstack@c-api.service[99225]: warnings.warn(
Jun 04 18:37:44.926993 np0000002180 devstack@c-api.service[99225]: INFO cinder.api.openstack.wsgi [None req-8153d7f0-bd53-46bf-88ff-12292ae76c5c tempest-GroupSnapshotsV319Test-1328155405 tempest-GroupSnapshotsV319Test-1328155405-project-member] https://10.4.3.250/volume/v3/volumes/detail returned with HTTP 200
Jun 04 18:37:44.927558 np0000002180 devstack@c-api.service[99225]: [pid: 99225|app: 0|req: 61/187] 10.4.3.250 () {68 vars in 1299 bytes} [Thu Jun 4 18:37:44 2026] GET /volume/v3/volumes/detail => generated 922 bytes in 129 msecs (HTTP/1.1 200) 7 headers in 286 bytes (1 switches on core 0)
Jun 04 18:37:44.952772 np0000002180 devstack@c-api.service[99223]: DEBUG cinder.api.middleware.request_id [None req-ab2f0ff0-3642-4ea5-bc71-f113d7096c11 None None] RequestId filter calling following filter/app {{(pid=99223) _context_setter /opt/stack/cinder/cinder/api/middleware/request_id.py:62}}
Jun 04 18:37:44.956809 np0000002180 devstack@c-api.service[99223]: INFO cinder.api.openstack.wsgi [None req-ab2f0ff0-3642-4ea5-bc71-f113d7096c11 tempest-GroupSnapshotsV319Test-1328155405 tempest-GroupSnapshotsV319Test-1328155405-project-member] GET https://10.4.3.250/volume/v3/snapshots/detail
Jun 04 18:37:44.957183 np0000002180 devstack@c-api.service[99223]: DEBUG cinder.api.openstack.wsgi [None req-ab2f0ff0-3642-4ea5-bc71-f113d7096c11 tempest-GroupSnapshotsV319Test-1328155405 tempest-GroupSnapshotsV319Test-1328155405-project-member] Empty body provided in request {{(pid=99223) get_body /opt/stack/cinder/cinder/api/openstack/wsgi.py:725}}
Jun 04 18:37:44.957392 np0000002180 devstack@c-api.service[99223]: DEBUG cinder.api.openstack.wsgi [None req-ab2f0ff0-3642-4ea5-bc71-f113d7096c11 tempest-GroupSnapshotsV319Test-1328155405 tempest-GroupSnapshotsV319Test-1328155405-project-member] Calling method 'detail' {{(pid=99223) _process_stack /opt/stack/cinder/cinder/api/openstack/wsgi.py:878}}
Jun 04 18:37:44.957591 np0000002180 devstack@c-api.service[99223]: DEBUG cinder.api.api_utils [None req-ab2f0ff0-3642-4ea5-bc71-f113d7096c11 tempest-GroupSnapshotsV319Test-1328155405 tempest-GroupSnapshotsV319Test-1328155405-project-member] Removing options '' from query. {{(pid=99223) remove_invalid_filter_options /opt/stack/cinder/cinder/api/api_utils.py:82}}
Jun 04 18:37:44.960089 np0000002180 devstack@c-api.service[99223]: DEBUG cinder.db.sqlalchemy.api [None req-ab2f0ff0-3642-4ea5-bc71-f113d7096c11 tempest-GroupSnapshotsV319Test-1328155405 tempest-GroupSnapshotsV319Test-1328155405-project-member] Building query based on filter {{(pid=99223) _process_snaps_filters /opt/stack/cinder/cinder/db/sqlalchemy/api.py:3944}}
Jun 04 18:37:44.970809 np0000002180 devstack@c-api.service[99223]: INFO cinder.volume.api [None req-ab2f0ff0-3642-4ea5-bc71-f113d7096c11 tempest-GroupSnapshotsV319Test-1328155405 tempest-GroupSnapshotsV319Test-1328155405-project-member] Get all snapshots completed successfully.
Jun 04 18:37:44.971793 np0000002180 devstack@c-api.service[99223]: INFO cinder.api.openstack.wsgi [None req-ab2f0ff0-3642-4ea5-bc71-f113d7096c11 tempest-GroupSnapshotsV319Test-1328155405 tempest-GroupSnapshotsV319Test-1328155405-project-member] https://10.4.3.250/volume/v3/snapshots/detail returned with HTTP 200
Jun 04 18:37:44.972211 np0000002180 devstack@c-api.service[99223]: [pid: 99223|app: 0|req: 64/188] 10.4.3.250 () {66 vars in 1264 bytes} [Thu Jun 4 18:37:44 2026] GET /volume/v3/snapshots/detail => generated 17 bytes in 20 msecs (HTTP/1.1 200) 7 headers in 284 bytes (1 switches on core 0)
Jun 04 18:37:44.985935 np0000002180 devstack@c-api.service[99226]: DEBUG cinder.api.middleware.request_id [None req-a94294aa-d4c1-49a9-af91-66d725dc4466 None None] RequestId filter calling following filter/app {{(pid=99226) _context_setter /opt/stack/cinder/cinder/api/middleware/request_id.py:62}}
Jun 04 18:37:44.987253 np0000002180 devstack@c-api.service[99225]: DEBUG cinder.api.middleware.request_id [None req-545bd864-7766-4942-8262-6382d6afe13e None None] RequestId filter calling following filter/app {{(pid=99225) _context_setter /opt/stack/cinder/cinder/api/middleware/request_id.py:62}}
Jun 04 18:37:44.988964 np0000002180 devstack@c-api.service[99226]: INFO cinder.api.openstack.wsgi [None req-a94294aa-d4c1-49a9-af91-66d725dc4466 tempest-ServerActionsTestOtherA-1519630801 tempest-ServerActionsTestOtherA-1519630801-project-member] POST https://10.4.3.250/volume/v3/volumes
Jun 04 18:37:44.989182 np0000002180 devstack@c-api.service[99225]: INFO cinder.api.openstack.wsgi [None req-545bd864-7766-4942-8262-6382d6afe13e tempest-GroupSnapshotsV319Test-1328155405 tempest-GroupSnapshotsV319Test-1328155405-project-member] GET https://10.4.3.250/volume/v3/group_snapshots/a6de7653-6120-4942-8928-8faa81af4686
Jun 04 18:37:44.989359 np0000002180 devstack@c-api.service[99226]: DEBUG cinder.api.openstack.wsgi [None req-a94294aa-d4c1-49a9-af91-66d725dc4466 tempest-ServerActionsTestOtherA-1519630801 tempest-ServerActionsTestOtherA-1519630801-project-member] Action: 'create', calling method: create, body: {"volume": {"size": 1, "display_name": "tempest-ServerActionsTestOtherA-volume-1870535459"}} {{(pid=99226) _process_stack /opt/stack/cinder/cinder/api/openstack/wsgi.py:876}}
Jun 04 18:37:44.989429 np0000002180 devstack@c-api.service[99225]: DEBUG cinder.api.openstack.wsgi [None req-545bd864-7766-4942-8262-6382d6afe13e tempest-GroupSnapshotsV319Test-1328155405 tempest-GroupSnapshotsV319Test-1328155405-project-member] Empty body provided in request {{(pid=99225) get_body /opt/stack/cinder/cinder/api/openstack/wsgi.py:725}}
Jun 04 18:37:44.989592 np0000002180 devstack@c-api.service[99225]: DEBUG cinder.api.openstack.wsgi [None req-545bd864-7766-4942-8262-6382d6afe13e tempest-GroupSnapshotsV319Test-1328155405 tempest-GroupSnapshotsV319Test-1328155405-project-member] Calling method 'version_select' {{(pid=99225) _process_stack /opt/stack/cinder/cinder/api/openstack/wsgi.py:878}}
Jun 04 18:37:44.989724 np0000002180 devstack@c-api.service[99225]: DEBUG cinder.api.v3.group_snapshots [None req-545bd864-7766-4942-8262-6382d6afe13e tempest-GroupSnapshotsV319Test-1328155405 tempest-GroupSnapshotsV319Test-1328155405-project-member] show called for member a6de7653-6120-4942-8928-8faa81af4686 {{(pid=99225) show /opt/stack/cinder/cinder/api/v3/group_snapshots.py:58}}
Jun 04 18:37:44.992573 np0000002180 devstack@c-api.service[99226]: DEBUG cinder.api.v3.volumes [None req-a94294aa-d4c1-49a9-af91-66d725dc4466 tempest-ServerActionsTestOtherA-1519630801 tempest-ServerActionsTestOtherA-1519630801-project-member] Create volume request body: {'volume': {'size': 1, 'display_name': 'tempest-ServerActionsTestOtherA-volume-1870535459'}} {{(pid=99226) create /opt/stack/cinder/cinder/api/v3/volumes.py:368}}
Jun 04 18:37:44.992780 np0000002180 devstack@c-api.service[99226]: INFO cinder.api.v3.volumes [None req-a94294aa-d4c1-49a9-af91-66d725dc4466 tempest-ServerActionsTestOtherA-1519630801 tempest-ServerActionsTestOtherA-1519630801-project-member] Create volume of 1 GB
Jun 04 18:37:44.992921 np0000002180 devstack@c-api.service[99225]: INFO cinder.api.openstack.wsgi [None req-545bd864-7766-4942-8262-6382d6afe13e tempest-GroupSnapshotsV319Test-1328155405 tempest-GroupSnapshotsV319Test-1328155405-project-member] https://10.4.3.250/volume/v3/group_snapshots/a6de7653-6120-4942-8928-8faa81af4686 returned with HTTP 404
Jun 04 18:37:44.993772 np0000002180 devstack@c-api.service[99226]: /opt/stack/data/venv/lib/python3.12/site-packages/oslo_context/context.py:102: DeprecationWarning: Policy enforcement is depending on the value of is_admin. This key is deprecated. Please update your policy file to use the standard policy values.
Jun 04 18:37:44.993772 np0000002180 devstack@c-api.service[99226]: warnings.warn(
Jun 04 18:37:44.994755 np0000002180 devstack@c-api.service[99225]: [pid: 99225|app: 0|req: 62/189] 10.4.3.250 () {68 vars in 1413 bytes} [Thu Jun 4 18:37:44 2026] GET /volume/v3/group_snapshots/a6de7653-6120-4942-8928-8faa81af4686 => generated 116 bytes in 8 msecs (HTTP/1.1 404) 7 headers in 293 bytes (1 switches on core 0)
Jun 04 18:37:45.002217 np0000002180 devstack@c-api.service[99226]: INFO cinder.volume.api [None req-a94294aa-d4c1-49a9-af91-66d725dc4466 tempest-ServerActionsTestOtherA-1519630801 tempest-ServerActionsTestOtherA-1519630801-project-member] Availability Zones retrieved successfully.
Jun 04 18:37:45.008788 np0000002180 devstack@c-api.service[99226]: DEBUG cinder.volume.api [None req-a94294aa-d4c1-49a9-af91-66d725dc4466 tempest-ServerActionsTestOtherA-1519630801 tempest-ServerActionsTestOtherA-1519630801-project-member] Flow 'volume_create_api' (e4fff7ef-aa69-4c5c-9bf7-348e683dbbec) transitioned into state 'RUNNING' from state 'PENDING' {{(pid=99226) _flow_receiver /opt/stack/data/venv/lib/python3.12/site-packages/taskflow/listeners/logging.py:160}}
Jun 04 18:37:45.011542 np0000002180 devstack@c-api.service[99226]: DEBUG cinder.volume.api [None req-a94294aa-d4c1-49a9-af91-66d725dc4466 tempest-ServerActionsTestOtherA-1519630801 tempest-ServerActionsTestOtherA-1519630801-project-member] Task 'cinder.volume.flows.api.create_volume.ExtractVolumeRequestTask;volume:create' (2fe594ca-1a2a-468b-a6e1-ed706cfbed57) transitioned into state 'RUNNING' from state 'PENDING' {{(pid=99226) _task_receiver /opt/stack/data/venv/lib/python3.12/site-packages/taskflow/listeners/logging.py:242}}
Jun 04 18:37:45.012094 np0000002180 devstack@c-api.service[99223]: DEBUG cinder.api.middleware.request_id [None req-4afc18fb-514d-4549-b1b7-af62e0a4f8b9 None None] RequestId filter calling following filter/app {{(pid=99223) _context_setter /opt/stack/cinder/cinder/api/middleware/request_id.py:62}}
Jun 04 18:37:45.013606 np0000002180 devstack@c-api.service[99226]: DEBUG cinder.volume.flows.api.create_volume [None req-a94294aa-d4c1-49a9-af91-66d725dc4466 tempest-ServerActionsTestOtherA-1519630801 tempest-ServerActionsTestOtherA-1519630801-project-member] Validating volume size '1' using validate_int {{(pid=99226) _extract_size /opt/stack/cinder/cinder/volume/flows/api/create_volume.py:226}}
Jun 04 18:37:45.014818 np0000002180 devstack@c-api.service[99223]: INFO cinder.api.openstack.wsgi [None req-4afc18fb-514d-4549-b1b7-af62e0a4f8b9 tempest-GroupSnapshotsV319Test-1328155405 tempest-GroupSnapshotsV319Test-1328155405-project-member] GET https://10.4.3.250/volume/v3/volumes/detail
Jun 04 18:37:45.015097 np0000002180 devstack@c-api.service[99223]: DEBUG cinder.api.openstack.wsgi [None req-4afc18fb-514d-4549-b1b7-af62e0a4f8b9 tempest-GroupSnapshotsV319Test-1328155405 tempest-GroupSnapshotsV319Test-1328155405-project-member] Empty body provided in request {{(pid=99223) get_body /opt/stack/cinder/cinder/api/openstack/wsgi.py:725}}
Jun 04 18:37:45.015403 np0000002180 devstack@c-api.service[99223]: DEBUG cinder.api.openstack.wsgi [None req-4afc18fb-514d-4549-b1b7-af62e0a4f8b9 tempest-GroupSnapshotsV319Test-1328155405 tempest-GroupSnapshotsV319Test-1328155405-project-member] Calling method 'detail' {{(pid=99223) _process_stack /opt/stack/cinder/cinder/api/openstack/wsgi.py:878}}
Jun 04 18:37:45.015994 np0000002180 devstack@c-api.service[99223]: DEBUG cinder.api.api_utils [None req-4afc18fb-514d-4549-b1b7-af62e0a4f8b9 tempest-GroupSnapshotsV319Test-1328155405 tempest-GroupSnapshotsV319Test-1328155405-project-member] Removing options '' from query. {{(pid=99223) remove_invalid_filter_options /opt/stack/cinder/cinder/api/api_utils.py:82}}
Jun 04 18:37:45.017247 np0000002180 devstack@c-api.service[99223]: DEBUG cinder.volume.api [None req-4afc18fb-514d-4549-b1b7-af62e0a4f8b9 tempest-GroupSnapshotsV319Test-1328155405 tempest-GroupSnapshotsV319Test-1328155405-project-member] Searching by: MultiDict([('no_migration_targets', True)]). {{(pid=99223) get_all /opt/stack/cinder/cinder/volume/api.py:663}}
Jun 04 18:37:45.054171 np0000002180 devstack@c-api.service[99223]: INFO cinder.volume.api [None req-4afc18fb-514d-4549-b1b7-af62e0a4f8b9 tempest-GroupSnapshotsV319Test-1328155405 tempest-GroupSnapshotsV319Test-1328155405-project-member] Get all volumes completed successfully.
Jun 04 18:37:45.054808 np0000002180 devstack@c-api.service[99223]: WARNING stevedore.named [None req-4afc18fb-514d-4549-b1b7-af62e0a4f8b9 tempest-GroupSnapshotsV319Test-1328155405 tempest-GroupSnapshotsV319Test-1328155405-project-member] Could not load cinder.keymgr.conf_key_mgr.ConfKeyManager
Jun 04 18:37:45.055010 np0000002180 devstack@c-api.service[99223]: WARNING castellan.key_manager [None req-4afc18fb-514d-4549-b1b7-af62e0a4f8b9 tempest-GroupSnapshotsV319Test-1328155405 tempest-GroupSnapshotsV319Test-1328155405-project-member] Deprecation Warning : cinder.keymgr.conf_key_mgr.ConfKeyManager is not a stevedore based driver, trying to load it as a class: stevedore.exception.NoMatches: No 'castellan.drivers' driver found, looking for 'cinder.keymgr.conf_key_mgr.ConfKeyManager'
Jun 04 18:37:45.065743 np0000002180 devstack@c-api.service[99226]: DEBUG cinder.volume.api [None req-a94294aa-d4c1-49a9-af91-66d725dc4466 tempest-ServerActionsTestOtherA-1519630801 tempest-ServerActionsTestOtherA-1519630801-project-member] Task 'cinder.volume.flows.api.create_volume.ExtractVolumeRequestTask;volume:create' (2fe594ca-1a2a-468b-a6e1-ed706cfbed57) transitioned into state 'SUCCESS' from state 'RUNNING' with result '{'size': 1, 'snapshot_id': None, 'source_volid': None, 'volume_type': VolumeType(created_at=2026-06-04T18:33:53Z,deleted=False,deleted_at=None,description=None,extra_specs={volume_backend_name='storpool'},id=80c6bd9a-0979-4073-88f3-55f11eedd7a1,is_public=True,name='storpool',projects=[],qos_specs=,qos_specs_id=None,updated_at=None), 'volume_type_id': '80c6bd9a-0979-4073-88f3-55f11eedd7a1', 'encryption_key_id': None, 'qos_specs': None, 'consistencygroup_id': None, 'cgsnapshot_id': None, 'group_id': None, 'replication_status': 'disabled', 'refresh_az': False, 'backup_id': None, 'multiattach': False, 'availability_zones': ['nova']}' {{(pid=99226) _task_receiver /opt/stack/data/venv/lib/python3.12/site-packages/taskflow/listeners/logging.py:218}}
Jun 04 18:37:45.066064 np0000002180 devstack@c-api.service[99226]: DEBUG cinder.volume.api [None req-a94294aa-d4c1-49a9-af91-66d725dc4466 tempest-ServerActionsTestOtherA-1519630801 tempest-ServerActionsTestOtherA-1519630801-project-member] Task 'cinder.volume.flows.api.create_volume.QuotaReserveTask;volume:create' (afe03fcd-7462-45ec-800a-070e2e9984e6) transitioned into state 'RUNNING' from state 'PENDING' {{(pid=99226) _task_receiver /opt/stack/data/venv/lib/python3.12/site-packages/taskflow/listeners/logging.py:242}}
Jun 04 18:37:45.109589 np0000002180 devstack@c-api.service[99223]: DEBUG oslo_db.sqlalchemy.engines [None req-4afc18fb-514d-4549-b1b7-af62e0a4f8b9 tempest-GroupSnapshotsV319Test-1328155405 tempest-GroupSnapshotsV319Test-1328155405-project-member] MySQL server mode set to STRICT_TRANS_TABLES,STRICT_ALL_TABLES,NO_ZERO_IN_DATE,NO_ZERO_DATE,ERROR_FOR_DIVISION_BY_ZERO,TRADITIONAL,NO_ENGINE_SUBSTITUTION {{(pid=99223) _check_effective_sql_mode /opt/stack/data/venv/lib/python3.12/site-packages/oslo_db/sqlalchemy/engines.py:325}}
Jun 04 18:37:45.117025 np0000002180 devstack@c-api.service[99223]: /opt/stack/data/venv/lib/python3.12/site-packages/oslo_context/context.py:102: DeprecationWarning: Policy enforcement is depending on the value of is_admin. This key is deprecated. Please update your policy file to use the standard policy values.
Jun 04 18:37:45.117025 np0000002180 devstack@c-api.service[99223]: warnings.warn(
Jun 04 18:37:45.135000 np0000002180 devstack@c-api.service[99223]: INFO cinder.api.openstack.wsgi [None req-4afc18fb-514d-4549-b1b7-af62e0a4f8b9 tempest-GroupSnapshotsV319Test-1328155405 tempest-GroupSnapshotsV319Test-1328155405-project-member] https://10.4.3.250/volume/v3/volumes/detail returned with HTTP 200
Jun 04 18:37:45.136018 np0000002180 devstack@c-api.service[99223]: [pid: 99223|app: 0|req: 65/190] 10.4.3.250 () {68 vars in 1299 bytes} [Thu Jun 4 18:37:45 2026] GET /volume/v3/volumes/detail => generated 922 bytes in 126 msecs (HTTP/1.1 200) 7 headers in 286 bytes (1 switches on core 0)
Jun 04 18:37:45.137328 np0000002180 devstack@c-api.service[99226]: DEBUG cinder.quota [None req-a94294aa-d4c1-49a9-af91-66d725dc4466 tempest-ServerActionsTestOtherA-1519630801 tempest-ServerActionsTestOtherA-1519630801-project-member] Created reservations ['8191881b-8298-4ab4-980c-eedd78b9bed0', '3f301059-667c-4c6e-b1e6-7365fb7c572c', '094f4be9-16a2-4b4b-932a-81266ca6c51f', 'ed397022-d124-4fc2-a354-83f441d29cdd'] {{(pid=99226) reserve /opt/stack/cinder/cinder/quota.py:752}}
Jun 04 18:37:45.138157 np0000002180 devstack@c-api.service[99226]: DEBUG cinder.volume.api [None req-a94294aa-d4c1-49a9-af91-66d725dc4466 tempest-ServerActionsTestOtherA-1519630801 tempest-ServerActionsTestOtherA-1519630801-project-member] Task 'cinder.volume.flows.api.create_volume.QuotaReserveTask;volume:create' (afe03fcd-7462-45ec-800a-070e2e9984e6) transitioned into state 'SUCCESS' from state 'RUNNING' with result '{'reservations': ['8191881b-8298-4ab4-980c-eedd78b9bed0', '3f301059-667c-4c6e-b1e6-7365fb7c572c', '094f4be9-16a2-4b4b-932a-81266ca6c51f', 'ed397022-d124-4fc2-a354-83f441d29cdd']}' {{(pid=99226) _task_receiver /opt/stack/data/venv/lib/python3.12/site-packages/taskflow/listeners/logging.py:218}}
Jun 04 18:37:45.138852 np0000002180 devstack@c-api.service[99226]: DEBUG cinder.volume.api [None req-a94294aa-d4c1-49a9-af91-66d725dc4466 tempest-ServerActionsTestOtherA-1519630801 tempest-ServerActionsTestOtherA-1519630801-project-member] Task 'cinder.volume.flows.api.create_volume.EntryCreateTask;volume:create' (688f6b02-d55a-4afd-84ac-85b58503447d) transitioned into state 'RUNNING' from state 'PENDING' {{(pid=99226) _task_receiver /opt/stack/data/venv/lib/python3.12/site-packages/taskflow/listeners/logging.py:242}}
Jun 04 18:37:45.153440 np0000002180 devstack@c-api.service[99225]: DEBUG cinder.api.middleware.request_id [None req-2cd44629-9813-4c66-9535-b296ebf4f6ec None None] RequestId filter calling following filter/app {{(pid=99225) _context_setter /opt/stack/cinder/cinder/api/middleware/request_id.py:62}}
Jun 04 18:37:45.155576 np0000002180 devstack@c-api.service[99225]: INFO cinder.api.openstack.wsgi [None req-2cd44629-9813-4c66-9535-b296ebf4f6ec tempest-GroupSnapshotsV319Test-1328155405 tempest-GroupSnapshotsV319Test-1328155405-project-member] POST https://10.4.3.250/volume/v3/groups/7bb04137-0f3e-41a5-9fe8-05ea3533a3dc/action
Jun 04 18:37:45.155941 np0000002180 devstack@c-api.service[99225]: DEBUG cinder.api.openstack.wsgi [None req-2cd44629-9813-4c66-9535-b296ebf4f6ec tempest-GroupSnapshotsV319Test-1328155405 tempest-GroupSnapshotsV319Test-1328155405-project-member] Action body: b'{"delete": {"delete-volumes": true}}' {{(pid=99225) get_method /opt/stack/cinder/cinder/api/openstack/wsgi.py:993}}
Jun 04 18:37:45.156061 np0000002180 devstack@c-api.service[99225]: DEBUG cinder.api.openstack.wsgi [None req-2cd44629-9813-4c66-9535-b296ebf4f6ec tempest-GroupSnapshotsV319Test-1328155405 tempest-GroupSnapshotsV319Test-1328155405-project-member] Action: 'action', calling method: version_select, body: {"delete": {"delete-volumes": true}} {{(pid=99225) _process_stack /opt/stack/cinder/cinder/api/openstack/wsgi.py:876}}
Jun 04 18:37:45.157704 np0000002180 devstack@c-api.service[99225]: DEBUG cinder.api.v3.groups [None req-2cd44629-9813-4c66-9535-b296ebf4f6ec tempest-GroupSnapshotsV319Test-1328155405 tempest-GroupSnapshotsV319Test-1328155405-project-member] delete called for group 7bb04137-0f3e-41a5-9fe8-05ea3533a3dc {{(pid=99225) _delete /opt/stack/cinder/cinder/api/v3/groups.py:117}}
Jun 04 18:37:45.157939 np0000002180 devstack@c-api.service[99225]: INFO cinder.api.v3.groups [None req-2cd44629-9813-4c66-9535-b296ebf4f6ec tempest-GroupSnapshotsV319Test-1328155405 tempest-GroupSnapshotsV319Test-1328155405-project-member] Delete group with id: 7bb04137-0f3e-41a5-9fe8-05ea3533a3dc
Jun 04 18:37:45.162562 np0000002180 devstack@c-api.service[99226]: DEBUG cinder.volume.api [None req-a94294aa-d4c1-49a9-af91-66d725dc4466 tempest-ServerActionsTestOtherA-1519630801 tempest-ServerActionsTestOtherA-1519630801-project-member] Task 'cinder.volume.flows.api.create_volume.EntryCreateTask;volume:create' (688f6b02-d55a-4afd-84ac-85b58503447d) transitioned into state 'SUCCESS' from state 'RUNNING' with result '{'volume_id': 'ec3f7448-a6e3-4a7e-8506-5b6be6c5f4b0', 'volume_properties': VolumeProperties(attach_status='detached',availability_zone='nova',cgsnapshot_id=None,consistencygroup_id=None,display_description=None,display_name='tempest-ServerActionsTestOtherA-volume-1870535459',encryption_key_id=None,group_id=None,group_type_id=,metadata={},multiattach=False,project_id='73a8e65218314079a4ac7be54f1cacba',qos_specs=None,replication_status=,reservations=['8191881b-8298-4ab4-980c-eedd78b9bed0','3f301059-667c-4c6e-b1e6-7365fb7c572c','094f4be9-16a2-4b4b-932a-81266ca6c51f','ed397022-d124-4fc2-a354-83f441d29cdd'],size=1,snapshot_id=None,source_replicaid=,source_volid=None,status='creating',user_id='0ba95a82e7254dfaaaa2030fdfd493d1',volume_type_id=80c6bd9a-0979-4073-88f3-55f11eedd7a1), 'volume': Volume(_name_id=None,admin_metadata=,attach_status='detached',availability_zone='nova',bootable=False,cluster=,cluster_name=None,consistencygroup=,consistencygroup_id=None,created_at=2026-06-04T18:37:45Z,deleted=False,deleted_at=None,display_description=None,display_name='tempest-ServerActionsTestOtherA-volume-1870535459',ec2_id=None,encryption_key_id=None,glance_metadata=,group=,group_id=None,host=None,id=ec3f7448-a6e3-4a7e-8506-5b6be6c5f4b0,launched_at=None,metadata={},migration_status=None,multiattach=False,previous_status=None,project_id='73a8e65218314079a4ac7be54f1cacba',provider_auth=None,provider_geometry=None,provider_id=None,provider_location=None,replication_driver_data=None,replication_extended_status=None,replication_status=None,scheduled_at=None,service_uuid=None,shared_targets=True,size=1,snapshot_id=None,snapshots=,source_volid=None,status='creating',terminated_at=None,updated_at=None,use_quota=True,user_id='0ba95a82e7254dfaaaa2030fdfd493d1',volume_attachment=VolumeAttachmentList,volume_type=VolumeType(80c6bd9a-0979-4073-88f3-55f11eedd7a1),volume_type_id=80c6bd9a-0979-4073-88f3-55f11eedd7a1)}' {{(pid=99226) _task_receiver /opt/stack/data/venv/lib/python3.12/site-packages/taskflow/listeners/logging.py:218}}
Jun 04 18:37:45.163761 np0000002180 devstack@c-api.service[99226]: DEBUG cinder.volume.api [None req-a94294aa-d4c1-49a9-af91-66d725dc4466 tempest-ServerActionsTestOtherA-1519630801 tempest-ServerActionsTestOtherA-1519630801-project-member] Task 'cinder.volume.flows.api.create_volume.QuotaCommitTask;volume:create' (f2c19bc5-437f-492b-af46-b296b200bc3e) transitioned into state 'RUNNING' from state 'PENDING' {{(pid=99226) _task_receiver /opt/stack/data/venv/lib/python3.12/site-packages/taskflow/listeners/logging.py:242}}
Jun 04 18:37:45.166968 np0000002180 devstack@c-api.service[99225]: /opt/stack/data/venv/lib/python3.12/site-packages/oslo_context/context.py:102: DeprecationWarning: Policy enforcement is depending on the value of is_admin. This key is deprecated. Please update your policy file to use the standard policy values.
Jun 04 18:37:45.166968 np0000002180 devstack@c-api.service[99225]: warnings.warn(
Jun 04 18:37:45.180906 np0000002180 devstack@c-api.service[99223]: DEBUG cinder.api.middleware.request_id [None req-d188a0d7-4038-4a6a-92e0-2667371ee041 None None] RequestId filter calling following filter/app {{(pid=99223) _context_setter /opt/stack/cinder/cinder/api/middleware/request_id.py:62}}
Jun 04 18:37:45.182972 np0000002180 devstack@c-api.service[99223]: INFO cinder.api.openstack.wsgi [None req-d188a0d7-4038-4a6a-92e0-2667371ee041 tempest-TestMultiAttachVolumeSwap-717774560 tempest-TestMultiAttachVolumeSwap-717774560-project-member] GET https://10.4.3.250/volume/v3/volumes/103043c5-b260-4763-987b-f2fdfb9720b8
Jun 04 18:37:45.183155 np0000002180 devstack@c-api.service[99223]: DEBUG cinder.api.openstack.wsgi [None req-d188a0d7-4038-4a6a-92e0-2667371ee041 tempest-TestMultiAttachVolumeSwap-717774560 tempest-TestMultiAttachVolumeSwap-717774560-project-member] Empty body provided in request {{(pid=99223) get_body /opt/stack/cinder/cinder/api/openstack/wsgi.py:725}}
Jun 04 18:37:45.183332 np0000002180 devstack@c-api.service[99223]: DEBUG cinder.api.openstack.wsgi [None req-d188a0d7-4038-4a6a-92e0-2667371ee041 tempest-TestMultiAttachVolumeSwap-717774560 tempest-TestMultiAttachVolumeSwap-717774560-project-member] Calling method 'show' {{(pid=99223) _process_stack /opt/stack/cinder/cinder/api/openstack/wsgi.py:878}}
Jun 04 18:37:45.192976 np0000002180 devstack@c-api.service[99223]: /opt/stack/data/venv/lib/python3.12/site-packages/oslo_context/context.py:102: DeprecationWarning: Policy enforcement is depending on the value of is_admin. This key is deprecated. Please update your policy file to use the standard policy values.
Jun 04 18:37:45.192976 np0000002180 devstack@c-api.service[99223]: warnings.warn(
Jun 04 18:37:45.197467 np0000002180 devstack@c-api.service[99223]: INFO cinder.volume.api [None req-d188a0d7-4038-4a6a-92e0-2667371ee041 tempest-TestMultiAttachVolumeSwap-717774560 tempest-TestMultiAttachVolumeSwap-717774560-project-member] Volume info retrieved successfully.
Jun 04 18:37:45.199944 np0000002180 devstack@c-api.service[99226]: DEBUG cinder.volume.api [None req-a94294aa-d4c1-49a9-af91-66d725dc4466 tempest-ServerActionsTestOtherA-1519630801 tempest-ServerActionsTestOtherA-1519630801-project-member] Task 'cinder.volume.flows.api.create_volume.QuotaCommitTask;volume:create' (f2c19bc5-437f-492b-af46-b296b200bc3e) transitioned into state 'SUCCESS' from state 'RUNNING' with result '{'volume_properties': VolumeProperties(attach_status='detached',availability_zone='nova',cgsnapshot_id=None,consistencygroup_id=None,display_description=None,display_name='tempest-ServerActionsTestOtherA-volume-1870535459',encryption_key_id=None,group_id=None,group_type_id=,metadata={},multiattach=False,project_id='73a8e65218314079a4ac7be54f1cacba',qos_specs=None,replication_status=,reservations=['8191881b-8298-4ab4-980c-eedd78b9bed0','3f301059-667c-4c6e-b1e6-7365fb7c572c','094f4be9-16a2-4b4b-932a-81266ca6c51f','ed397022-d124-4fc2-a354-83f441d29cdd'],size=1,snapshot_id=None,source_replicaid=,source_volid=None,status='creating',user_id='0ba95a82e7254dfaaaa2030fdfd493d1',volume_type_id=80c6bd9a-0979-4073-88f3-55f11eedd7a1)}' {{(pid=99226) _task_receiver /opt/stack/data/venv/lib/python3.12/site-packages/taskflow/listeners/logging.py:218}}
