Jun 04 18:39:09.166155 np0000002180 devstack@g-api.service[102031]: DEBUG glance.api.middleware.version_negotiation [None req-1bef1b2c-1241-4b06-a2ca-723573093fa6 tempest-ServerBootFromVolumeStableRescueTest-1848357038 tempest-ServerBootFromVolumeStableRescueTest-1848357038-project-member] Matched version: v2 {{(pid=102031) process_request /opt/stack/glance/glance/api/middleware/version_negotiation.py:69}}
Jun 04 18:39:09.166155 np0000002180 devstack@g-api.service[102031]: DEBUG glance.api.middleware.version_negotiation [None req-1bef1b2c-1241-4b06-a2ca-723573093fa6 tempest-ServerBootFromVolumeStableRescueTest-1848357038 tempest-ServerBootFromVolumeStableRescueTest-1848357038-project-member] new path /v2/schemas/image {{(pid=102031) process_request /opt/stack/glance/glance/api/middleware/version_negotiation.py:70}}
Jun 04 18:39:09.169264 np0000002180 devstack@g-api.service[102031]: [pid: 102031|app: 0|req: 60/171] 127.0.0.1 () {44 vars in 1055 bytes} [Thu Jun 4 18:39:09 2026] GET /v2/schemas/image => generated 6083 bytes in 4 msecs (HTTP/1.1 200) 4 headers in 158 bytes (1 switches on core 0)
Jun 04 18:39:09.230061 np0000002180 devstack@g-api.service[102032]: DEBUG glance.api.middleware.version_negotiation [None req-0abb4b41-6c4e-4d97-a3f6-bb81db47c518 tempest-ServerBootFromVolumeStableRescueTest-1848357038 tempest-ServerBootFromVolumeStableRescueTest-1848357038-project-member] Determining version of request: PATCH /v2/images/20eb91dd-d99a-4c88-b432-3a03cb0933f0 Accept: */* {{(pid=102032) process_request /opt/stack/glance/glance/api/middleware/version_negotiation.py:44}}
Jun 04 18:39:09.230061 np0000002180 devstack@g-api.service[102032]: DEBUG glance.api.middleware.version_negotiation [None req-0abb4b41-6c4e-4d97-a3f6-bb81db47c518 tempest-ServerBootFromVolumeStableRescueTest-1848357038 tempest-ServerBootFromVolumeStableRescueTest-1848357038-project-member] Using url versioning {{(pid=102032) process_request /opt/stack/glance/glance/api/middleware/version_negotiation.py:57}}
Jun 04 18:39:09.230061 np0000002180 devstack@g-api.service[102032]: DEBUG glance.api.middleware.version_negotiation [None req-0abb4b41-6c4e-4d97-a3f6-bb81db47c518 tempest-ServerBootFromVolumeStableRescueTest-1848357038 tempest-ServerBootFromVolumeStableRescueTest-1848357038-project-member] Matched version: v2 {{(pid=102032) process_request /opt/stack/glance/glance/api/middleware/version_negotiation.py:69}}
Jun 04 18:39:09.230061 np0000002180 devstack@g-api.service[102032]: DEBUG glance.api.middleware.version_negotiation [None req-0abb4b41-6c4e-4d97-a3f6-bb81db47c518 tempest-ServerBootFromVolumeStableRescueTest-1848357038 tempest-ServerBootFromVolumeStableRescueTest-1848357038-project-member] new path /v2/images/20eb91dd-d99a-4c88-b432-3a03cb0933f0 {{(pid=102032) process_request /opt/stack/glance/glance/api/middleware/version_negotiation.py:70}}
Jun 04 18:39:09.408273 np0000002180 devstack@g-api.service[102032]: [pid: 102032|app: 0|req: 57/172] 127.0.0.1 () {46 vars in 1158 bytes} [Thu Jun 4 18:39:09 2026] PATCH /v2/images/20eb91dd-d99a-4c88-b432-3a03cb0933f0 => generated 1471 bytes in 181 msecs (HTTP/1.1 200) 4 headers in 158 bytes (1 switches on core 0)
Jun 04 18:39:09.458422 np0000002180 devstack@g-api.service[102033]: DEBUG glance.api.middleware.version_negotiation [None req-0abb4b41-6c4e-4d97-a3f6-bb81db47c518 tempest-ServerBootFromVolumeStableRescueTest-1848357038 tempest-ServerBootFromVolumeStableRescueTest-1848357038-project-member] Determining version of request: GET /v2/images/20eb91dd-d99a-4c88-b432-3a03cb0933f0 Accept: */* {{(pid=102033) process_request /opt/stack/glance/glance/api/middleware/version_negotiation.py:44}}
Jun 04 18:39:09.458643 np0000002180 devstack@g-api.service[102033]: DEBUG glance.api.middleware.version_negotiation [None req-0abb4b41-6c4e-4d97-a3f6-bb81db47c518 tempest-ServerBootFromVolumeStableRescueTest-1848357038 tempest-ServerBootFromVolumeStableRescueTest-1848357038-project-member] Using url versioning {{(pid=102033) process_request /opt/stack/glance/glance/api/middleware/version_negotiation.py:57}}
Jun 04 18:39:09.458842 np0000002180 devstack@g-api.service[102033]: DEBUG glance.api.middleware.version_negotiation [None req-0abb4b41-6c4e-4d97-a3f6-bb81db47c518 tempest-ServerBootFromVolumeStableRescueTest-1848357038 tempest-ServerBootFromVolumeStableRescueTest-1848357038-project-member] Matched version: v2 {{(pid=102033) process_request /opt/stack/glance/glance/api/middleware/version_negotiation.py:69}}
Jun 04 18:39:09.459013 np0000002180 devstack@g-api.service[102033]: DEBUG glance.api.middleware.version_negotiation [None req-0abb4b41-6c4e-4d97-a3f6-bb81db47c518 tempest-ServerBootFromVolumeStableRescueTest-1848357038 tempest-ServerBootFromVolumeStableRescueTest-1848357038-project-member] new path /v2/images/20eb91dd-d99a-4c88-b432-3a03cb0933f0 {{(pid=102033) process_request /opt/stack/glance/glance/api/middleware/version_negotiation.py:70}}
Jun 04 18:39:09.475180 np0000002180 devstack@g-api.service[102033]: [pid: 102033|app: 0|req: 56/173] 127.0.0.1 () {44 vars in 1115 bytes} [Thu Jun 4 18:39:09 2026] GET /v2/images/20eb91dd-d99a-4c88-b432-3a03cb0933f0 => generated 1471 bytes in 16 msecs (HTTP/1.1 200) 4 headers in 158 bytes (1 switches on core 0)
Jun 04 18:39:09.520509 np0000002180 devstack@g-api.service[102031]: DEBUG glance.api.middleware.version_negotiation [None req-0abb4b41-6c4e-4d97-a3f6-bb81db47c518 tempest-ServerBootFromVolumeStableRescueTest-1848357038 tempest-ServerBootFromVolumeStableRescueTest-1848357038-project-member] Determining version of request: PUT /v2/images/20eb91dd-d99a-4c88-b432-3a03cb0933f0/file Accept: */* {{(pid=102031) process_request /opt/stack/glance/glance/api/middleware/version_negotiation.py:44}}
Jun 04 18:39:09.520509 np0000002180 devstack@g-api.service[102031]: DEBUG glance.api.middleware.version_negotiation [None req-0abb4b41-6c4e-4d97-a3f6-bb81db47c518 tempest-ServerBootFromVolumeStableRescueTest-1848357038 tempest-ServerBootFromVolumeStableRescueTest-1848357038-project-member] Using url versioning {{(pid=102031) process_request /opt/stack/glance/glance/api/middleware/version_negotiation.py:57}}
Jun 04 18:39:09.520509 np0000002180 devstack@g-api.service[102031]: DEBUG glance.api.middleware.version_negotiation [None req-0abb4b41-6c4e-4d97-a3f6-bb81db47c518 tempest-ServerBootFromVolumeStableRescueTest-1848357038 tempest-ServerBootFromVolumeStableRescueTest-1848357038-project-member] Matched version: v2 {{(pid=102031) process_request /opt/stack/glance/glance/api/middleware/version_negotiation.py:69}}
Jun 04 18:39:09.520509 np0000002180 devstack@g-api.service[102031]: DEBUG glance.api.middleware.version_negotiation [None req-0abb4b41-6c4e-4d97-a3f6-bb81db47c518 tempest-ServerBootFromVolumeStableRescueTest-1848357038 tempest-ServerBootFromVolumeStableRescueTest-1848357038-project-member] new path /v2/images/20eb91dd-d99a-4c88-b432-3a03cb0933f0/file {{(pid=102031) process_request /opt/stack/glance/glance/api/middleware/version_negotiation.py:70}}
Jun 04 18:39:09.569746 np0000002180 devstack@g-api.service[102032]: DEBUG glance.api.middleware.version_negotiation [None req-0abb4b41-6c4e-4d97-a3f6-bb81db47c518 tempest-ServerBootFromVolumeStableRescueTest-1848357038 tempest-ServerBootFromVolumeStableRescueTest-1848357038-project-member] Determining version of request: GET /v2/images/20eb91dd-d99a-4c88-b432-3a03cb0933f0 Accept: application/json {{(pid=102032) process_request /opt/stack/glance/glance/api/middleware/version_negotiation.py:44}}
Jun 04 18:39:09.570363 np0000002180 devstack@g-api.service[102032]: DEBUG glance.api.middleware.version_negotiation [None req-0abb4b41-6c4e-4d97-a3f6-bb81db47c518 tempest-ServerBootFromVolumeStableRescueTest-1848357038 tempest-ServerBootFromVolumeStableRescueTest-1848357038-project-member] Using url versioning {{(pid=102032) process_request /opt/stack/glance/glance/api/middleware/version_negotiation.py:57}}
Jun 04 18:39:09.570363 np0000002180 devstack@g-api.service[102032]: DEBUG glance.api.middleware.version_negotiation [None req-0abb4b41-6c4e-4d97-a3f6-bb81db47c518 tempest-ServerBootFromVolumeStableRescueTest-1848357038 tempest-ServerBootFromVolumeStableRescueTest-1848357038-project-member] Matched version: v2 {{(pid=102032) process_request /opt/stack/glance/glance/api/middleware/version_negotiation.py:69}}
Jun 04 18:39:09.570363 np0000002180 devstack@g-api.service[102032]: DEBUG glance.api.middleware.version_negotiation [None req-0abb4b41-6c4e-4d97-a3f6-bb81db47c518 tempest-ServerBootFromVolumeStableRescueTest-1848357038 tempest-ServerBootFromVolumeStableRescueTest-1848357038-project-member] new path /v2/images/20eb91dd-d99a-4c88-b432-3a03cb0933f0 {{(pid=102032) process_request /opt/stack/glance/glance/api/middleware/version_negotiation.py:70}}
Jun 04 18:39:09.582463 np0000002180 devstack@g-api.service[102032]: [pid: 102032|app: 0|req: 58/174] 127.0.0.1 () {40 vars in 838 bytes} [Thu Jun 4 18:39:09 2026] GET /v2/images/20eb91dd-d99a-4c88-b432-3a03cb0933f0 => generated 1471 bytes in 13 msecs (HTTP/1.1 200) 4 headers in 158 bytes (1 switches on core 0)
Jun 04 18:39:10.087557 np0000002180 devstack@g-api.service[102031]: INFO glance.api.v2.image_data [None req-0abb4b41-6c4e-4d97-a3f6-bb81db47c518 tempest-ServerBootFromVolumeStableRescueTest-1848357038 tempest-ServerBootFromVolumeStableRescueTest-1848357038-project-member] Unable to create trust: no such option collect_timing in group [keystone_authtoken] Use the existing user token.
Jun 04 18:39:10.592502 np0000002180 devstack@g-api.service[102033]: DEBUG glance.api.middleware.version_negotiation [None req-0abb4b41-6c4e-4d97-a3f6-bb81db47c518 tempest-ServerBootFromVolumeStableRescueTest-1848357038 tempest-ServerBootFromVolumeStableRescueTest-1848357038-project-member] Determining version of request: GET /v2/images/20eb91dd-d99a-4c88-b432-3a03cb0933f0 Accept: application/json {{(pid=102033) process_request /opt/stack/glance/glance/api/middleware/version_negotiation.py:44}}
Jun 04 18:39:10.592502 np0000002180 devstack@g-api.service[102033]: DEBUG glance.api.middleware.version_negotiation [None req-0abb4b41-6c4e-4d97-a3f6-bb81db47c518 tempest-ServerBootFromVolumeStableRescueTest-1848357038 tempest-ServerBootFromVolumeStableRescueTest-1848357038-project-member] Using url versioning {{(pid=102033) process_request /opt/stack/glance/glance/api/middleware/version_negotiation.py:57}}
Jun 04 18:39:10.593041 np0000002180 devstack@g-api.service[102033]: DEBUG glance.api.middleware.version_negotiation [None req-0abb4b41-6c4e-4d97-a3f6-bb81db47c518 tempest-ServerBootFromVolumeStableRescueTest-1848357038 tempest-ServerBootFromVolumeStableRescueTest-1848357038-project-member] Matched version: v2 {{(pid=102033) process_request /opt/stack/glance/glance/api/middleware/version_negotiation.py:69}}
Jun 04 18:39:10.593041 np0000002180 devstack@g-api.service[102033]: DEBUG glance.api.middleware.version_negotiation [None req-0abb4b41-6c4e-4d97-a3f6-bb81db47c518 tempest-ServerBootFromVolumeStableRescueTest-1848357038 tempest-ServerBootFromVolumeStableRescueTest-1848357038-project-member] new path /v2/images/20eb91dd-d99a-4c88-b432-3a03cb0933f0 {{(pid=102033) process_request /opt/stack/glance/glance/api/middleware/version_negotiation.py:70}}
Jun 04 18:39:10.609221 np0000002180 devstack@g-api.service[102033]: [pid: 102033|app: 0|req: 57/175] 127.0.0.1 () {40 vars in 838 bytes} [Thu Jun 4 18:39:10 2026] GET /v2/images/20eb91dd-d99a-4c88-b432-3a03cb0933f0 => generated 1471 bytes in 17 msecs (HTTP/1.1 200) 4 headers in 158 bytes (1 switches on core 0)
Jun 04 18:39:10.685897 np0000002180 devstack@g-api.service[102031]: DEBUG glance.location [None req-0abb4b41-6c4e-4d97-a3f6-bb81db47c518 tempest-ServerBootFromVolumeStableRescueTest-1848357038 tempest-ServerBootFromVolumeStableRescueTest-1848357038-project-member] Enabling in-flight format inspection for qcow2 {{(pid=102031) set_data /opt/stack/glance/glance/location.py:616}}
Jun 04 18:39:10.686412 np0000002180 devstack@g-api.service[102031]: DEBUG glance_store.backend [None req-0abb4b41-6c4e-4d97-a3f6-bb81db47c518 tempest-ServerBootFromVolumeStableRescueTest-1848357038 tempest-ServerBootFromVolumeStableRescueTest-1848357038-project-member] Attempting to import store swift {{(pid=102031) _load_store /opt/stack/data/venv/lib/python3.12/site-packages/glance_store/backend.py:215}}
Jun 04 18:39:10.690151 np0000002180 devstack@g-api.service[102031]: DEBUG glance_store.capabilities [None req-0abb4b41-6c4e-4d97-a3f6-bb81db47c518 tempest-ServerBootFromVolumeStableRescueTest-1848357038 tempest-ServerBootFromVolumeStableRescueTest-1848357038-project-member] Store glance_store._drivers.swift.store.SingleTenantStore doesn't support updating dynamic storage capabilities. Please overwrite 'update_capabilities' method of the store to implement updating logics if needed. {{(pid=102031) update_capabilities /opt/stack/data/venv/lib/python3.12/site-packages/glance_store/capabilities.py:91}}
Jun 04 18:39:10.690151 np0000002180 devstack@g-api.service[102031]: DEBUG glance_store.driver [None req-0abb4b41-6c4e-4d97-a3f6-bb81db47c518 tempest-ServerBootFromVolumeStableRescueTest-1848357038 tempest-ServerBootFromVolumeStableRescueTest-1848357038-project-member] Late loading location class glance_store._drivers.swift.store.StoreLocation {{(pid=102031) get_store_location_class /opt/stack/data/venv/lib/python3.12/site-packages/glance_store/driver.py:134}}
Jun 04 18:39:10.690151 np0000002180 devstack@g-api.service[102031]: DEBUG glance_store.location [None req-0abb4b41-6c4e-4d97-a3f6-bb81db47c518 tempest-ServerBootFromVolumeStableRescueTest-1848357038 tempest-ServerBootFromVolumeStableRescueTest-1848357038-project-member] Registering scheme swift+https with {'store': , 'location_class': , 'store_entry': 'swift'} {{(pid=102031) register_scheme_map /opt/stack/data/venv/lib/python3.12/site-packages/glance_store/location.py:146}}
Jun 04 18:39:10.690151 np0000002180 devstack@g-api.service[102031]: DEBUG glance_store.location [None req-0abb4b41-6c4e-4d97-a3f6-bb81db47c518 tempest-ServerBootFromVolumeStableRescueTest-1848357038 tempest-ServerBootFromVolumeStableRescueTest-1848357038-project-member] Registering scheme swift+https with {'store': , 'location_class': , 'store_entry': 'swift'} {{(pid=102031) register_scheme_map /opt/stack/data/venv/lib/python3.12/site-packages/glance_store/location.py:146}}
Jun 04 18:39:10.690151 np0000002180 devstack@g-api.service[102031]: DEBUG glance_store.location [None req-0abb4b41-6c4e-4d97-a3f6-bb81db47c518 tempest-ServerBootFromVolumeStableRescueTest-1848357038 tempest-ServerBootFromVolumeStableRescueTest-1848357038-project-member] Registering scheme swift with {'store': , 'location_class': , 'store_entry': 'swift'} {{(pid=102031) register_scheme_map /opt/stack/data/venv/lib/python3.12/site-packages/glance_store/location.py:146}}
Jun 04 18:39:10.690151 np0000002180 devstack@g-api.service[102031]: DEBUG glance_store.location [None req-0abb4b41-6c4e-4d97-a3f6-bb81db47c518 tempest-ServerBootFromVolumeStableRescueTest-1848357038 tempest-ServerBootFromVolumeStableRescueTest-1848357038-project-member] Registering scheme swift+https with {'store': , 'location_class': , 'store_entry': 'swift'} {{(pid=102031) register_scheme_map /opt/stack/data/venv/lib/python3.12/site-packages/glance_store/location.py:146}}
Jun 04 18:39:10.690151 np0000002180 devstack@g-api.service[102031]: DEBUG glance_store.location [None req-0abb4b41-6c4e-4d97-a3f6-bb81db47c518 tempest-ServerBootFromVolumeStableRescueTest-1848357038 tempest-ServerBootFromVolumeStableRescueTest-1848357038-project-member] Registering scheme swift with {'store': , 'location_class': , 'store_entry': 'swift'} {{(pid=102031) register_scheme_map /opt/stack/data/venv/lib/python3.12/site-packages/glance_store/location.py:146}}
Jun 04 18:39:10.690151 np0000002180 devstack@g-api.service[102031]: DEBUG glance_store.location [None req-0abb4b41-6c4e-4d97-a3f6-bb81db47c518 tempest-ServerBootFromVolumeStableRescueTest-1848357038 tempest-ServerBootFromVolumeStableRescueTest-1848357038-project-member] Registering scheme swift+http with {'store': , 'location_class': , 'store_entry': 'swift'} {{(pid=102031) register_scheme_map /opt/stack/data/venv/lib/python3.12/site-packages/glance_store/location.py:146}}
Jun 04 18:39:10.690151 np0000002180 devstack@g-api.service[102031]: DEBUG glance_store.location [None req-0abb4b41-6c4e-4d97-a3f6-bb81db47c518 tempest-ServerBootFromVolumeStableRescueTest-1848357038 tempest-ServerBootFromVolumeStableRescueTest-1848357038-project-member] Registering scheme swift+https with {'store': , 'location_class': , 'store_entry': 'swift'} {{(pid=102031) register_scheme_map /opt/stack/data/venv/lib/python3.12/site-packages/glance_store/location.py:146}}
Jun 04 18:39:10.690151 np0000002180 devstack@g-api.service[102031]: DEBUG glance_store.location [None req-0abb4b41-6c4e-4d97-a3f6-bb81db47c518 tempest-ServerBootFromVolumeStableRescueTest-1848357038 tempest-ServerBootFromVolumeStableRescueTest-1848357038-project-member] Registering scheme swift with {'store': , 'location_class': , 'store_entry': 'swift'} {{(pid=102031) register_scheme_map /opt/stack/data/venv/lib/python3.12/site-packages/glance_store/location.py:146}}
Jun 04 18:39:10.690745 np0000002180 devstack@g-api.service[102031]: DEBUG glance_store.location [None req-0abb4b41-6c4e-4d97-a3f6-bb81db47c518 tempest-ServerBootFromVolumeStableRescueTest-1848357038 tempest-ServerBootFromVolumeStableRescueTest-1848357038-project-member] Registering scheme swift+http with {'store': , 'location_class': , 'store_entry': 'swift'} {{(pid=102031) register_scheme_map /opt/stack/data/venv/lib/python3.12/site-packages/glance_store/location.py:146}}
Jun 04 18:39:10.690745 np0000002180 devstack@g-api.service[102031]: DEBUG glance_store.location [None req-0abb4b41-6c4e-4d97-a3f6-bb81db47c518 tempest-ServerBootFromVolumeStableRescueTest-1848357038 tempest-ServerBootFromVolumeStableRescueTest-1848357038-project-member] Registering scheme swift+config with {'store': , 'location_class': , 'store_entry': 'swift'} {{(pid=102031) register_scheme_map /opt/stack/data/venv/lib/python3.12/site-packages/glance_store/location.py:146}}
Jun 04 18:39:10.921679 np0000002180 devstack@g-api.service[102032]: DEBUG glance.api.middleware.version_negotiation [None req-d5ce0728-d607-4a27-98a5-9127ae80b3da tempest-ServerBootFromVolumeStableRescueTest-1848357038 tempest-ServerBootFromVolumeStableRescueTest-1848357038-project-member] Determining version of request: GET /v2/images/adf5faa7-f1ce-4a7e-bcbc-075fbfcb8eee Accept: */* {{(pid=102032) process_request /opt/stack/glance/glance/api/middleware/version_negotiation.py:44}}
Jun 04 18:39:10.922040 np0000002180 devstack@g-api.service[102032]: DEBUG glance.api.middleware.version_negotiation [None req-d5ce0728-d607-4a27-98a5-9127ae80b3da tempest-ServerBootFromVolumeStableRescueTest-1848357038 tempest-ServerBootFromVolumeStableRescueTest-1848357038-project-member] Using url versioning {{(pid=102032) process_request /opt/stack/glance/glance/api/middleware/version_negotiation.py:57}}
Jun 04 18:39:10.922040 np0000002180 devstack@g-api.service[102032]: DEBUG glance.api.middleware.version_negotiation [None req-d5ce0728-d607-4a27-98a5-9127ae80b3da tempest-ServerBootFromVolumeStableRescueTest-1848357038 tempest-ServerBootFromVolumeStableRescueTest-1848357038-project-member] Matched version: v2 {{(pid=102032) process_request /opt/stack/glance/glance/api/middleware/version_negotiation.py:69}}
Jun 04 18:39:10.922040 np0000002180 devstack@g-api.service[102032]: DEBUG glance.api.middleware.version_negotiation [None req-d5ce0728-d607-4a27-98a5-9127ae80b3da tempest-ServerBootFromVolumeStableRescueTest-1848357038 tempest-ServerBootFromVolumeStableRescueTest-1848357038-project-member] new path /v2/images/adf5faa7-f1ce-4a7e-bcbc-075fbfcb8eee {{(pid=102032) process_request /opt/stack/glance/glance/api/middleware/version_negotiation.py:70}}
Jun 04 18:39:10.938416 np0000002180 devstack@g-api.service[102031]: DEBUG swiftclient [None req-0abb4b41-6c4e-4d97-a3f6-bb81db47c518 tempest-ServerBootFromVolumeStableRescueTest-1848357038 tempest-ServerBootFromVolumeStableRescueTest-1848357038-project-member] REQ: curl -i https://10.4.3.250:8080/v1/AUTH_2ce929ba1ba748009787c8f171721746/glance -I -H "X-Auth-Token: gAAAAABqIcZOcNqr..." {{(pid=102031) http_log /opt/stack/data/venv/lib/python3.12/site-packages/swiftclient/client.py:160}}
Jun 04 18:39:10.938585 np0000002180 devstack@g-api.service[102031]: DEBUG swiftclient [None req-0abb4b41-6c4e-4d97-a3f6-bb81db47c518 tempest-ServerBootFromVolumeStableRescueTest-1848357038 tempest-ServerBootFromVolumeStableRescueTest-1848357038-project-member] RESP STATUS: 204 No Content {{(pid=102031) http_log /opt/stack/data/venv/lib/python3.12/site-packages/swiftclient/client.py:161}}
Jun 04 18:39:10.938841 np0000002180 devstack@g-api.service[102031]: DEBUG swiftclient [None req-0abb4b41-6c4e-4d97-a3f6-bb81db47c518 tempest-ServerBootFromVolumeStableRescueTest-1848357038 tempest-ServerBootFromVolumeStableRescueTest-1848357038-project-member] RESP HEADERS: {'Date': 'Thu, 04 Jun 2026 18:39:10 GMT', 'Server': 'Apache/2.4.58 (Ubuntu)', 'Content-Type': 'text/plain; charset=utf-8', 'X-Container-Object-Count': '5', 'X-Container-Bytes-Used': '87883776', 'X-Timestamp': '1780598044.96275', 'Last-Modified': 'Thu, 04 Jun 2026 18:34:05 GMT', 'Accept-Ranges': 'bytes', 'X-Storage-Policy': 'Policy-0', 'X-Container-Sharding': 'False', 'Vary': 'Accept', 'X-Trans-Id': 'tx1fc6d3329b7140cb8daf7-006a21c64e', 'X-Openstack-Request-Id': 'tx1fc6d3329b7140cb8daf7-006a21c64e', 'Connection': 'close'} {{(pid=102031) http_log /opt/stack/data/venv/lib/python3.12/site-packages/swiftclient/client.py:162}}
Jun 04 18:39:10.939091 np0000002180 devstack@g-api.service[102031]: DEBUG glance_store._drivers.swift.store [None req-0abb4b41-6c4e-4d97-a3f6-bb81db47c518 tempest-ServerBootFromVolumeStableRescueTest-1848357038 tempest-ServerBootFromVolumeStableRescueTest-1848357038-project-member] Adding image object '20eb91dd-d99a-4c88-b432-3a03cb0933f0' to Swift {{(pid=102031) add /opt/stack/data/venv/lib/python3.12/site-packages/glance_store/_drivers/swift/store.py:970}}
Jun 04 18:39:10.939258 np0000002180 devstack@g-api.service[102031]: DEBUG glance_store._drivers.swift.store [None req-0abb4b41-6c4e-4d97-a3f6-bb81db47c518 tempest-ServerBootFromVolumeStableRescueTest-1848357038 tempest-ServerBootFromVolumeStableRescueTest-1848357038-project-member] Cannot determine image size because it is either not provided in the request or chunked-transfer encoding is used. Adding image as a segmented object to Swift. {{(pid=102031) add /opt/stack/data/venv/lib/python3.12/site-packages/glance_store/_drivers/swift/store.py:994}}
Jun 04 18:39:10.939672 np0000002180 devstack@g-api.service[102032]: [pid: 102032|app: 0|req: 59/176] 127.0.0.1 () {44 vars in 1115 bytes} [Thu Jun 4 18:39:10 2026] GET /v2/images/adf5faa7-f1ce-4a7e-bcbc-075fbfcb8eee => generated 1044 bytes in 18 msecs (HTTP/1.1 200) 4 headers in 158 bytes (1 switches on core 0)
Jun 04 18:39:10.951772 np0000002180 devstack@g-api.service[102031]: DEBUG oslo_utils.imageutils.format_inspector [None req-0abb4b41-6c4e-4d97-a3f6-bb81db47c518 tempest-ServerBootFromVolumeStableRescueTest-1848357038 tempest-ServerBootFromVolumeStableRescueTest-1848357038-project-member] Format inspector for vmdk does not match, excluding from consideration (Signature KDMV not found: b'QFI\xfb') {{(pid=102031) _process_chunk /opt/stack/data/venv/lib/python3.12/site-packages/oslo_utils/imageutils/format_inspector.py:1758}}
Jun 04 18:39:10.958739 np0000002180 devstack@g-api.service[102031]: DEBUG oslo_utils.imageutils.format_inspector [None req-0abb4b41-6c4e-4d97-a3f6-bb81db47c518 tempest-ServerBootFromVolumeStableRescueTest-1848357038 tempest-ServerBootFromVolumeStableRescueTest-1848357038-project-member] Format inspector for vhdx does not match, excluding from consideration (Region signature not found at 30000) {{(pid=102031) _process_chunk /opt/stack/data/venv/lib/python3.12/site-packages/oslo_utils/imageutils/format_inspector.py:1758}}
Jun 04 18:39:10.994294 np0000002180 devstack@g-api.service[102033]: DEBUG glance.api.middleware.version_negotiation [None req-0e23993e-7d9f-4b71-801a-6af3cbb603c8 tempest-ServerBootFromVolumeStableRescueTest-1848357038 tempest-ServerBootFromVolumeStableRescueTest-1848357038-project-member] Determining version of request: GET /v2/schemas/image Accept: */* {{(pid=102033) process_request /opt/stack/glance/glance/api/middleware/version_negotiation.py:44}}
Jun 04 18:39:10.994974 np0000002180 devstack@g-api.service[102033]: DEBUG glance.api.middleware.version_negotiation [None req-0e23993e-7d9f-4b71-801a-6af3cbb603c8 tempest-ServerBootFromVolumeStableRescueTest-1848357038 tempest-ServerBootFromVolumeStableRescueTest-1848357038-project-member] Using url versioning {{(pid=102033) process_request /opt/stack/glance/glance/api/middleware/version_negotiation.py:57}}
Jun 04 18:39:10.994974 np0000002180 devstack@g-api.service[102033]: DEBUG glance.api.middleware.version_negotiation [None req-0e23993e-7d9f-4b71-801a-6af3cbb603c8 tempest-ServerBootFromVolumeStableRescueTest-1848357038 tempest-ServerBootFromVolumeStableRescueTest-1848357038-project-member] Matched version: v2 {{(pid=102033) process_request /opt/stack/glance/glance/api/middleware/version_negotiation.py:69}}
Jun 04 18:39:10.994974 np0000002180 devstack@g-api.service[102033]: DEBUG glance.api.middleware.version_negotiation [None req-0e23993e-7d9f-4b71-801a-6af3cbb603c8 tempest-ServerBootFromVolumeStableRescueTest-1848357038 tempest-ServerBootFromVolumeStableRescueTest-1848357038-project-member] new path /v2/schemas/image {{(pid=102033) process_request /opt/stack/glance/glance/api/middleware/version_negotiation.py:70}}
Jun 04 18:39:10.999285 np0000002180 devstack@g-api.service[102033]: [pid: 102033|app: 0|req: 58/177] 127.0.0.1 () {44 vars in 1055 bytes} [Thu Jun 4 18:39:10 2026] GET /v2/schemas/image => generated 6083 bytes in 6 msecs (HTTP/1.1 200) 4 headers in 158 bytes (1 switches on core 0)
Jun 04 18:39:11.240499 np0000002180 devstack@g-api.service[102031]: DEBUG swiftclient [None req-0abb4b41-6c4e-4d97-a3f6-bb81db47c518 tempest-ServerBootFromVolumeStableRescueTest-1848357038 tempest-ServerBootFromVolumeStableRescueTest-1848357038-project-member] REQ: curl -i https://10.4.3.250:8080/v1/AUTH_2ce929ba1ba748009787c8f171721746/glance/20eb91dd-d99a-4c88-b432-3a03cb0933f0-00001 -X PUT -H "X-Auth-Token: gAAAAABqIcZOcNqr..." {{(pid=102031) http_log /opt/stack/data/venv/lib/python3.12/site-packages/swiftclient/client.py:160}}
Jun 04 18:39:11.241346 np0000002180 devstack@g-api.service[102031]: DEBUG swiftclient [None req-0abb4b41-6c4e-4d97-a3f6-bb81db47c518 tempest-ServerBootFromVolumeStableRescueTest-1848357038 tempest-ServerBootFromVolumeStableRescueTest-1848357038-project-member] RESP STATUS: 201 Created {{(pid=102031) http_log /opt/stack/data/venv/lib/python3.12/site-packages/swiftclient/client.py:161}}
Jun 04 18:39:11.241346 np0000002180 devstack@g-api.service[102031]: DEBUG swiftclient [None req-0abb4b41-6c4e-4d97-a3f6-bb81db47c518 tempest-ServerBootFromVolumeStableRescueTest-1848357038 tempest-ServerBootFromVolumeStableRescueTest-1848357038-project-member] RESP HEADERS: {'Date': 'Thu, 04 Jun 2026 18:39:11 GMT', 'Server': 'Apache/2.4.58 (Ubuntu)', 'Content-Type': 'text/html; charset=UTF-8', 'Content-Length': '0', 'Etag': '4fa343ee581d8d2e78533191fd1ac3e1', 'Last-Modified': 'Thu, 04 Jun 2026 18:39:11 GMT', 'X-Trans-Id': 'tx2de744d9e8a54129a9f91-006a21c64e', 'X-Openstack-Request-Id': 'tx2de744d9e8a54129a9f91-006a21c64e', 'Connection': 'close'} {{(pid=102031) http_log /opt/stack/data/venv/lib/python3.12/site-packages/swiftclient/client.py:162}}
Jun 04 18:39:11.241346 np0000002180 devstack@g-api.service[102031]: DEBUG glance_store._drivers.swift.store [None req-0abb4b41-6c4e-4d97-a3f6-bb81db47c518 tempest-ServerBootFromVolumeStableRescueTest-1848357038 tempest-ServerBootFromVolumeStableRescueTest-1848357038-project-member] Wrote chunk 20eb91dd-d99a-4c88-b432-3a03cb0933f0-00001 (1/?) of length 23527424 to Swift returning MD5 of content: 4fa343ee581d8d2e78533191fd1ac3e1 {{(pid=102031) add /opt/stack/data/venv/lib/python3.12/site-packages/glance_store/_drivers/swift/store.py:1059}}
Jun 04 18:39:11.241532 np0000002180 devstack@g-api.service[102031]: DEBUG glance_store._drivers.swift.store [None req-0abb4b41-6c4e-4d97-a3f6-bb81db47c518 tempest-ServerBootFromVolumeStableRescueTest-1848357038 tempest-ServerBootFromVolumeStableRescueTest-1848357038-project-member] Not writing zero-length chunk. {{(pid=102031) add /opt/stack/data/venv/lib/python3.12/site-packages/glance_store/_drivers/swift/store.py:1028}}
Jun 04 18:39:11.283597 np0000002180 devstack@g-api.service[102031]: DEBUG swiftclient [None req-0abb4b41-6c4e-4d97-a3f6-bb81db47c518 tempest-ServerBootFromVolumeStableRescueTest-1848357038 tempest-ServerBootFromVolumeStableRescueTest-1848357038-project-member] REQ: curl -i https://10.4.3.250:8080/v1/AUTH_2ce929ba1ba748009787c8f171721746/glance/20eb91dd-d99a-4c88-b432-3a03cb0933f0 -X PUT -H "X-Object-Manifest: glance/20eb91dd-d99a-4c88-b432-3a03cb0933f0-" -H "X-Auth-Token: gAAAAABqIcZOcNqr..." -H "Content-Length: 0" {{(pid=102031) http_log /opt/stack/data/venv/lib/python3.12/site-packages/swiftclient/client.py:160}}
Jun 04 18:39:11.284023 np0000002180 devstack@g-api.service[102031]: DEBUG swiftclient [None req-0abb4b41-6c4e-4d97-a3f6-bb81db47c518 tempest-ServerBootFromVolumeStableRescueTest-1848357038 tempest-ServerBootFromVolumeStableRescueTest-1848357038-project-member] RESP STATUS: 201 Created {{(pid=102031) http_log /opt/stack/data/venv/lib/python3.12/site-packages/swiftclient/client.py:161}}
Jun 04 18:39:11.284023 np0000002180 devstack@g-api.service[102031]: DEBUG swiftclient [None req-0abb4b41-6c4e-4d97-a3f6-bb81db47c518 tempest-ServerBootFromVolumeStableRescueTest-1848357038 tempest-ServerBootFromVolumeStableRescueTest-1848357038-project-member] RESP HEADERS: {'Date': 'Thu, 04 Jun 2026 18:39:11 GMT', 'Server': 'Apache/2.4.58 (Ubuntu)', 'Content-Type': 'text/html; charset=UTF-8', 'Content-Length': '0', 'Etag': 'd41d8cd98f00b204e9800998ecf8427e', 'Last-Modified': 'Thu, 04 Jun 2026 18:39:12 GMT', 'X-Trans-Id': 'txd32afa3ab2a54ac4b0902-006a21c64f', 'X-Openstack-Request-Id': 'txd32afa3ab2a54ac4b0902-006a21c64f', 'Connection': 'close'} {{(pid=102031) http_log /opt/stack/data/venv/lib/python3.12/site-packages/swiftclient/client.py:162}}
Jun 04 18:39:11.286504 np0000002180 devstack@g-api.service[102031]: INFO glance.location [None req-0abb4b41-6c4e-4d97-a3f6-bb81db47c518 tempest-ServerBootFromVolumeStableRescueTest-1848357038 tempest-ServerBootFromVolumeStableRescueTest-1848357038-project-member] Image format matched and virtual size computed: 1073741824
Jun 04 18:39:11.338282 np0000002180 devstack@g-api.service[102031]: DEBUG glance_store.backend [None req-0abb4b41-6c4e-4d97-a3f6-bb81db47c518 tempest-ServerBootFromVolumeStableRescueTest-1848357038 tempest-ServerBootFromVolumeStableRescueTest-1848357038-project-member] Attempting to import store swift {{(pid=102031) _load_store /opt/stack/data/venv/lib/python3.12/site-packages/glance_store/backend.py:215}}
Jun 04 18:39:11.339608 np0000002180 devstack@g-api.service[102031]: DEBUG glance_store.capabilities [None req-0abb4b41-6c4e-4d97-a3f6-bb81db47c518 tempest-ServerBootFromVolumeStableRescueTest-1848357038 tempest-ServerBootFromVolumeStableRescueTest-1848357038-project-member] Store glance_store._drivers.swift.store.SingleTenantStore doesn't support updating dynamic storage capabilities. Please overwrite 'update_capabilities' method of the store to implement updating logics if needed. {{(pid=102031) update_capabilities /opt/stack/data/venv/lib/python3.12/site-packages/glance_store/capabilities.py:91}}
Jun 04 18:39:11.339717 np0000002180 devstack@g-api.service[102031]: DEBUG glance_store.driver [None req-0abb4b41-6c4e-4d97-a3f6-bb81db47c518 tempest-ServerBootFromVolumeStableRescueTest-1848357038 tempest-ServerBootFromVolumeStableRescueTest-1848357038-project-member] Late loading location class glance_store._drivers.swift.store.StoreLocation {{(pid=102031) get_store_location_class /opt/stack/data/venv/lib/python3.12/site-packages/glance_store/driver.py:134}}
Jun 04 18:39:11.339797 np0000002180 devstack@g-api.service[102031]: DEBUG glance_store.location [None req-0abb4b41-6c4e-4d97-a3f6-bb81db47c518 tempest-ServerBootFromVolumeStableRescueTest-1848357038 tempest-ServerBootFromVolumeStableRescueTest-1848357038-project-member] Registering scheme swift+https with {'store': , 'location_class': , 'store_entry': 'swift'} {{(pid=102031) register_scheme_map /opt/stack/data/venv/lib/python3.12/site-packages/glance_store/location.py:146}}
Jun 04 18:39:11.339901 np0000002180 devstack@g-api.service[102031]: DEBUG glance_store.location [None req-0abb4b41-6c4e-4d97-a3f6-bb81db47c518 tempest-ServerBootFromVolumeStableRescueTest-1848357038 tempest-ServerBootFromVolumeStableRescueTest-1848357038-project-member] Registering scheme swift+https with {'store': , 'location_class': , 'store_entry': 'swift'} {{(pid=102031) register_scheme_map /opt/stack/data/venv/lib/python3.12/site-packages/glance_store/location.py:146}}
Jun 04 18:39:11.339981 np0000002180 devstack@g-api.service[102031]: DEBUG glance_store.location [None req-0abb4b41-6c4e-4d97-a3f6-bb81db47c518 tempest-ServerBootFromVolumeStableRescueTest-1848357038 tempest-ServerBootFromVolumeStableRescueTest-1848357038-project-member] Registering scheme swift with {'store': , 'location_class': , 'store_entry': 'swift'} {{(pid=102031) register_scheme_map /opt/stack/data/venv/lib/python3.12/site-packages/glance_store/location.py:146}}
Jun 04 18:39:11.340030 np0000002180 devstack@g-api.service[102031]: DEBUG glance_store.location [None req-0abb4b41-6c4e-4d97-a3f6-bb81db47c518 tempest-ServerBootFromVolumeStableRescueTest-1848357038 tempest-ServerBootFromVolumeStableRescueTest-1848357038-project-member] Registering scheme swift+https with {'store': , 'location_class': , 'store_entry': 'swift'} {{(pid=102031) register_scheme_map /opt/stack/data/venv/lib/python3.12/site-packages/glance_store/location.py:146}}
Jun 04 18:39:11.340103 np0000002180 devstack@g-api.service[102031]: DEBUG glance_store.location [None req-0abb4b41-6c4e-4d97-a3f6-bb81db47c518 tempest-ServerBootFromVolumeStableRescueTest-1848357038 tempest-ServerBootFromVolumeStableRescueTest-1848357038-project-member] Registering scheme swift with {'store': , 'location_class': , 'store_entry': 'swift'} {{(pid=102031) register_scheme_map /opt/stack/data/venv/lib/python3.12/site-packages/glance_store/location.py:146}}
Jun 04 18:39:11.340186 np0000002180 devstack@g-api.service[102031]: DEBUG glance_store.location [None req-0abb4b41-6c4e-4d97-a3f6-bb81db47c518 tempest-ServerBootFromVolumeStableRescueTest-1848357038 tempest-ServerBootFromVolumeStableRescueTest-1848357038-project-member] Registering scheme swift+http with {'store': , 'location_class': , 'store_entry': 'swift'} {{(pid=102031) register_scheme_map /opt/stack/data/venv/lib/python3.12/site-packages/glance_store/location.py:146}}
Jun 04 18:39:11.340259 np0000002180 devstack@g-api.service[102031]: DEBUG glance_store.location [None req-0abb4b41-6c4e-4d97-a3f6-bb81db47c518 tempest-ServerBootFromVolumeStableRescueTest-1848357038 tempest-ServerBootFromVolumeStableRescueTest-1848357038-project-member] Registering scheme swift+https with {'store': , 'location_class': , 'store_entry': 'swift'} {{(pid=102031) register_scheme_map /opt/stack/data/venv/lib/python3.12/site-packages/glance_store/location.py:146}}
Jun 04 18:39:11.340338 np0000002180 devstack@g-api.service[102031]: DEBUG glance_store.location [None req-0abb4b41-6c4e-4d97-a3f6-bb81db47c518 tempest-ServerBootFromVolumeStableRescueTest-1848357038 tempest-ServerBootFromVolumeStableRescueTest-1848357038-project-member] Registering scheme swift with {'store': , 'location_class': , 'store_entry': 'swift'} {{(pid=102031) register_scheme_map /opt/stack/data/venv/lib/python3.12/site-packages/glance_store/location.py:146}}
Jun 04 18:39:11.340430 np0000002180 devstack@g-api.service[102031]: DEBUG glance_store.location [None req-0abb4b41-6c4e-4d97-a3f6-bb81db47c518 tempest-ServerBootFromVolumeStableRescueTest-1848357038 tempest-ServerBootFromVolumeStableRescueTest-1848357038-project-member] Registering scheme swift+http with {'store': , 'location_class': , 'store_entry': 'swift'} {{(pid=102031) register_scheme_map /opt/stack/data/venv/lib/python3.12/site-packages/glance_store/location.py:146}}
Jun 04 18:39:11.340500 np0000002180 devstack@g-api.service[102031]: DEBUG glance_store.location [None req-0abb4b41-6c4e-4d97-a3f6-bb81db47c518 tempest-ServerBootFromVolumeStableRescueTest-1848357038 tempest-ServerBootFromVolumeStableRescueTest-1848357038-project-member] Registering scheme swift+config with {'store': , 'location_class': , 'store_entry': 'swift'} {{(pid=102031) register_scheme_map /opt/stack/data/venv/lib/python3.12/site-packages/glance_store/location.py:146}}
Jun 04 18:39:11.340591 np0000002180 devstack@g-api.service[102031]: DEBUG glance_store.backend [None req-0abb4b41-6c4e-4d97-a3f6-bb81db47c518 tempest-ServerBootFromVolumeStableRescueTest-1848357038 tempest-ServerBootFromVolumeStableRescueTest-1848357038-project-member] Skipping store.set_acls... not implemented. {{(pid=102031) set_acls /opt/stack/data/venv/lib/python3.12/site-packages/glance_store/backend.py:507}}
Jun 04 18:39:11.342323 np0000002180 devstack@g-api.service[102031]: [pid: 102031|app: 0|req: 61/178] 127.0.0.1 () {46 vars in 1158 bytes} [Thu Jun 4 18:39:09 2026] PUT /v2/images/20eb91dd-d99a-4c88-b432-3a03cb0933f0/file => generated 0 bytes in 1823 msecs (HTTP/1.1 204) 4 headers in 171 bytes (1 switches on core 0)
Jun 04 18:39:11.385200 np0000002180 devstack@g-api.service[102032]: DEBUG glance.api.middleware.version_negotiation [None req-208d0e75-964f-4cbf-ade9-400cb514641b tempest-VolumesActionsTest-655181079 tempest-VolumesActionsTest-655181079-project-member] Determining version of request: GET /v2/images/20eb91dd-d99a-4c88-b432-3a03cb0933f0 Accept: */* {{(pid=102032) process_request /opt/stack/glance/glance/api/middleware/version_negotiation.py:44}}
Jun 04 18:39:11.385457 np0000002180 devstack@g-api.service[102032]: DEBUG glance.api.middleware.version_negotiation [None req-208d0e75-964f-4cbf-ade9-400cb514641b tempest-VolumesActionsTest-655181079 tempest-VolumesActionsTest-655181079-project-member] Using url versioning {{(pid=102032) process_request /opt/stack/glance/glance/api/middleware/version_negotiation.py:57}}
Jun 04 18:39:11.385706 np0000002180 devstack@g-api.service[102032]: DEBUG glance.api.middleware.version_negotiation [None req-208d0e75-964f-4cbf-ade9-400cb514641b tempest-VolumesActionsTest-655181079 tempest-VolumesActionsTest-655181079-project-member] Matched version: v2 {{(pid=102032) process_request /opt/stack/glance/glance/api/middleware/version_negotiation.py:69}}
Jun 04 18:39:11.385791 np0000002180 devstack@g-api.service[102032]: DEBUG glance.api.middleware.version_negotiation [None req-208d0e75-964f-4cbf-ade9-400cb514641b tempest-VolumesActionsTest-655181079 tempest-VolumesActionsTest-655181079-project-member] new path /v2/images/20eb91dd-d99a-4c88-b432-3a03cb0933f0 {{(pid=102032) process_request /opt/stack/glance/glance/api/middleware/version_negotiation.py:70}}
Jun 04 18:39:11.400495 np0000002180 devstack@g-api.service[102032]: [pid: 102032|app: 0|req: 60/179] 127.0.0.1 () {44 vars in 1115 bytes} [Thu Jun 4 18:39:11 2026] GET /v2/images/20eb91dd-d99a-4c88-b432-3a03cb0933f0 => generated 1641 bytes in 15 msecs (HTTP/1.1 200) 4 headers in 158 bytes (1 switches on core 0)
Jun 04 18:39:11.441631 np0000002180 devstack@g-api.service[102033]: DEBUG glance.api.middleware.version_negotiation [None req-208d0e75-964f-4cbf-ade9-400cb514641b tempest-VolumesActionsTest-655181079 tempest-VolumesActionsTest-655181079-project-member] Determining version of request: GET /v2/schemas/image Accept: */* {{(pid=102033) process_request /opt/stack/glance/glance/api/middleware/version_negotiation.py:44}}
Jun 04 18:39:11.441774 np0000002180 devstack@g-api.service[102033]: DEBUG glance.api.middleware.version_negotiation [None req-208d0e75-964f-4cbf-ade9-400cb514641b tempest-VolumesActionsTest-655181079 tempest-VolumesActionsTest-655181079-project-member] Using url versioning {{(pid=102033) process_request /opt/stack/glance/glance/api/middleware/version_negotiation.py:57}}
Jun 04 18:39:11.441895 np0000002180 devstack@g-api.service[102033]: DEBUG glance.api.middleware.version_negotiation [None req-208d0e75-964f-4cbf-ade9-400cb514641b tempest-VolumesActionsTest-655181079 tempest-VolumesActionsTest-655181079-project-member] Matched version: v2 {{(pid=102033) process_request /opt/stack/glance/glance/api/middleware/version_negotiation.py:69}}
Jun 04 18:39:11.441983 np0000002180 devstack@g-api.service[102033]: DEBUG glance.api.middleware.version_negotiation [None req-208d0e75-964f-4cbf-ade9-400cb514641b tempest-VolumesActionsTest-655181079 tempest-VolumesActionsTest-655181079-project-member] new path /v2/schemas/image {{(pid=102033) process_request /opt/stack/glance/glance/api/middleware/version_negotiation.py:70}}
Jun 04 18:39:11.445305 np0000002180 devstack@g-api.service[102033]: [pid: 102033|app: 0|req: 59/180] 127.0.0.1 () {44 vars in 1055 bytes} [Thu Jun 4 18:39:11 2026] GET /v2/schemas/image => generated 6083 bytes in 4 msecs (HTTP/1.1 200) 4 headers in 158 bytes (1 switches on core 0)
Jun 04 18:39:11.618384 np0000002180 devstack@g-api.service[102031]: DEBUG glance.api.middleware.version_negotiation [None req-0abb4b41-6c4e-4d97-a3f6-bb81db47c518 tempest-ServerBootFromVolumeStableRescueTest-1848357038 tempest-ServerBootFromVolumeStableRescueTest-1848357038-project-member] Determining version of request: GET /v2/images/20eb91dd-d99a-4c88-b432-3a03cb0933f0 Accept: application/json {{(pid=102031) process_request /opt/stack/glance/glance/api/middleware/version_negotiation.py:44}}
Jun 04 18:39:11.618559 np0000002180 devstack@g-api.service[102031]: DEBUG glance.api.middleware.version_negotiation [None req-0abb4b41-6c4e-4d97-a3f6-bb81db47c518 tempest-ServerBootFromVolumeStableRescueTest-1848357038 tempest-ServerBootFromVolumeStableRescueTest-1848357038-project-member] Using url versioning {{(pid=102031) process_request /opt/stack/glance/glance/api/middleware/version_negotiation.py:57}}
Jun 04 18:39:11.618659 np0000002180 devstack@g-api.service[102031]: DEBUG glance.api.middleware.version_negotiation [None req-0abb4b41-6c4e-4d97-a3f6-bb81db47c518 tempest-ServerBootFromVolumeStableRescueTest-1848357038 tempest-ServerBootFromVolumeStableRescueTest-1848357038-project-member] Matched version: v2 {{(pid=102031) process_request /opt/stack/glance/glance/api/middleware/version_negotiation.py:69}}
Jun 04 18:39:11.618759 np0000002180 devstack@g-api.service[102031]: DEBUG glance.api.middleware.version_negotiation [None req-0abb4b41-6c4e-4d97-a3f6-bb81db47c518 tempest-ServerBootFromVolumeStableRescueTest-1848357038 tempest-ServerBootFromVolumeStableRescueTest-1848357038-project-member] new path /v2/images/20eb91dd-d99a-4c88-b432-3a03cb0933f0 {{(pid=102031) process_request /opt/stack/glance/glance/api/middleware/version_negotiation.py:70}}
Jun 04 18:39:11.629499 np0000002180 devstack@g-api.service[102031]: [pid: 102031|app: 0|req: 62/181] 127.0.0.1 () {40 vars in 838 bytes} [Thu Jun 4 18:39:11 2026] GET /v2/images/20eb91dd-d99a-4c88-b432-3a03cb0933f0 => generated 1641 bytes in 11 msecs (HTTP/1.1 200) 4 headers in 158 bytes (1 switches on core 0)
Jun 04 18:39:11.641188 np0000002180 devstack@g-api.service[102032]: DEBUG glance.api.middleware.version_negotiation [None req-0abb4b41-6c4e-4d97-a3f6-bb81db47c518 tempest-ServerBootFromVolumeStableRescueTest-1848357038 tempest-ServerBootFromVolumeStableRescueTest-1848357038-project-member] Determining version of request: GET /v2/images/20eb91dd-d99a-4c88-b432-3a03cb0933f0 Accept: application/json {{(pid=102032) process_request /opt/stack/glance/glance/api/middleware/version_negotiation.py:44}}
Jun 04 18:39:11.641707 np0000002180 devstack@g-api.service[102032]: DEBUG glance.api.middleware.version_negotiation [None req-0abb4b41-6c4e-4d97-a3f6-bb81db47c518 tempest-ServerBootFromVolumeStableRescueTest-1848357038 tempest-ServerBootFromVolumeStableRescueTest-1848357038-project-member] Using url versioning {{(pid=102032) process_request /opt/stack/glance/glance/api/middleware/version_negotiation.py:57}}
Jun 04 18:39:11.642536 np0000002180 devstack@g-api.service[102032]: DEBUG glance.api.middleware.version_negotiation [None req-0abb4b41-6c4e-4d97-a3f6-bb81db47c518 tempest-ServerBootFromVolumeStableRescueTest-1848357038 tempest-ServerBootFromVolumeStableRescueTest-1848357038-project-member] Matched version: v2 {{(pid=102032) process_request /opt/stack/glance/glance/api/middleware/version_negotiation.py:69}}
Jun 04 18:39:11.642536 np0000002180 devstack@g-api.service[102032]: DEBUG glance.api.middleware.version_negotiation [None req-0abb4b41-6c4e-4d97-a3f6-bb81db47c518 tempest-ServerBootFromVolumeStableRescueTest-1848357038 tempest-ServerBootFromVolumeStableRescueTest-1848357038-project-member] new path /v2/images/20eb91dd-d99a-4c88-b432-3a03cb0933f0 {{(pid=102032) process_request /opt/stack/glance/glance/api/middleware/version_negotiation.py:70}}
Jun 04 18:39:11.659410 np0000002180 devstack@g-api.service[102032]: [pid: 102032|app: 0|req: 61/182] 127.0.0.1 () {40 vars in 838 bytes} [Thu Jun 4 18:39:11 2026] GET /v2/images/20eb91dd-d99a-4c88-b432-3a03cb0933f0 => generated 1641 bytes in 19 msecs (HTTP/1.1 200) 4 headers in 158 bytes (1 switches on core 0)
Jun 04 18:39:12.183962 np0000002180 devstack@g-api.service[102033]: DEBUG glance.api.middleware.version_negotiation [None req-0abb4b41-6c4e-4d97-a3f6-bb81db47c518 tempest-ServerBootFromVolumeStableRescueTest-1848357038 tempest-ServerBootFromVolumeStableRescueTest-1848357038-project-member] Determining version of request: GET /v2/images/adf5faa7-f1ce-4a7e-bcbc-075fbfcb8eee Accept: */* {{(pid=102033) process_request /opt/stack/glance/glance/api/middleware/version_negotiation.py:44}}
Jun 04 18:39:12.184403 np0000002180 devstack@g-api.service[102033]: DEBUG glance.api.middleware.version_negotiation [None req-0abb4b41-6c4e-4d97-a3f6-bb81db47c518 tempest-ServerBootFromVolumeStableRescueTest-1848357038 tempest-ServerBootFromVolumeStableRescueTest-1848357038-project-member] Using url versioning {{(pid=102033) process_request /opt/stack/glance/glance/api/middleware/version_negotiation.py:57}}
Jun 04 18:39:12.184403 np0000002180 devstack@g-api.service[102033]: DEBUG glance.api.middleware.version_negotiation [None req-0abb4b41-6c4e-4d97-a3f6-bb81db47c518 tempest-ServerBootFromVolumeStableRescueTest-1848357038 tempest-ServerBootFromVolumeStableRescueTest-1848357038-project-member] Matched version: v2 {{(pid=102033) process_request /opt/stack/glance/glance/api/middleware/version_negotiation.py:69}}
Jun 04 18:39:12.184403 np0000002180 devstack@g-api.service[102033]: DEBUG glance.api.middleware.version_negotiation [None req-0abb4b41-6c4e-4d97-a3f6-bb81db47c518 tempest-ServerBootFromVolumeStableRescueTest-1848357038 tempest-ServerBootFromVolumeStableRescueTest-1848357038-project-member] new path /v2/images/adf5faa7-f1ce-4a7e-bcbc-075fbfcb8eee {{(pid=102033) process_request /opt/stack/glance/glance/api/middleware/version_negotiation.py:70}}
Jun 04 18:39:12.204216 np0000002180 devstack@g-api.service[102033]: [pid: 102033|app: 0|req: 60/183] 127.0.0.1 () {44 vars in 1115 bytes} [Thu Jun 4 18:39:12 2026] GET /v2/images/adf5faa7-f1ce-4a7e-bcbc-075fbfcb8eee => generated 1044 bytes in 20 msecs (HTTP/1.1 200) 4 headers in 158 bytes (1 switches on core 0)
Jun 04 18:39:12.237534 np0000002180 devstack@g-api.service[102031]: DEBUG glance.api.middleware.version_negotiation [None req-79bff593-4a80-4020-9ca1-e77e65cdb6f7 tempest-ServerBootFromVolumeStableRescueTest-1848357038 tempest-ServerBootFromVolumeStableRescueTest-1848357038-project-member] Determining version of request: GET /v2/schemas/image Accept: */* {{(pid=102031) process_request /opt/stack/glance/glance/api/middleware/version_negotiation.py:44}}
Jun 04 18:39:12.237716 np0000002180 devstack@g-api.service[102031]: DEBUG glance.api.middleware.version_negotiation [None req-79bff593-4a80-4020-9ca1-e77e65cdb6f7 tempest-ServerBootFromVolumeStableRescueTest-1848357038 tempest-ServerBootFromVolumeStableRescueTest-1848357038-project-member] Using url versioning {{(pid=102031) process_request /opt/stack/glance/glance/api/middleware/version_negotiation.py:57}}
Jun 04 18:39:12.237859 np0000002180 devstack@g-api.service[102031]: DEBUG glance.api.middleware.version_negotiation [None req-79bff593-4a80-4020-9ca1-e77e65cdb6f7 tempest-ServerBootFromVolumeStableRescueTest-1848357038 tempest-ServerBootFromVolumeStableRescueTest-1848357038-project-member] Matched version: v2 {{(pid=102031) process_request /opt/stack/glance/glance/api/middleware/version_negotiation.py:69}}
Jun 04 18:39:12.237965 np0000002180 devstack@g-api.service[102031]: DEBUG glance.api.middleware.version_negotiation [None req-79bff593-4a80-4020-9ca1-e77e65cdb6f7 tempest-ServerBootFromVolumeStableRescueTest-1848357038 tempest-ServerBootFromVolumeStableRescueTest-1848357038-project-member] new path /v2/schemas/image {{(pid=102031) process_request /opt/stack/glance/glance/api/middleware/version_negotiation.py:70}}
Jun 04 18:39:12.241062 np0000002180 devstack@g-api.service[102031]: [pid: 102031|app: 0|req: 63/184] 127.0.0.1 () {44 vars in 1055 bytes} [Thu Jun 4 18:39:12 2026] GET /v2/schemas/image => generated 6083 bytes in 4 msecs (HTTP/1.1 200) 4 headers in 158 bytes (1 switches on core 0)
