Jun 11 15:25:14.182770 np0000002639 devstack@g-api.service[102085]: [pid: 102085|app: 0|req: 94/277] 127.0.0.1 () {44 vars in 1051 bytes} [Thu Jun 11 15:25:14 2026] GET /v2/schemas/image => generated 6083 bytes in 3 msecs (HTTP/1.1 200) 4 headers in 158 bytes (1 switches on core 0)
Jun 11 15:25:14.412278 np0000002639 devstack@g-api.service[102087]: DEBUG glance.location [None req-bd82f159-d599-4273-9359-7f4ec00383c8 tempest-VolumesActionsTest-1855672569 tempest-VolumesActionsTest-1855672569-project-member] Enabling in-flight format inspection for raw {{(pid=102087) set_data /opt/stack/glance/glance/location.py:616}}
Jun 11 15:25:14.412278 np0000002639 devstack@g-api.service[102087]: DEBUG glance_store.backend [None req-bd82f159-d599-4273-9359-7f4ec00383c8 tempest-VolumesActionsTest-1855672569 tempest-VolumesActionsTest-1855672569-project-member] Attempting to import store swift {{(pid=102087) _load_store /opt/stack/data/venv/lib/python3.12/site-packages/glance_store/backend.py:215}}
Jun 11 15:25:14.414169 np0000002639 devstack@g-api.service[102087]: DEBUG glance_store.capabilities [None req-bd82f159-d599-4273-9359-7f4ec00383c8 tempest-VolumesActionsTest-1855672569 tempest-VolumesActionsTest-1855672569-project-member] Store glance_store._drivers.swift.store.SingleTenantStore doesn't support updating dynamic storage capabilities. Please overwrite 'update_capabilities' method of the store to implement updating logics if needed. {{(pid=102087) update_capabilities /opt/stack/data/venv/lib/python3.12/site-packages/glance_store/capabilities.py:91}}
Jun 11 15:25:14.414289 np0000002639 devstack@g-api.service[102087]: DEBUG glance_store.driver [None req-bd82f159-d599-4273-9359-7f4ec00383c8 tempest-VolumesActionsTest-1855672569 tempest-VolumesActionsTest-1855672569-project-member] Late loading location class glance_store._drivers.swift.store.StoreLocation {{(pid=102087) get_store_location_class /opt/stack/data/venv/lib/python3.12/site-packages/glance_store/driver.py:134}}
Jun 11 15:25:14.414420 np0000002639 devstack@g-api.service[102087]: DEBUG glance_store.location [None req-bd82f159-d599-4273-9359-7f4ec00383c8 tempest-VolumesActionsTest-1855672569 tempest-VolumesActionsTest-1855672569-project-member] Registering scheme swift+https with {'store': , 'location_class': , 'store_entry': 'swift'} {{(pid=102087) register_scheme_map /opt/stack/data/venv/lib/python3.12/site-packages/glance_store/location.py:146}}
Jun 11 15:25:14.414535 np0000002639 devstack@g-api.service[102087]: DEBUG glance_store.location [None req-bd82f159-d599-4273-9359-7f4ec00383c8 tempest-VolumesActionsTest-1855672569 tempest-VolumesActionsTest-1855672569-project-member] Registering scheme swift+https with {'store': , 'location_class': , 'store_entry': 'swift'} {{(pid=102087) register_scheme_map /opt/stack/data/venv/lib/python3.12/site-packages/glance_store/location.py:146}}
Jun 11 15:25:14.414659 np0000002639 devstack@g-api.service[102087]: DEBUG glance_store.location [None req-bd82f159-d599-4273-9359-7f4ec00383c8 tempest-VolumesActionsTest-1855672569 tempest-VolumesActionsTest-1855672569-project-member] Registering scheme swift with {'store': , 'location_class': , 'store_entry': 'swift'} {{(pid=102087) register_scheme_map /opt/stack/data/venv/lib/python3.12/site-packages/glance_store/location.py:146}}
Jun 11 15:25:14.415687 np0000002639 devstack@g-api.service[102087]: DEBUG glance_store.location [None req-bd82f159-d599-4273-9359-7f4ec00383c8 tempest-VolumesActionsTest-1855672569 tempest-VolumesActionsTest-1855672569-project-member] Registering scheme swift+https with {'store': , 'location_class': , 'store_entry': 'swift'} {{(pid=102087) register_scheme_map /opt/stack/data/venv/lib/python3.12/site-packages/glance_store/location.py:146}}
Jun 11 15:25:14.415687 np0000002639 devstack@g-api.service[102087]: DEBUG glance_store.location [None req-bd82f159-d599-4273-9359-7f4ec00383c8 tempest-VolumesActionsTest-1855672569 tempest-VolumesActionsTest-1855672569-project-member] Registering scheme swift with {'store': , 'location_class': , 'store_entry': 'swift'} {{(pid=102087) register_scheme_map /opt/stack/data/venv/lib/python3.12/site-packages/glance_store/location.py:146}}
Jun 11 15:25:14.415687 np0000002639 devstack@g-api.service[102087]: DEBUG glance_store.location [None req-bd82f159-d599-4273-9359-7f4ec00383c8 tempest-VolumesActionsTest-1855672569 tempest-VolumesActionsTest-1855672569-project-member] Registering scheme swift+http with {'store': , 'location_class': , 'store_entry': 'swift'} {{(pid=102087) register_scheme_map /opt/stack/data/venv/lib/python3.12/site-packages/glance_store/location.py:146}}
Jun 11 15:25:14.415687 np0000002639 devstack@g-api.service[102087]: DEBUG glance_store.location [None req-bd82f159-d599-4273-9359-7f4ec00383c8 tempest-VolumesActionsTest-1855672569 tempest-VolumesActionsTest-1855672569-project-member] Registering scheme swift+https with {'store': , 'location_class': , 'store_entry': 'swift'} {{(pid=102087) register_scheme_map /opt/stack/data/venv/lib/python3.12/site-packages/glance_store/location.py:146}}
Jun 11 15:25:14.415687 np0000002639 devstack@g-api.service[102087]: DEBUG glance_store.location [None req-bd82f159-d599-4273-9359-7f4ec00383c8 tempest-VolumesActionsTest-1855672569 tempest-VolumesActionsTest-1855672569-project-member] Registering scheme swift with {'store': , 'location_class': , 'store_entry': 'swift'} {{(pid=102087) register_scheme_map /opt/stack/data/venv/lib/python3.12/site-packages/glance_store/location.py:146}}
Jun 11 15:25:14.415687 np0000002639 devstack@g-api.service[102087]: DEBUG glance_store.location [None req-bd82f159-d599-4273-9359-7f4ec00383c8 tempest-VolumesActionsTest-1855672569 tempest-VolumesActionsTest-1855672569-project-member] Registering scheme swift+http with {'store': , 'location_class': , 'store_entry': 'swift'} {{(pid=102087) register_scheme_map /opt/stack/data/venv/lib/python3.12/site-packages/glance_store/location.py:146}}
Jun 11 15:25:14.415687 np0000002639 devstack@g-api.service[102087]: DEBUG glance_store.location [None req-bd82f159-d599-4273-9359-7f4ec00383c8 tempest-VolumesActionsTest-1855672569 tempest-VolumesActionsTest-1855672569-project-member] Registering scheme swift+config with {'store': , 'location_class': , 'store_entry': 'swift'} {{(pid=102087) register_scheme_map /opt/stack/data/venv/lib/python3.12/site-packages/glance_store/location.py:146}}
Jun 11 15:25:14.537798 np0000002639 devstack@g-api.service[102086]: DEBUG glance.api.middleware.version_negotiation [None req-71b8b137-03bb-4c6f-a884-6d2aa4427cb3 tempest-ServerBootFromVolumeStableRescueTest-186202635 tempest-ServerBootFromVolumeStableRescueTest-186202635-project-member] Determining version of request: GET /v2/images/e95778de-af29-42de-86aa-56c7114cdb22 Accept: application/json {{(pid=102086) process_request /opt/stack/glance/glance/api/middleware/version_negotiation.py:44}}
Jun 11 15:25:14.537798 np0000002639 devstack@g-api.service[102086]: DEBUG glance.api.middleware.version_negotiation [None req-71b8b137-03bb-4c6f-a884-6d2aa4427cb3 tempest-ServerBootFromVolumeStableRescueTest-186202635 tempest-ServerBootFromVolumeStableRescueTest-186202635-project-member] Using url versioning {{(pid=102086) process_request /opt/stack/glance/glance/api/middleware/version_negotiation.py:57}}
Jun 11 15:25:14.537798 np0000002639 devstack@g-api.service[102086]: DEBUG glance.api.middleware.version_negotiation [None req-71b8b137-03bb-4c6f-a884-6d2aa4427cb3 tempest-ServerBootFromVolumeStableRescueTest-186202635 tempest-ServerBootFromVolumeStableRescueTest-186202635-project-member] Matched version: v2 {{(pid=102086) process_request /opt/stack/glance/glance/api/middleware/version_negotiation.py:69}}
Jun 11 15:25:14.537798 np0000002639 devstack@g-api.service[102086]: DEBUG glance.api.middleware.version_negotiation [None req-71b8b137-03bb-4c6f-a884-6d2aa4427cb3 tempest-ServerBootFromVolumeStableRescueTest-186202635 tempest-ServerBootFromVolumeStableRescueTest-186202635-project-member] new path /v2/images/e95778de-af29-42de-86aa-56c7114cdb22 {{(pid=102086) process_request /opt/stack/glance/glance/api/middleware/version_negotiation.py:70}}
Jun 11 15:25:14.540589 np0000002639 devstack@g-api.service[102087]: DEBUG swiftclient [None req-bd82f159-d599-4273-9359-7f4ec00383c8 tempest-VolumesActionsTest-1855672569 tempest-VolumesActionsTest-1855672569-project-member] REQ: curl -i https://10.4.3.94:8080/v1/AUTH_5be382208a3a4cbe844f4bfc89e9afd0/glance -I -H "X-Auth-Token: gAAAAABqKtNaHE3j..." {{(pid=102087) http_log /opt/stack/data/venv/lib/python3.12/site-packages/swiftclient/client.py:160}}
Jun 11 15:25:14.540589 np0000002639 devstack@g-api.service[102087]: DEBUG swiftclient [None req-bd82f159-d599-4273-9359-7f4ec00383c8 tempest-VolumesActionsTest-1855672569 tempest-VolumesActionsTest-1855672569-project-member] RESP STATUS: 204 No Content {{(pid=102087) http_log /opt/stack/data/venv/lib/python3.12/site-packages/swiftclient/client.py:161}}
Jun 11 15:25:14.540589 np0000002639 devstack@g-api.service[102087]: DEBUG swiftclient [None req-bd82f159-d599-4273-9359-7f4ec00383c8 tempest-VolumesActionsTest-1855672569 tempest-VolumesActionsTest-1855672569-project-member] RESP HEADERS: {'Date': 'Thu, 11 Jun 2026 15:25:14 GMT', 'Server': 'Apache/2.4.58 (Ubuntu)', 'Content-Type': 'text/plain; charset=utf-8', 'X-Container-Object-Count': '5', 'X-Container-Bytes-Used': '87883776', 'X-Timestamp': '1781191049.09873', 'Last-Modified': 'Thu, 11 Jun 2026 15:17:30 GMT', 'Accept-Ranges': 'bytes', 'X-Storage-Policy': 'Policy-0', 'X-Container-Sharding': 'False', 'Vary': 'Accept', 'X-Trans-Id': 'txa8e928da9bae4ab4a7cb7-006a2ad35a', 'X-Openstack-Request-Id': 'txa8e928da9bae4ab4a7cb7-006a2ad35a', 'Connection': 'close'} {{(pid=102087) http_log /opt/stack/data/venv/lib/python3.12/site-packages/swiftclient/client.py:162}}
Jun 11 15:25:14.540589 np0000002639 devstack@g-api.service[102087]: DEBUG glance_store._drivers.swift.store [None req-bd82f159-d599-4273-9359-7f4ec00383c8 tempest-VolumesActionsTest-1855672569 tempest-VolumesActionsTest-1855672569-project-member] Adding image object 'e95778de-af29-42de-86aa-56c7114cdb22' to Swift {{(pid=102087) add /opt/stack/data/venv/lib/python3.12/site-packages/glance_store/_drivers/swift/store.py:970}}
Jun 11 15:25:14.540589 np0000002639 devstack@g-api.service[102087]: DEBUG glance_store._drivers.swift.store [None req-bd82f159-d599-4273-9359-7f4ec00383c8 tempest-VolumesActionsTest-1855672569 tempest-VolumesActionsTest-1855672569-project-member] Cannot determine image size because it is either not provided in the request or chunked-transfer encoding is used. Adding image as a segmented object to Swift. {{(pid=102087) add /opt/stack/data/venv/lib/python3.12/site-packages/glance_store/_drivers/swift/store.py:994}}
Jun 11 15:25:14.548871 np0000002639 devstack@g-api.service[102087]: DEBUG oslo_utils.imageutils.format_inspector [None req-bd82f159-d599-4273-9359-7f4ec00383c8 tempest-VolumesActionsTest-1855672569 tempest-VolumesActionsTest-1855672569-project-member] Format inspector for vmdk does not match, excluding from consideration (Signature KDMV not found: b'\x00\x00\x00\x00') {{(pid=102087) _process_chunk /opt/stack/data/venv/lib/python3.12/site-packages/oslo_utils/imageutils/format_inspector.py:1758}}
Jun 11 15:25:14.551957 np0000002639 devstack@g-api.service[102087]: DEBUG oslo_utils.imageutils.format_inspector [None req-bd82f159-d599-4273-9359-7f4ec00383c8 tempest-VolumesActionsTest-1855672569 tempest-VolumesActionsTest-1855672569-project-member] Format inspector for vhdx does not match, excluding from consideration (Region signature not found at 30000) {{(pid=102087) _process_chunk /opt/stack/data/venv/lib/python3.12/site-packages/oslo_utils/imageutils/format_inspector.py:1758}}
Jun 11 15:25:14.554047 np0000002639 devstack@g-api.service[102086]: [pid: 102086|app: 0|req: 93/278] 127.0.0.1 () {40 vars in 834 bytes} [Thu Jun 11 15:25:14 2026] GET /v2/images/e95778de-af29-42de-86aa-56c7114cdb22 => generated 650 bytes in 19 msecs (HTTP/1.1 200) 4 headers in 157 bytes (1 switches on core 0)
Jun 11 15:25:15.567958 np0000002639 devstack@g-api.service[102085]: DEBUG glance.api.middleware.version_negotiation [None req-71b8b137-03bb-4c6f-a884-6d2aa4427cb3 tempest-ServerBootFromVolumeStableRescueTest-186202635 tempest-ServerBootFromVolumeStableRescueTest-186202635-project-member] Determining version of request: GET /v2/images/e95778de-af29-42de-86aa-56c7114cdb22 Accept: application/json {{(pid=102085) process_request /opt/stack/glance/glance/api/middleware/version_negotiation.py:44}}
Jun 11 15:25:15.568545 np0000002639 devstack@g-api.service[102085]: DEBUG glance.api.middleware.version_negotiation [None req-71b8b137-03bb-4c6f-a884-6d2aa4427cb3 tempest-ServerBootFromVolumeStableRescueTest-186202635 tempest-ServerBootFromVolumeStableRescueTest-186202635-project-member] Using url versioning {{(pid=102085) process_request /opt/stack/glance/glance/api/middleware/version_negotiation.py:57}}
Jun 11 15:25:15.568545 np0000002639 devstack@g-api.service[102085]: DEBUG glance.api.middleware.version_negotiation [None req-71b8b137-03bb-4c6f-a884-6d2aa4427cb3 tempest-ServerBootFromVolumeStableRescueTest-186202635 tempest-ServerBootFromVolumeStableRescueTest-186202635-project-member] Matched version: v2 {{(pid=102085) process_request /opt/stack/glance/glance/api/middleware/version_negotiation.py:69}}
Jun 11 15:25:15.568545 np0000002639 devstack@g-api.service[102085]: DEBUG glance.api.middleware.version_negotiation [None req-71b8b137-03bb-4c6f-a884-6d2aa4427cb3 tempest-ServerBootFromVolumeStableRescueTest-186202635 tempest-ServerBootFromVolumeStableRescueTest-186202635-project-member] new path /v2/images/e95778de-af29-42de-86aa-56c7114cdb22 {{(pid=102085) process_request /opt/stack/glance/glance/api/middleware/version_negotiation.py:70}}
Jun 11 15:25:15.600999 np0000002639 devstack@g-api.service[102085]: [pid: 102085|app: 0|req: 95/279] 127.0.0.1 () {40 vars in 834 bytes} [Thu Jun 11 15:25:15 2026] GET /v2/images/e95778de-af29-42de-86aa-56c7114cdb22 => generated 650 bytes in 33 msecs (HTTP/1.1 200) 4 headers in 157 bytes (1 switches on core 0)
Jun 11 15:25:16.454458 np0000002639 devstack@g-api.service[102086]: DEBUG glance.api.middleware.version_negotiation [None req-a8fed0f0-59d9-4bf7-8737-9d0ba7ae674b tempest-VolumesActionsTest-1855672569 tempest-VolumesActionsTest-1855672569-project-member] Determining version of request: DELETE /v2/images/6194e6e6-5ad5-4f3f-b130-de53c821c7ed Accept: application/json {{(pid=102086) process_request /opt/stack/glance/glance/api/middleware/version_negotiation.py:44}}
Jun 11 15:25:16.454899 np0000002639 devstack@g-api.service[102086]: DEBUG glance.api.middleware.version_negotiation [None req-a8fed0f0-59d9-4bf7-8737-9d0ba7ae674b tempest-VolumesActionsTest-1855672569 tempest-VolumesActionsTest-1855672569-project-member] Using url versioning {{(pid=102086) process_request /opt/stack/glance/glance/api/middleware/version_negotiation.py:57}}
Jun 11 15:25:16.454899 np0000002639 devstack@g-api.service[102086]: DEBUG glance.api.middleware.version_negotiation [None req-a8fed0f0-59d9-4bf7-8737-9d0ba7ae674b tempest-VolumesActionsTest-1855672569 tempest-VolumesActionsTest-1855672569-project-member] Matched version: v2 {{(pid=102086) process_request /opt/stack/glance/glance/api/middleware/version_negotiation.py:69}}
Jun 11 15:25:16.455903 np0000002639 devstack@g-api.service[102086]: DEBUG glance.api.middleware.version_negotiation [None req-a8fed0f0-59d9-4bf7-8737-9d0ba7ae674b tempest-VolumesActionsTest-1855672569 tempest-VolumesActionsTest-1855672569-project-member] new path /v2/images/6194e6e6-5ad5-4f3f-b130-de53c821c7ed {{(pid=102086) process_request /opt/stack/glance/glance/api/middleware/version_negotiation.py:70}}
Jun 11 15:25:16.461950 np0000002639 devstack@g-api.service[102086]: DEBUG glance.db.sqlalchemy.api [None req-6774a33e-2f30-41d4-b7e5-f4526b70d3ac tempest-ImageDependencyTests-995337146 tempest-ImageDependencyTests-995337146-project-member] No image found with ID 6194e6e6-5ad5-4f3f-b130-de53c821c7ed {{(pid=102086) _image_get /opt/stack/glance/glance/db/sqlalchemy/api.py:303}}
Jun 11 15:25:16.473303 np0000002639 devstack@g-api.service[102086]: WARNING glance.api.v2.images [None req-6774a33e-2f30-41d4-b7e5-f4526b70d3ac tempest-ImageDependencyTests-995337146 tempest-ImageDependencyTests-995337146-project-member] Failed to find image 6194e6e6-5ad5-4f3f-b130-de53c821c7ed to delete: glance.common.exception.ImageNotFound: No image found with ID 6194e6e6-5ad5-4f3f-b130-de53c821c7ed
Jun 11 15:25:16.475587 np0000002639 devstack@g-api.service[102086]: [pid: 102086|app: 0|req: 94/280] 127.0.0.1 () {40 vars in 837 bytes} [Thu Jun 11 15:25:16 2026] DELETE /v2/images/6194e6e6-5ad5-4f3f-b130-de53c821c7ed => generated 147 bytes in 22 msecs (HTTP/1.1 404) 4 headers in 164 bytes (1 switches on core 0)
Jun 11 15:25:16.486541 np0000002639 devstack@g-api.service[102085]: DEBUG glance.api.middleware.version_negotiation [None req-b1345de2-b912-4cbe-aaa1-3eb90649c36f tempest-VolumesActionsTest-1855672569 tempest-VolumesActionsTest-1855672569-project-member] Determining version of request: GET /v2/images/6194e6e6-5ad5-4f3f-b130-de53c821c7ed Accept: application/json {{(pid=102085) process_request /opt/stack/glance/glance/api/middleware/version_negotiation.py:44}}
Jun 11 15:25:16.487967 np0000002639 devstack@g-api.service[102085]: DEBUG glance.api.middleware.version_negotiation [None req-b1345de2-b912-4cbe-aaa1-3eb90649c36f tempest-VolumesActionsTest-1855672569 tempest-VolumesActionsTest-1855672569-project-member] Using url versioning {{(pid=102085) process_request /opt/stack/glance/glance/api/middleware/version_negotiation.py:57}}
Jun 11 15:25:16.487967 np0000002639 devstack@g-api.service[102085]: DEBUG glance.api.middleware.version_negotiation [None req-b1345de2-b912-4cbe-aaa1-3eb90649c36f tempest-VolumesActionsTest-1855672569 tempest-VolumesActionsTest-1855672569-project-member] Matched version: v2 {{(pid=102085) process_request /opt/stack/glance/glance/api/middleware/version_negotiation.py:69}}
Jun 11 15:25:16.487967 np0000002639 devstack@g-api.service[102085]: DEBUG glance.api.middleware.version_negotiation [None req-b1345de2-b912-4cbe-aaa1-3eb90649c36f tempest-VolumesActionsTest-1855672569 tempest-VolumesActionsTest-1855672569-project-member] new path /v2/images/6194e6e6-5ad5-4f3f-b130-de53c821c7ed {{(pid=102085) process_request /opt/stack/glance/glance/api/middleware/version_negotiation.py:70}}
Jun 11 15:25:16.496204 np0000002639 devstack@g-api.service[102085]: DEBUG glance.db.sqlalchemy.api [None req-0a2d8e6b-1602-4e13-b50b-f2cdb73a43f5 tempest-ImageDependencyTests-995337146 tempest-ImageDependencyTests-995337146-project-member] No image found with ID 6194e6e6-5ad5-4f3f-b130-de53c821c7ed {{(pid=102085) _image_get /opt/stack/glance/glance/db/sqlalchemy/api.py:303}}
Jun 11 15:25:16.499186 np0000002639 devstack@g-api.service[102085]: [pid: 102085|app: 0|req: 96/281] 127.0.0.1 () {40 vars in 834 bytes} [Thu Jun 11 15:25:16 2026] GET /v2/images/6194e6e6-5ad5-4f3f-b130-de53c821c7ed => generated 139 bytes in 13 msecs (HTTP/1.1 404) 4 headers in 164 bytes (1 switches on core 0)
Jun 11 15:25:16.618642 np0000002639 devstack@g-api.service[102086]: DEBUG glance.api.middleware.version_negotiation [None req-6774a33e-2f30-41d4-b7e5-f4526b70d3ac tempest-ImageDependencyTests-995337146 tempest-ImageDependencyTests-995337146-project-member] Determining version of request: GET /v2/images/e95778de-af29-42de-86aa-56c7114cdb22 Accept: application/json {{(pid=102086) process_request /opt/stack/glance/glance/api/middleware/version_negotiation.py:44}}
Jun 11 15:25:16.618642 np0000002639 devstack@g-api.service[102086]: DEBUG glance.api.middleware.version_negotiation [None req-6774a33e-2f30-41d4-b7e5-f4526b70d3ac tempest-ImageDependencyTests-995337146 tempest-ImageDependencyTests-995337146-project-member] Using url versioning {{(pid=102086) process_request /opt/stack/glance/glance/api/middleware/version_negotiation.py:57}}
Jun 11 15:25:16.618642 np0000002639 devstack@g-api.service[102086]: DEBUG glance.api.middleware.version_negotiation [None req-6774a33e-2f30-41d4-b7e5-f4526b70d3ac tempest-ImageDependencyTests-995337146 tempest-ImageDependencyTests-995337146-project-member] Matched version: v2 {{(pid=102086) process_request /opt/stack/glance/glance/api/middleware/version_negotiation.py:69}}
Jun 11 15:25:16.618642 np0000002639 devstack@g-api.service[102086]: DEBUG glance.api.middleware.version_negotiation [None req-6774a33e-2f30-41d4-b7e5-f4526b70d3ac tempest-ImageDependencyTests-995337146 tempest-ImageDependencyTests-995337146-project-member] new path /v2/images/e95778de-af29-42de-86aa-56c7114cdb22 {{(pid=102086) process_request /opt/stack/glance/glance/api/middleware/version_negotiation.py:70}}
Jun 11 15:25:16.641271 np0000002639 devstack@g-api.service[102086]: [pid: 102086|app: 0|req: 95/282] 127.0.0.1 () {40 vars in 834 bytes} [Thu Jun 11 15:25:16 2026] GET /v2/images/e95778de-af29-42de-86aa-56c7114cdb22 => generated 650 bytes in 24 msecs (HTTP/1.1 200) 4 headers in 157 bytes (1 switches on core 0)
Jun 11 15:25:17.417020 np0000002639 devstack@g-api.service[102087]: DEBUG swiftclient [None req-bd82f159-d599-4273-9359-7f4ec00383c8 tempest-VolumesActionsTest-1855672569 tempest-VolumesActionsTest-1855672569-project-member] REQ: curl -i https://10.4.3.94:8080/v1/AUTH_5be382208a3a4cbe844f4bfc89e9afd0/glance/e95778de-af29-42de-86aa-56c7114cdb22-00001 -X PUT -H "X-Auth-Token: gAAAAABqKtNaHE3j..." {{(pid=102087) http_log /opt/stack/data/venv/lib/python3.12/site-packages/swiftclient/client.py:160}}
Jun 11 15:25:17.417369 np0000002639 devstack@g-api.service[102087]: DEBUG swiftclient [None req-bd82f159-d599-4273-9359-7f4ec00383c8 tempest-VolumesActionsTest-1855672569 tempest-VolumesActionsTest-1855672569-project-member] RESP STATUS: 201 Created {{(pid=102087) http_log /opt/stack/data/venv/lib/python3.12/site-packages/swiftclient/client.py:161}}
Jun 11 15:25:17.417369 np0000002639 devstack@g-api.service[102087]: DEBUG swiftclient [None req-bd82f159-d599-4273-9359-7f4ec00383c8 tempest-VolumesActionsTest-1855672569 tempest-VolumesActionsTest-1855672569-project-member] RESP HEADERS: {'Date': 'Thu, 11 Jun 2026 15:25:17 GMT', 'Server': 'Apache/2.4.58 (Ubuntu)', 'Content-Type': 'text/html; charset=UTF-8', 'Content-Length': '0', 'Etag': 'eda9a9889837ac4bc81d6387d92c1bec', 'Last-Modified': 'Thu, 11 Jun 2026 15:25:15 GMT', 'X-Trans-Id': 'tx7e5671ba9d50477d8a5eb-006a2ad35a', 'X-Openstack-Request-Id': 'tx7e5671ba9d50477d8a5eb-006a2ad35a', 'Connection': 'close'} {{(pid=102087) http_log /opt/stack/data/venv/lib/python3.12/site-packages/swiftclient/client.py:162}}
Jun 11 15:25:17.417522 np0000002639 devstack@g-api.service[102087]: DEBUG glance_store._drivers.swift.store [None req-bd82f159-d599-4273-9359-7f4ec00383c8 tempest-VolumesActionsTest-1855672569 tempest-VolumesActionsTest-1855672569-project-member] Wrote chunk e95778de-af29-42de-86aa-56c7114cdb22-00001 (1/?) of length 204800000 to Swift returning MD5 of content: eda9a9889837ac4bc81d6387d92c1bec {{(pid=102087) add /opt/stack/data/venv/lib/python3.12/site-packages/glance_store/_drivers/swift/store.py:1059}}
Jun 11 15:25:17.659201 np0000002639 devstack@g-api.service[102085]: DEBUG glance.api.middleware.version_negotiation [None req-0a2d8e6b-1602-4e13-b50b-f2cdb73a43f5 tempest-ImageDependencyTests-995337146 tempest-ImageDependencyTests-995337146-project-member] Determining version of request: GET /v2/images/e95778de-af29-42de-86aa-56c7114cdb22 Accept: application/json {{(pid=102085) process_request /opt/stack/glance/glance/api/middleware/version_negotiation.py:44}}
Jun 11 15:25:17.659830 np0000002639 devstack@g-api.service[102085]: DEBUG glance.api.middleware.version_negotiation [None req-0a2d8e6b-1602-4e13-b50b-f2cdb73a43f5 tempest-ImageDependencyTests-995337146 tempest-ImageDependencyTests-995337146-project-member] Using url versioning {{(pid=102085) process_request /opt/stack/glance/glance/api/middleware/version_negotiation.py:57}}
Jun 11 15:25:17.659830 np0000002639 devstack@g-api.service[102085]: DEBUG glance.api.middleware.version_negotiation [None req-0a2d8e6b-1602-4e13-b50b-f2cdb73a43f5 tempest-ImageDependencyTests-995337146 tempest-ImageDependencyTests-995337146-project-member] Matched version: v2 {{(pid=102085) process_request /opt/stack/glance/glance/api/middleware/version_negotiation.py:69}}
Jun 11 15:25:17.659830 np0000002639 devstack@g-api.service[102085]: DEBUG glance.api.middleware.version_negotiation [None req-0a2d8e6b-1602-4e13-b50b-f2cdb73a43f5 tempest-ImageDependencyTests-995337146 tempest-ImageDependencyTests-995337146-project-member] new path /v2/images/e95778de-af29-42de-86aa-56c7114cdb22 {{(pid=102085) process_request /opt/stack/glance/glance/api/middleware/version_negotiation.py:70}}
Jun 11 15:25:17.675065 np0000002639 devstack@g-api.service[102085]: [pid: 102085|app: 0|req: 97/283] 127.0.0.1 () {40 vars in 834 bytes} [Thu Jun 11 15:25:17 2026] GET /v2/images/e95778de-af29-42de-86aa-56c7114cdb22 => generated 650 bytes in 15 msecs (HTTP/1.1 200) 4 headers in 157 bytes (1 switches on core 0)
Jun 11 15:25:18.687418 np0000002639 devstack@g-api.service[102086]: DEBUG glance.api.middleware.version_negotiation [None req-fc0df957-d464-4245-b9d8-dcc2771c32a3 tempest-VolumesActionsTest-1855672569 tempest-VolumesActionsTest-1855672569-project-member] Determining version of request: GET /v2/images/e95778de-af29-42de-86aa-56c7114cdb22 Accept: application/json {{(pid=102086) process_request /opt/stack/glance/glance/api/middleware/version_negotiation.py:44}}
Jun 11 15:25:18.687764 np0000002639 devstack@g-api.service[102086]: DEBUG glance.api.middleware.version_negotiation [None req-fc0df957-d464-4245-b9d8-dcc2771c32a3 tempest-VolumesActionsTest-1855672569 tempest-VolumesActionsTest-1855672569-project-member] Using url versioning {{(pid=102086) process_request /opt/stack/glance/glance/api/middleware/version_negotiation.py:57}}
Jun 11 15:25:18.687903 np0000002639 devstack@g-api.service[102086]: DEBUG glance.api.middleware.version_negotiation [None req-fc0df957-d464-4245-b9d8-dcc2771c32a3 tempest-VolumesActionsTest-1855672569 tempest-VolumesActionsTest-1855672569-project-member] Matched version: v2 {{(pid=102086) process_request /opt/stack/glance/glance/api/middleware/version_negotiation.py:69}}
Jun 11 15:25:18.688086 np0000002639 devstack@g-api.service[102086]: DEBUG glance.api.middleware.version_negotiation [None req-fc0df957-d464-4245-b9d8-dcc2771c32a3 tempest-VolumesActionsTest-1855672569 tempest-VolumesActionsTest-1855672569-project-member] new path /v2/images/e95778de-af29-42de-86aa-56c7114cdb22 {{(pid=102086) process_request /opt/stack/glance/glance/api/middleware/version_negotiation.py:70}}
Jun 11 15:25:18.717642 np0000002639 devstack@g-api.service[102086]: [pid: 102086|app: 0|req: 96/284] 127.0.0.1 () {40 vars in 834 bytes} [Thu Jun 11 15:25:18 2026] GET /v2/images/e95778de-af29-42de-86aa-56c7114cdb22 => generated 650 bytes in 30 msecs (HTTP/1.1 200) 4 headers in 157 bytes (1 switches on core 0)
Jun 11 15:25:19.726473 np0000002639 devstack@g-api.service[102085]: DEBUG glance.api.middleware.version_negotiation [None req-4455a2f2-d695-4a5f-b7af-36287ea331bd tempest-VolumesActionsTest-1855672569 tempest-VolumesActionsTest-1855672569-project-member] Determining version of request: GET /v2/images/e95778de-af29-42de-86aa-56c7114cdb22 Accept: application/json {{(pid=102085) process_request /opt/stack/glance/glance/api/middleware/version_negotiation.py:44}}
Jun 11 15:25:19.726877 np0000002639 devstack@g-api.service[102085]: DEBUG glance.api.middleware.version_negotiation [None req-4455a2f2-d695-4a5f-b7af-36287ea331bd tempest-VolumesActionsTest-1855672569 tempest-VolumesActionsTest-1855672569-project-member] Using url versioning {{(pid=102085) process_request /opt/stack/glance/glance/api/middleware/version_negotiation.py:57}}
Jun 11 15:25:19.726952 np0000002639 devstack@g-api.service[102085]: DEBUG glance.api.middleware.version_negotiation [None req-4455a2f2-d695-4a5f-b7af-36287ea331bd tempest-VolumesActionsTest-1855672569 tempest-VolumesActionsTest-1855672569-project-member] Matched version: v2 {{(pid=102085) process_request /opt/stack/glance/glance/api/middleware/version_negotiation.py:69}}
Jun 11 15:25:19.727098 np0000002639 devstack@g-api.service[102085]: DEBUG glance.api.middleware.version_negotiation [None req-4455a2f2-d695-4a5f-b7af-36287ea331bd tempest-VolumesActionsTest-1855672569 tempest-VolumesActionsTest-1855672569-project-member] new path /v2/images/e95778de-af29-42de-86aa-56c7114cdb22 {{(pid=102085) process_request /opt/stack/glance/glance/api/middleware/version_negotiation.py:70}}
Jun 11 15:25:19.745079 np0000002639 devstack@g-api.service[102085]: [pid: 102085|app: 0|req: 98/285] 127.0.0.1 () {40 vars in 834 bytes} [Thu Jun 11 15:25:19 2026] GET /v2/images/e95778de-af29-42de-86aa-56c7114cdb22 => generated 650 bytes in 18 msecs (HTTP/1.1 200) 4 headers in 157 bytes (1 switches on core 0)
Jun 11 15:25:19.942199 np0000002639 devstack@g-api.service[102087]: DEBUG swiftclient [None req-bd82f159-d599-4273-9359-7f4ec00383c8 tempest-VolumesActionsTest-1855672569 tempest-VolumesActionsTest-1855672569-project-member] REQ: curl -i https://10.4.3.94:8080/v1/AUTH_5be382208a3a4cbe844f4bfc89e9afd0/glance/e95778de-af29-42de-86aa-56c7114cdb22-00002 -X PUT -H "X-Auth-Token: gAAAAABqKtNaHE3j..." {{(pid=102087) http_log /opt/stack/data/venv/lib/python3.12/site-packages/swiftclient/client.py:160}}
Jun 11 15:25:19.942199 np0000002639 devstack@g-api.service[102087]: DEBUG swiftclient [None req-bd82f159-d599-4273-9359-7f4ec00383c8 tempest-VolumesActionsTest-1855672569 tempest-VolumesActionsTest-1855672569-project-member] RESP STATUS: 201 Created {{(pid=102087) http_log /opt/stack/data/venv/lib/python3.12/site-packages/swiftclient/client.py:161}}
Jun 11 15:25:19.942849 np0000002639 devstack@g-api.service[102087]: DEBUG swiftclient [None req-bd82f159-d599-4273-9359-7f4ec00383c8 tempest-VolumesActionsTest-1855672569 tempest-VolumesActionsTest-1855672569-project-member] RESP HEADERS: {'Date': 'Thu, 11 Jun 2026 15:25:19 GMT', 'Server': 'Apache/2.4.58 (Ubuntu)', 'Content-Type': 'text/html; charset=UTF-8', 'Content-Length': '0', 'Etag': 'eda9a9889837ac4bc81d6387d92c1bec', 'Last-Modified': 'Thu, 11 Jun 2026 15:25:18 GMT', 'X-Trans-Id': 'tx471a4a4cb1594195ad82e-006a2ad35d', 'X-Openstack-Request-Id': 'tx471a4a4cb1594195ad82e-006a2ad35d', 'Connection': 'close'} {{(pid=102087) http_log /opt/stack/data/venv/lib/python3.12/site-packages/swiftclient/client.py:162}}
Jun 11 15:25:19.942849 np0000002639 devstack@g-api.service[102087]: DEBUG glance_store._drivers.swift.store [None req-bd82f159-d599-4273-9359-7f4ec00383c8 tempest-VolumesActionsTest-1855672569 tempest-VolumesActionsTest-1855672569-project-member] Wrote chunk e95778de-af29-42de-86aa-56c7114cdb22-00002 (2/?) of length 204800000 to Swift returning MD5 of content: eda9a9889837ac4bc81d6387d92c1bec {{(pid=102087) add /opt/stack/data/venv/lib/python3.12/site-packages/glance_store/_drivers/swift/store.py:1059}}
Jun 11 15:25:20.758789 np0000002639 devstack@g-api.service[102086]: DEBUG glance.api.middleware.version_negotiation [None req-887bcaf0-7d72-47aa-9923-38dac4625193 tempest-VolumesActionsTest-1855672569 tempest-VolumesActionsTest-1855672569-project-member] Determining version of request: GET /v2/images/e95778de-af29-42de-86aa-56c7114cdb22 Accept: application/json {{(pid=102086) process_request /opt/stack/glance/glance/api/middleware/version_negotiation.py:44}}
Jun 11 15:25:20.759271 np0000002639 devstack@g-api.service[102086]: DEBUG glance.api.middleware.version_negotiation [None req-887bcaf0-7d72-47aa-9923-38dac4625193 tempest-VolumesActionsTest-1855672569 tempest-VolumesActionsTest-1855672569-project-member] Using url versioning {{(pid=102086) process_request /opt/stack/glance/glance/api/middleware/version_negotiation.py:57}}
Jun 11 15:25:20.759271 np0000002639 devstack@g-api.service[102086]: DEBUG glance.api.middleware.version_negotiation [None req-887bcaf0-7d72-47aa-9923-38dac4625193 tempest-VolumesActionsTest-1855672569 tempest-VolumesActionsTest-1855672569-project-member] Matched version: v2 {{(pid=102086) process_request /opt/stack/glance/glance/api/middleware/version_negotiation.py:69}}
Jun 11 15:25:20.759271 np0000002639 devstack@g-api.service[102086]: DEBUG glance.api.middleware.version_negotiation [None req-887bcaf0-7d72-47aa-9923-38dac4625193 tempest-VolumesActionsTest-1855672569 tempest-VolumesActionsTest-1855672569-project-member] new path /v2/images/e95778de-af29-42de-86aa-56c7114cdb22 {{(pid=102086) process_request /opt/stack/glance/glance/api/middleware/version_negotiation.py:70}}
Jun 11 15:25:20.781530 np0000002639 devstack@g-api.service[102086]: [pid: 102086|app: 0|req: 97/286] 127.0.0.1 () {40 vars in 834 bytes} [Thu Jun 11 15:25:20 2026] GET /v2/images/e95778de-af29-42de-86aa-56c7114cdb22 => generated 650 bytes in 23 msecs (HTTP/1.1 200) 4 headers in 157 bytes (1 switches on core 0)
Jun 11 15:25:21.791479 np0000002639 devstack@g-api.service[102085]: DEBUG glance.api.middleware.version_negotiation [None req-c3fd24e1-84a5-43ac-8821-1f45c0796ece tempest-VolumesActionsTest-1855672569 tempest-VolumesActionsTest-1855672569-project-member] Determining version of request: GET /v2/images/e95778de-af29-42de-86aa-56c7114cdb22 Accept: application/json {{(pid=102085) process_request /opt/stack/glance/glance/api/middleware/version_negotiation.py:44}}
Jun 11 15:25:21.792079 np0000002639 devstack@g-api.service[102085]: DEBUG glance.api.middleware.version_negotiation [None req-c3fd24e1-84a5-43ac-8821-1f45c0796ece tempest-VolumesActionsTest-1855672569 tempest-VolumesActionsTest-1855672569-project-member] Using url versioning {{(pid=102085) process_request /opt/stack/glance/glance/api/middleware/version_negotiation.py:57}}
Jun 11 15:25:21.792079 np0000002639 devstack@g-api.service[102085]: DEBUG glance.api.middleware.version_negotiation [None req-c3fd24e1-84a5-43ac-8821-1f45c0796ece tempest-VolumesActionsTest-1855672569 tempest-VolumesActionsTest-1855672569-project-member] Matched version: v2 {{(pid=102085) process_request /opt/stack/glance/glance/api/middleware/version_negotiation.py:69}}
Jun 11 15:25:21.792079 np0000002639 devstack@g-api.service[102085]: DEBUG glance.api.middleware.version_negotiation [None req-c3fd24e1-84a5-43ac-8821-1f45c0796ece tempest-VolumesActionsTest-1855672569 tempest-VolumesActionsTest-1855672569-project-member] new path /v2/images/e95778de-af29-42de-86aa-56c7114cdb22 {{(pid=102085) process_request /opt/stack/glance/glance/api/middleware/version_negotiation.py:70}}
Jun 11 15:25:21.804265 np0000002639 devstack@g-api.service[102085]: [pid: 102085|app: 0|req: 99/287] 127.0.0.1 () {40 vars in 834 bytes} [Thu Jun 11 15:25:21 2026] GET /v2/images/e95778de-af29-42de-86aa-56c7114cdb22 => generated 650 bytes in 13 msecs (HTTP/1.1 200) 4 headers in 157 bytes (1 switches on core 0)
Jun 11 15:25:22.151794 np0000002639 devstack@g-api.service[102087]: DEBUG swiftclient [None req-bd82f159-d599-4273-9359-7f4ec00383c8 tempest-VolumesActionsTest-1855672569 tempest-VolumesActionsTest-1855672569-project-member] REQ: curl -i https://10.4.3.94:8080/v1/AUTH_5be382208a3a4cbe844f4bfc89e9afd0/glance/e95778de-af29-42de-86aa-56c7114cdb22-00003 -X PUT -H "X-Auth-Token: gAAAAABqKtNaHE3j..." {{(pid=102087) http_log /opt/stack/data/venv/lib/python3.12/site-packages/swiftclient/client.py:160}}
Jun 11 15:25:22.152810 np0000002639 devstack@g-api.service[102087]: DEBUG swiftclient [None req-bd82f159-d599-4273-9359-7f4ec00383c8 tempest-VolumesActionsTest-1855672569 tempest-VolumesActionsTest-1855672569-project-member] RESP STATUS: 201 Created {{(pid=102087) http_log /opt/stack/data/venv/lib/python3.12/site-packages/swiftclient/client.py:161}}
Jun 11 15:25:22.152810 np0000002639 devstack@g-api.service[102087]: DEBUG swiftclient [None req-bd82f159-d599-4273-9359-7f4ec00383c8 tempest-VolumesActionsTest-1855672569 tempest-VolumesActionsTest-1855672569-project-member] RESP HEADERS: {'Date': 'Thu, 11 Jun 2026 15:25:22 GMT', 'Server': 'Apache/2.4.58 (Ubuntu)', 'Content-Type': 'text/html; charset=UTF-8', 'Content-Length': '0', 'Etag': 'eda9a9889837ac4bc81d6387d92c1bec', 'Last-Modified': 'Thu, 11 Jun 2026 15:25:20 GMT', 'X-Trans-Id': 'txfcd3fcddb2bd478db33be-006a2ad35f', 'X-Openstack-Request-Id': 'txfcd3fcddb2bd478db33be-006a2ad35f', 'Connection': 'close'} {{(pid=102087) http_log /opt/stack/data/venv/lib/python3.12/site-packages/swiftclient/client.py:162}}
Jun 11 15:25:22.152810 np0000002639 devstack@g-api.service[102087]: DEBUG glance_store._drivers.swift.store [None req-bd82f159-d599-4273-9359-7f4ec00383c8 tempest-VolumesActionsTest-1855672569 tempest-VolumesActionsTest-1855672569-project-member] Wrote chunk e95778de-af29-42de-86aa-56c7114cdb22-00003 (3/?) of length 204800000 to Swift returning MD5 of content: eda9a9889837ac4bc81d6387d92c1bec {{(pid=102087) add /opt/stack/data/venv/lib/python3.12/site-packages/glance_store/_drivers/swift/store.py:1059}}
Jun 11 15:25:22.814992 np0000002639 devstack@g-api.service[102086]: DEBUG glance.api.middleware.version_negotiation [None req-ba27f23e-bf4c-491b-8222-8f68cd947485 tempest-VolumesActionsTest-1855672569 tempest-VolumesActionsTest-1855672569-project-member] Determining version of request: GET /v2/images/e95778de-af29-42de-86aa-56c7114cdb22 Accept: application/json {{(pid=102086) process_request /opt/stack/glance/glance/api/middleware/version_negotiation.py:44}}
Jun 11 15:25:22.814992 np0000002639 devstack@g-api.service[102086]: DEBUG glance.api.middleware.version_negotiation [None req-ba27f23e-bf4c-491b-8222-8f68cd947485 tempest-VolumesActionsTest-1855672569 tempest-VolumesActionsTest-1855672569-project-member] Using url versioning {{(pid=102086) process_request /opt/stack/glance/glance/api/middleware/version_negotiation.py:57}}
Jun 11 15:25:22.814992 np0000002639 devstack@g-api.service[102086]: DEBUG glance.api.middleware.version_negotiation [None req-ba27f23e-bf4c-491b-8222-8f68cd947485 tempest-VolumesActionsTest-1855672569 tempest-VolumesActionsTest-1855672569-project-member] Matched version: v2 {{(pid=102086) process_request /opt/stack/glance/glance/api/middleware/version_negotiation.py:69}}
Jun 11 15:25:22.815575 np0000002639 devstack@g-api.service[102086]: DEBUG glance.api.middleware.version_negotiation [None req-ba27f23e-bf4c-491b-8222-8f68cd947485 tempest-VolumesActionsTest-1855672569 tempest-VolumesActionsTest-1855672569-project-member] new path /v2/images/e95778de-af29-42de-86aa-56c7114cdb22 {{(pid=102086) process_request /opt/stack/glance/glance/api/middleware/version_negotiation.py:70}}
Jun 11 15:25:22.829141 np0000002639 devstack@g-api.service[102086]: [pid: 102086|app: 0|req: 98/288] 127.0.0.1 () {40 vars in 834 bytes} [Thu Jun 11 15:25:22 2026] GET /v2/images/e95778de-af29-42de-86aa-56c7114cdb22 => generated 650 bytes in 15 msecs (HTTP/1.1 200) 4 headers in 157 bytes (1 switches on core 0)
Jun 11 15:25:23.846005 np0000002639 devstack@g-api.service[102085]: DEBUG glance.api.middleware.version_negotiation [None req-12898ed8-fa73-4c54-9dca-1dd2cf174022 tempest-VolumesActionsTest-1855672569 tempest-VolumesActionsTest-1855672569-project-member] Determining version of request: GET /v2/images/e95778de-af29-42de-86aa-56c7114cdb22 Accept: application/json {{(pid=102085) process_request /opt/stack/glance/glance/api/middleware/version_negotiation.py:44}}
Jun 11 15:25:23.846426 np0000002639 devstack@g-api.service[102085]: DEBUG glance.api.middleware.version_negotiation [None req-12898ed8-fa73-4c54-9dca-1dd2cf174022 tempest-VolumesActionsTest-1855672569 tempest-VolumesActionsTest-1855672569-project-member] Using url versioning {{(pid=102085) process_request /opt/stack/glance/glance/api/middleware/version_negotiation.py:57}}
Jun 11 15:25:23.846459 np0000002639 devstack@g-api.service[102085]: DEBUG glance.api.middleware.version_negotiation [None req-12898ed8-fa73-4c54-9dca-1dd2cf174022 tempest-VolumesActionsTest-1855672569 tempest-VolumesActionsTest-1855672569-project-member] Matched version: v2 {{(pid=102085) process_request /opt/stack/glance/glance/api/middleware/version_negotiation.py:69}}
Jun 11 15:25:23.847276 np0000002639 devstack@g-api.service[102085]: DEBUG glance.api.middleware.version_negotiation [None req-12898ed8-fa73-4c54-9dca-1dd2cf174022 tempest-VolumesActionsTest-1855672569 tempest-VolumesActionsTest-1855672569-project-member] new path /v2/images/e95778de-af29-42de-86aa-56c7114cdb22 {{(pid=102085) process_request /opt/stack/glance/glance/api/middleware/version_negotiation.py:70}}
Jun 11 15:25:23.863558 np0000002639 devstack@g-api.service[102085]: [pid: 102085|app: 0|req: 100/289] 127.0.0.1 () {40 vars in 834 bytes} [Thu Jun 11 15:25:23 2026] GET /v2/images/e95778de-af29-42de-86aa-56c7114cdb22 => generated 650 bytes in 18 msecs (HTTP/1.1 200) 4 headers in 157 bytes (1 switches on core 0)
Jun 11 15:25:24.409555 np0000002639 devstack@g-api.service[102087]: DEBUG dbcounter [-] [102087] Writing DB stats glance:SELECT=37,glance:INSERT=14,glance:UPDATE=7,glance:DELETE=1 {{(pid=102087) stat_writer /opt/stack/data/venv/lib/python3.12/site-packages/dbcounter.py:115}}
Jun 11 15:25:24.603661 np0000002639 devstack@g-api.service[102087]: DEBUG swiftclient [None req-bd82f159-d599-4273-9359-7f4ec00383c8 tempest-VolumesActionsTest-1855672569 tempest-VolumesActionsTest-1855672569-project-member] REQ: curl -i https://10.4.3.94:8080/v1/AUTH_5be382208a3a4cbe844f4bfc89e9afd0/glance/e95778de-af29-42de-86aa-56c7114cdb22-00004 -X PUT -H "X-Auth-Token: gAAAAABqKtNaHE3j..." {{(pid=102087) http_log /opt/stack/data/venv/lib/python3.12/site-packages/swiftclient/client.py:160}}
Jun 11 15:25:24.603876 np0000002639 devstack@g-api.service[102087]: DEBUG swiftclient [None req-bd82f159-d599-4273-9359-7f4ec00383c8 tempest-VolumesActionsTest-1855672569 tempest-VolumesActionsTest-1855672569-project-member] RESP STATUS: 201 Created {{(pid=102087) http_log /opt/stack/data/venv/lib/python3.12/site-packages/swiftclient/client.py:161}}
Jun 11 15:25:24.604424 np0000002639 devstack@g-api.service[102087]: DEBUG swiftclient [None req-bd82f159-d599-4273-9359-7f4ec00383c8 tempest-VolumesActionsTest-1855672569 tempest-VolumesActionsTest-1855672569-project-member] RESP HEADERS: {'Date': 'Thu, 11 Jun 2026 15:25:24 GMT', 'Server': 'Apache/2.4.58 (Ubuntu)', 'Content-Type': 'text/html; charset=UTF-8', 'Content-Length': '0', 'Etag': 'eda9a9889837ac4bc81d6387d92c1bec', 'Last-Modified': 'Thu, 11 Jun 2026 15:25:23 GMT', 'X-Trans-Id': 'txc1eb54f14bca41b096947-006a2ad362', 'X-Openstack-Request-Id': 'txc1eb54f14bca41b096947-006a2ad362', 'Connection': 'close'} {{(pid=102087) http_log /opt/stack/data/venv/lib/python3.12/site-packages/swiftclient/client.py:162}}
Jun 11 15:25:24.604424 np0000002639 devstack@g-api.service[102087]: DEBUG glance_store._drivers.swift.store [None req-bd82f159-d599-4273-9359-7f4ec00383c8 tempest-VolumesActionsTest-1855672569 tempest-VolumesActionsTest-1855672569-project-member] Wrote chunk e95778de-af29-42de-86aa-56c7114cdb22-00004 (4/?) of length 204800000 to Swift returning MD5 of content: eda9a9889837ac4bc81d6387d92c1bec {{(pid=102087) add /opt/stack/data/venv/lib/python3.12/site-packages/glance_store/_drivers/swift/store.py:1059}}
Jun 11 15:25:24.876408 np0000002639 devstack@g-api.service[102086]: DEBUG glance.api.middleware.version_negotiation [None req-43ade0b8-90af-40f7-983b-64afd7ff40f9 tempest-VolumesActionsTest-1855672569 tempest-VolumesActionsTest-1855672569-project-member] Determining version of request: GET /v2/images/e95778de-af29-42de-86aa-56c7114cdb22 Accept: application/json {{(pid=102086) process_request /opt/stack/glance/glance/api/middleware/version_negotiation.py:44}}
Jun 11 15:25:24.876931 np0000002639 devstack@g-api.service[102086]: DEBUG glance.api.middleware.version_negotiation [None req-43ade0b8-90af-40f7-983b-64afd7ff40f9 tempest-VolumesActionsTest-1855672569 tempest-VolumesActionsTest-1855672569-project-member] Using url versioning {{(pid=102086) process_request /opt/stack/glance/glance/api/middleware/version_negotiation.py:57}}
Jun 11 15:25:24.876931 np0000002639 devstack@g-api.service[102086]: DEBUG glance.api.middleware.version_negotiation [None req-43ade0b8-90af-40f7-983b-64afd7ff40f9 tempest-VolumesActionsTest-1855672569 tempest-VolumesActionsTest-1855672569-project-member] Matched version: v2 {{(pid=102086) process_request /opt/stack/glance/glance/api/middleware/version_negotiation.py:69}}
Jun 11 15:25:24.876931 np0000002639 devstack@g-api.service[102086]: DEBUG glance.api.middleware.version_negotiation [None req-43ade0b8-90af-40f7-983b-64afd7ff40f9 tempest-VolumesActionsTest-1855672569 tempest-VolumesActionsTest-1855672569-project-member] new path /v2/images/e95778de-af29-42de-86aa-56c7114cdb22 {{(pid=102086) process_request /opt/stack/glance/glance/api/middleware/version_negotiation.py:70}}
Jun 11 15:25:24.909521 np0000002639 devstack@g-api.service[102086]: [pid: 102086|app: 0|req: 99/290] 127.0.0.1 () {40 vars in 834 bytes} [Thu Jun 11 15:25:24 2026] GET /v2/images/e95778de-af29-42de-86aa-56c7114cdb22 => generated 650 bytes in 33 msecs (HTTP/1.1 200) 4 headers in 157 bytes (1 switches on core 0)
Jun 11 15:25:25.923898 np0000002639 devstack@g-api.service[102085]: DEBUG glance.api.middleware.version_negotiation [None req-459ac93d-6e58-4b04-bbfb-48aa85a432b3 tempest-VolumesActionsTest-1855672569 tempest-VolumesActionsTest-1855672569-project-member] Determining version of request: GET /v2/images/e95778de-af29-42de-86aa-56c7114cdb22 Accept: application/json {{(pid=102085) process_request /opt/stack/glance/glance/api/middleware/version_negotiation.py:44}}
Jun 11 15:25:25.924429 np0000002639 devstack@g-api.service[102085]: DEBUG glance.api.middleware.version_negotiation [None req-459ac93d-6e58-4b04-bbfb-48aa85a432b3 tempest-VolumesActionsTest-1855672569 tempest-VolumesActionsTest-1855672569-project-member] Using url versioning {{(pid=102085) process_request /opt/stack/glance/glance/api/middleware/version_negotiation.py:57}}
Jun 11 15:25:25.924429 np0000002639 devstack@g-api.service[102085]: DEBUG glance.api.middleware.version_negotiation [None req-459ac93d-6e58-4b04-bbfb-48aa85a432b3 tempest-VolumesActionsTest-1855672569 tempest-VolumesActionsTest-1855672569-project-member] Matched version: v2 {{(pid=102085) process_request /opt/stack/glance/glance/api/middleware/version_negotiation.py:69}}
Jun 11 15:25:25.924429 np0000002639 devstack@g-api.service[102085]: DEBUG glance.api.middleware.version_negotiation [None req-459ac93d-6e58-4b04-bbfb-48aa85a432b3 tempest-VolumesActionsTest-1855672569 tempest-VolumesActionsTest-1855672569-project-member] new path /v2/images/e95778de-af29-42de-86aa-56c7114cdb22 {{(pid=102085) process_request /opt/stack/glance/glance/api/middleware/version_negotiation.py:70}}
Jun 11 15:25:25.935292 np0000002639 devstack@g-api.service[102085]: [pid: 102085|app: 0|req: 101/291] 127.0.0.1 () {40 vars in 834 bytes} [Thu Jun 11 15:25:25 2026] GET /v2/images/e95778de-af29-42de-86aa-56c7114cdb22 => generated 650 bytes in 11 msecs (HTTP/1.1 200) 4 headers in 157 bytes (1 switches on core 0)
Jun 11 15:25:26.949051 np0000002639 devstack@g-api.service[102086]: DEBUG glance.api.middleware.version_negotiation [None req-800ea177-6d70-4fdc-bdff-a6ffc6cd88ac tempest-VolumesActionsTest-1855672569 tempest-VolumesActionsTest-1855672569-project-member] Determining version of request: GET /v2/images/e95778de-af29-42de-86aa-56c7114cdb22 Accept: application/json {{(pid=102086) process_request /opt/stack/glance/glance/api/middleware/version_negotiation.py:44}}
Jun 11 15:25:26.950990 np0000002639 devstack@g-api.service[102086]: DEBUG glance.api.middleware.version_negotiation [None req-800ea177-6d70-4fdc-bdff-a6ffc6cd88ac tempest-VolumesActionsTest-1855672569 tempest-VolumesActionsTest-1855672569-project-member] Using url versioning {{(pid=102086) process_request /opt/stack/glance/glance/api/middleware/version_negotiation.py:57}}
Jun 11 15:25:26.950990 np0000002639 devstack@g-api.service[102086]: DEBUG glance.api.middleware.version_negotiation [None req-800ea177-6d70-4fdc-bdff-a6ffc6cd88ac tempest-VolumesActionsTest-1855672569 tempest-VolumesActionsTest-1855672569-project-member] Matched version: v2 {{(pid=102086) process_request /opt/stack/glance/glance/api/middleware/version_negotiation.py:69}}
Jun 11 15:25:26.950990 np0000002639 devstack@g-api.service[102086]: DEBUG glance.api.middleware.version_negotiation [None req-800ea177-6d70-4fdc-bdff-a6ffc6cd88ac tempest-VolumesActionsTest-1855672569 tempest-VolumesActionsTest-1855672569-project-member] new path /v2/images/e95778de-af29-42de-86aa-56c7114cdb22 {{(pid=102086) process_request /opt/stack/glance/glance/api/middleware/version_negotiation.py:70}}
Jun 11 15:25:26.986387 np0000002639 devstack@g-api.service[102086]: [pid: 102086|app: 0|req: 100/292] 127.0.0.1 () {40 vars in 834 bytes} [Thu Jun 11 15:25:26 2026] GET /v2/images/e95778de-af29-42de-86aa-56c7114cdb22 => generated 650 bytes in 35 msecs (HTTP/1.1 200) 4 headers in 157 bytes (1 switches on core 0)
Jun 11 15:25:27.059005 np0000002639 devstack@g-api.service[102087]: DEBUG swiftclient [None req-bd82f159-d599-4273-9359-7f4ec00383c8 tempest-VolumesActionsTest-1855672569 tempest-VolumesActionsTest-1855672569-project-member] REQ: curl -i https://10.4.3.94:8080/v1/AUTH_5be382208a3a4cbe844f4bfc89e9afd0/glance/e95778de-af29-42de-86aa-56c7114cdb22-00005 -X PUT -H "X-Auth-Token: gAAAAABqKtNaHE3j..." {{(pid=102087) http_log /opt/stack/data/venv/lib/python3.12/site-packages/swiftclient/client.py:160}}
Jun 11 15:25:27.059667 np0000002639 devstack@g-api.service[102087]: DEBUG swiftclient [None req-bd82f159-d599-4273-9359-7f4ec00383c8 tempest-VolumesActionsTest-1855672569 tempest-VolumesActionsTest-1855672569-project-member] RESP STATUS: 201 Created {{(pid=102087) http_log /opt/stack/data/venv/lib/python3.12/site-packages/swiftclient/client.py:161}}
