Jun 11 15:16:29.196312 np0000002639 devstack@neutron-api.service[90032]: INFO neutron.api.extensions [None req-6c5c2e44-7f21-4198-a77c-810c859eb7a2 None None] Extension agent-resources-synced not supported by any of loaded plugins
Jun 11 15:16:29.196312 np0000002639 devstack@neutron-api.service[90032]: DEBUG neutron.api.extensions [None req-6c5c2e44-7f21-4198-a77c-810c859eb7a2 None None] Loading extension file: agent_sort_key.py {{(pid=90032) _load_all_extensions_from_path /opt/stack/neutron/neutron/api/extensions.py:449}}
Jun 11 15:16:29.196312 np0000002639 devstack@neutron-api.service[90032]: DEBUG neutron.api.extensions [None req-6c5c2e44-7f21-4198-a77c-810c859eb7a2 None None] Ext name="Agents Sort Key" alias="agent_sort_key" description="Enabling the keyword sort_key for sorting in agents." updated="2013-02-03T10:00:00-00:00" {{(pid=90032) _check_extension /opt/stack/neutron/neutron/api/extensions.py:415}}
Jun 11 15:16:29.196445 np0000002639 devstack@neutron-api.service[90032]: INFO neutron.api.extensions [None req-6c5c2e44-7f21-4198-a77c-810c859eb7a2 None None] Extension agent_sort_key not supported by any of loaded plugins
Jun 11 15:16:29.196514 np0000002639 devstack@neutron-api.service[90032]: DEBUG neutron.api.extensions [None req-6c5c2e44-7f21-4198-a77c-810c859eb7a2 None None] Loading extension file: allowedaddresspairs.py {{(pid=90032) _load_all_extensions_from_path /opt/stack/neutron/neutron/api/extensions.py:449}}
Jun 11 15:16:29.197521 np0000002639 devstack@neutron-api.service[90032]: DEBUG neutron.api.extensions [None req-6c5c2e44-7f21-4198-a77c-810c859eb7a2 None None] Ext name="Allowed Address Pairs" alias="allowed-address-pairs" description="Provides allowed address pairs" updated="2013-07-23T10:00:00-00:00" {{(pid=90032) _check_extension /opt/stack/neutron/neutron/api/extensions.py:415}}
Jun 11 15:16:29.197740 np0000002639 devstack@neutron-api.service[90032]: INFO neutron.api.extensions [None req-6c5c2e44-7f21-4198-a77c-810c859eb7a2 None None] Loaded extension: allowed-address-pairs
Jun 11 15:16:29.197894 np0000002639 devstack@neutron-api.service[90032]: DEBUG neutron.api.extensions [None req-6c5c2e44-7f21-4198-a77c-810c859eb7a2 None None] Loading extension file: auto_allocated_topology.py {{(pid=90032) _load_all_extensions_from_path /opt/stack/neutron/neutron/api/extensions.py:449}}
Jun 11 15:16:29.198109 np0000002639 devstack@neutron-api.service[90032]: DEBUG neutron.api.extensions [None req-6c5c2e44-7f21-4198-a77c-810c859eb7a2 None None] Ext name="Auto Allocated Topology Services" alias="auto-allocated-topology" description="Auto Allocated Topology Services." updated="2016-01-01T00:00:00-00:00" {{(pid=90032) _check_extension /opt/stack/neutron/neutron/api/extensions.py:415}}
Jun 11 15:16:29.198601 np0000002639 devstack@neutron-api.service[90032]: INFO neutron.api.extensions [None req-6c5c2e44-7f21-4198-a77c-810c859eb7a2 None None] Loaded extension: auto-allocated-topology
Jun 11 15:16:29.198733 np0000002639 devstack@neutron-api.service[90032]: DEBUG neutron.api.extensions [None req-6c5c2e44-7f21-4198-a77c-810c859eb7a2 None None] Loading extension file: availability_zone.py {{(pid=90032) _load_all_extensions_from_path /opt/stack/neutron/neutron/api/extensions.py:449}}
Jun 11 15:16:29.199161 np0000002639 devstack@neutron-api.service[90032]: DEBUG neutron.api.extensions [None req-6c5c2e44-7f21-4198-a77c-810c859eb7a2 None None] Ext name="Availability Zone" alias="availability_zone" description="The availability zone extension." updated="2015-01-01T10:00:00-00:00" {{(pid=90032) _check_extension /opt/stack/neutron/neutron/api/extensions.py:415}}
Jun 11 15:16:29.199565 np0000002639 devstack@neutron-api.service[90032]: INFO neutron.api.extensions [None req-6c5c2e44-7f21-4198-a77c-810c859eb7a2 None None] Loaded extension: availability_zone
Jun 11 15:16:29.199565 np0000002639 devstack@neutron-api.service[90032]: DEBUG neutron.api.extensions [None req-6c5c2e44-7f21-4198-a77c-810c859eb7a2 None None] Loading extension file: availability_zone_filter.py {{(pid=90032) _load_all_extensions_from_path /opt/stack/neutron/neutron/api/extensions.py:449}}
Jun 11 15:16:29.199927 np0000002639 devstack@neutron-api.service[90032]: DEBUG neutron.api.extensions [None req-6c5c2e44-7f21-4198-a77c-810c859eb7a2 None None] Ext name="Availability Zone Filter Extension" alias="availability_zone_filter" description="Add filter parameters to AvailabilityZone resource" updated="2018-06-22T10:00:00-00:00" {{(pid=90032) _check_extension /opt/stack/neutron/neutron/api/extensions.py:415}}
Jun 11 15:16:29.199966 np0000002639 devstack@neutron-api.service[90032]: INFO neutron.api.extensions [None req-6c5c2e44-7f21-4198-a77c-810c859eb7a2 None None] Extension availability_zone_filter not supported by any of loaded plugins
Jun 11 15:16:29.200146 np0000002639 devstack@neutron-api.service[90032]: DEBUG neutron.api.extensions [None req-6c5c2e44-7f21-4198-a77c-810c859eb7a2 None None] Loading extension file: data_plane_status.py {{(pid=90032) _load_all_extensions_from_path /opt/stack/neutron/neutron/api/extensions.py:449}}
Jun 11 15:16:29.200384 np0000002639 devstack@neutron-api.service[90032]: DEBUG neutron.api.extensions [None req-6c5c2e44-7f21-4198-a77c-810c859eb7a2 None None] Ext name="Port data plane status extension" alias="data-plane-status" description="Expose status of underlying data plane" updated="2017-01-24T10:00:00-00:00" {{(pid=90032) _check_extension /opt/stack/neutron/neutron/api/extensions.py:415}}
Jun 11 15:16:29.200601 np0000002639 devstack@neutron-api.service[90032]: INFO neutron.api.extensions [None req-6c5c2e44-7f21-4198-a77c-810c859eb7a2 None None] Extension data-plane-status not supported by any of loaded plugins
Jun 11 15:16:29.200711 np0000002639 devstack@neutron-api.service[90032]: DEBUG neutron.api.extensions [None req-6c5c2e44-7f21-4198-a77c-810c859eb7a2 None None] Loading extension file: default_subnetpools.py {{(pid=90032) _load_all_extensions_from_path /opt/stack/neutron/neutron/api/extensions.py:449}}
Jun 11 15:16:29.200912 np0000002639 devstack@neutron-api.service[90033]: DEBUG neutron_lib.callbacks.manager [None req-4f32ebda-05e1-4744-b1d3-df682e60b2f1 None None] Subscribe: > router before_delete 55550000, False {{(pid=90033) subscribe /opt/stack/data/venv/lib/python3.12/site-packages/neutron_lib/callbacks/manager.py:52}}
Jun 11 15:16:29.200986 np0000002639 devstack@neutron-api.service[90033]: DEBUG neutron_lib.callbacks.manager [None req-4f32ebda-05e1-4744-b1d3-df682e60b2f1 None None] Subscribe: port before_update 55550000, False {{(pid=90033) subscribe /opt/stack/data/venv/lib/python3.12/site-packages/neutron_lib/callbacks/manager.py:52}}
Jun 11 15:16:29.201095 np0000002639 devstack@neutron-api.service[90032]: DEBUG neutron.api.extensions [None req-6c5c2e44-7f21-4198-a77c-810c859eb7a2 None None] Ext name="Default Subnetpools" alias="default-subnetpools" description="Provides ability to mark and use a subnetpool as the default." updated="2016-02-18T18:00:00-00:00" {{(pid=90032) _check_extension /opt/stack/neutron/neutron/api/extensions.py:415}}
Jun 11 15:16:29.201205 np0000002639 devstack@neutron-api.service[90033]: DEBUG neutron_lib.callbacks.manager [None req-4f32ebda-05e1-4744-b1d3-df682e60b2f1 None None] Subscribe: port after_update 55550000, False {{(pid=90033) subscribe /opt/stack/data/venv/lib/python3.12/site-packages/neutron_lib/callbacks/manager.py:52}}
Jun 11 15:16:29.201316 np0000002639 devstack@neutron-api.service[90032]: INFO neutron.api.extensions [None req-6c5c2e44-7f21-4198-a77c-810c859eb7a2 None None] Loaded extension: default-subnetpools
Jun 11 15:16:29.201361 np0000002639 devstack@neutron-api.service[90033]: DEBUG neutron_lib.callbacks.manager [None req-4f32ebda-05e1-4744-b1d3-df682e60b2f1 None None] Subscribe: > port precommit_delete 55550000, False {{(pid=90033) subscribe /opt/stack/data/venv/lib/python3.12/site-packages/neutron_lib/callbacks/manager.py:52}}
Jun 11 15:16:29.201415 np0000002639 devstack@neutron-api.service[90032]: DEBUG neutron.api.extensions [None req-6c5c2e44-7f21-4198-a77c-810c859eb7a2 None None] Loading extension file: dhcpagentscheduler.py {{(pid=90032) _load_all_extensions_from_path /opt/stack/neutron/neutron/api/extensions.py:449}}
Jun 11 15:16:29.201465 np0000002639 devstack@neutron-api.service[90033]: DEBUG neutron_lib.callbacks.manager [None req-4f32ebda-05e1-4744-b1d3-df682e60b2f1 None None] Subscribe: port before_update 55550000, False {{(pid=90033) subscribe /opt/stack/data/venv/lib/python3.12/site-packages/neutron_lib/callbacks/manager.py:52}}
Jun 11 15:16:29.201600 np0000002639 devstack@neutron-api.service[90033]: DEBUG neutron_lib.callbacks.manager [None req-4f32ebda-05e1-4744-b1d3-df682e60b2f1 None None] Subscribe: port before_delete 55550000, False {{(pid=90033) subscribe /opt/stack/data/venv/lib/python3.12/site-packages/neutron_lib/callbacks/manager.py:52}}
Jun 11 15:16:29.201756 np0000002639 devstack@neutron-api.service[90033]: DEBUG neutron_lib.callbacks.manager [None req-4f32ebda-05e1-4744-b1d3-df682e60b2f1 None None] Subscribe: > router precommit_create 55550000, False {{(pid=90033) subscribe /opt/stack/data/venv/lib/python3.12/site-packages/neutron_lib/callbacks/manager.py:52}}
Jun 11 15:16:29.201877 np0000002639 devstack@neutron-api.service[90032]: DEBUG neutron.api.extensions [None req-6c5c2e44-7f21-4198-a77c-810c859eb7a2 None None] Ext name="DHCP Agent Scheduler" alias="dhcp_agent_scheduler" description="Schedule networks among dhcp agents" updated="2013-02-07T10:00:00-00:00" {{(pid=90032) _check_extension /opt/stack/neutron/neutron/api/extensions.py:415}}
Jun 11 15:16:29.201920 np0000002639 devstack@neutron-api.service[90033]: DEBUG neutron_lib.callbacks.manager [None req-4f32ebda-05e1-4744-b1d3-df682e60b2f1 None None] Subscribe: > router precommit_create 55550000, False {{(pid=90033) subscribe /opt/stack/data/venv/lib/python3.12/site-packages/neutron_lib/callbacks/manager.py:52}}
Jun 11 15:16:29.202060 np0000002639 devstack@neutron-api.service[90033]: DEBUG neutron_lib.callbacks.manager [None req-4f32ebda-05e1-4744-b1d3-df682e60b2f1 None None] Subscribe: > router precommit_update 55550000, False {{(pid=90033) subscribe /opt/stack/data/venv/lib/python3.12/site-packages/neutron_lib/callbacks/manager.py:52}}
Jun 11 15:16:29.202139 np0000002639 devstack@neutron-api.service[90032]: INFO neutron.api.extensions [None req-6c5c2e44-7f21-4198-a77c-810c859eb7a2 None None] Loaded extension: dhcp_agent_scheduler
Jun 11 15:16:29.202278 np0000002639 devstack@neutron-api.service[90032]: DEBUG neutron.api.extensions [None req-6c5c2e44-7f21-4198-a77c-810c859eb7a2 None None] Loading extension file: dns.py {{(pid=90032) _load_all_extensions_from_path /opt/stack/neutron/neutron/api/extensions.py:449}}
Jun 11 15:16:29.202336 np0000002639 devstack@neutron-api.service[90033]: DEBUG neutron_lib.callbacks.manager [None req-4f32ebda-05e1-4744-b1d3-df682e60b2f1 None None] Subscribe: subnet after_update 55550000, False {{(pid=90033) subscribe /opt/stack/data/venv/lib/python3.12/site-packages/neutron_lib/callbacks/manager.py:52}}
Jun 11 15:16:29.202469 np0000002639 devstack@neutron-api.service[90033]: DEBUG neutron.quota.resource_registry [None req-4f32ebda-05e1-4744-b1d3-df682e60b2f1 None None] Tracking information for resource: router configured {{(pid=90033) set_tracked_resource /opt/stack/neutron/neutron/quota/resource_registry.py:203}}
Jun 11 15:16:29.202614 np0000002639 devstack@neutron-api.service[90032]: DEBUG neutron.api.extensions [None req-6c5c2e44-7f21-4198-a77c-810c859eb7a2 None None] Ext name="DNS Integration" alias="dns-integration" description="Provides integration with DNS." updated="2015-08-15T18:00:00-00:00" {{(pid=90032) _check_extension /opt/stack/neutron/neutron/api/extensions.py:415}}
Jun 11 15:16:29.202713 np0000002639 devstack@neutron-api.service[90033]: DEBUG neutron.quota.resource_registry [None req-4f32ebda-05e1-4744-b1d3-df682e60b2f1 None None] Tracking information for resource: floatingip configured {{(pid=90033) set_tracked_resource /opt/stack/neutron/neutron/quota/resource_registry.py:203}}
Jun 11 15:16:29.202713 np0000002639 devstack@neutron-api.service[90033]: INFO neutron.services.ovn_l3.plugin [None req-4f32ebda-05e1-4744-b1d3-df682e60b2f1 None None] Starting OVNL3RouterPlugin
Jun 11 15:16:29.202817 np0000002639 devstack@neutron-api.service[90032]: INFO neutron.api.extensions [None req-6c5c2e44-7f21-4198-a77c-810c859eb7a2 None None] Loaded extension: dns-integration
Jun 11 15:16:29.202865 np0000002639 devstack@neutron-api.service[90032]: DEBUG neutron.api.extensions [None req-6c5c2e44-7f21-4198-a77c-810c859eb7a2 None None] Loading extension file: dns_domain_ports.py {{(pid=90032) _load_all_extensions_from_path /opt/stack/neutron/neutron/api/extensions.py:449}}
Jun 11 15:16:29.203051 np0000002639 devstack@neutron-api.service[90033]: DEBUG neutron_lib.callbacks.manager [None req-4f32ebda-05e1-4744-b1d3-df682e60b2f1 None None] Subscribe: > port_forwarding_plugin after_init 55550000, False {{(pid=90033) subscribe /opt/stack/data/venv/lib/python3.12/site-packages/neutron_lib/callbacks/manager.py:52}}
Jun 11 15:16:29.203196 np0000002639 devstack@neutron-api.service[90032]: DEBUG neutron.api.extensions [None req-6c5c2e44-7f21-4198-a77c-810c859eb7a2 None None] Ext name="dns_domain for ports" alias="dns-domain-ports" description="Allows the DNS domain to be specified for a network port." updated="2017-04-24T10:00:00-00:00" {{(pid=90032) _check_extension /opt/stack/neutron/neutron/api/extensions.py:415}}
Jun 11 15:16:29.203427 np0000002639 devstack@neutron-api.service[90033]: DEBUG neutron_lib.callbacks.manager [None req-4f32ebda-05e1-4744-b1d3-df682e60b2f1 None None] Subscribe: > router before_create 55550100, False {{(pid=90033) subscribe /opt/stack/data/venv/lib/python3.12/site-packages/neutron_lib/callbacks/manager.py:52}}
Jun 11 15:16:29.203637 np0000002639 devstack@neutron-api.service[90032]: INFO neutron.api.extensions [None req-6c5c2e44-7f21-4198-a77c-810c859eb7a2 None None] Loaded extension: dns-domain-ports
Jun 11 15:16:29.203637 np0000002639 devstack@neutron-api.service[90032]: DEBUG neutron.api.extensions [None req-6c5c2e44-7f21-4198-a77c-810c859eb7a2 None None] Loading extension file: dns_integration_domain_keywords.py {{(pid=90032) _load_all_extensions_from_path /opt/stack/neutron/neutron/api/extensions.py:449}}
Jun 11 15:16:29.203894 np0000002639 devstack@neutron-api.service[90033]: DEBUG neutron_lib.callbacks.manager [None req-4f32ebda-05e1-4744-b1d3-df682e60b2f1 None None] Subscribe: > router precommit_delete 55550100, False {{(pid=90033) subscribe /opt/stack/data/venv/lib/python3.12/site-packages/neutron_lib/callbacks/manager.py:52}}
Jun 11 15:16:29.203894 np0000002639 devstack@neutron-api.service[90033]: DEBUG neutron_lib.callbacks.manager [None req-4f32ebda-05e1-4744-b1d3-df682e60b2f1 None None] Subscribe: > router precommit_create 55550100, False {{(pid=90033) subscribe /opt/stack/data/venv/lib/python3.12/site-packages/neutron_lib/callbacks/manager.py:52}}
Jun 11 15:16:29.204573 np0000002639 devstack@neutron-api.service[90032]: DEBUG neutron.api.extensions [None req-6c5c2e44-7f21-4198-a77c-810c859eb7a2 None None] Ext name="DNS domain names with keywords allowed" alias="dns-integration-domain-keywords" description="Allows to use keywords like , , and as DNS domain name" updated="2020-06-15T18:00:00-00:00" {{(pid=90032) _check_extension /opt/stack/neutron/neutron/api/extensions.py:415}}
Jun 11 15:16:29.204638 np0000002639 devstack@neutron-api.service[90033]: DEBUG neutron_lib.callbacks.manager [None req-4f32ebda-05e1-4744-b1d3-df682e60b2f1 None None] Subscribe: > router precommit_update 55550100, False {{(pid=90033) subscribe /opt/stack/data/venv/lib/python3.12/site-packages/neutron_lib/callbacks/manager.py:52}}
Jun 11 15:16:29.204684 np0000002639 devstack@neutron-api.service[90032]: INFO neutron.api.extensions [None req-6c5c2e44-7f21-4198-a77c-810c859eb7a2 None None] Loaded extension: dns-integration-domain-keywords
Jun 11 15:16:29.204684 np0000002639 devstack@neutron-api.service[90032]: DEBUG neutron.api.extensions [None req-6c5c2e44-7f21-4198-a77c-810c859eb7a2 None None] Loading extension file: dvr.py {{(pid=90032) _load_all_extensions_from_path /opt/stack/neutron/neutron/api/extensions.py:449}}
Jun 11 15:16:29.204684 np0000002639 devstack@neutron-api.service[90032]: DEBUG neutron.api.extensions [None req-6c5c2e44-7f21-4198-a77c-810c859eb7a2 None None] Ext name="Distributed Virtual Router" alias="dvr" description="Enables configuration of Distributed Virtual Routers." updated="2014-06-1T10:00:00-00:00" {{(pid=90032) _check_extension /opt/stack/neutron/neutron/api/extensions.py:415}}
Jun 11 15:16:29.204684 np0000002639 devstack@neutron-api.service[90032]: INFO neutron.api.extensions [None req-6c5c2e44-7f21-4198-a77c-810c859eb7a2 None None] Extension dvr not supported by any of loaded plugins
Jun 11 15:16:29.204837 np0000002639 devstack@neutron-api.service[90032]: DEBUG neutron.api.extensions [None req-6c5c2e44-7f21-4198-a77c-810c859eb7a2 None None] Loading extension file: ecmp_routes.py {{(pid=90032) _load_all_extensions_from_path /opt/stack/neutron/neutron/api/extensions.py:449}}
Jun 11 15:16:29.205050 np0000002639 devstack@neutron-api.service[90032]: DEBUG neutron.api.extensions [None req-6c5c2e44-7f21-4198-a77c-810c859eb7a2 None None] Ext name="Equal Cost Multipath Routing" alias="ecmp_routes" description="Allows traffic to reach thesame destination via multiple different links " updated="2020-11-26T18:00:00-00:00" {{(pid=90032) _check_extension /opt/stack/neutron/neutron/api/extensions.py:415}}
Jun 11 15:16:29.205287 np0000002639 devstack@neutron-api.service[90032]: INFO neutron.api.extensions [None req-6c5c2e44-7f21-4198-a77c-810c859eb7a2 None None] Extension ecmp_routes not supported by any of loaded plugins
Jun 11 15:16:29.205404 np0000002639 devstack@neutron-api.service[90032]: DEBUG neutron.api.extensions [None req-6c5c2e44-7f21-4198-a77c-810c859eb7a2 None None] Loading extension file: empty_string_filtering.py {{(pid=90032) _load_all_extensions_from_path /opt/stack/neutron/neutron/api/extensions.py:449}}
Jun 11 15:16:29.205701 np0000002639 devstack@neutron-api.service[90032]: DEBUG neutron.api.extensions [None req-6c5c2e44-7f21-4198-a77c-810c859eb7a2 None None] Ext name="Empty String Filtering Extension" alias="empty-string-filtering" description="Allow filtering by attributes with empty string value" updated="2018-05-01T10:00:00-00:00" {{(pid=90032) _check_extension /opt/stack/neutron/neutron/api/extensions.py:415}}
Jun 11 15:16:29.205906 np0000002639 devstack@neutron-api.service[90032]: INFO neutron.api.extensions [None req-6c5c2e44-7f21-4198-a77c-810c859eb7a2 None None] Loaded extension: empty-string-filtering
Jun 11 15:16:29.206023 np0000002639 devstack@neutron-api.service[90032]: DEBUG neutron.api.extensions [None req-6c5c2e44-7f21-4198-a77c-810c859eb7a2 None None] Loading extension file: evpn.py {{(pid=90032) _load_all_extensions_from_path /opt/stack/neutron/neutron/api/extensions.py:449}}
Jun 11 15:16:29.206453 np0000002639 devstack@neutron-api.service[90032]: DEBUG neutron.api.extensions [None req-6c5c2e44-7f21-4198-a77c-810c859eb7a2 None None] Ext name="EVPN" alias="evpn" description="Router extension to support EVPN Type-5 route advertisement" updated="2026-04-28T00:00:00-00:00" {{(pid=90032) _check_extension /opt/stack/neutron/neutron/api/extensions.py:415}}
Jun 11 15:16:29.206592 np0000002639 devstack@neutron-api.service[90032]: INFO neutron.api.extensions [None req-6c5c2e44-7f21-4198-a77c-810c859eb7a2 None None] Extension evpn not supported by any of loaded plugins
Jun 11 15:16:29.206666 np0000002639 devstack@neutron-api.service[90032]: DEBUG neutron.api.extensions [None req-6c5c2e44-7f21-4198-a77c-810c859eb7a2 None None] Loading extension file: expose_l3_conntrack_helper.py {{(pid=90032) _load_all_extensions_from_path /opt/stack/neutron/neutron/api/extensions.py:449}}
Jun 11 15:16:29.206956 np0000002639 devstack@neutron-api.service[90032]: DEBUG neutron.api.extensions [None req-6c5c2e44-7f21-4198-a77c-810c859eb7a2 None None] Ext name="Expose CT target rules for conntrack helper" alias="expose-l3-conntrack-helper" description="Expose allow adding CT target rules for conntrack helper" updated="2019-04-04T10:00:00-00:00" {{(pid=90032) _check_extension /opt/stack/neutron/neutron/api/extensions.py:415}}
Jun 11 15:16:29.207192 np0000002639 devstack@neutron-api.service[90032]: INFO neutron.api.extensions [None req-6c5c2e44-7f21-4198-a77c-810c859eb7a2 None None] Extension expose-l3-conntrack-helper not supported by any of loaded plugins
Jun 11 15:16:29.207296 np0000002639 devstack@neutron-api.service[90032]: DEBUG neutron.api.extensions [None req-6c5c2e44-7f21-4198-a77c-810c859eb7a2 None None] Loading extension file: expose_port_forwarding_in_fip.py {{(pid=90032) _load_all_extensions_from_path /opt/stack/neutron/neutron/api/extensions.py:449}}
Jun 11 15:16:29.207593 np0000002639 devstack@neutron-api.service[90032]: DEBUG neutron.api.extensions [None req-6c5c2e44-7f21-4198-a77c-810c859eb7a2 None None] Ext name="Expose Floating IP port forwardings" alias="expose-port-forwarding-in-fip" description="Expose port forwarding fields in floating IP response" updated="2018-06-28T16:00:00-00:00" {{(pid=90032) _check_extension /opt/stack/neutron/neutron/api/extensions.py:415}}
Jun 11 15:16:29.207792 np0000002639 devstack@neutron-api.service[90032]: INFO neutron.api.extensions [None req-6c5c2e44-7f21-4198-a77c-810c859eb7a2 None None] Extension expose-port-forwarding-in-fip not supported by any of loaded plugins
Jun 11 15:16:29.207912 np0000002639 devstack@neutron-api.service[90032]: DEBUG neutron.api.extensions [None req-6c5c2e44-7f21-4198-a77c-810c859eb7a2 None None] Loading extension file: external_net.py {{(pid=90032) _load_all_extensions_from_path /opt/stack/neutron/neutron/api/extensions.py:449}}
Jun 11 15:16:29.207952 np0000002639 devstack@neutron-api.service[90033]: DEBUG neutron.services.provider_configuration [None req-4f32ebda-05e1-4744-b1d3-df682e60b2f1 None None] Service providers = [] {{(pid=90033) parse_service_provider_opt /opt/stack/neutron/neutron/services/provider_configuration.py:170}}
Jun 11 15:16:29.208059 np0000002639 devstack@neutron-api.service[90033]: DEBUG neutron.db.servicetype_db [None req-4f32ebda-05e1-4744-b1d3-df682e60b2f1 None None] Adding provider configuration for service L3_ROUTER_NAT {{(pid=90033) add_provider_configuration /opt/stack/neutron/neutron/db/servicetype_db.py:45}}
Jun 11 15:16:29.208209 np0000002639 devstack@neutron-api.service[90032]: DEBUG neutron.api.extensions [None req-6c5c2e44-7f21-4198-a77c-810c859eb7a2 None None] Ext name="Neutron external network" alias="external-net" description="Adds external network attribute to network resource." updated="2013-01-14T10:00:00-00:00" {{(pid=90032) _check_extension /opt/stack/neutron/neutron/api/extensions.py:415}}
Jun 11 15:16:29.208433 np0000002639 devstack@neutron-api.service[90032]: INFO neutron.api.extensions [None req-6c5c2e44-7f21-4198-a77c-810c859eb7a2 None None] Loaded extension: external-net
Jun 11 15:16:29.208545 np0000002639 devstack@neutron-api.service[90032]: DEBUG neutron.api.extensions [None req-6c5c2e44-7f21-4198-a77c-810c859eb7a2 None None] Loading extension file: extra_dhcp_opt.py {{(pid=90032) _load_all_extensions_from_path /opt/stack/neutron/neutron/api/extensions.py:449}}
Jun 11 15:16:29.208839 np0000002639 devstack@neutron-api.service[90032]: DEBUG neutron.api.extensions [None req-6c5c2e44-7f21-4198-a77c-810c859eb7a2 None None] Ext name="Neutron Extra DHCP options" alias="extra_dhcp_opt" description="Extra options configuration for DHCP. For example PXE boot options to DHCP clients can be specified (e.g. tftp-server, server-ip-address, bootfile-name)" updated="2013-03-17T12:00:00-00:00" {{(pid=90032) _check_extension /opt/stack/neutron/neutron/api/extensions.py:415}}
Jun 11 15:16:29.209042 np0000002639 devstack@neutron-api.service[90032]: INFO neutron.api.extensions [None req-6c5c2e44-7f21-4198-a77c-810c859eb7a2 None None] Loaded extension: extra_dhcp_opt
Jun 11 15:16:29.209265 np0000002639 devstack@neutron-api.service[90032]: DEBUG neutron.api.extensions [None req-6c5c2e44-7f21-4198-a77c-810c859eb7a2 None None] Loading extension file: extraroute.py {{(pid=90032) _load_all_extensions_from_path /opt/stack/neutron/neutron/api/extensions.py:449}}
Jun 11 15:16:29.209491 np0000002639 devstack@neutron-api.service[90032]: DEBUG neutron.api.extensions [None req-6c5c2e44-7f21-4198-a77c-810c859eb7a2 None None] Ext name="Neutron Extra Route" alias="extraroute" description="Extra routes configuration for L3 router" updated="2013-02-01T10:00:00-00:00" {{(pid=90032) _check_extension /opt/stack/neutron/neutron/api/extensions.py:415}}
Jun 11 15:16:29.209697 np0000002639 devstack@neutron-api.service[90032]: INFO neutron.api.extensions [None req-6c5c2e44-7f21-4198-a77c-810c859eb7a2 None None] Loaded extension: extraroute
Jun 11 15:16:29.209836 np0000002639 devstack@neutron-api.service[90032]: DEBUG neutron.api.extensions [None req-6c5c2e44-7f21-4198-a77c-810c859eb7a2 None None] Loading extension file: extraroute_atomic.py {{(pid=90032) _load_all_extensions_from_path /opt/stack/neutron/neutron/api/extensions.py:449}}
Jun 11 15:16:29.210032 np0000002639 devstack@neutron-api.service[90033]: DEBUG neutron_lib.callbacks.manager [None req-4f32ebda-05e1-4744-b1d3-df682e60b2f1 None None] Subscribe: > router precommit_create 55549900, False {{(pid=90033) subscribe /opt/stack/data/venv/lib/python3.12/site-packages/neutron_lib/callbacks/manager.py:52}}
Jun 11 15:16:29.210154 np0000002639 devstack@neutron-api.service[90032]: DEBUG neutron.api.extensions [None req-6c5c2e44-7f21-4198-a77c-810c859eb7a2 None None] Ext name="Atomically add/remove extra routes" alias="extraroute-atomic" description="Edit extra routes of a router on server side by atomically adding/removing extra routes" updated="2019-07-10T00:00:00+00:00" {{(pid=90032) _check_extension /opt/stack/neutron/neutron/api/extensions.py:415}}
Jun 11 15:16:29.210223 np0000002639 devstack@neutron-api.service[90033]: DEBUG neutron_lib.callbacks.manager [None req-4f32ebda-05e1-4744-b1d3-df682e60b2f1 None None] Subscribe: > router_interface after_create 55550000, False {{(pid=90033) subscribe /opt/stack/data/venv/lib/python3.12/site-packages/neutron_lib/callbacks/manager.py:52}}
Jun 11 15:16:29.210321 np0000002639 devstack@neutron-api.service[90033]: DEBUG neutron_lib.callbacks.manager [None req-4f32ebda-05e1-4744-b1d3-df682e60b2f1 None None] Subscribe: > floatingip after_create 55550000, False {{(pid=90033) subscribe /opt/stack/data/venv/lib/python3.12/site-packages/neutron_lib/callbacks/manager.py:52}}
Jun 11 15:16:29.210370 np0000002639 devstack@neutron-api.service[90032]: INFO neutron.api.extensions [None req-6c5c2e44-7f21-4198-a77c-810c859eb7a2 None None] Loaded extension: extraroute-atomic
Jun 11 15:16:29.210418 np0000002639 devstack@neutron-api.service[90033]: DEBUG neutron_lib.callbacks.manager [None req-4f32ebda-05e1-4744-b1d3-df682e60b2f1 None None] Subscribe: > floatingip precommit_create 55550000, False {{(pid=90033) subscribe /opt/stack/data/venv/lib/python3.12/site-packages/neutron_lib/callbacks/manager.py:52}}
Jun 11 15:16:29.210553 np0000002639 devstack@neutron-api.service[90033]: DEBUG neutron_lib.callbacks.manager [None req-4f32ebda-05e1-4744-b1d3-df682e60b2f1 None None] Subscribe: > floatingip precommit_update 55550000, False {{(pid=90033) subscribe /opt/stack/data/venv/lib/python3.12/site-packages/neutron_lib/callbacks/manager.py:52}}
Jun 11 15:16:29.210601 np0000002639 devstack@neutron-api.service[90032]: DEBUG neutron.api.extensions [None req-6c5c2e44-7f21-4198-a77c-810c859eb7a2 None None] Loading extension file: filter_validation.py {{(pid=90032) _load_all_extensions_from_path /opt/stack/neutron/neutron/api/extensions.py:449}}
Jun 11 15:16:29.210648 np0000002639 devstack@neutron-api.service[90033]: DEBUG neutron_lib.callbacks.manager [None req-4f32ebda-05e1-4744-b1d3-df682e60b2f1 None None] Subscribe: > floatingip after_delete 55550000, False {{(pid=90033) subscribe /opt/stack/data/venv/lib/python3.12/site-packages/neutron_lib/callbacks/manager.py:52}}
Jun 11 15:16:29.210701 np0000002639 devstack@neutron-api.service[90033]: DEBUG neutron_lib.callbacks.manager [None req-4f32ebda-05e1-4744-b1d3-df682e60b2f1 None None] Subscribe: > floatingip after_status_update 55550000, False {{(pid=90033) subscribe /opt/stack/data/venv/lib/python3.12/site-packages/neutron_lib/callbacks/manager.py:52}}
Jun 11 15:16:29.210811 np0000002639 devstack@neutron-api.service[90033]: DEBUG neutron_lib.callbacks.manager [None req-4f32ebda-05e1-4744-b1d3-df682e60b2f1 None None] Subscribe: > floatingip after_update 55550000, False {{(pid=90033) subscribe /opt/stack/data/venv/lib/python3.12/site-packages/neutron_lib/callbacks/manager.py:52}}
Jun 11 15:16:29.210882 np0000002639 devstack@neutron-api.service[90032]: DEBUG neutron.api.extensions [None req-6c5c2e44-7f21-4198-a77c-810c859eb7a2 None None] Ext name="Filter parameters validation" alias="filter-validation" description="Provides validation on filter parameters." updated="2018-07-04T10:00:00-00:00" {{(pid=90032) _check_extension /opt/stack/neutron/neutron/api/extensions.py:415}}
Jun 11 15:16:29.210961 np0000002639 devstack@neutron-api.service[90033]: DEBUG neutron_lib.callbacks.manager [None req-4f32ebda-05e1-4744-b1d3-df682e60b2f1 None None] Subscribe: > port_forwarding after_create 55550000, False {{(pid=90033) subscribe /opt/stack/data/venv/lib/python3.12/site-packages/neutron_lib/callbacks/manager.py:52}}
Jun 11 15:16:29.211036 np0000002639 devstack@neutron-api.service[90032]: INFO neutron.api.extensions [None req-6c5c2e44-7f21-4198-a77c-810c859eb7a2 None None] Loaded extension: filter-validation
Jun 11 15:16:29.211102 np0000002639 devstack@neutron-api.service[90033]: DEBUG neutron_lib.callbacks.manager [None req-4f32ebda-05e1-4744-b1d3-df682e60b2f1 None None] Subscribe: > router_interface after_delete 55550000, False {{(pid=90033) subscribe /opt/stack/data/venv/lib/python3.12/site-packages/neutron_lib/callbacks/manager.py:52}}
Jun 11 15:16:29.211188 np0000002639 devstack@neutron-api.service[90032]: DEBUG neutron.api.extensions [None req-6c5c2e44-7f21-4198-a77c-810c859eb7a2 None None] Loading extension file: fip_pf_description.py {{(pid=90032) _load_all_extensions_from_path /opt/stack/neutron/neutron/api/extensions.py:449}}
Jun 11 15:16:29.211245 np0000002639 devstack@neutron-api.service[90033]: DEBUG neutron_lib.callbacks.manager [None req-4f32ebda-05e1-4744-b1d3-df682e60b2f1 None None] Subscribe: > router after_create 55550000, False {{(pid=90033) subscribe /opt/stack/data/venv/lib/python3.12/site-packages/neutron_lib/callbacks/manager.py:52}}
Jun 11 15:16:29.211450 np0000002639 devstack@neutron-api.service[90033]: DEBUG neutron_lib.callbacks.manager [None req-4f32ebda-05e1-4744-b1d3-df682e60b2f1 None None] Subscribe: > router precommit_create 55550000, False {{(pid=90033) subscribe /opt/stack/data/venv/lib/python3.12/site-packages/neutron_lib/callbacks/manager.py:52}}
Jun 11 15:16:29.211509 np0000002639 devstack@neutron-api.service[90032]: DEBUG neutron.api.extensions [None req-6c5c2e44-7f21-4198-a77c-810c859eb7a2 None None] Ext name="Floating IP Port Forwarding new attribute description" alias="floating-ip-port-forwarding-description" description="Add a description field to Port Forwarding rules" updated="2019-11-01T10:00:00-00:00" {{(pid=90032) _check_extension /opt/stack/neutron/neutron/api/extensions.py:415}}
Jun 11 15:16:29.211558 np0000002639 devstack@neutron-api.service[90033]: DEBUG neutron_lib.callbacks.manager [None req-4f32ebda-05e1-4744-b1d3-df682e60b2f1 None None] Subscribe: > router after_delete 55550000, False {{(pid=90033) subscribe /opt/stack/data/venv/lib/python3.12/site-packages/neutron_lib/callbacks/manager.py:52}}
Jun 11 15:16:29.211642 np0000002639 devstack@neutron-api.service[90033]: DEBUG neutron_lib.callbacks.manager [None req-4f32ebda-05e1-4744-b1d3-df682e60b2f1 None None] Subscribe: > router after_update 55550000, False {{(pid=90033) subscribe /opt/stack/data/venv/lib/python3.12/site-packages/neutron_lib/callbacks/manager.py:52}}
Jun 11 15:16:29.211686 np0000002639 devstack@neutron-api.service[90032]: INFO neutron.api.extensions [None req-6c5c2e44-7f21-4198-a77c-810c859eb7a2 None None] Extension floating-ip-port-forwarding-description not supported by any of loaded plugins
Jun 11 15:16:29.211759 np0000002639 devstack@neutron-api.service[90032]: DEBUG neutron.api.extensions [None req-6c5c2e44-7f21-4198-a77c-810c859eb7a2 None None] Loading extension file: fip_pf_detail.py {{(pid=90032) _load_all_extensions_from_path /opt/stack/neutron/neutron/api/extensions.py:449}}
Jun 11 15:16:29.211839 np0000002639 devstack@neutron-api.service[90033]: DEBUG neutron.services.service_base [None req-4f32ebda-05e1-4744-b1d3-df682e60b2f1 None None] Loaded 'neutron.services.ovn_l3.service_providers.ovn.OvnDriver' provider for service L3_ROUTER_NAT {{(pid=90033) load_drivers /opt/stack/neutron/neutron/services/service_base.py:49}}
Jun 11 15:16:29.211962 np0000002639 devstack@neutron-api.service[90033]: DEBUG neutron_lib.callbacks.manager [None req-4f32ebda-05e1-4744-b1d3-df682e60b2f1 None None] Subscribe: > process after_init 55550001, True {{(pid=90033) subscribe /opt/stack/data/venv/lib/python3.12/site-packages/neutron_lib/callbacks/manager.py:52}}
Jun 11 15:16:29.212045 np0000002639 devstack@neutron-api.service[90032]: DEBUG neutron.api.extensions [None req-6c5c2e44-7f21-4198-a77c-810c859eb7a2 None None] Ext name="Floating IP port forwarding detail" alias="floating-ip-port-forwarding-detail" description="Allow list floating ip return more port forwarding data, include'id' and 'internal_port_id'" updated="2022-05-06T10:00:00-00:00" {{(pid=90032) _check_extension /opt/stack/neutron/neutron/api/extensions.py:415}}
Jun 11 15:16:29.212190 np0000002639 devstack@neutron-api.service[90033]: DEBUG neutron.manager [None req-4f32ebda-05e1-4744-b1d3-df682e60b2f1 None None] Successfully loaded L3_ROUTER_NAT plugin. Description: L3 Router Service Plugin for basic L3 forwarding using OVN {{(pid=90033) _create_and_add_service_plugin /opt/stack/neutron/neutron/manager.py:239}}
Jun 11 15:16:29.212280 np0000002639 devstack@neutron-api.service[90032]: INFO neutron.api.extensions [None req-6c5c2e44-7f21-4198-a77c-810c859eb7a2 None None] Loaded extension: floating-ip-port-forwarding-detail
Jun 11 15:16:29.212327 np0000002639 devstack@neutron-api.service[90033]: INFO neutron.manager [None req-4f32ebda-05e1-4744-b1d3-df682e60b2f1 None None] Loading Plugin: auto_allocate
Jun 11 15:16:29.212409 np0000002639 devstack@neutron-api.service[90032]: DEBUG neutron.api.extensions [None req-6c5c2e44-7f21-4198-a77c-810c859eb7a2 None None] Loading extension file: fip_pf_port_range.py {{(pid=90032) _load_all_extensions_from_path /opt/stack/neutron/neutron/api/extensions.py:449}}
Jun 11 15:16:29.212674 np0000002639 devstack@neutron-api.service[90032]: DEBUG neutron.api.extensions [None req-6c5c2e44-7f21-4198-a77c-810c859eb7a2 None None] Ext name="Floating IP Port Forwarding support port ranges" alias="floating-ip-port-forwarding-port-ranges" description="Add support to port ranges" updated="2020-07-01T10:00:00-00:00" {{(pid=90032) _check_extension /opt/stack/neutron/neutron/api/extensions.py:415}}
Jun 11 15:16:29.212882 np0000002639 devstack@neutron-api.service[90032]: INFO neutron.api.extensions [None req-6c5c2e44-7f21-4198-a77c-810c859eb7a2 None None] Extension floating-ip-port-forwarding-port-ranges not supported by any of loaded plugins
Jun 11 15:16:29.212993 np0000002639 devstack@neutron-api.service[90032]: DEBUG neutron.api.extensions [None req-6c5c2e44-7f21-4198-a77c-810c859eb7a2 None None] Loading extension file: fip_port_details.py {{(pid=90032) _load_all_extensions_from_path /opt/stack/neutron/neutron/api/extensions.py:449}}
Jun 11 15:16:29.213340 np0000002639 devstack@neutron-api.service[90032]: DEBUG neutron.api.extensions [None req-6c5c2e44-7f21-4198-a77c-810c859eb7a2 None None] Ext name="Floating IP Port Details Extension" alias="fip-port-details" description="Add port_details attribute to Floating IP resource" updated="2018-04-09T10:00:00-00:00" {{(pid=90032) _check_extension /opt/stack/neutron/neutron/api/extensions.py:415}}
Jun 11 15:16:29.213560 np0000002639 devstack@neutron-api.service[90032]: INFO neutron.api.extensions [None req-6c5c2e44-7f21-4198-a77c-810c859eb7a2 None None] Loaded extension: fip-port-details
Jun 11 15:16:29.213631 np0000002639 devstack@neutron-api.service[90032]: DEBUG neutron.api.extensions [None req-6c5c2e44-7f21-4198-a77c-810c859eb7a2 None None] Loading extension file: flavors.py {{(pid=90032) _load_all_extensions_from_path /opt/stack/neutron/neutron/api/extensions.py:449}}
Jun 11 15:16:29.213788 np0000002639 devstack@neutron-api.service[90033]: DEBUG neutron_lib.callbacks.manager [None req-4f32ebda-05e1-4744-b1d3-df682e60b2f1 None None] Subscribe: network precommit_update 55550000, False {{(pid=90033) subscribe /opt/stack/data/venv/lib/python3.12/site-packages/neutron_lib/callbacks/manager.py:52}}
Jun 11 15:16:29.213906 np0000002639 devstack@neutron-api.service[90033]: DEBUG neutron_lib.callbacks.manager [None req-4f32ebda-05e1-4744-b1d3-df682e60b2f1 None None] Subscribe: network precommit_create 55550000, False {{(pid=90033) subscribe /opt/stack/data/venv/lib/python3.12/site-packages/neutron_lib/callbacks/manager.py:52}}
Jun 11 15:16:29.214015 np0000002639 devstack@neutron-api.service[90032]: DEBUG neutron.api.extensions [None req-6c5c2e44-7f21-4198-a77c-810c859eb7a2 None None] Ext name="Neutron Service Flavors" alias="flavors" description="Flavor specification for Neutron advanced services." updated="2015-09-17T10:00:00-00:00" {{(pid=90032) _check_extension /opt/stack/neutron/neutron/api/extensions.py:415}}
Jun 11 15:16:29.214193 np0000002639 devstack@neutron-api.service[90032]: INFO neutron.api.extensions [None req-6c5c2e44-7f21-4198-a77c-810c859eb7a2 None None] Loaded extension: flavors
Jun 11 15:16:29.214325 np0000002639 devstack@neutron-api.service[90033]: DEBUG neutron.manager [None req-4f32ebda-05e1-4744-b1d3-df682e60b2f1 None None] Successfully loaded auto-allocated-topology plugin. Description: Auto Allocated Topology - aka get me a network. {{(pid=90033) _create_and_add_service_plugin /opt/stack/neutron/neutron/manager.py:239}}
Jun 11 15:16:29.214506 np0000002639 devstack@neutron-api.service[90032]: DEBUG neutron.api.extensions [None req-6c5c2e44-7f21-4198-a77c-810c859eb7a2 None None] Loading extension file: floating_ip_port_forwarding.py {{(pid=90032) _load_all_extensions_from_path /opt/stack/neutron/neutron/api/extensions.py:449}}
Jun 11 15:16:29.214699 np0000002639 devstack@neutron-api.service[90033]: INFO neutron.manager [None req-4f32ebda-05e1-4744-b1d3-df682e60b2f1 None None] Loading Plugin: tag
Jun 11 15:16:29.214757 np0000002639 devstack@neutron-api.service[90032]: DEBUG neutron.api.extensions [None req-6c5c2e44-7f21-4198-a77c-810c859eb7a2 None None] Ext name="Floating IP Port Forwarding" alias="floating-ip-port-forwarding" description="Allow port forwarding from floating IP port to an internal port" updated="2018-01-19T10:00:00-00:00" {{(pid=90032) _check_extension /opt/stack/neutron/neutron/api/extensions.py:415}}
Jun 11 15:16:29.214932 np0000002639 devstack@neutron-api.service[90032]: INFO neutron.api.extensions [None req-6c5c2e44-7f21-4198-a77c-810c859eb7a2 None None] Extension floating-ip-port-forwarding not supported by any of loaded plugins
Jun 11 15:16:29.215046 np0000002639 devstack@neutron-api.service[90032]: DEBUG neutron.api.extensions [None req-6c5c2e44-7f21-4198-a77c-810c859eb7a2 None None] Loading extension file: floatingip_pools.py {{(pid=90032) _load_all_extensions_from_path /opt/stack/neutron/neutron/api/extensions.py:449}}
Jun 11 15:16:29.215425 np0000002639 devstack@neutron-api.service[90032]: DEBUG neutron.api.extensions [None req-6c5c2e44-7f21-4198-a77c-810c859eb7a2 None None] Ext name="Floating IP Pools Extension" alias="floatingip-pools" description="Provides a floating IP pools API." updated="2018-03-21T10:00:00-00:00" {{(pid=90032) _check_extension /opt/stack/neutron/neutron/api/extensions.py:415}}
Jun 11 15:16:29.215645 np0000002639 devstack@neutron-api.service[90032]: INFO neutron.api.extensions [None req-6c5c2e44-7f21-4198-a77c-810c859eb7a2 None None] Loaded extension: floatingip-pools
Jun 11 15:16:29.215740 np0000002639 devstack@neutron-api.service[90032]: DEBUG neutron.api.extensions [None req-6c5c2e44-7f21-4198-a77c-810c859eb7a2 None None] Loading extension file: ip_allocation.py {{(pid=90032) _load_all_extensions_from_path /opt/stack/neutron/neutron/api/extensions.py:449}}
Jun 11 15:16:29.216041 np0000002639 devstack@neutron-api.service[90032]: DEBUG neutron.api.extensions [None req-6c5c2e44-7f21-4198-a77c-810c859eb7a2 None None] Ext name="IP Allocation" alias="ip_allocation" description="IP allocation extension." updated="2016-06-10T23:00:00-00:00" {{(pid=90032) _check_extension /opt/stack/neutron/neutron/api/extensions.py:415}}
Jun 11 15:16:29.216281 np0000002639 devstack@neutron-api.service[90032]: INFO neutron.api.extensions [None req-6c5c2e44-7f21-4198-a77c-810c859eb7a2 None None] Extension ip_allocation not supported by any of loaded plugins
Jun 11 15:16:29.216832 np0000002639 devstack@neutron-api.service[90032]: DEBUG neutron.api.extensions [None req-6c5c2e44-7f21-4198-a77c-810c859eb7a2 None None] Loading extension file: ip_substring_port_filtering.py {{(pid=90032) _load_all_extensions_from_path /opt/stack/neutron/neutron/api/extensions.py:449}}
Jun 11 15:16:29.216832 np0000002639 devstack@neutron-api.service[90032]: DEBUG neutron.api.extensions [None req-6c5c2e44-7f21-4198-a77c-810c859eb7a2 None None] Ext name="IP address substring filtering" alias="ip-substring-filtering" description="Provides IP address substring filtering when listing ports" updated="2017-11-28T09:00:00-00:00" {{(pid=90032) _check_extension /opt/stack/neutron/neutron/api/extensions.py:415}}
Jun 11 15:16:29.217272 np0000002639 devstack@neutron-api.service[90032]: INFO neutron.api.extensions [None req-6c5c2e44-7f21-4198-a77c-810c859eb7a2 None None] Extension ip-substring-filtering not supported by any of loaded plugins
Jun 11 15:16:29.217272 np0000002639 devstack@neutron-api.service[90032]: DEBUG neutron.api.extensions [None req-6c5c2e44-7f21-4198-a77c-810c859eb7a2 None None] Loading extension file: l2_adjacency.py {{(pid=90032) _load_all_extensions_from_path /opt/stack/neutron/neutron/api/extensions.py:449}}
Jun 11 15:16:29.217671 np0000002639 devstack@neutron-api.service[90032]: DEBUG neutron.api.extensions [None req-6c5c2e44-7f21-4198-a77c-810c859eb7a2 None None] Ext name="L2 Adjacency" alias="l2_adjacency" description="Display L2 Adjacency for Neutron Networks." updated="2016-04-12T16:00:00-00:00" {{(pid=90032) _check_extension /opt/stack/neutron/neutron/api/extensions.py:415}}
Jun 11 15:16:29.217671 np0000002639 devstack@neutron-api.service[90032]: INFO neutron.api.extensions [None req-6c5c2e44-7f21-4198-a77c-810c859eb7a2 None None] Extension l2_adjacency not supported by any of loaded plugins
Jun 11 15:16:29.217671 np0000002639 devstack@neutron-api.service[90032]: DEBUG neutron.api.extensions [None req-6c5c2e44-7f21-4198-a77c-810c859eb7a2 None None] Loading extension file: l3.py {{(pid=90032) _load_all_extensions_from_path /opt/stack/neutron/neutron/api/extensions.py:449}}
Jun 11 15:16:29.218402 np0000002639 devstack@neutron-api.service[90032]: DEBUG neutron.api.extensions [None req-6c5c2e44-7f21-4198-a77c-810c859eb7a2 None None] Ext name="Neutron L3 Router" alias="router" description="Router abstraction for basic L3 forwarding between L2 Neutron networks and access to external networks via a NAT gateway." updated="2012-07-20T10:00:00-00:00" {{(pid=90032) _check_extension /opt/stack/neutron/neutron/api/extensions.py:415}}
Jun 11 15:16:29.218564 np0000002639 devstack@neutron-api.service[90033]: DEBUG neutron.manager [None req-4f32ebda-05e1-4744-b1d3-df682e60b2f1 None None] Successfully loaded TAG plugin. Description: Tag support {{(pid=90033) _create_and_add_service_plugin /opt/stack/neutron/neutron/manager.py:239}}
Jun 11 15:16:29.218564 np0000002639 devstack@neutron-api.service[90033]: INFO neutron.manager [None req-4f32ebda-05e1-4744-b1d3-df682e60b2f1 None None] Loading Plugin: timestamp
Jun 11 15:16:29.218831 np0000002639 devstack@neutron-api.service[90032]: INFO neutron.api.extensions [None req-6c5c2e44-7f21-4198-a77c-810c859eb7a2 None None] Loaded extension: router
Jun 11 15:16:29.218831 np0000002639 devstack@neutron-api.service[90032]: DEBUG neutron.api.extensions [None req-6c5c2e44-7f21-4198-a77c-810c859eb7a2 None None] Loading extension file: l3_agent_scheduler_ha_chassis_priority.py {{(pid=90032) _load_all_extensions_from_path /opt/stack/neutron/neutron/api/extensions.py:449}}
Jun 11 15:16:29.219001 np0000002639 devstack@neutron-api.service[90032]: DEBUG neutron.api.extensions [None req-6c5c2e44-7f21-4198-a77c-810c859eb7a2 None None] Ext name="L3 Agent Scheduler HA Chassis Priority" alias="l3-agent-scheduler-ha-chassis-priority" description="Exposes the HA_Chassis priority in the L3 Agent Scheduler API responses and allows setting priority when scheduling a router to a chassis." updated="2026-03-31T00:00:00-00:00" {{(pid=90032) _check_extension /opt/stack/neutron/neutron/api/extensions.py:415}}
Jun 11 15:16:29.219197 np0000002639 devstack@neutron-api.service[90032]: INFO neutron.api.extensions [None req-6c5c2e44-7f21-4198-a77c-810c859eb7a2 None None] Loaded extension: l3-agent-scheduler-ha-chassis-priority
Jun 11 15:16:29.219197 np0000002639 devstack@neutron-api.service[90032]: DEBUG neutron.api.extensions [None req-6c5c2e44-7f21-4198-a77c-810c859eb7a2 None None] Loading extension file: l3_conntrack_helper.py {{(pid=90032) _load_all_extensions_from_path /opt/stack/neutron/neutron/api/extensions.py:449}}
Jun 11 15:16:29.220165 np0000002639 devstack@neutron-api.service[90032]: DEBUG neutron.api.extensions [None req-6c5c2e44-7f21-4198-a77c-810c859eb7a2 None None] Ext name="L3 Conntrack helper" alias="l3-conntrack-helper" description="Allow adding CT target rules for conntrack helper" updated="2019-04-04T10:00:00-00:00" {{(pid=90032) _check_extension /opt/stack/neutron/neutron/api/extensions.py:415}}
Jun 11 15:16:29.220478 np0000002639 devstack@neutron-api.service[90033]: DEBUG neutron.manager [None req-4f32ebda-05e1-4744-b1d3-df682e60b2f1 None None] Successfully loaded timestamp plugin. Description: Adds timestamps to Neutron resources with standard attributes {{(pid=90033) _create_and_add_service_plugin /opt/stack/neutron/neutron/manager.py:239}}
Jun 11 15:16:29.220679 np0000002639 devstack@neutron-api.service[90032]: INFO neutron.api.extensions [None req-6c5c2e44-7f21-4198-a77c-810c859eb7a2 None None] Extension l3-conntrack-helper not supported by any of loaded plugins
Jun 11 15:16:29.220679 np0000002639 devstack@neutron-api.service[90032]: DEBUG neutron.api.extensions [None req-6c5c2e44-7f21-4198-a77c-810c859eb7a2 None None] Loading extension file: l3_enable_default_route_bfd.py {{(pid=90032) _load_all_extensions_from_path /opt/stack/neutron/neutron/api/extensions.py:449}}
Jun 11 15:16:29.220922 np0000002639 devstack@neutron-api.service[90033]: INFO neutron.manager [None req-4f32ebda-05e1-4744-b1d3-df682e60b2f1 None None] Loading Plugin: network_ip_availability
Jun 11 15:16:29.221067 np0000002639 devstack@neutron-api.service[90032]: DEBUG neutron.api.extensions [None req-6c5c2e44-7f21-4198-a77c-810c859eb7a2 None None] Ext name="Enable Default Route BFD" alias="enable-default-route-bfd" description="Enables configurable BFD behavior for default routes" updated="2023-02-27T00:00:00-00:00" {{(pid=90032) _check_extension /opt/stack/neutron/neutron/api/extensions.py:415}}
Jun 11 15:16:29.221067 np0000002639 devstack@neutron-api.service[90032]: INFO neutron.api.extensions [None req-6c5c2e44-7f21-4198-a77c-810c859eb7a2 None None] Loaded extension: enable-default-route-bfd
Jun 11 15:16:29.221067 np0000002639 devstack@neutron-api.service[90032]: DEBUG neutron.api.extensions [None req-6c5c2e44-7f21-4198-a77c-810c859eb7a2 None None] Loading extension file: l3_enable_default_route_ecmp.py {{(pid=90032) _load_all_extensions_from_path /opt/stack/neutron/neutron/api/extensions.py:449}}
Jun 11 15:16:29.221482 np0000002639 devstack@neutron-api.service[90032]: DEBUG neutron.api.extensions [None req-6c5c2e44-7f21-4198-a77c-810c859eb7a2 None None] Ext name="Enable Default Route ECMP" alias="enable-default-route-ecmp" description="Enables configurable ECMP behavior for default routes" updated="2023-02-27T00:00:00-00:00" {{(pid=90032) _check_extension /opt/stack/neutron/neutron/api/extensions.py:415}}
Jun 11 15:16:29.221604 np0000002639 devstack@neutron-api.service[90032]: INFO neutron.api.extensions [None req-6c5c2e44-7f21-4198-a77c-810c859eb7a2 None None] Loaded extension: enable-default-route-ecmp
Jun 11 15:16:29.221700 np0000002639 devstack@neutron-api.service[90032]: DEBUG neutron.api.extensions [None req-6c5c2e44-7f21-4198-a77c-810c859eb7a2 None None] Loading extension file: l3_ext_gw_mode.py {{(pid=90032) _load_all_extensions_from_path /opt/stack/neutron/neutron/api/extensions.py:449}}
Jun 11 15:16:29.222188 np0000002639 devstack@neutron-api.service[90032]: DEBUG neutron.api.extensions [None req-6c5c2e44-7f21-4198-a77c-810c859eb7a2 None None] Ext name="Neutron L3 Configurable external gateway mode" alias="ext-gw-mode" description="Extension of the router abstraction for specifying whether SNAT should occur on the external gateway" updated="2013-03-28T10:00:00-00:00" {{(pid=90032) _check_extension /opt/stack/neutron/neutron/api/extensions.py:415}}
