Jun 19 18:50:17.020781 np0000003305 devstack@neutron-api.service[89916]: DEBUG neutron_lib.callbacks.manager [None req-9cc7550e-8956-4da9-b890-4b8b2fbba180 admin admin] Unsubscribe: segment precommit_create {{(pid=89916) unsubscribe /opt/stack/data/venv/lib/python3.12/site-packages/neutron_lib/callbacks/manager.py:90}}
Jun 19 18:50:17.020960 np0000003305 devstack@neutron-api.service[89916]: INFO neutron.db.segments_db [None req-9cc7550e-8956-4da9-b890-4b8b2fbba180 admin admin] Added segment c82f417d-bdbf-4777-b9bd-5bb920c026e2 of type flat for network 86b92cea-514b-4b4f-b670-faaae9b1b77d
Jun 19 18:50:17.062672 np0000003305 devstack@neutron-api.service[89916]: DEBUG neutron_lib.callbacks.manager [None req-9cc7550e-8956-4da9-b890-4b8b2fbba180 admin admin] Publish callbacks ['neutron.services.auto_allocate.db._ensure_external_network_default_value_callback-7776610528146'] for network (86b92cea-514b-4b4f-b670-faaae9b1b77d), precommit_create {{(pid=89916) _notify_loop /opt/stack/data/venv/lib/python3.12/site-packages/neutron_lib/callbacks/manager.py:184}}
Jun 19 18:50:17.082785 np0000003305 devstack@neutron-api.service[89916]: DEBUG neutron.plugins.ml2.drivers.ovn.mech_driver.mech_driver [None req-9cc7550e-8956-4da9-b890-4b8b2fbba180 admin admin] Validating network segment with type flat, segmentation ID None, physical network public {{(pid=89916) _validate_network_segments /opt/stack/neutron/neutron/plugins/ml2/drivers/ovn/mech_driver/mech_driver.py:646}}
Jun 19 18:50:17.082951 np0000003305 devstack@neutron-api.service[89916]: DEBUG neutron.db.ovn_revision_numbers_db [None req-9cc7550e-8956-4da9-b890-4b8b2fbba180 admin admin] create_initial_revision uuid=86b92cea-514b-4b4f-b670-faaae9b1b77d, type=networks, rev=-1 {{(pid=89916) create_initial_revision /opt/stack/neutron/neutron/db/ovn_revision_numbers_db.py:98}}
Jun 19 18:50:17.100231 np0000003305 devstack@neutron-api.service[89916]: DEBUG neutron_lib.callbacks.manager [None req-9cc7550e-8956-4da9-b890-4b8b2fbba180 admin admin] Publish callbacks ['neutron.plugins.ml2.ovo_rpc._ObjectChangeHandler.handle_event-3926117'] for network (86b92cea-514b-4b4f-b670-faaae9b1b77d), after_create {{(pid=89916) _notify_loop /opt/stack/data/venv/lib/python3.12/site-packages/neutron_lib/callbacks/manager.py:184}}
Jun 19 18:50:17.160925 np0000003305 devstack@neutron-api.service[89916]: DEBUG neutron.api.rpc.handlers.resources_rpc [None req-9cc7550e-8956-4da9-b890-4b8b2fbba180 admin admin] Pushing event updated for resources: {'Network': ['ID=86b92cea-514b-4b4f-b670-faaae9b1b77d,revision_number=1']} {{(pid=89916) push /opt/stack/neutron/neutron/api/rpc/handlers/resources_rpc.py:237}}
Jun 19 18:50:17.166452 np0000003305 devstack@neutron-api.service[89916]: DEBUG neutron.api.rpc.callbacks.version_manager [None req-9cc7550e-8956-4da9-b890-4b8b2fbba180 admin admin] Tracked resource versions report:
Jun 19 18:50:17.166452 np0000003305 devstack@neutron-api.service[89916]: pushed versions:
Jun 19 18:50:17.166452 np0000003305 devstack@neutron-api.service[89916]: { 'AddressGroup': {'1.2'},
Jun 19 18:50:17.166452 np0000003305 devstack@neutron-api.service[89916]: 'Agent': {'1.1'},
Jun 19 18:50:17.166452 np0000003305 devstack@neutron-api.service[89916]: 'ConntrackHelper': {'1.0'},
Jun 19 18:50:17.166452 np0000003305 devstack@neutron-api.service[89916]: 'LocalIPAssociation': {'1.0'},
Jun 19 18:50:17.166452 np0000003305 devstack@neutron-api.service[89916]: 'Log': {'1.0'},
Jun 19 18:50:17.166452 np0000003305 devstack@neutron-api.service[89916]: 'NDPProxy': {'1.0'},
Jun 19 18:50:17.166452 np0000003305 devstack@neutron-api.service[89916]: 'Network': {'1.3'},
Jun 19 18:50:17.166452 np0000003305 devstack@neutron-api.service[89916]: 'Port': {'1.11'},
Jun 19 18:50:17.166452 np0000003305 devstack@neutron-api.service[89916]: 'PortForwarding': {'1.3'},
Jun 19 18:50:17.166452 np0000003305 devstack@neutron-api.service[89916]: 'QosPolicy': {'1.10'},
Jun 19 18:50:17.166452 np0000003305 devstack@neutron-api.service[89916]: 'SecurityGroup': {'1.6'},
Jun 19 18:50:17.166452 np0000003305 devstack@neutron-api.service[89916]: 'SecurityGroupRule': {'1.3'},
Jun 19 18:50:17.166452 np0000003305 devstack@neutron-api.service[89916]: 'SubPort': {'1.0'},
Jun 19 18:50:17.166452 np0000003305 devstack@neutron-api.service[89916]: 'Subnet': {'1.2'},
Jun 19 18:50:17.166452 np0000003305 devstack@neutron-api.service[89916]: 'Trunk': {'1.1'}}
Jun 19 18:50:17.166452 np0000003305 devstack@neutron-api.service[89916]: consumer versions:
Jun 19 18:50:17.166452 np0000003305 devstack@neutron-api.service[89916]: { OVN Neutron agent@np0000003305: {},
Jun 19 18:50:17.166452 np0000003305 devstack@neutron-api.service[89916]: OVN Controller Gateway agent@np0000003305: {}}
Jun 19 18:50:17.166452 np0000003305 devstack@neutron-api.service[89916]: {{(pid=89916) report /opt/stack/neutron/neutron/api/rpc/callbacks/version_manager.py:183}}
Jun 19 18:50:17.372375 np0000003305 devstack@neutron-api.service[89916]: DEBUG ovsdbapp.backend.ovs_idl.transaction [-] Running txn n=1 command(idx=0): AddNetworkCommand(_result=None, network_uuid=86b92cea-514b-4b4f-b670-faaae9b1b77d, may_exist=True, columns={'external_ids': {'neutron:network_name': 'public', 'neutron:mtu': '1430', 'neutron:revision_number': '1', 'neutron:availability_zone_hints': '', 'neutron:provnet-network-type': 'flat', 'neutron:provnet-physical-network': 'public'}, 'other_config': {'mcast_snoop': 'false', 'mcast_flood_unregistered': 'false', 'vlan-passthru': 'false', 'fdb_age_threshold': '300', 'broadcast-arps-to-all-routers': 'true'}}) {{(pid=89916) do_commit /opt/stack/data/venv/lib/python3.12/site-packages/ovsdbapp/backend/ovs_idl/transaction.py:89}}
Jun 19 18:50:17.372836 np0000003305 devstack@neutron-api.service[89916]: DEBUG neutron.common.ovn.utils [-] OVS persist_uuid supported=True {{(pid=89916) ovs_persist_uuid_supported /opt/stack/neutron/neutron/common/ovn/utils.py:1544}}
Jun 19 18:50:17.373267 np0000003305 devstack@neutron-api.service[89916]: DEBUG ovsdbapp.backend.ovs_idl.transaction [-] Running txn n=1 command(idx=1): AddLSwitchPortCommand(_result=None, lport=provnet-c82f417d-bdbf-4777-b9bd-5bb920c026e2, lswitch=neutron-86b92cea-514b-4b4f-b670-faaae9b1b77d, may_exist=True, network_uuid=86b92cea-514b-4b4f-b670-faaae9b1b77d, columns={'addresses': ['unknown'], 'external_ids': {'neutron:provnet-physical-network': 'public'}, 'type': 'localnet', 'tag_request': [], 'options': {'network_name': 'public', 'mcast_flood_reports': 'true', 'mcast_flood': 'false', 'localnet_learn_fdb': 'false'}}) {{(pid=89916) do_commit /opt/stack/data/venv/lib/python3.12/site-packages/ovsdbapp/backend/ovs_idl/transaction.py:89}}
Jun 19 18:50:17.376650 np0000003305 devstack@neutron-api.service[89916]: DEBUG neutron.plugins.ml2.drivers.ovn.mech_driver.ovsdb.ovsdb_monitor [-] Hash Ring: Node 2d56b6edd5a05d619fc49c58d0bc0e82 (host: np0000003305) handling event "create" for row 014cf015-1fe1-42c5-a1a5-0022f2c2c5e2 (table: Logical_Switch_Port) {{(pid=89916) notify /opt/stack/neutron/neutron/plugins/ml2/drivers/ovn/mech_driver/ovsdb/ovsdb_monitor.py:1015}}
Jun 19 18:50:17.377133 np0000003305 devstack@neutron-api.service[89915]: DEBUG neutron.plugins.ml2.drivers.ovn.mech_driver.ovsdb.ovsdb_monitor [-] Hash Ring: Node 9192b48ce16558bf9a2a758e43a69fe1 (host: np0000003305) handling event "create" for row 86b92cea-514b-4b4f-b670-faaae9b1b77d (table: Logical_Switch) {{(pid=89915) notify /opt/stack/neutron/neutron/plugins/ml2/drivers/ovn/mech_driver/ovsdb/ovsdb_monitor.py:1015}}
Jun 19 18:50:17.377133 np0000003305 devstack@neutron-api.service[89915]: DEBUG neutron.plugins.ml2.drivers.ovn.mech_driver.ovsdb.ovsdb_monitor [-] Hash Ring: Node 9192b48ce16558bf9a2a758e43a69fe1 (host: np0000003305) handling event "create" for row 014cf015-1fe1-42c5-a1a5-0022f2c2c5e2 (table: Logical_Switch_Port) {{(pid=89915) notify /opt/stack/neutron/neutron/plugins/ml2/drivers/ovn/mech_driver/ovsdb/ovsdb_monitor.py:1015}}
Jun 19 18:50:17.378013 np0000003305 devstack@neutron-api.service[89915]: DEBUG neutron.plugins.ml2.drivers.ovn.mech_driver.ovsdb.ovsdb_monitor [-] Hash Ring: Node 9192b48ce16558bf9a2a758e43a69fe1 (host: np0000003305) handling event "update" for row 014cf015-1fe1-42c5-a1a5-0022f2c2c5e2 (table: Logical_Switch_Port) {{(pid=89915) notify /opt/stack/neutron/neutron/plugins/ml2/drivers/ovn/mech_driver/ovsdb/ovsdb_monitor.py:1015}}
Jun 19 18:50:17.378126 np0000003305 devstack@neutron-api.service[89917]: DEBUG neutron.plugins.ml2.drivers.ovn.mech_driver.ovsdb.ovsdb_monitor [-] Hash Ring: Node 46c3e14f1aaf5678ae231b54d4e30e5e (host: np0000003305) handling event "create" for row 86b92cea-514b-4b4f-b670-faaae9b1b77d (table: Logical_Switch) {{(pid=89917) notify /opt/stack/neutron/neutron/plugins/ml2/drivers/ovn/mech_driver/ovsdb/ovsdb_monitor.py:1015}}
Jun 19 18:50:17.379144 np0000003305 devstack@neutron-api.service[89916]: DEBUG neutron.plugins.ml2.drivers.ovn.mech_driver.ovsdb.ovsdb_monitor [-] Hash Ring: Node 2d56b6edd5a05d619fc49c58d0bc0e82 (host: np0000003305) handling event "update" for row 014cf015-1fe1-42c5-a1a5-0022f2c2c5e2 (table: Logical_Switch_Port) {{(pid=89916) notify /opt/stack/neutron/neutron/plugins/ml2/drivers/ovn/mech_driver/ovsdb/ovsdb_monitor.py:1015}}
Jun 19 18:50:17.383744 np0000003305 devstack@neutron-api.service[89917]: DEBUG neutron.plugins.ml2.drivers.ovn.mech_driver.ovsdb.ovsdb_monitor [-] Hash Ring: Node 46c3e14f1aaf5678ae231b54d4e30e5e (host: np0000003305) handling event "create" for row 09b93222-54d3-4d4f-a405-4ec201ef240a (table: Port_Binding) {{(pid=89917) notify /opt/stack/neutron/neutron/plugins/ml2/drivers/ovn/mech_driver/ovsdb/ovsdb_monitor.py:1015}}
Jun 19 18:50:17.384786 np0000003305 devstack@neutron-api.service[89915]: DEBUG neutron.plugins.ml2.drivers.ovn.mech_driver.ovsdb.ovsdb_monitor [-] Hash Ring: Node 9192b48ce16558bf9a2a758e43a69fe1 (host: np0000003305) handling event "create" for row bfcd9ed3-6973-496c-be3b-8bb940e2869d (table: Datapath_Binding) {{(pid=89915) notify /opt/stack/neutron/neutron/plugins/ml2/drivers/ovn/mech_driver/ovsdb/ovsdb_monitor.py:1015}}
Jun 19 18:50:17.385377 np0000003305 devstack@neutron-api.service[89915]: DEBUG neutron.plugins.ml2.drivers.ovn.mech_driver.ovsdb.ovsdb_monitor [-] Hash Ring: Node 9192b48ce16558bf9a2a758e43a69fe1 (host: np0000003305) handling event "create" for row 09b93222-54d3-4d4f-a405-4ec201ef240a (table: Port_Binding) {{(pid=89915) notify /opt/stack/neutron/neutron/plugins/ml2/drivers/ovn/mech_driver/ovsdb/ovsdb_monitor.py:1015}}
Jun 19 18:50:17.391288 np0000003305 devstack@neutron-api.service[89916]: DEBUG neutron.plugins.ml2.drivers.ovn.mech_driver.ovsdb.ovsdb_monitor [-] Hash Ring: Node 2d56b6edd5a05d619fc49c58d0bc0e82 (host: np0000003305) handling event "create" for row bfcd9ed3-6973-496c-be3b-8bb940e2869d (table: Datapath_Binding) {{(pid=89916) notify /opt/stack/neutron/neutron/plugins/ml2/drivers/ovn/mech_driver/ovsdb/ovsdb_monitor.py:1015}}
Jun 19 18:50:17.410284 np0000003305 devstack@neutron-api.service[89916]: INFO neutron.db.ovn_revision_numbers_db [None req-9cc7550e-8956-4da9-b890-4b8b2fbba180 admin admin] Successfully bumped revision number for resource 86b92cea-514b-4b4f-b670-faaae9b1b77d (type: networks) to 1
Jun 19 18:50:17.451993 np0000003305 devstack@neutron-api.service[89916]: DEBUG neutron_lib.callbacks.manager [None req-9cc7550e-8956-4da9-b890-4b8b2fbba180 admin admin] Publish callbacks ['neutron.plugins.ml2.plugin.SecurityGroupDbMixin._ensure_default_security_group_handler-1088807'] for port (None), before_create {{(pid=89916) _notify_loop /opt/stack/data/venv/lib/python3.12/site-packages/neutron_lib/callbacks/manager.py:184}}
Jun 19 18:50:17.528995 np0000003305 devstack@neutron-api.service[89916]: DEBUG neutron_lib.callbacks.manager [None req-9cc7550e-8956-4da9-b890-4b8b2fbba180 admin admin] Publish callbacks ['neutron.plugins.ml2.drivers.ovn.mech_driver.mech_driver.OVNMechanismDriver._validate_allowed_address_pairs-197956'] for allowed_address_pair (c684227a-8c29-4e0e-9da0-14dd12b56d8f), before_create {{(pid=89916) _notify_loop /opt/stack/data/venv/lib/python3.12/site-packages/neutron_lib/callbacks/manager.py:184}}
Jun 19 18:50:17.529517 np0000003305 devstack@neutron-api.service[89916]: DEBUG neutron_lib.callbacks.manager [None req-9cc7550e-8956-4da9-b890-4b8b2fbba180 admin admin] Publish callbacks [] for port (c684227a-8c29-4e0e-9da0-14dd12b56d8f), precommit_create {{(pid=89916) _notify_loop /opt/stack/data/venv/lib/python3.12/site-packages/neutron_lib/callbacks/manager.py:184}}
Jun 19 18:50:17.529713 np0000003305 devstack@neutron-api.service[89916]: DEBUG neutron.plugins.ml2.drivers.ovn.mech_driver.mech_driver [None req-9cc7550e-8956-4da9-b890-4b8b2fbba180 admin admin] No provisioning block for port c684227a-8c29-4e0e-9da0-14dd12b56d8f since it does not have a host {{(pid=89916) _is_port_provisioning_required /opt/stack/neutron/neutron/plugins/ml2/drivers/ovn/mech_driver/mech_driver.py:899}}
Jun 19 18:50:17.529823 np0000003305 devstack@neutron-api.service[89916]: DEBUG neutron.db.ovn_revision_numbers_db [None req-9cc7550e-8956-4da9-b890-4b8b2fbba180 admin admin] create_initial_revision uuid=c684227a-8c29-4e0e-9da0-14dd12b56d8f, type=ports, rev=-1 {{(pid=89916) create_initial_revision /opt/stack/neutron/neutron/db/ovn_revision_numbers_db.py:98}}
Jun 19 18:50:17.570902 np0000003305 devstack@neutron-api.service[89916]: DEBUG neutron_lib.callbacks.manager [None req-9cc7550e-8956-4da9-b890-4b8b2fbba180 admin admin] Publish callbacks ['neutron.plugins.ml2.ovo_rpc._ObjectChangeHandler.handle_event-3926100'] for port (c684227a-8c29-4e0e-9da0-14dd12b56d8f), after_create {{(pid=89916) _notify_loop /opt/stack/data/venv/lib/python3.12/site-packages/neutron_lib/callbacks/manager.py:184}}
Jun 19 18:50:17.623054 np0000003305 devstack@neutron-api.service[89916]: DEBUG neutron.api.rpc.handlers.resources_rpc [None req-9cc7550e-8956-4da9-b890-4b8b2fbba180 admin admin] Pushing event updated for resources: {'Port': ['ID=c684227a-8c29-4e0e-9da0-14dd12b56d8f,revision_number=1']} {{(pid=89916) push /opt/stack/neutron/neutron/api/rpc/handlers/resources_rpc.py:237}}
Jun 19 18:50:17.663537 np0000003305 devstack@neutron-api.service[89916]: DEBUG neutron.plugins.ml2.drivers.ovn.mech_driver.ovsdb.commands [None req-9cc7550e-8956-4da9-b890-4b8b2fbba180 admin admin] Converting tag [] to a tag_request {{(pid=89916) _tag_column_to_tag_request /opt/stack/neutron/neutron/plugins/ml2/drivers/ovn/mech_driver/ovsdb/commands.py:205}}
Jun 19 18:50:17.664397 np0000003305 devstack@neutron-api.service[89916]: DEBUG ovsdbapp.backend.ovs_idl.transaction [-] Running txn n=1 command(idx=0): AddLSwitchPortCommand(_result=None, lport=c684227a-8c29-4e0e-9da0-14dd12b56d8f, lswitch=neutron-86b92cea-514b-4b4f-b670-faaae9b1b77d, may_exist=True, network_uuid=86b92cea-514b-4b4f-b670-faaae9b1b77d, columns={'addresses': ['fa:16:3e:57:85:c9'], 'external_ids': {'neutron:port_name': '', 'neutron:device_id': 'ovnmeta-86b92cea-514b-4b4f-b670-faaae9b1b77d', 'neutron:project_id': '9f9ac335fc594158995006695a7c85d7', 'neutron:cidrs': '', 'neutron:device_owner': 'network:distributed', 'neutron:subnet_pool_addr_scope4': '', 'neutron:subnet_pool_addr_scope6': '', 'neutron:network_name': 'neutron-86b92cea-514b-4b4f-b670-faaae9b1b77d', 'neutron:security_group_ids': '', 'neutron:revision_number': '1', 'neutron:vnic_type': 'normal', 'neutron:port_capabilities': '', 'neutron:mtu': '1430'}, 'parent_name': [], 'enabled': True, 'options': {}, 'type': 'localport', 'port_security': [], 'dhcpv4_options': [], 'dhcpv6_options': [], 'tag_request': []}) {{(pid=89916) do_commit /opt/stack/data/venv/lib/python3.12/site-packages/ovsdbapp/backend/ovs_idl/transaction.py:89}}
Jun 19 18:50:17.664882 np0000003305 devstack@neutron-api.service[89916]: DEBUG ovsdbapp.backend.ovs_idl.transaction [-] Running txn n=1 command(idx=1): QoSDelCommand(_result=None, switch=neutron-86b92cea-514b-4b4f-b670-faaae9b1b77d, conditions=[('direction', '=', 'to-lport'), ('priority', '=', 2002), ('match', '=', 'outport == "c684227a-8c29-4e0e-9da0-14dd12b56d8f"')], if_exists=True) {{(pid=89916) do_commit /opt/stack/data/venv/lib/python3.12/site-packages/ovsdbapp/backend/ovs_idl/transaction.py:89}}
Jun 19 18:50:17.665095 np0000003305 devstack@neutron-api.service[89916]: DEBUG ovsdbapp.backend.ovs_idl.transaction [-] Running txn n=1 command(idx=2): QoSDelCommand(_result=None, switch=neutron-86b92cea-514b-4b4f-b670-faaae9b1b77d, conditions=[('direction', '=', 'from-lport'), ('priority', '=', 2002), ('match', '=', 'inport == "c684227a-8c29-4e0e-9da0-14dd12b56d8f"')], if_exists=True) {{(pid=89916) do_commit /opt/stack/data/venv/lib/python3.12/site-packages/ovsdbapp/backend/ovs_idl/transaction.py:89}}
Jun 19 18:50:17.665293 np0000003305 devstack@neutron-api.service[89916]: DEBUG ovsdbapp.backend.ovs_idl.transaction [-] Running txn n=1 command(idx=3): UpdateLSwitchPortQosOptionsCommand(_result=None, lport=AddLSwitchPortCommand(_result=803ddbfd-eec2-457f-8c93-fb1341605f8e, lport=c684227a-8c29-4e0e-9da0-14dd12b56d8f, lswitch=neutron-86b92cea-514b-4b4f-b670-faaae9b1b77d, may_exist=True, network_uuid=86b92cea-514b-4b4f-b670-faaae9b1b77d, columns={'addresses': ['fa:16:3e:57:85:c9'], 'external_ids': {'neutron:port_name': '', 'neutron:device_id': 'ovnmeta-86b92cea-514b-4b4f-b670-faaae9b1b77d', 'neutron:project_id': '9f9ac335fc594158995006695a7c85d7', 'neutron:cidrs': '', 'neutron:device_owner': 'network:distributed', 'neutron:subnet_pool_addr_scope4': '', 'neutron:subnet_pool_addr_scope6': '', 'neutron:network_name': 'neutron-86b92cea-514b-4b4f-b670-faaae9b1b77d', 'neutron:security_group_ids': '', 'neutron:revision_number': '1', 'neutron:vnic_type': 'normal', 'neutron:port_capabilities': '', 'neutron:mtu': '1430'}, 'parent_name': [], 'enabled': True, 'options': {}, 'type': 'localport', 'port_security': [], 'tag_request': []}), if_exists=True, qos={'qos_max_rate': None, 'qos_burst': None, 'qos_min_rate': None}) {{(pid=89916) do_commit /opt/stack/data/venv/lib/python3.12/site-packages/ovsdbapp/backend/ovs_idl/transaction.py:89}}
Jun 19 18:50:17.668760 np0000003305 devstack@neutron-api.service[89915]: DEBUG neutron.plugins.ml2.drivers.ovn.mech_driver.ovsdb.ovsdb_monitor [-] Hash Ring: Node 9192b48ce16558bf9a2a758e43a69fe1 (host: np0000003305) handling event "update" for row 86b92cea-514b-4b4f-b670-faaae9b1b77d (table: Logical_Switch) {{(pid=89915) notify /opt/stack/neutron/neutron/plugins/ml2/drivers/ovn/mech_driver/ovsdb/ovsdb_monitor.py:1015}}
Jun 19 18:50:17.669075 np0000003305 devstack@neutron-api.service[89915]: DEBUG neutron.plugins.ml2.drivers.ovn.mech_driver.ovsdb.ovsdb_monitor [-] Hash Ring: Node 9192b48ce16558bf9a2a758e43a69fe1 (host: np0000003305) handling event "create" for row 8a2d5fe2-e700-4348-8bbc-777907b7ae41 (table: Logical_Switch_Port) {{(pid=89915) notify /opt/stack/neutron/neutron/plugins/ml2/drivers/ovn/mech_driver/ovsdb/ovsdb_monitor.py:1015}}
Jun 19 18:50:17.669765 np0000003305 devstack@neutron-api.service[89917]: DEBUG neutron.plugins.ml2.drivers.ovn.mech_driver.ovsdb.ovsdb_monitor [-] Hash Ring: Node 46c3e14f1aaf5678ae231b54d4e30e5e (host: np0000003305) handling event "update" for row 86b92cea-514b-4b4f-b670-faaae9b1b77d (table: Logical_Switch) {{(pid=89917) notify /opt/stack/neutron/neutron/plugins/ml2/drivers/ovn/mech_driver/ovsdb/ovsdb_monitor.py:1015}}
Jun 19 18:50:17.669765 np0000003305 devstack@neutron-api.service[89917]: DEBUG neutron.plugins.ml2.drivers.ovn.mech_driver.ovsdb.ovsdb_monitor [-] Hash Ring: Node 46c3e14f1aaf5678ae231b54d4e30e5e (host: np0000003305) handling event "create" for row 8a2d5fe2-e700-4348-8bbc-777907b7ae41 (table: Logical_Switch_Port) {{(pid=89917) notify /opt/stack/neutron/neutron/plugins/ml2/drivers/ovn/mech_driver/ovsdb/ovsdb_monitor.py:1015}}
Jun 19 18:50:17.670252 np0000003305 devstack@neutron-api.service[89915]: DEBUG ovsdbapp.backend.ovs_idl.event [-] Matched CREATE: LogicalSwitchPortCreateEvent(events=('create',), table='Logical_Switch_Port', conditions=[], old_conditions=None), priority=20 to row=Logical_Switch_Port(uuid=8a2d5fe2-e700-4348-8bbc-777907b7ae41, addresses=['fa:16:3e:57:85:c9'], dhcpv4_options=[], dhcpv6_options=[], dynamic_addresses=[], enabled=True, external_ids={'neutron:cidrs': '', 'neutron:device_id': 'ovnmeta-86b92cea-514b-4b4f-b670-faaae9b1b77d', 'neutron:device_owner': 'network:distributed', 'neutron:mtu': '1430', 'neutron:network_name': 'neutron-86b92cea-514b-4b4f-b670-faaae9b1b77d', 'neutron:port_capabilities': '', 'neutron:port_name': '', 'neutron:project_id': '9f9ac335fc594158995006695a7c85d7', 'neutron:revision_number': '1', 'neutron:security_group_ids': '', 'neutron:subnet_pool_addr_scope4': '', 'neutron:subnet_pool_addr_scope6': '', 'neutron:vnic_type': 'normal'}, ha_chassis_group=[], mirror_rules=[], name='c684227a-8c29-4e0e-9da0-14dd12b56d8f', options={}, parent_name=[], port_security=[], tag=[], tag_request=[], type='localport', up=[]) old= {{(pid=89915) matches /opt/stack/data/venv/lib/python3.12/site-packages/ovsdbapp/backend/ovs_idl/event.py:55}}
Jun 19 18:50:17.670657 np0000003305 devstack@neutron-api.service[89917]: DEBUG ovsdbapp.backend.ovs_idl.event [-] Matched CREATE: LogicalSwitchPortCreateEvent(events=('create',), table='Logical_Switch_Port', conditions=[], old_conditions=None), priority=20 to row=Logical_Switch_Port(uuid=8a2d5fe2-e700-4348-8bbc-777907b7ae41, addresses=['fa:16:3e:57:85:c9'], dhcpv4_options=[], dhcpv6_options=[], dynamic_addresses=[], enabled=True, external_ids={'neutron:cidrs': '', 'neutron:device_id': 'ovnmeta-86b92cea-514b-4b4f-b670-faaae9b1b77d', 'neutron:device_owner': 'network:distributed', 'neutron:mtu': '1430', 'neutron:network_name': 'neutron-86b92cea-514b-4b4f-b670-faaae9b1b77d', 'neutron:port_capabilities': '', 'neutron:port_name': '', 'neutron:project_id': '9f9ac335fc594158995006695a7c85d7', 'neutron:revision_number': '1', 'neutron:security_group_ids': '', 'neutron:subnet_pool_addr_scope4': '', 'neutron:subnet_pool_addr_scope6': '', 'neutron:vnic_type': 'normal'}, ha_chassis_group=[], mirror_rules=[], name='c684227a-8c29-4e0e-9da0-14dd12b56d8f', options={}, parent_name=[], port_security=[], tag=[], tag_request=[], type='localport', up=[]) old= {{(pid=89917) matches /opt/stack/data/venv/lib/python3.12/site-packages/ovsdbapp/backend/ovs_idl/event.py:55}}
Jun 19 18:50:17.670939 np0000003305 devstack@neutron-api.service[89915]: INFO neutron.plugins.ml2.drivers.ovn.mech_driver.mech_driver [None req-fd90ec02-473e-4b9f-9b65-74a4b0c66b74 None None] OVN reports status down for port: c684227a-8c29-4e0e-9da0-14dd12b56d8f
Jun 19 18:50:17.672408 np0000003305 devstack@neutron-api.service[89915]: DEBUG neutron.plugins.ml2.drivers.ovn.mech_driver.ovsdb.ovsdb_monitor [-] Hash Ring: Node 9192b48ce16558bf9a2a758e43a69fe1 (host: np0000003305) handling event "update" for row 8a2d5fe2-e700-4348-8bbc-777907b7ae41 (table: Logical_Switch_Port) {{(pid=89915) notify /opt/stack/neutron/neutron/plugins/ml2/drivers/ovn/mech_driver/ovsdb/ovsdb_monitor.py:1015}}
Jun 19 18:50:17.673108 np0000003305 devstack@neutron-api.service[89917]: DEBUG neutron.plugins.ml2.drivers.ovn.mech_driver.ovsdb.ovsdb_monitor [-] Hash Ring: Node 46c3e14f1aaf5678ae231b54d4e30e5e (host: np0000003305) handling event "update" for row 8a2d5fe2-e700-4348-8bbc-777907b7ae41 (table: Logical_Switch_Port) {{(pid=89917) notify /opt/stack/neutron/neutron/plugins/ml2/drivers/ovn/mech_driver/ovsdb/ovsdb_monitor.py:1015}}
Jun 19 18:50:17.674441 np0000003305 devstack@neutron-api.service[89917]: INFO neutron.plugins.ml2.drivers.ovn.mech_driver.mech_driver [-] OVN reports status down for port: c684227a-8c29-4e0e-9da0-14dd12b56d8f
Jun 19 18:50:17.674722 np0000003305 devstack@neutron-api.service[89915]: DEBUG neutron.plugins.ml2.drivers.ovn.mech_driver.ovsdb.ovsdb_monitor [-] Hash Ring: Node 9192b48ce16558bf9a2a758e43a69fe1 (host: np0000003305) handling event "create" for row 2cd1039b-3c93-46db-a800-e61edef77f90 (table: Port_Binding) {{(pid=89915) notify /opt/stack/neutron/neutron/plugins/ml2/drivers/ovn/mech_driver/ovsdb/ovsdb_monitor.py:1015}}
Jun 19 18:50:17.687197 np0000003305 devstack@neutron-api.service[89916]: DEBUG neutron.plugins.ml2.drivers.ovn.mech_driver.ovsdb.ovsdb_monitor [-] Hash Ring: Node 2d56b6edd5a05d619fc49c58d0bc0e82 (host: np0000003305) handling event "create" for row 2cd1039b-3c93-46db-a800-e61edef77f90 (table: Port_Binding) {{(pid=89916) notify /opt/stack/neutron/neutron/plugins/ml2/drivers/ovn/mech_driver/ovsdb/ovsdb_monitor.py:1015}}
Jun 19 18:50:17.691472 np0000003305 devstack@neutron-api.service[89915]: DEBUG neutron.db.provisioning_blocks [None req-fd90ec02-473e-4b9f-9b65-74a4b0c66b74 None None] Transition to ACTIVE for port object c684227a-8c29-4e0e-9da0-14dd12b56d8f will not be triggered until provisioned by entity L2. {{(pid=89915) add_provisioning_component /opt/stack/neutron/neutron/db/provisioning_blocks.py:74}}
Jun 19 18:50:17.713146 np0000003305 devstack@neutron-api.service[89915]: DEBUG neutron.plugins.ml2.plugin [None req-fd90ec02-473e-4b9f-9b65-74a4b0c66b74 None None] Current status of the port c684227a-8c29-4e0e-9da0-14dd12b56d8f is: DOWN; New status is: DOWN {{(pid=89915) _update_individual_port_db_status /opt/stack/neutron/neutron/plugins/ml2/plugin.py:2473}}
Jun 19 18:50:17.714247 np0000003305 devstack@neutron-api.service[89915]: DEBUG ovsdbapp.backend.ovs_idl.transaction [-] Running txn n=1 command(idx=0): DbRemoveCommand(_result=None, table=Logical_Switch_Port, record=c684227a-8c29-4e0e-9da0-14dd12b56d8f, column=external_ids, values=('neutron:host_id',), keyvalues={}, if_exists=True) {{(pid=89915) do_commit /opt/stack/data/venv/lib/python3.12/site-packages/ovsdbapp/backend/ovs_idl/transaction.py:89}}
Jun 19 18:50:17.717117 np0000003305 devstack@neutron-api.service[89916]: INFO neutron.db.ovn_revision_numbers_db [None req-9cc7550e-8956-4da9-b890-4b8b2fbba180 admin admin] Successfully bumped revision number for resource c684227a-8c29-4e0e-9da0-14dd12b56d8f (type: ports) to 1
Jun 19 18:50:17.727100 np0000003305 devstack@neutron-api.service[89916]: DEBUG neutron.pecan_wsgi.hooks.policy_enforcement [None req-9cc7550e-8956-4da9-b890-4b8b2fbba180 admin admin] Attributes excluded by policy engine: ['standard_attr_id'] {{(pid=89916) _exclude_attributes_by_policy /opt/stack/neutron/neutron/pecan_wsgi/hooks/policy_enforcement.py:259}}
Jun 19 18:50:17.727358 np0000003305 devstack@neutron-api.service[89916]: DEBUG neutron_lib.callbacks.manager [None req-9cc7550e-8956-4da9-b890-4b8b2fbba180 admin admin] Publish callbacks [] for network (None), before_response {{(pid=89916) _notify_loop /opt/stack/data/venv/lib/python3.12/site-packages/neutron_lib/callbacks/manager.py:184}}
Jun 19 18:50:17.729484 np0000003305 devstack@neutron-api.service[89917]: DEBUG neutron.db.provisioning_blocks [None req-cb025ec6-5d75-4acd-a063-11fb2001af4c None None] Ignored duplicate provisioning block setup for port c684227a-8c29-4e0e-9da0-14dd12b56d8f by entity L2. {{(pid=89917) add_provisioning_component /opt/stack/neutron/neutron/db/provisioning_blocks.py:69}}
Jun 19 18:50:17.735850 np0000003305 devstack@neutron-api.service[89916]: [pid: 89916|app: 0|req: 5/16] 10.4.3.244 () {68 vars in 1327 bytes} [Fri Jun 19 18:50:16 2026] POST /networking/v2.0/networks => generated 679 bytes in 788 msecs (HTTP/1.1 201) 4 headers in 162 bytes (1 switches on core 0)
Jun 19 18:50:17.761550 np0000003305 devstack@neutron-api.service[89917]: DEBUG neutron.plugins.ml2.plugin [None req-cb025ec6-5d75-4acd-a063-11fb2001af4c None None] Current status of the port c684227a-8c29-4e0e-9da0-14dd12b56d8f is: DOWN; New status is: DOWN {{(pid=89917) _update_individual_port_db_status /opt/stack/neutron/neutron/plugins/ml2/plugin.py:2473}}
Jun 19 18:50:17.762177 np0000003305 devstack@neutron-api.service[89917]: INFO neutron.plugins.ml2.drivers.ovn.mech_driver.ovsdb.extensions.qos [None req-cb025ec6-5d75-4acd-a063-11fb2001af4c None None] Starting OVNClientQosExtension
Jun 19 18:50:17.762308 np0000003305 devstack@neutron-api.service[89917]: INFO neutron.plugins.ml2.drivers.ovn.mech_driver.ovsdb.extensions.placement [None req-cb025ec6-5d75-4acd-a063-11fb2001af4c None None] Starting OVNClientPlacementExtension
Jun 19 18:50:17.762900 np0000003305 devstack@neutron-api.service[89917]: DEBUG ovsdbapp.backend.ovs_idl.transaction [-] Running txn n=1 command(idx=0): DbRemoveCommand(_result=None, table=Logical_Switch_Port, record=c684227a-8c29-4e0e-9da0-14dd12b56d8f, column=external_ids, values=('neutron:host_id',), keyvalues={}, if_exists=True) {{(pid=89917) do_commit /opt/stack/data/venv/lib/python3.12/site-packages/ovsdbapp/backend/ovs_idl/transaction.py:89}}
Jun 19 18:50:17.971740 np0000003305 devstack@neutron-api.service[89915]: DEBUG neutron.pecan_wsgi.hooks.policy_enforcement [None req-bc830a49-a7b3-4a61-9406-21510610591f admin admin] Attributes excluded by policy engine: ['standard_attr_id', 'shared'] {{(pid=89915) _exclude_attributes_by_policy /opt/stack/neutron/neutron/pecan_wsgi/hooks/policy_enforcement.py:259}}
Jun 19 18:50:17.972711 np0000003305 devstack@neutron-api.service[89915]: [pid: 89915|app: 0|req: 7/17] 10.4.3.244 () {64 vars in 1381 bytes} [Fri Jun 19 18:50:17 2026] GET /networking/v2.0/subnets/7a0ebf12-7ac7-4d80-9c1d-40b0ba698185 => generated 666 bytes in 18 msecs (HTTP/1.1 200) 4 headers in 157 bytes (1 switches on core 0)
Jun 19 18:50:17.984708 np0000003305 devstack@neutron-api.service[89917]: DEBUG neutron.api.wsgi [None req-499a13f0-8a9d-4d29-ad43-71570f65497f admin admin] Missing Content-Type {{(pid=89917) get_content_type /opt/stack/neutron/neutron/api/wsgi.py:80}}
Jun 19 18:50:18.264570 np0000003305 devstack@neutron-api.service[89917]: [pid: 89917|app: 0|req: 6/18] 10.4.3.244 () {64 vars in 1381 bytes} [Fri Jun 19 18:50:17 2026] GET /networking/v2.0/routers/d6e8a6db-83cc-484c-bc1c-ff43cc57798f => generated 599 bytes in 282 msecs (HTTP/1.1 200) 4 headers in 157 bytes (1 switches on core 0)
Jun 19 18:50:18.412650 np0000003305 devstack@neutron-api.service[89916]: DEBUG neutron_lib.callbacks.manager [None req-2f74faa2-5c77-46af-b749-207f99718264 admin admin] Publish callbacks ['neutron.plugins.ml2.plugin.SecurityGroupDbMixin._ensure_default_security_group_handler-1088807'] for port (None), before_create {{(pid=89916) _notify_loop /opt/stack/data/venv/lib/python3.12/site-packages/neutron_lib/callbacks/manager.py:184}}
Jun 19 18:50:18.524987 np0000003305 devstack@neutron-api.service[89916]: DEBUG neutron.db.db_base_plugin_common [None req-2f74faa2-5c77-46af-b749-207f99718264 admin admin] Allocated IP 10.1.0.1 (aa2386c3-4954-4526-b932-8b08fa463b2b/7a0ebf12-7ac7-4d80-9c1d-40b0ba698185/9f89d6d2-0e91-4b7c-a21c-cad1e2bd0870) {{(pid=89916) _store_ip_allocation /opt/stack/neutron/neutron/db/db_base_plugin_common.py:131}}
Jun 19 18:50:18.589216 np0000003305 devstack@neutron-api.service[89916]: DEBUG neutron_lib.callbacks.manager [None req-2f74faa2-5c77-46af-b749-207f99718264 admin admin] Publish callbacks ['neutron.plugins.ml2.drivers.ovn.mech_driver.mech_driver.OVNMechanismDriver._validate_allowed_address_pairs-197956'] for allowed_address_pair (9f89d6d2-0e91-4b7c-a21c-cad1e2bd0870), before_create {{(pid=89916) _notify_loop /opt/stack/data/venv/lib/python3.12/site-packages/neutron_lib/callbacks/manager.py:184}}
Jun 19 18:50:18.589808 np0000003305 devstack@neutron-api.service[89916]: DEBUG neutron_lib.callbacks.manager [None req-2f74faa2-5c77-46af-b749-207f99718264 admin admin] Publish callbacks [] for port (9f89d6d2-0e91-4b7c-a21c-cad1e2bd0870), precommit_create {{(pid=89916) _notify_loop /opt/stack/data/venv/lib/python3.12/site-packages/neutron_lib/callbacks/manager.py:184}}
Jun 19 18:50:18.590042 np0000003305 devstack@neutron-api.service[89916]: DEBUG neutron.plugins.ml2.drivers.ovn.mech_driver.mech_driver [None req-2f74faa2-5c77-46af-b749-207f99718264 admin admin] No provisioning block for port 9f89d6d2-0e91-4b7c-a21c-cad1e2bd0870 since it does not have a host {{(pid=89916) _is_port_provisioning_required /opt/stack/neutron/neutron/plugins/ml2/drivers/ovn/mech_driver/mech_driver.py:899}}
Jun 19 18:50:18.590168 np0000003305 devstack@neutron-api.service[89916]: DEBUG neutron.db.ovn_revision_numbers_db [None req-2f74faa2-5c77-46af-b749-207f99718264 admin admin] create_initial_revision uuid=9f89d6d2-0e91-4b7c-a21c-cad1e2bd0870, type=ports, rev=-1 {{(pid=89916) create_initial_revision /opt/stack/neutron/neutron/db/ovn_revision_numbers_db.py:98}}
Jun 19 18:50:18.660534 np0000003305 devstack@neutron-api.service[89916]: DEBUG neutron.db.ovn_revision_numbers_db [None req-2f74faa2-5c77-46af-b749-207f99718264 admin admin] create_initial_revision uuid=9f89d6d2-0e91-4b7c-a21c-cad1e2bd0870, type=router_ports, rev=-1 {{(pid=89916) create_initial_revision /opt/stack/neutron/neutron/db/ovn_revision_numbers_db.py:98}}
Jun 19 18:50:18.687300 np0000003305 devstack@neutron-api.service[89916]: DEBUG neutron_lib.callbacks.manager [None req-2f74faa2-5c77-46af-b749-207f99718264 admin admin] Publish callbacks ['neutron.plugins.ml2.ovo_rpc._ObjectChangeHandler.handle_event-3926100'] for port (9f89d6d2-0e91-4b7c-a21c-cad1e2bd0870), after_create {{(pid=89916) _notify_loop /opt/stack/data/venv/lib/python3.12/site-packages/neutron_lib/callbacks/manager.py:184}}
Jun 19 18:50:18.709843 np0000003305 devstack@neutron-api.service[89916]: DEBUG neutron.api.rpc.handlers.resources_rpc [None req-2f74faa2-5c77-46af-b749-207f99718264 admin admin] Pushing event updated for resources: {'Port': ['ID=9f89d6d2-0e91-4b7c-a21c-cad1e2bd0870,revision_number=1']} {{(pid=89916) push /opt/stack/neutron/neutron/api/rpc/handlers/resources_rpc.py:237}}
Jun 19 18:50:18.774517 np0000003305 devstack@neutron-api.service[89916]: DEBUG neutron.plugins.ml2.drivers.ovn.mech_driver.ovsdb.commands [None req-2f74faa2-5c77-46af-b749-207f99718264 admin admin] Converting tag [] to a tag_request {{(pid=89916) _tag_column_to_tag_request /opt/stack/neutron/neutron/plugins/ml2/drivers/ovn/mech_driver/ovsdb/commands.py:205}}
Jun 19 18:50:18.775176 np0000003305 devstack@neutron-api.service[89916]: DEBUG ovsdbapp.backend.ovs_idl.transaction [-] Running txn n=1 command(idx=0): AddLSwitchPortCommand(_result=None, lport=9f89d6d2-0e91-4b7c-a21c-cad1e2bd0870, lswitch=neutron-aa2386c3-4954-4526-b932-8b08fa463b2b, may_exist=True, network_uuid=aa2386c3-4954-4526-b932-8b08fa463b2b, columns={'addresses': ['unknown'], 'external_ids': {'neutron:port_name': '', 'neutron:device_id': 'd6e8a6db-83cc-484c-bc1c-ff43cc57798f', 'neutron:project_id': '9f9ac335fc594158995006695a7c85d7', 'neutron:cidrs': '10.1.0.1/26', 'neutron:device_owner': 'network:router_interface', 'neutron:subnet_pool_addr_scope4': '', 'neutron:subnet_pool_addr_scope6': '', 'neutron:network_name': 'neutron-aa2386c3-4954-4526-b932-8b08fa463b2b', 'neutron:security_group_ids': '', 'neutron:revision_number': '1', 'neutron:vnic_type': 'normal', 'neutron:port_capabilities': '', 'neutron:mtu': ''}, 'parent_name': [], 'enabled': True, 'options': {}, 'type': '', 'port_security': [], 'dhcpv4_options': [], 'dhcpv6_options': [], 'tag_request': []}) {{(pid=89916) do_commit /opt/stack/data/venv/lib/python3.12/site-packages/ovsdbapp/backend/ovs_idl/transaction.py:89}}
Jun 19 18:50:18.775681 np0000003305 devstack@neutron-api.service[89916]: DEBUG ovsdbapp.backend.ovs_idl.transaction [-] Running txn n=1 command(idx=1): QoSDelCommand(_result=None, switch=neutron-aa2386c3-4954-4526-b932-8b08fa463b2b, conditions=[('direction', '=', 'to-lport'), ('priority', '=', 2002), ('match', '=', 'outport == "9f89d6d2-0e91-4b7c-a21c-cad1e2bd0870"')], if_exists=True) {{(pid=89916) do_commit /opt/stack/data/venv/lib/python3.12/site-packages/ovsdbapp/backend/ovs_idl/transaction.py:89}}
Jun 19 18:50:18.775908 np0000003305 devstack@neutron-api.service[89916]: DEBUG ovsdbapp.backend.ovs_idl.transaction [-] Running txn n=1 command(idx=2): QoSDelCommand(_result=None, switch=neutron-aa2386c3-4954-4526-b932-8b08fa463b2b, conditions=[('direction', '=', 'from-lport'), ('priority', '=', 2002), ('match', '=', 'inport == "9f89d6d2-0e91-4b7c-a21c-cad1e2bd0870"')], if_exists=True) {{(pid=89916) do_commit /opt/stack/data/venv/lib/python3.12/site-packages/ovsdbapp/backend/ovs_idl/transaction.py:89}}
Jun 19 18:50:18.778784 np0000003305 devstack@neutron-api.service[89916]: DEBUG neutron.plugins.ml2.drivers.ovn.mech_driver.ovsdb.ovsdb_monitor [-] Hash Ring: Node 2d56b6edd5a05d619fc49c58d0bc0e82 (host: np0000003305) handling event "update" for row aa2386c3-4954-4526-b932-8b08fa463b2b (table: Logical_Switch) {{(pid=89916) notify /opt/stack/neutron/neutron/plugins/ml2/drivers/ovn/mech_driver/ovsdb/ovsdb_monitor.py:1015}}
Jun 19 18:50:18.780106 np0000003305 devstack@neutron-api.service[89915]: DEBUG neutron.plugins.ml2.drivers.ovn.mech_driver.ovsdb.ovsdb_monitor [-] Hash Ring: Node 9192b48ce16558bf9a2a758e43a69fe1 (host: np0000003305) handling event "update" for row aa2386c3-4954-4526-b932-8b08fa463b2b (table: Logical_Switch) {{(pid=89915) notify /opt/stack/neutron/neutron/plugins/ml2/drivers/ovn/mech_driver/ovsdb/ovsdb_monitor.py:1015}}
Jun 19 18:50:18.780397 np0000003305 devstack@neutron-api.service[89915]: DEBUG neutron.plugins.ml2.drivers.ovn.mech_driver.ovsdb.ovsdb_monitor [-] Hash Ring: Node 9192b48ce16558bf9a2a758e43a69fe1 (host: np0000003305) handling event "create" for row ce8a13fd-d4b2-4d02-9129-9f524b3de332 (table: Logical_Switch_Port) {{(pid=89915) notify /opt/stack/neutron/neutron/plugins/ml2/drivers/ovn/mech_driver/ovsdb/ovsdb_monitor.py:1015}}
Jun 19 18:50:18.781431 np0000003305 devstack@neutron-api.service[89915]: DEBUG ovsdbapp.backend.ovs_idl.event [-] Matched CREATE: LogicalSwitchPortCreateEvent(events=('create',), table='Logical_Switch_Port', conditions=[], old_conditions=None), priority=20 to row=Logical_Switch_Port(uuid=ce8a13fd-d4b2-4d02-9129-9f524b3de332, addresses=['unknown'], dhcpv4_options=[], dhcpv6_options=[], dynamic_addresses=[], enabled=True, external_ids={'neutron:cidrs': '10.1.0.1/26', 'neutron:device_id': 'd6e8a6db-83cc-484c-bc1c-ff43cc57798f', 'neutron:device_owner': 'network:router_interface', 'neutron:mtu': '', 'neutron:network_name': 'neutron-aa2386c3-4954-4526-b932-8b08fa463b2b', 'neutron:port_capabilities': '', 'neutron:port_name': '', 'neutron:project_id': '9f9ac335fc594158995006695a7c85d7', 'neutron:revision_number': '1', 'neutron:security_group_ids': '', 'neutron:subnet_pool_addr_scope4': '', 'neutron:subnet_pool_addr_scope6': '', 'neutron:vnic_type': 'normal'}, ha_chassis_group=[], mirror_rules=[], name='9f89d6d2-0e91-4b7c-a21c-cad1e2bd0870', options={}, parent_name=[], port_security=[], tag=[], tag_request=[], type='', up=[]) old= {{(pid=89915) matches /opt/stack/data/venv/lib/python3.12/site-packages/ovsdbapp/backend/ovs_idl/event.py:55}}
Jun 19 18:50:18.782934 np0000003305 devstack@neutron-api.service[89917]: DEBUG neutron.plugins.ml2.drivers.ovn.mech_driver.ovsdb.ovsdb_monitor [-] Hash Ring: Node 46c3e14f1aaf5678ae231b54d4e30e5e (host: np0000003305) handling event "create" for row ce8a13fd-d4b2-4d02-9129-9f524b3de332 (table: Logical_Switch_Port) {{(pid=89917) notify /opt/stack/neutron/neutron/plugins/ml2/drivers/ovn/mech_driver/ovsdb/ovsdb_monitor.py:1015}}
Jun 19 18:50:18.783497 np0000003305 devstack@neutron-api.service[89915]: INFO neutron.plugins.ml2.drivers.ovn.mech_driver.mech_driver [None req-fd90ec02-473e-4b9f-9b65-74a4b0c66b74 None None] OVN reports status down for port: 9f89d6d2-0e91-4b7c-a21c-cad1e2bd0870
Jun 19 18:50:18.784062 np0000003305 devstack@neutron-api.service[89917]: DEBUG ovsdbapp.backend.ovs_idl.event [-] Matched CREATE: LogicalSwitchPortCreateEvent(events=('create',), table='Logical_Switch_Port', conditions=[], old_conditions=None), priority=20 to row=Logical_Switch_Port(uuid=ce8a13fd-d4b2-4d02-9129-9f524b3de332, addresses=['unknown'], dhcpv4_options=[], dhcpv6_options=[], dynamic_addresses=[], enabled=True, external_ids={'neutron:cidrs': '10.1.0.1/26', 'neutron:device_id': 'd6e8a6db-83cc-484c-bc1c-ff43cc57798f', 'neutron:device_owner': 'network:router_interface', 'neutron:mtu': '', 'neutron:network_name': 'neutron-aa2386c3-4954-4526-b932-8b08fa463b2b', 'neutron:port_capabilities': '', 'neutron:port_name': '', 'neutron:project_id': '9f9ac335fc594158995006695a7c85d7', 'neutron:revision_number': '1', 'neutron:security_group_ids': '', 'neutron:subnet_pool_addr_scope4': '', 'neutron:subnet_pool_addr_scope6': '', 'neutron:vnic_type': 'normal'}, ha_chassis_group=[], mirror_rules=[], name='9f89d6d2-0e91-4b7c-a21c-cad1e2bd0870', options={}, parent_name=[], port_security=[], tag=[], tag_request=[], type='', up=[]) old= {{(pid=89917) matches /opt/stack/data/venv/lib/python3.12/site-packages/ovsdbapp/backend/ovs_idl/event.py:55}}
Jun 19 18:50:18.784569 np0000003305 devstack@neutron-api.service[89917]: INFO neutron.plugins.ml2.drivers.ovn.mech_driver.mech_driver [None req-cb025ec6-5d75-4acd-a063-11fb2001af4c None None] OVN reports status down for port: 9f89d6d2-0e91-4b7c-a21c-cad1e2bd0870
Jun 19 18:50:18.785858 np0000003305 devstack@neutron-api.service[89917]: DEBUG neutron.plugins.ml2.drivers.ovn.mech_driver.ovsdb.ovsdb_monitor [-] Hash Ring: Node 46c3e14f1aaf5678ae231b54d4e30e5e (host: np0000003305) handling event "update" for row ce8a13fd-d4b2-4d02-9129-9f524b3de332 (table: Logical_Switch_Port) {{(pid=89917) notify /opt/stack/neutron/neutron/plugins/ml2/drivers/ovn/mech_driver/ovsdb/ovsdb_monitor.py:1015}}
Jun 19 18:50:18.786717 np0000003305 devstack@neutron-api.service[89915]: DEBUG neutron.plugins.ml2.drivers.ovn.mech_driver.ovsdb.ovsdb_monitor [-] Hash Ring: Node 9192b48ce16558bf9a2a758e43a69fe1 (host: np0000003305) handling event "create" for row 7f5119a6-07df-4411-8f18-abfdf1f67f28 (table: Port_Binding) {{(pid=89915) notify /opt/stack/neutron/neutron/plugins/ml2/drivers/ovn/mech_driver/ovsdb/ovsdb_monitor.py:1015}}
Jun 19 18:50:18.787761 np0000003305 devstack@neutron-api.service[89915]: DEBUG neutron.plugins.ml2.drivers.ovn.mech_driver.ovsdb.ovsdb_monitor [-] Hash Ring: Node 9192b48ce16558bf9a2a758e43a69fe1 (host: np0000003305) handling event "update" for row ce8a13fd-d4b2-4d02-9129-9f524b3de332 (table: Logical_Switch_Port) {{(pid=89915) notify /opt/stack/neutron/neutron/plugins/ml2/drivers/ovn/mech_driver/ovsdb/ovsdb_monitor.py:1015}}
Jun 19 18:50:18.817704 np0000003305 devstack@neutron-api.service[89917]: DEBUG neutron.db.provisioning_blocks [None req-cb025ec6-5d75-4acd-a063-11fb2001af4c None None] Transition to ACTIVE for port object 9f89d6d2-0e91-4b7c-a21c-cad1e2bd0870 will not be triggered until provisioned by entity L2. {{(pid=89917) add_provisioning_component /opt/stack/neutron/neutron/db/provisioning_blocks.py:74}}
Jun 19 18:50:18.823066 np0000003305 devstack@neutron-api.service[89915]: DEBUG neutron_lib.db.api [None req-fd90ec02-473e-4b9f-9b65-74a4b0c66b74 None None] Retry wrapper got retriable exception: Failed to create a duplicate ProvisioningBlock: for attribute(s) ['provisioningblocks.PRIMARY'] with value(s) 21-L2 {{(pid=89915) wrapped /opt/stack/data/venv/lib/python3.12/site-packages/neutron_lib/db/api.py:185}}
Jun 19 18:50:18.823370 np0000003305 devstack@neutron-api.service[89915]: DEBUG oslo_db.api [None req-fd90ec02-473e-4b9f-9b65-74a4b0c66b74 None None] Performing DB retry for function neutron.db.provisioning_blocks.add_provisioning_component {{(pid=89915) wrapper /opt/stack/data/venv/lib/python3.12/site-packages/oslo_db/api.py:155}}
Jun 19 18:50:18.823726 np0000003305 devstack@neutron-api.service[89916]: INFO neutron.db.ovn_revision_numbers_db [None req-2f74faa2-5c77-46af-b749-207f99718264 admin admin] Successfully bumped revision number for resource 9f89d6d2-0e91-4b7c-a21c-cad1e2bd0870 (type: ports) to 1
Jun 19 18:50:18.835349 np0000003305 devstack@neutron-api.service[89916]: DEBUG neutron_lib.callbacks.manager [None req-2f74faa2-5c77-46af-b749-207f99718264 admin admin] Publish callbacks [] for router_interface (d6e8a6db-83cc-484c-bc1c-ff43cc57798f), before_create {{(pid=89916) _notify_loop /opt/stack/data/venv/lib/python3.12/site-packages/neutron_lib/callbacks/manager.py:184}}
Jun 19 18:50:18.848412 np0000003305 devstack@neutron-api.service[89917]: DEBUG neutron.plugins.ml2.plugin [None req-cb025ec6-5d75-4acd-a063-11fb2001af4c None None] Current status of the port 9f89d6d2-0e91-4b7c-a21c-cad1e2bd0870 is: DOWN; New status is: DOWN {{(pid=89917) _update_individual_port_db_status /opt/stack/neutron/neutron/plugins/ml2/plugin.py:2473}}
Jun 19 18:50:18.849571 np0000003305 devstack@neutron-api.service[89917]: DEBUG ovsdbapp.backend.ovs_idl.transaction [-] Running txn n=1 command(idx=0): DbRemoveCommand(_result=None, table=Logical_Switch_Port, record=9f89d6d2-0e91-4b7c-a21c-cad1e2bd0870, column=external_ids, values=('neutron:host_id',), keyvalues={}, if_exists=True) {{(pid=89917) do_commit /opt/stack/data/venv/lib/python3.12/site-packages/ovsdbapp/backend/ovs_idl/transaction.py:89}}
Jun 19 18:50:19.032146 np0000003305 devstack@neutron-api.service[89916]: DEBUG neutron_lib.callbacks.manager [None req-2f74faa2-5c77-46af-b749-207f99718264 admin admin] Publish callbacks ['neutron.plugins.ml2.plugin.SecurityGroupDbMixin._ensure_default_security_group_handler-1088807', 'neutron.services.ovn_l3.plugin.OVNL3RouterPlugin._port_update-7776610527506', 'neutron.db.l3_db.L3_NAT_dbonly_mixin._prevent_internal_ip_change_for_fip-7776611645974'] for port (9f89d6d2-0e91-4b7c-a21c-cad1e2bd0870), before_update {{(pid=89916) _notify_loop /opt/stack/data/venv/lib/python3.12/site-packages/neutron_lib/callbacks/manager.py:184}}
Jun 19 18:50:19.151870 np0000003305 devstack@neutron-api.service[89916]: DEBUG neutron_lib.callbacks.manager [None req-2f74faa2-5c77-46af-b749-207f99718264 admin admin] Publish callbacks [] for port (9f89d6d2-0e91-4b7c-a21c-cad1e2bd0870), precommit_update {{(pid=89916) _notify_loop /opt/stack/data/venv/lib/python3.12/site-packages/neutron_lib/callbacks/manager.py:184}}
Jun 19 18:50:19.152181 np0000003305 devstack@neutron-api.service[89916]: DEBUG neutron.plugins.ml2.drivers.ovn.mech_driver.mech_driver [None req-2f74faa2-5c77-46af-b749-207f99718264 admin admin] No provisioning block for port 9f89d6d2-0e91-4b7c-a21c-cad1e2bd0870 since it does not have a host {{(pid=89916) _is_port_provisioning_required /opt/stack/neutron/neutron/plugins/ml2/drivers/ovn/mech_driver/mech_driver.py:899}}
Jun 19 18:50:19.326996 np0000003305 devstack@neutron-api.service[89915]: DEBUG neutron.db.provisioning_blocks [None req-fd90ec02-473e-4b9f-9b65-74a4b0c66b74 None None] Ignored duplicate provisioning block setup for port 9f89d6d2-0e91-4b7c-a21c-cad1e2bd0870 by entity L2. {{(pid=89915) add_provisioning_component /opt/stack/neutron/neutron/db/provisioning_blocks.py:69}}
Jun 19 18:50:19.344145 np0000003305 devstack@neutron-api.service[89915]: DEBUG neutron.plugins.ml2.plugin [None req-fd90ec02-473e-4b9f-9b65-74a4b0c66b74 None None] Current status of the port 9f89d6d2-0e91-4b7c-a21c-cad1e2bd0870 is: DOWN; New status is: DOWN {{(pid=89915) _update_individual_port_db_status /opt/stack/neutron/neutron/plugins/ml2/plugin.py:2473}}
Jun 19 18:50:19.345127 np0000003305 devstack@neutron-api.service[89915]: DEBUG ovsdbapp.backend.ovs_idl.transaction [-] Running txn n=1 command(idx=0): DbRemoveCommand(_result=None, table=Logical_Switch_Port, record=9f89d6d2-0e91-4b7c-a21c-cad1e2bd0870, column=external_ids, values=('neutron:host_id',), keyvalues={}, if_exists=True) {{(pid=89915) do_commit /opt/stack/data/venv/lib/python3.12/site-packages/ovsdbapp/backend/ovs_idl/transaction.py:89}}
Jun 19 18:50:19.405730 np0000003305 devstack@neutron-api.service[89916]: DEBUG neutron_lib.callbacks.manager [None req-2f74faa2-5c77-46af-b749-207f99718264 admin admin] Publish callbacks ['neutron.plugins.ml2.ovo_rpc._ObjectChangeHandler.handle_event-3926100', 'neutron.services.ovn_l3.plugin.OVNL3RouterPlugin._port_update-7776610527506'] for port (9f89d6d2-0e91-4b7c-a21c-cad1e2bd0870), after_update {{(pid=89916) _notify_loop /opt/stack/data/venv/lib/python3.12/site-packages/neutron_lib/callbacks/manager.py:184}}
Jun 19 18:50:19.435122 np0000003305 devstack@neutron-api.service[89916]: DEBUG neutron.api.rpc.handlers.resources_rpc [None req-2f74faa2-5c77-46af-b749-207f99718264 admin admin] Pushing event updated for resources: {'Port': ['ID=9f89d6d2-0e91-4b7c-a21c-cad1e2bd0870,revision_number=1']} {{(pid=89916) push /opt/stack/neutron/neutron/api/rpc/handlers/resources_rpc.py:237}}
Jun 19 18:50:19.515380 np0000003305 devstack@neutron-api.service[89916]: DEBUG neutron.plugins.ml2.drivers.ovn.mech_driver.ovsdb.commands [None req-2f74faa2-5c77-46af-b749-207f99718264 admin admin] Converting tag [] to a tag_request {{(pid=89916) _tag_column_to_tag_request /opt/stack/neutron/neutron/plugins/ml2/drivers/ovn/mech_driver/ovsdb/commands.py:205}}
