Jul 10 19:01:20.707073 np0000005045 devstack@g-api.service[99752]: DEBUG glance.api.middleware.version_negotiation [None req-44fe6db6-df75-42e7-94fa-645efb7d17e8 tempest-TaggedBootDevicesTest_v242-1668402485 tempest-TaggedBootDevicesTest_v242-1668402485-project-member] Matched version: v2 {{(pid=99752) process_request /opt/stack/glance/glance/api/middleware/version_negotiation.py:69}}
Jul 10 19:01:20.707121 np0000005045 devstack@g-api.service[99752]: DEBUG glance.api.middleware.version_negotiation [None req-44fe6db6-df75-42e7-94fa-645efb7d17e8 tempest-TaggedBootDevicesTest_v242-1668402485 tempest-TaggedBootDevicesTest_v242-1668402485-project-member] new path /v2/schemas/image {{(pid=99752) process_request /opt/stack/glance/glance/api/middleware/version_negotiation.py:70}}
Jul 10 19:01:20.710284 np0000005045 devstack@g-api.service[99752]: [pid: 99752|app: 0|req: 18/54] 127.0.0.1 () {44 vars in 1051 bytes} [Fri Jul 10 19:01:20 2026] GET /v2/schemas/image => generated 6083 bytes in 4 msecs (HTTP/1.1 200) 4 headers in 158 bytes (1 switches on core 0)
Jul 10 19:01:20.726489 np0000005045 devstack@g-api.service[99751]: DEBUG glance.api.middleware.version_negotiation [None req-44fe6db6-df75-42e7-94fa-645efb7d17e8 tempest-TaggedBootDevicesTest_v242-1668402485 tempest-TaggedBootDevicesTest_v242-1668402485-project-member] Determining version of request: GET /v2/schemas/image Accept: */* {{(pid=99751) process_request /opt/stack/glance/glance/api/middleware/version_negotiation.py:44}}
Jul 10 19:01:20.726489 np0000005045 devstack@g-api.service[99751]: DEBUG glance.api.middleware.version_negotiation [None req-44fe6db6-df75-42e7-94fa-645efb7d17e8 tempest-TaggedBootDevicesTest_v242-1668402485 tempest-TaggedBootDevicesTest_v242-1668402485-project-member] Using url versioning {{(pid=99751) process_request /opt/stack/glance/glance/api/middleware/version_negotiation.py:57}}
Jul 10 19:01:20.726489 np0000005045 devstack@g-api.service[99751]: DEBUG glance.api.middleware.version_negotiation [None req-44fe6db6-df75-42e7-94fa-645efb7d17e8 tempest-TaggedBootDevicesTest_v242-1668402485 tempest-TaggedBootDevicesTest_v242-1668402485-project-member] Matched version: v2 {{(pid=99751) process_request /opt/stack/glance/glance/api/middleware/version_negotiation.py:69}}
Jul 10 19:01:20.726489 np0000005045 devstack@g-api.service[99751]: DEBUG glance.api.middleware.version_negotiation [None req-44fe6db6-df75-42e7-94fa-645efb7d17e8 tempest-TaggedBootDevicesTest_v242-1668402485 tempest-TaggedBootDevicesTest_v242-1668402485-project-member] new path /v2/schemas/image {{(pid=99751) process_request /opt/stack/glance/glance/api/middleware/version_negotiation.py:70}}
Jul 10 19:01:20.737033 np0000005045 devstack@g-api.service[99751]: [pid: 99751|app: 0|req: 20/55] 127.0.0.1 () {44 vars in 1051 bytes} [Fri Jul 10 19:01:20 2026] GET /v2/schemas/image => generated 6083 bytes in 10 msecs (HTTP/1.1 200) 4 headers in 158 bytes (1 switches on core 0)
Jul 10 19:01:21.450997 np0000005045 devstack@g-api.service[99753]: DEBUG glance.api.middleware.version_negotiation [None req-44fe6db6-df75-42e7-94fa-645efb7d17e8 tempest-TaggedBootDevicesTest_v242-1668402485 tempest-TaggedBootDevicesTest_v242-1668402485-project-member] Determining version of request: GET /versions Accept: */* {{(pid=99753) process_request /opt/stack/glance/glance/api/middleware/version_negotiation.py:44}}
Jul 10 19:01:21.452025 np0000005045 devstack@g-api.service[99753]: [pid: 99753|app: 0|req: 18/56] 127.0.0.1 () {44 vars in 1035 bytes} [Fri Jul 10 19:01:21 2026] GET /versions => generated 1501 bytes in 1 msecs (HTTP/1.1 200) 3 headers in 92 bytes (1 switches on core 0)
Jul 10 19:01:21.458907 np0000005045 devstack@g-api.service[99752]: DEBUG glance.api.middleware.version_negotiation [None req-44fe6db6-df75-42e7-94fa-645efb7d17e8 tempest-TaggedBootDevicesTest_v242-1668402485 tempest-TaggedBootDevicesTest_v242-1668402485-project-member] Determining version of request: GET /v2/images/0f6ad080-0896-40ab-8261-90a774120c47/locations Accept: */* {{(pid=99752) process_request /opt/stack/glance/glance/api/middleware/version_negotiation.py:44}}
Jul 10 19:01:21.459096 np0000005045 devstack@g-api.service[99752]: DEBUG glance.api.middleware.version_negotiation [None req-44fe6db6-df75-42e7-94fa-645efb7d17e8 tempest-TaggedBootDevicesTest_v242-1668402485 tempest-TaggedBootDevicesTest_v242-1668402485-project-member] Using url versioning {{(pid=99752) process_request /opt/stack/glance/glance/api/middleware/version_negotiation.py:57}}
Jul 10 19:01:21.459242 np0000005045 devstack@g-api.service[99752]: DEBUG glance.api.middleware.version_negotiation [None req-44fe6db6-df75-42e7-94fa-645efb7d17e8 tempest-TaggedBootDevicesTest_v242-1668402485 tempest-TaggedBootDevicesTest_v242-1668402485-project-member] Matched version: v2 {{(pid=99752) process_request /opt/stack/glance/glance/api/middleware/version_negotiation.py:69}}
Jul 10 19:01:21.459353 np0000005045 devstack@g-api.service[99752]: DEBUG glance.api.middleware.version_negotiation [None req-44fe6db6-df75-42e7-94fa-645efb7d17e8 tempest-TaggedBootDevicesTest_v242-1668402485 tempest-TaggedBootDevicesTest_v242-1668402485-project-member] new path /v2/images/0f6ad080-0896-40ab-8261-90a774120c47/locations {{(pid=99752) process_request /opt/stack/glance/glance/api/middleware/version_negotiation.py:70}}
Jul 10 19:01:21.777019 np0000005045 devstack@g-api.service[99752]: [pid: 99752|app: 0|req: 19/57] 127.0.0.1 () {44 vars in 1131 bytes} [Fri Jul 10 19:01:21 2026] GET /v2/images/0f6ad080-0896-40ab-8261-90a774120c47/locations => generated 92 bytes in 318 msecs (HTTP/1.1 200) 4 headers in 156 bytes (1 switches on core 0)
Jul 10 19:01:21.787815 np0000005045 devstack@g-api.service[99751]: DEBUG glance.api.middleware.version_negotiation [None req-44fe6db6-df75-42e7-94fa-645efb7d17e8 tempest-TaggedBootDevicesTest_v242-1668402485 tempest-TaggedBootDevicesTest_v242-1668402485-project-member] Determining version of request: GET /v2/images/0f6ad080-0896-40ab-8261-90a774120c47 Accept: */* {{(pid=99751) process_request /opt/stack/glance/glance/api/middleware/version_negotiation.py:44}}
Jul 10 19:01:21.788243 np0000005045 devstack@g-api.service[99751]: DEBUG glance.api.middleware.version_negotiation [None req-44fe6db6-df75-42e7-94fa-645efb7d17e8 tempest-TaggedBootDevicesTest_v242-1668402485 tempest-TaggedBootDevicesTest_v242-1668402485-project-member] Using url versioning {{(pid=99751) process_request /opt/stack/glance/glance/api/middleware/version_negotiation.py:57}}
Jul 10 19:01:21.788285 np0000005045 devstack@g-api.service[99751]: DEBUG glance.api.middleware.version_negotiation [None req-44fe6db6-df75-42e7-94fa-645efb7d17e8 tempest-TaggedBootDevicesTest_v242-1668402485 tempest-TaggedBootDevicesTest_v242-1668402485-project-member] Matched version: v2 {{(pid=99751) process_request /opt/stack/glance/glance/api/middleware/version_negotiation.py:69}}
Jul 10 19:01:21.788415 np0000005045 devstack@g-api.service[99751]: DEBUG glance.api.middleware.version_negotiation [None req-44fe6db6-df75-42e7-94fa-645efb7d17e8 tempest-TaggedBootDevicesTest_v242-1668402485 tempest-TaggedBootDevicesTest_v242-1668402485-project-member] new path /v2/images/0f6ad080-0896-40ab-8261-90a774120c47 {{(pid=99751) process_request /opt/stack/glance/glance/api/middleware/version_negotiation.py:70}}
Jul 10 19:01:21.800225 np0000005045 devstack@g-api.service[99751]: [pid: 99751|app: 0|req: 21/58] 127.0.0.1 () {44 vars in 1111 bytes} [Fri Jul 10 19:01:21 2026] GET /v2/images/0f6ad080-0896-40ab-8261-90a774120c47 => generated 1044 bytes in 13 msecs (HTTP/1.1 200) 4 headers in 158 bytes (1 switches on core 0)
Jul 10 19:01:21.817488 np0000005045 devstack@g-api.service[99753]: DEBUG glance.api.middleware.version_negotiation [None req-44fe6db6-df75-42e7-94fa-645efb7d17e8 tempest-TaggedBootDevicesTest_v242-1668402485 tempest-TaggedBootDevicesTest_v242-1668402485-project-member] Determining version of request: GET /v2/schemas/image Accept: */* {{(pid=99753) process_request /opt/stack/glance/glance/api/middleware/version_negotiation.py:44}}
Jul 10 19:01:21.817764 np0000005045 devstack@g-api.service[99753]: DEBUG glance.api.middleware.version_negotiation [None req-44fe6db6-df75-42e7-94fa-645efb7d17e8 tempest-TaggedBootDevicesTest_v242-1668402485 tempest-TaggedBootDevicesTest_v242-1668402485-project-member] Using url versioning {{(pid=99753) process_request /opt/stack/glance/glance/api/middleware/version_negotiation.py:57}}
Jul 10 19:01:21.817941 np0000005045 devstack@g-api.service[99753]: DEBUG glance.api.middleware.version_negotiation [None req-44fe6db6-df75-42e7-94fa-645efb7d17e8 tempest-TaggedBootDevicesTest_v242-1668402485 tempest-TaggedBootDevicesTest_v242-1668402485-project-member] Matched version: v2 {{(pid=99753) process_request /opt/stack/glance/glance/api/middleware/version_negotiation.py:69}}
Jul 10 19:01:21.818079 np0000005045 devstack@g-api.service[99753]: DEBUG glance.api.middleware.version_negotiation [None req-44fe6db6-df75-42e7-94fa-645efb7d17e8 tempest-TaggedBootDevicesTest_v242-1668402485 tempest-TaggedBootDevicesTest_v242-1668402485-project-member] new path /v2/schemas/image {{(pid=99753) process_request /opt/stack/glance/glance/api/middleware/version_negotiation.py:70}}
Jul 10 19:01:21.822255 np0000005045 devstack@g-api.service[99753]: [pid: 99753|app: 0|req: 19/59] 127.0.0.1 () {44 vars in 1051 bytes} [Fri Jul 10 19:01:21 2026] GET /v2/schemas/image => generated 6083 bytes in 5 msecs (HTTP/1.1 200) 4 headers in 158 bytes (1 switches on core 0)
Jul 10 19:01:21.835872 np0000005045 devstack@g-api.service[99752]: DEBUG glance.api.middleware.version_negotiation [None req-44fe6db6-df75-42e7-94fa-645efb7d17e8 service glance] Determining version of request: GET /v2/schemas/image Accept: */* {{(pid=99752) process_request /opt/stack/glance/glance/api/middleware/version_negotiation.py:44}}
Jul 10 19:01:21.836151 np0000005045 devstack@g-api.service[99752]: DEBUG glance.api.middleware.version_negotiation [None req-44fe6db6-df75-42e7-94fa-645efb7d17e8 service glance] Using url versioning {{(pid=99752) process_request /opt/stack/glance/glance/api/middleware/version_negotiation.py:57}}
Jul 10 19:01:21.836151 np0000005045 devstack@g-api.service[99752]: DEBUG glance.api.middleware.version_negotiation [None req-44fe6db6-df75-42e7-94fa-645efb7d17e8 service glance] Matched version: v2 {{(pid=99752) process_request /opt/stack/glance/glance/api/middleware/version_negotiation.py:69}}
Jul 10 19:01:21.836301 np0000005045 devstack@g-api.service[99752]: DEBUG glance.api.middleware.version_negotiation [None req-44fe6db6-df75-42e7-94fa-645efb7d17e8 service glance] new path /v2/schemas/image {{(pid=99752) process_request /opt/stack/glance/glance/api/middleware/version_negotiation.py:70}}
Jul 10 19:01:21.839690 np0000005045 devstack@g-api.service[99752]: [pid: 99752|app: 0|req: 20/60] 127.0.0.1 () {44 vars in 1051 bytes} [Fri Jul 10 19:01:21 2026] GET /v2/schemas/image => generated 6083 bytes in 4 msecs (HTTP/1.1 200) 4 headers in 158 bytes (1 switches on core 0)
Jul 10 19:01:23.856612 np0000005045 devstack@g-api.service[99751]: DEBUG glance.api.middleware.version_negotiation [None req-44fe6db6-df75-42e7-94fa-645efb7d17e8 tempest-TaggedBootDevicesTest_v242-1668402485 tempest-TaggedBootDevicesTest_v242-1668402485-project-member] Determining version of request: GET /v2/images/0f6ad080-0896-40ab-8261-90a774120c47 Accept: */* {{(pid=99751) process_request /opt/stack/glance/glance/api/middleware/version_negotiation.py:44}}
Jul 10 19:01:23.856991 np0000005045 devstack@g-api.service[99751]: DEBUG glance.api.middleware.version_negotiation [None req-44fe6db6-df75-42e7-94fa-645efb7d17e8 tempest-TaggedBootDevicesTest_v242-1668402485 tempest-TaggedBootDevicesTest_v242-1668402485-project-member] Using url versioning {{(pid=99751) process_request /opt/stack/glance/glance/api/middleware/version_negotiation.py:57}}
Jul 10 19:01:23.856991 np0000005045 devstack@g-api.service[99751]: DEBUG glance.api.middleware.version_negotiation [None req-44fe6db6-df75-42e7-94fa-645efb7d17e8 tempest-TaggedBootDevicesTest_v242-1668402485 tempest-TaggedBootDevicesTest_v242-1668402485-project-member] Matched version: v2 {{(pid=99751) process_request /opt/stack/glance/glance/api/middleware/version_negotiation.py:69}}
Jul 10 19:01:23.857066 np0000005045 devstack@g-api.service[99751]: DEBUG glance.api.middleware.version_negotiation [None req-44fe6db6-df75-42e7-94fa-645efb7d17e8 tempest-TaggedBootDevicesTest_v242-1668402485 tempest-TaggedBootDevicesTest_v242-1668402485-project-member] new path /v2/images/0f6ad080-0896-40ab-8261-90a774120c47 {{(pid=99751) process_request /opt/stack/glance/glance/api/middleware/version_negotiation.py:70}}
Jul 10 19:01:23.884847 np0000005045 devstack@g-api.service[99751]: [pid: 99751|app: 0|req: 22/61] 127.0.0.1 () {44 vars in 1111 bytes} [Fri Jul 10 19:01:23 2026] GET /v2/images/0f6ad080-0896-40ab-8261-90a774120c47 => generated 1044 bytes in 29 msecs (HTTP/1.1 200) 4 headers in 158 bytes (1 switches on core 0)
Jul 10 19:01:23.935387 np0000005045 devstack@g-api.service[99753]: DEBUG glance.api.middleware.version_negotiation [None req-44fe6db6-df75-42e7-94fa-645efb7d17e8 tempest-TaggedBootDevicesTest_v242-1668402485 tempest-TaggedBootDevicesTest_v242-1668402485-project-member] Determining version of request: GET /v2/images/0f6ad080-0896-40ab-8261-90a774120c47/file Accept: */* {{(pid=99753) process_request /opt/stack/glance/glance/api/middleware/version_negotiation.py:44}}
Jul 10 19:01:23.935387 np0000005045 devstack@g-api.service[99753]: DEBUG glance.api.middleware.version_negotiation [None req-44fe6db6-df75-42e7-94fa-645efb7d17e8 tempest-TaggedBootDevicesTest_v242-1668402485 tempest-TaggedBootDevicesTest_v242-1668402485-project-member] Using url versioning {{(pid=99753) process_request /opt/stack/glance/glance/api/middleware/version_negotiation.py:57}}
Jul 10 19:01:23.936301 np0000005045 devstack@g-api.service[99753]: DEBUG glance.api.middleware.version_negotiation [None req-44fe6db6-df75-42e7-94fa-645efb7d17e8 tempest-TaggedBootDevicesTest_v242-1668402485 tempest-TaggedBootDevicesTest_v242-1668402485-project-member] Matched version: v2 {{(pid=99753) process_request /opt/stack/glance/glance/api/middleware/version_negotiation.py:69}}
Jul 10 19:01:23.936301 np0000005045 devstack@g-api.service[99753]: DEBUG glance.api.middleware.version_negotiation [None req-44fe6db6-df75-42e7-94fa-645efb7d17e8 tempest-TaggedBootDevicesTest_v242-1668402485 tempest-TaggedBootDevicesTest_v242-1668402485-project-member] new path /v2/images/0f6ad080-0896-40ab-8261-90a774120c47/file {{(pid=99753) process_request /opt/stack/glance/glance/api/middleware/version_negotiation.py:70}}
Jul 10 19:01:23.955420 np0000005045 devstack@g-api.service[99753]: DEBUG glance.api.middleware.cache [None req-bb333916-f255-4a72-b4d8-f3947e558093 tempest-DeleteServersTestJSON-1203964194 tempest-DeleteServersTestJSON-1203964194-project-member] Cache hit for image '0f6ad080-0896-40ab-8261-90a774120c47' {{(pid=99753) process_request /opt/stack/glance/glance/api/middleware/cache.py:160}}
Jul 10 19:01:24.039897 np0000005045 devstack@g-api.service[99752]: DEBUG glance.api.middleware.version_negotiation [None req-44fe6db6-df75-42e7-94fa-645efb7d17e8 tempest-TaggedBootDevicesTest_v242-1668402485 tempest-TaggedBootDevicesTest_v242-1668402485-project-member] Determining version of request: GET /v2/images/0f6ad080-0896-40ab-8261-90a774120c47 Accept: application/json {{(pid=99752) process_request /opt/stack/glance/glance/api/middleware/version_negotiation.py:44}}
Jul 10 19:01:24.041146 np0000005045 devstack@g-api.service[99752]: DEBUG glance.api.middleware.version_negotiation [None req-44fe6db6-df75-42e7-94fa-645efb7d17e8 tempest-TaggedBootDevicesTest_v242-1668402485 tempest-TaggedBootDevicesTest_v242-1668402485-project-member] Using url versioning {{(pid=99752) process_request /opt/stack/glance/glance/api/middleware/version_negotiation.py:57}}
Jul 10 19:01:24.041597 np0000005045 devstack@g-api.service[99752]: DEBUG glance.api.middleware.version_negotiation [None req-44fe6db6-df75-42e7-94fa-645efb7d17e8 tempest-TaggedBootDevicesTest_v242-1668402485 tempest-TaggedBootDevicesTest_v242-1668402485-project-member] Matched version: v2 {{(pid=99752) process_request /opt/stack/glance/glance/api/middleware/version_negotiation.py:69}}
Jul 10 19:01:24.042624 np0000005045 devstack@g-api.service[99752]: DEBUG glance.api.middleware.version_negotiation [None req-44fe6db6-df75-42e7-94fa-645efb7d17e8 tempest-TaggedBootDevicesTest_v242-1668402485 tempest-TaggedBootDevicesTest_v242-1668402485-project-member] new path /v2/images/0f6ad080-0896-40ab-8261-90a774120c47 {{(pid=99752) process_request /opt/stack/glance/glance/api/middleware/version_negotiation.py:70}}
Jul 10 19:01:24.050996 np0000005045 devstack@g-api.service[99753]: [pid: 99753|app: 0|req: 20/62] 127.0.0.1 () {44 vars in 1121 bytes} [Fri Jul 10 19:01:23 2026] GET /v2/images/0f6ad080-0896-40ab-8261-90a774120c47/file => generated 21692416 bytes in 116 msecs (HTTP/1.1 200) 5 headers in 217 bytes (338 switches on core 0)
Jul 10 19:01:24.179377 np0000005045 devstack@g-api.service[99751]: DEBUG glance.api.middleware.version_negotiation [None req-bb333916-f255-4a72-b4d8-f3947e558093 tempest-DeleteServersTestJSON-1203964194 tempest-DeleteServersTestJSON-1203964194-project-member] Determining version of request: GET /v2/images/0f6ad080-0896-40ab-8261-90a774120c47 Accept: */* {{(pid=99751) process_request /opt/stack/glance/glance/api/middleware/version_negotiation.py:44}}
Jul 10 19:01:24.179865 np0000005045 devstack@g-api.service[99751]: DEBUG glance.api.middleware.version_negotiation [None req-bb333916-f255-4a72-b4d8-f3947e558093 tempest-DeleteServersTestJSON-1203964194 tempest-DeleteServersTestJSON-1203964194-project-member] Using url versioning {{(pid=99751) process_request /opt/stack/glance/glance/api/middleware/version_negotiation.py:57}}
Jul 10 19:01:24.180053 np0000005045 devstack@g-api.service[99751]: DEBUG glance.api.middleware.version_negotiation [None req-bb333916-f255-4a72-b4d8-f3947e558093 tempest-DeleteServersTestJSON-1203964194 tempest-DeleteServersTestJSON-1203964194-project-member] Matched version: v2 {{(pid=99751) process_request /opt/stack/glance/glance/api/middleware/version_negotiation.py:69}}
Jul 10 19:01:24.180211 np0000005045 devstack@g-api.service[99751]: DEBUG glance.api.middleware.version_negotiation [None req-bb333916-f255-4a72-b4d8-f3947e558093 tempest-DeleteServersTestJSON-1203964194 tempest-DeleteServersTestJSON-1203964194-project-member] new path /v2/images/0f6ad080-0896-40ab-8261-90a774120c47 {{(pid=99751) process_request /opt/stack/glance/glance/api/middleware/version_negotiation.py:70}}
Jul 10 19:01:24.195792 np0000005045 devstack@g-api.service[99751]: [pid: 99751|app: 0|req: 23/63] 127.0.0.1 () {44 vars in 1111 bytes} [Fri Jul 10 19:01:24 2026] GET /v2/images/0f6ad080-0896-40ab-8261-90a774120c47 => generated 1044 bytes in 16 msecs (HTTP/1.1 200) 4 headers in 158 bytes (1 switches on core 0)
Jul 10 19:01:24.239138 np0000005045 devstack@g-api.service[99753]: DEBUG glance.api.middleware.version_negotiation [None req-bb333916-f255-4a72-b4d8-f3947e558093 tempest-DeleteServersTestJSON-1203964194 tempest-DeleteServersTestJSON-1203964194-project-member] Determining version of request: GET /v2/schemas/image Accept: */* {{(pid=99753) process_request /opt/stack/glance/glance/api/middleware/version_negotiation.py:44}}
Jul 10 19:01:24.239293 np0000005045 devstack@g-api.service[99753]: DEBUG glance.api.middleware.version_negotiation [None req-bb333916-f255-4a72-b4d8-f3947e558093 tempest-DeleteServersTestJSON-1203964194 tempest-DeleteServersTestJSON-1203964194-project-member] Using url versioning {{(pid=99753) process_request /opt/stack/glance/glance/api/middleware/version_negotiation.py:57}}
Jul 10 19:01:24.239402 np0000005045 devstack@g-api.service[99753]: DEBUG glance.api.middleware.version_negotiation [None req-bb333916-f255-4a72-b4d8-f3947e558093 tempest-DeleteServersTestJSON-1203964194 tempest-DeleteServersTestJSON-1203964194-project-member] Matched version: v2 {{(pid=99753) process_request /opt/stack/glance/glance/api/middleware/version_negotiation.py:69}}
Jul 10 19:01:24.239600 np0000005045 devstack@g-api.service[99753]: DEBUG glance.api.middleware.version_negotiation [None req-bb333916-f255-4a72-b4d8-f3947e558093 tempest-DeleteServersTestJSON-1203964194 tempest-DeleteServersTestJSON-1203964194-project-member] new path /v2/schemas/image {{(pid=99753) process_request /opt/stack/glance/glance/api/middleware/version_negotiation.py:70}}
Jul 10 19:01:24.249363 np0000005045 devstack@g-api.service[99753]: [pid: 99753|app: 0|req: 21/64] 127.0.0.1 () {44 vars in 1051 bytes} [Fri Jul 10 19:01:24 2026] GET /v2/schemas/image => generated 6083 bytes in 10 msecs (HTTP/1.1 200) 4 headers in 158 bytes (1 switches on core 0)
Jul 10 19:01:24.492621 np0000005045 devstack@g-api.service[99752]: [pid: 99752|app: 0|req: 21/65] 127.0.0.1 () {40 vars in 834 bytes} [Fri Jul 10 19:01:24 2026] GET /v2/images/0f6ad080-0896-40ab-8261-90a774120c47 => generated 1044 bytes in 453 msecs (HTTP/1.1 200) 4 headers in 158 bytes (1 switches on core 0)
Jul 10 19:01:24.502266 np0000005045 devstack@g-api.service[99751]: DEBUG glance.api.middleware.version_negotiation [None req-bb333916-f255-4a72-b4d8-f3947e558093 tempest-DeleteServersTestJSON-1203964194 tempest-DeleteServersTestJSON-1203964194-project-member] Determining version of request: GET /v2/images/0f6ad080-0896-40ab-8261-90a774120c47/file Accept: application/json {{(pid=99751) process_request /opt/stack/glance/glance/api/middleware/version_negotiation.py:44}}
Jul 10 19:01:24.502266 np0000005045 devstack@g-api.service[99751]: DEBUG glance.api.middleware.version_negotiation [None req-bb333916-f255-4a72-b4d8-f3947e558093 tempest-DeleteServersTestJSON-1203964194 tempest-DeleteServersTestJSON-1203964194-project-member] Using url versioning {{(pid=99751) process_request /opt/stack/glance/glance/api/middleware/version_negotiation.py:57}}
Jul 10 19:01:24.502266 np0000005045 devstack@g-api.service[99751]: DEBUG glance.api.middleware.version_negotiation [None req-bb333916-f255-4a72-b4d8-f3947e558093 tempest-DeleteServersTestJSON-1203964194 tempest-DeleteServersTestJSON-1203964194-project-member] Matched version: v2 {{(pid=99751) process_request /opt/stack/glance/glance/api/middleware/version_negotiation.py:69}}
Jul 10 19:01:24.502735 np0000005045 devstack@g-api.service[99751]: DEBUG glance.api.middleware.version_negotiation [None req-bb333916-f255-4a72-b4d8-f3947e558093 tempest-DeleteServersTestJSON-1203964194 tempest-DeleteServersTestJSON-1203964194-project-member] new path /v2/images/0f6ad080-0896-40ab-8261-90a774120c47/file {{(pid=99751) process_request /opt/stack/glance/glance/api/middleware/version_negotiation.py:70}}
Jul 10 19:01:24.947614 np0000005045 devstack@g-api.service[99751]: DEBUG glance.api.middleware.cache [None req-13652ab3-7528-4ecc-a00e-4ef6f1faba68 tempest-AttachSCSIVolumeTestJSON-486073986 tempest-AttachSCSIVolumeTestJSON-486073986-project-admin] Cache hit for image '0f6ad080-0896-40ab-8261-90a774120c47' {{(pid=99751) process_request /opt/stack/glance/glance/api/middleware/cache.py:160}}
Jul 10 19:01:24.961508 np0000005045 devstack@g-api.service[99753]: DEBUG glance.api.middleware.version_negotiation [None req-bb333916-f255-4a72-b4d8-f3947e558093 tempest-DeleteServersTestJSON-1203964194 tempest-DeleteServersTestJSON-1203964194-project-member] Determining version of request: POST /v2/images Accept: application/json {{(pid=99753) process_request /opt/stack/glance/glance/api/middleware/version_negotiation.py:44}}
Jul 10 19:01:24.961508 np0000005045 devstack@g-api.service[99753]: DEBUG glance.api.middleware.version_negotiation [None req-bb333916-f255-4a72-b4d8-f3947e558093 tempest-DeleteServersTestJSON-1203964194 tempest-DeleteServersTestJSON-1203964194-project-member] Using url versioning {{(pid=99753) process_request /opt/stack/glance/glance/api/middleware/version_negotiation.py:57}}
Jul 10 19:01:24.961508 np0000005045 devstack@g-api.service[99753]: DEBUG glance.api.middleware.version_negotiation [None req-bb333916-f255-4a72-b4d8-f3947e558093 tempest-DeleteServersTestJSON-1203964194 tempest-DeleteServersTestJSON-1203964194-project-member] Matched version: v2 {{(pid=99753) process_request /opt/stack/glance/glance/api/middleware/version_negotiation.py:69}}
Jul 10 19:01:24.961508 np0000005045 devstack@g-api.service[99753]: DEBUG glance.api.middleware.version_negotiation [None req-bb333916-f255-4a72-b4d8-f3947e558093 tempest-DeleteServersTestJSON-1203964194 tempest-DeleteServersTestJSON-1203964194-project-member] new path /v2/images {{(pid=99753) process_request /opt/stack/glance/glance/api/middleware/version_negotiation.py:70}}
Jul 10 19:01:25.789491 np0000005045 devstack@g-api.service[99753]: [pid: 99753|app: 0|req: 22/66] 127.0.0.1 () {42 vars in 782 bytes} [Fri Jul 10 19:01:24 2026] POST /v2/images => generated 690 bytes in 826 msecs (HTTP/1.1 201) 6 headers in 315 bytes (1 switches on core 0)
Jul 10 19:01:25.796818 np0000005045 devstack@g-api.service[99752]: DEBUG glance.api.middleware.version_negotiation [None req-b39454dd-b30c-4dc0-b831-0225e2d981c0 tempest-AttachSCSIVolumeTestJSON-802564083 tempest-AttachSCSIVolumeTestJSON-802564083-project-reader] Determining version of request: PUT /v2/images/7540c7a9-972f-4998-99be-08e96b1c4ee5/file Accept: {{(pid=99752) process_request /opt/stack/glance/glance/api/middleware/version_negotiation.py:44}}
Jul 10 19:01:25.796818 np0000005045 devstack@g-api.service[99752]: DEBUG glance.api.middleware.version_negotiation [None req-b39454dd-b30c-4dc0-b831-0225e2d981c0 tempest-AttachSCSIVolumeTestJSON-802564083 tempest-AttachSCSIVolumeTestJSON-802564083-project-reader] Using url versioning {{(pid=99752) process_request /opt/stack/glance/glance/api/middleware/version_negotiation.py:57}}
Jul 10 19:01:25.797386 np0000005045 devstack@g-api.service[99752]: DEBUG glance.api.middleware.version_negotiation [None req-b39454dd-b30c-4dc0-b831-0225e2d981c0 tempest-AttachSCSIVolumeTestJSON-802564083 tempest-AttachSCSIVolumeTestJSON-802564083-project-reader] Matched version: v2 {{(pid=99752) process_request /opt/stack/glance/glance/api/middleware/version_negotiation.py:69}}
Jul 10 19:01:25.797386 np0000005045 devstack@g-api.service[99752]: DEBUG glance.api.middleware.version_negotiation [None req-b39454dd-b30c-4dc0-b831-0225e2d981c0 tempest-AttachSCSIVolumeTestJSON-802564083 tempest-AttachSCSIVolumeTestJSON-802564083-project-reader] new path /v2/images/7540c7a9-972f-4998-99be-08e96b1c4ee5/file {{(pid=99752) process_request /opt/stack/glance/glance/api/middleware/version_negotiation.py:70}}
Jul 10 19:01:25.863107 np0000005045 devstack@g-api.service[99751]: [pid: 99751|app: 0|req: 24/67] 127.0.0.1 () {40 vars in 844 bytes} [Fri Jul 10 19:01:24 2026] GET /v2/images/0f6ad080-0896-40ab-8261-90a774120c47/file => generated 21692416 bytes in 1361 msecs (HTTP/1.1 200) 5 headers in 217 bytes (341 switches on core 0)
Jul 10 19:01:26.584913 np0000005045 devstack@g-api.service[99752]: INFO glance.api.v2.image_data [None req-404644f9-1cd6-498f-a807-a7e32887963a tempest-AttachSCSIVolumeTestJSON-486073986 tempest-AttachSCSIVolumeTestJSON-486073986-project-admin] Unable to create trust: no such option collect_timing in group [keystone_authtoken] Use the existing user token.
Jul 10 19:01:27.040917 np0000005045 devstack@g-api.service[99753]: DEBUG glance.api.middleware.version_negotiation [None req-1b0c6760-6cca-4ee7-a348-4b0705b57c8e tempest-AttachSCSIVolumeTestJSON-486073986 tempest-AttachSCSIVolumeTestJSON-486073986-project-admin] Determining version of request: GET /v2/images/0f6ad080-0896-40ab-8261-90a774120c47 Accept: */* {{(pid=99753) process_request /opt/stack/glance/glance/api/middleware/version_negotiation.py:44}}
Jul 10 19:01:27.041374 np0000005045 devstack@g-api.service[99753]: DEBUG glance.api.middleware.version_negotiation [None req-1b0c6760-6cca-4ee7-a348-4b0705b57c8e tempest-AttachSCSIVolumeTestJSON-486073986 tempest-AttachSCSIVolumeTestJSON-486073986-project-admin] Using url versioning {{(pid=99753) process_request /opt/stack/glance/glance/api/middleware/version_negotiation.py:57}}
Jul 10 19:01:27.041374 np0000005045 devstack@g-api.service[99753]: DEBUG glance.api.middleware.version_negotiation [None req-1b0c6760-6cca-4ee7-a348-4b0705b57c8e tempest-AttachSCSIVolumeTestJSON-486073986 tempest-AttachSCSIVolumeTestJSON-486073986-project-admin] Matched version: v2 {{(pid=99753) process_request /opt/stack/glance/glance/api/middleware/version_negotiation.py:69}}
Jul 10 19:01:27.041546 np0000005045 devstack@g-api.service[99753]: DEBUG glance.api.middleware.version_negotiation [None req-1b0c6760-6cca-4ee7-a348-4b0705b57c8e tempest-AttachSCSIVolumeTestJSON-486073986 tempest-AttachSCSIVolumeTestJSON-486073986-project-admin] new path /v2/images/0f6ad080-0896-40ab-8261-90a774120c47 {{(pid=99753) process_request /opt/stack/glance/glance/api/middleware/version_negotiation.py:70}}
Jul 10 19:01:27.054729 np0000005045 devstack@g-api.service[99753]: [pid: 99753|app: 0|req: 23/68] 127.0.0.1 () {44 vars in 1111 bytes} [Fri Jul 10 19:01:27 2026] GET /v2/images/0f6ad080-0896-40ab-8261-90a774120c47 => generated 1044 bytes in 14 msecs (HTTP/1.1 200) 4 headers in 158 bytes (1 switches on core 0)
Jul 10 19:01:27.091821 np0000005045 devstack@g-api.service[99751]: DEBUG glance.api.middleware.version_negotiation [None req-13652ab3-7528-4ecc-a00e-4ef6f1faba68 tempest-AttachSCSIVolumeTestJSON-486073986 tempest-AttachSCSIVolumeTestJSON-486073986-project-admin] Determining version of request: GET /v2/schemas/image Accept: */* {{(pid=99751) process_request /opt/stack/glance/glance/api/middleware/version_negotiation.py:44}}
Jul 10 19:01:27.092364 np0000005045 devstack@g-api.service[99751]: DEBUG glance.api.middleware.version_negotiation [None req-13652ab3-7528-4ecc-a00e-4ef6f1faba68 tempest-AttachSCSIVolumeTestJSON-486073986 tempest-AttachSCSIVolumeTestJSON-486073986-project-admin] Using url versioning {{(pid=99751) process_request /opt/stack/glance/glance/api/middleware/version_negotiation.py:57}}
Jul 10 19:01:27.092364 np0000005045 devstack@g-api.service[99751]: DEBUG glance.api.middleware.version_negotiation [None req-13652ab3-7528-4ecc-a00e-4ef6f1faba68 tempest-AttachSCSIVolumeTestJSON-486073986 tempest-AttachSCSIVolumeTestJSON-486073986-project-admin] Matched version: v2 {{(pid=99751) process_request /opt/stack/glance/glance/api/middleware/version_negotiation.py:69}}
Jul 10 19:01:27.092364 np0000005045 devstack@g-api.service[99751]: DEBUG glance.api.middleware.version_negotiation [None req-13652ab3-7528-4ecc-a00e-4ef6f1faba68 tempest-AttachSCSIVolumeTestJSON-486073986 tempest-AttachSCSIVolumeTestJSON-486073986-project-admin] new path /v2/schemas/image {{(pid=99751) process_request /opt/stack/glance/glance/api/middleware/version_negotiation.py:70}}
Jul 10 19:01:27.095907 np0000005045 devstack@g-api.service[99751]: [pid: 99751|app: 0|req: 25/69] 127.0.0.1 () {44 vars in 1051 bytes} [Fri Jul 10 19:01:27 2026] GET /v2/schemas/image => generated 6083 bytes in 4 msecs (HTTP/1.1 200) 4 headers in 158 bytes (1 switches on core 0)
Jul 10 19:01:27.504135 np0000005045 devstack@g-api.service[99752]: DEBUG glance.location [None req-404644f9-1cd6-498f-a807-a7e32887963a tempest-AttachSCSIVolumeTestJSON-486073986 tempest-AttachSCSIVolumeTestJSON-486073986-project-admin] Enabling in-flight format inspection for qcow2 {{(pid=99752) set_data /opt/stack/glance/glance/location.py:596}}
Jul 10 19:01:27.504720 np0000005045 devstack@g-api.service[99752]: DEBUG glance_store.backend [None req-404644f9-1cd6-498f-a807-a7e32887963a tempest-AttachSCSIVolumeTestJSON-486073986 tempest-AttachSCSIVolumeTestJSON-486073986-project-admin] Attempting to import store swift {{(pid=99752) _load_store /opt/stack/data/venv/lib/python3.12/site-packages/glance_store/backend.py:215}}
Jul 10 19:01:27.506334 np0000005045 devstack@g-api.service[99752]: DEBUG glance_store.capabilities [None req-404644f9-1cd6-498f-a807-a7e32887963a tempest-AttachSCSIVolumeTestJSON-486073986 tempest-AttachSCSIVolumeTestJSON-486073986-project-admin] Store glance_store._drivers.swift.store.SingleTenantStore doesn't support updating dynamic storage capabilities. Please overwrite 'update_capabilities' method of the store to implement updating logics if needed. {{(pid=99752) update_capabilities /opt/stack/data/venv/lib/python3.12/site-packages/glance_store/capabilities.py:91}}
Jul 10 19:01:27.506612 np0000005045 devstack@g-api.service[99752]: DEBUG glance_store.driver [None req-404644f9-1cd6-498f-a807-a7e32887963a tempest-AttachSCSIVolumeTestJSON-486073986 tempest-AttachSCSIVolumeTestJSON-486073986-project-admin] Late loading location class glance_store._drivers.swift.store.StoreLocation {{(pid=99752) get_store_location_class /opt/stack/data/venv/lib/python3.12/site-packages/glance_store/driver.py:134}}
Jul 10 19:01:27.506705 np0000005045 devstack@g-api.service[99752]: DEBUG glance_store.location [None req-404644f9-1cd6-498f-a807-a7e32887963a tempest-AttachSCSIVolumeTestJSON-486073986 tempest-AttachSCSIVolumeTestJSON-486073986-project-admin] Registering scheme swift+https with {'store': , 'location_class': , 'store_entry': 'swift'} {{(pid=99752) register_scheme_map /opt/stack/data/venv/lib/python3.12/site-packages/glance_store/location.py:146}}
Jul 10 19:01:27.506794 np0000005045 devstack@g-api.service[99752]: DEBUG glance_store.location [None req-404644f9-1cd6-498f-a807-a7e32887963a tempest-AttachSCSIVolumeTestJSON-486073986 tempest-AttachSCSIVolumeTestJSON-486073986-project-admin] Registering scheme swift+https with {'store': , 'location_class': , 'store_entry': 'swift'} {{(pid=99752) register_scheme_map /opt/stack/data/venv/lib/python3.12/site-packages/glance_store/location.py:146}}
Jul 10 19:01:27.506794 np0000005045 devstack@g-api.service[99752]: DEBUG glance_store.location [None req-404644f9-1cd6-498f-a807-a7e32887963a tempest-AttachSCSIVolumeTestJSON-486073986 tempest-AttachSCSIVolumeTestJSON-486073986-project-admin] Registering scheme swift with {'store': , 'location_class': , 'store_entry': 'swift'} {{(pid=99752) register_scheme_map /opt/stack/data/venv/lib/python3.12/site-packages/glance_store/location.py:146}}
Jul 10 19:01:27.507449 np0000005045 devstack@g-api.service[99752]: DEBUG glance_store.location [None req-404644f9-1cd6-498f-a807-a7e32887963a tempest-AttachSCSIVolumeTestJSON-486073986 tempest-AttachSCSIVolumeTestJSON-486073986-project-admin] Registering scheme swift+https with {'store': , 'location_class': , 'store_entry': 'swift'} {{(pid=99752) register_scheme_map /opt/stack/data/venv/lib/python3.12/site-packages/glance_store/location.py:146}}
Jul 10 19:01:27.507449 np0000005045 devstack@g-api.service[99752]: DEBUG glance_store.location [None req-404644f9-1cd6-498f-a807-a7e32887963a tempest-AttachSCSIVolumeTestJSON-486073986 tempest-AttachSCSIVolumeTestJSON-486073986-project-admin] Registering scheme swift with {'store': , 'location_class': , 'store_entry': 'swift'} {{(pid=99752) register_scheme_map /opt/stack/data/venv/lib/python3.12/site-packages/glance_store/location.py:146}}
Jul 10 19:01:27.507449 np0000005045 devstack@g-api.service[99752]: DEBUG glance_store.location [None req-404644f9-1cd6-498f-a807-a7e32887963a tempest-AttachSCSIVolumeTestJSON-486073986 tempest-AttachSCSIVolumeTestJSON-486073986-project-admin] Registering scheme swift+http with {'store': , 'location_class': , 'store_entry': 'swift'} {{(pid=99752) register_scheme_map /opt/stack/data/venv/lib/python3.12/site-packages/glance_store/location.py:146}}
Jul 10 19:01:27.507775 np0000005045 devstack@g-api.service[99752]: DEBUG glance_store.location [None req-404644f9-1cd6-498f-a807-a7e32887963a tempest-AttachSCSIVolumeTestJSON-486073986 tempest-AttachSCSIVolumeTestJSON-486073986-project-admin] Registering scheme swift+https with {'store': , 'location_class': , 'store_entry': 'swift'} {{(pid=99752) register_scheme_map /opt/stack/data/venv/lib/python3.12/site-packages/glance_store/location.py:146}}
Jul 10 19:01:27.507775 np0000005045 devstack@g-api.service[99752]: DEBUG glance_store.location [None req-404644f9-1cd6-498f-a807-a7e32887963a tempest-AttachSCSIVolumeTestJSON-486073986 tempest-AttachSCSIVolumeTestJSON-486073986-project-admin] Registering scheme swift with {'store': , 'location_class': , 'store_entry': 'swift'} {{(pid=99752) register_scheme_map /opt/stack/data/venv/lib/python3.12/site-packages/glance_store/location.py:146}}
Jul 10 19:01:27.507775 np0000005045 devstack@g-api.service[99752]: DEBUG glance_store.location [None req-404644f9-1cd6-498f-a807-a7e32887963a tempest-AttachSCSIVolumeTestJSON-486073986 tempest-AttachSCSIVolumeTestJSON-486073986-project-admin] Registering scheme swift+http with {'store': , 'location_class': , 'store_entry': 'swift'} {{(pid=99752) register_scheme_map /opt/stack/data/venv/lib/python3.12/site-packages/glance_store/location.py:146}}
Jul 10 19:01:27.508143 np0000005045 devstack@g-api.service[99752]: DEBUG glance_store.location [None req-404644f9-1cd6-498f-a807-a7e32887963a tempest-AttachSCSIVolumeTestJSON-486073986 tempest-AttachSCSIVolumeTestJSON-486073986-project-admin] Registering scheme swift+config with {'store': , 'location_class': , 'store_entry': 'swift'} {{(pid=99752) register_scheme_map /opt/stack/data/venv/lib/python3.12/site-packages/glance_store/location.py:146}}
Jul 10 19:01:28.046249 np0000005045 devstack@g-api.service[99752]: DEBUG swiftclient [None req-404644f9-1cd6-498f-a807-a7e32887963a tempest-AttachSCSIVolumeTestJSON-486073986 tempest-AttachSCSIVolumeTestJSON-486073986-project-admin] REQ: curl -i https://10.4.3.89:8080/v1/AUTH_83a3cd4bdd894516b37746463596ae99/glance -I -H "X-Auth-Token: gAAAAABqUUGHJWCj..." {{(pid=99752) http_log /opt/stack/data/venv/lib/python3.12/site-packages/swiftclient/client.py:160}}
Jul 10 19:01:28.046437 np0000005045 devstack@g-api.service[99752]: DEBUG swiftclient [None req-404644f9-1cd6-498f-a807-a7e32887963a tempest-AttachSCSIVolumeTestJSON-486073986 tempest-AttachSCSIVolumeTestJSON-486073986-project-admin] RESP STATUS: 204 No Content {{(pid=99752) http_log /opt/stack/data/venv/lib/python3.12/site-packages/swiftclient/client.py:161}}
Jul 10 19:01:28.046690 np0000005045 devstack@g-api.service[99752]: DEBUG swiftclient [None req-404644f9-1cd6-498f-a807-a7e32887963a tempest-AttachSCSIVolumeTestJSON-486073986 tempest-AttachSCSIVolumeTestJSON-486073986-project-admin] RESP HEADERS: {'Date': 'Fri, 10 Jul 2026 19:01:28 GMT', 'Server': 'Apache/2.4.58 (Ubuntu)', 'Content-Type': 'text/plain; charset=utf-8', 'X-Container-Object-Count': '3', 'X-Container-Bytes-Used': '64356352', 'X-Timestamp': '1783709943.95112', 'Last-Modified': 'Fri, 10 Jul 2026 18:59:04 GMT', 'Accept-Ranges': 'bytes', 'X-Storage-Policy': 'Policy-0', 'X-Container-Sharding': 'False', 'Vary': 'Accept', 'X-Trans-Id': 'txf06331d95128427f8bcbc-006a514187', 'X-Openstack-Request-Id': 'txf06331d95128427f8bcbc-006a514187', 'Connection': 'close'} {{(pid=99752) http_log /opt/stack/data/venv/lib/python3.12/site-packages/swiftclient/client.py:162}}
Jul 10 19:01:28.046883 np0000005045 devstack@g-api.service[99752]: DEBUG glance_store._drivers.swift.store [None req-404644f9-1cd6-498f-a807-a7e32887963a tempest-AttachSCSIVolumeTestJSON-486073986 tempest-AttachSCSIVolumeTestJSON-486073986-project-admin] Adding image object '7540c7a9-972f-4998-99be-08e96b1c4ee5' to Swift {{(pid=99752) add /opt/stack/data/venv/lib/python3.12/site-packages/glance_store/_drivers/swift/store.py:970}}
Jul 10 19:01:28.046964 np0000005045 devstack@g-api.service[99752]: DEBUG glance_store._drivers.swift.store [None req-404644f9-1cd6-498f-a807-a7e32887963a tempest-AttachSCSIVolumeTestJSON-486073986 tempest-AttachSCSIVolumeTestJSON-486073986-project-admin] Cannot determine image size because it is either not provided in the request or chunked-transfer encoding is used. Adding image as a segmented object to Swift. {{(pid=99752) add /opt/stack/data/venv/lib/python3.12/site-packages/glance_store/_drivers/swift/store.py:994}}
Jul 10 19:01:28.054829 np0000005045 devstack@g-api.service[99752]: DEBUG oslo_utils.imageutils.format_inspector [None req-404644f9-1cd6-498f-a807-a7e32887963a tempest-AttachSCSIVolumeTestJSON-486073986 tempest-AttachSCSIVolumeTestJSON-486073986-project-admin] Format inspector for vmdk does not match, excluding from consideration (Signature KDMV not found: b'QFI\xfb') {{(pid=99752) _process_chunk /opt/stack/data/venv/lib/python3.12/site-packages/oslo_utils/imageutils/format_inspector.py:1758}}
Jul 10 19:01:28.057889 np0000005045 devstack@g-api.service[99752]: DEBUG oslo_utils.imageutils.format_inspector [None req-404644f9-1cd6-498f-a807-a7e32887963a tempest-AttachSCSIVolumeTestJSON-486073986 tempest-AttachSCSIVolumeTestJSON-486073986-project-admin] Format inspector for vhdx does not match, excluding from consideration (Region signature not found at 30000) {{(pid=99752) _process_chunk /opt/stack/data/venv/lib/python3.12/site-packages/oslo_utils/imageutils/format_inspector.py:1758}}
Jul 10 19:01:28.298548 np0000005045 devstack@g-api.service[99752]: DEBUG swiftclient [None req-404644f9-1cd6-498f-a807-a7e32887963a tempest-AttachSCSIVolumeTestJSON-486073986 tempest-AttachSCSIVolumeTestJSON-486073986-project-admin] REQ: curl -i https://10.4.3.89:8080/v1/AUTH_83a3cd4bdd894516b37746463596ae99/glance/7540c7a9-972f-4998-99be-08e96b1c4ee5-00001 -X PUT -H "X-Auth-Token: gAAAAABqUUGHJWCj..." {{(pid=99752) http_log /opt/stack/data/venv/lib/python3.12/site-packages/swiftclient/client.py:160}}
Jul 10 19:01:28.298782 np0000005045 devstack@g-api.service[99752]: DEBUG swiftclient [None req-404644f9-1cd6-498f-a807-a7e32887963a tempest-AttachSCSIVolumeTestJSON-486073986 tempest-AttachSCSIVolumeTestJSON-486073986-project-admin] RESP STATUS: 201 Created {{(pid=99752) http_log /opt/stack/data/venv/lib/python3.12/site-packages/swiftclient/client.py:161}}
Jul 10 19:01:28.298968 np0000005045 devstack@g-api.service[99752]: DEBUG swiftclient [None req-404644f9-1cd6-498f-a807-a7e32887963a tempest-AttachSCSIVolumeTestJSON-486073986 tempest-AttachSCSIVolumeTestJSON-486073986-project-admin] RESP HEADERS: {'Date': 'Fri, 10 Jul 2026 19:01:28 GMT', 'Server': 'Apache/2.4.58 (Ubuntu)', 'Content-Type': 'text/html; charset=UTF-8', 'Content-Length': '0', 'Etag': '87617e24a5e30cb3b87fda8c0764838f', 'Last-Modified': 'Fri, 10 Jul 2026 19:01:29 GMT', 'X-Trans-Id': 'txe000718983f6463c9e091-006a514188', 'X-Openstack-Request-Id': 'txe000718983f6463c9e091-006a514188', 'Connection': 'close'} {{(pid=99752) http_log /opt/stack/data/venv/lib/python3.12/site-packages/swiftclient/client.py:162}}
Jul 10 19:01:28.299097 np0000005045 devstack@g-api.service[99752]: DEBUG glance_store._drivers.swift.store [None req-404644f9-1cd6-498f-a807-a7e32887963a tempest-AttachSCSIVolumeTestJSON-486073986 tempest-AttachSCSIVolumeTestJSON-486073986-project-admin] Wrote chunk 7540c7a9-972f-4998-99be-08e96b1c4ee5-00001 (1/?) of length 21692416 to Swift returning MD5 of content: 87617e24a5e30cb3b87fda8c0764838f {{(pid=99752) add /opt/stack/data/venv/lib/python3.12/site-packages/glance_store/_drivers/swift/store.py:1059}}
Jul 10 19:01:28.299624 np0000005045 devstack@g-api.service[99752]: DEBUG glance_store._drivers.swift.store [None req-404644f9-1cd6-498f-a807-a7e32887963a tempest-AttachSCSIVolumeTestJSON-486073986 tempest-AttachSCSIVolumeTestJSON-486073986-project-admin] Not writing zero-length chunk. {{(pid=99752) add /opt/stack/data/venv/lib/python3.12/site-packages/glance_store/_drivers/swift/store.py:1028}}
Jul 10 19:01:28.333930 np0000005045 devstack@g-api.service[99752]: DEBUG swiftclient [None req-404644f9-1cd6-498f-a807-a7e32887963a tempest-AttachSCSIVolumeTestJSON-486073986 tempest-AttachSCSIVolumeTestJSON-486073986-project-admin] REQ: curl -i https://10.4.3.89:8080/v1/AUTH_83a3cd4bdd894516b37746463596ae99/glance/7540c7a9-972f-4998-99be-08e96b1c4ee5 -X PUT -H "X-Object-Manifest: glance/7540c7a9-972f-4998-99be-08e96b1c4ee5-" -H "X-Auth-Token: gAAAAABqUUGHJWCj..." -H "Content-Length: 0" {{(pid=99752) http_log /opt/stack/data/venv/lib/python3.12/site-packages/swiftclient/client.py:160}}
Jul 10 19:01:28.334093 np0000005045 devstack@g-api.service[99752]: DEBUG swiftclient [None req-404644f9-1cd6-498f-a807-a7e32887963a tempest-AttachSCSIVolumeTestJSON-486073986 tempest-AttachSCSIVolumeTestJSON-486073986-project-admin] RESP STATUS: 201 Created {{(pid=99752) http_log /opt/stack/data/venv/lib/python3.12/site-packages/swiftclient/client.py:161}}
Jul 10 19:01:28.334299 np0000005045 devstack@g-api.service[99752]: DEBUG swiftclient [None req-404644f9-1cd6-498f-a807-a7e32887963a tempest-AttachSCSIVolumeTestJSON-486073986 tempest-AttachSCSIVolumeTestJSON-486073986-project-admin] RESP HEADERS: {'Date': 'Fri, 10 Jul 2026 19:01:28 GMT', 'Server': 'Apache/2.4.58 (Ubuntu)', 'Content-Type': 'text/html; charset=UTF-8', 'Content-Length': '0', 'Etag': 'd41d8cd98f00b204e9800998ecf8427e', 'Last-Modified': 'Fri, 10 Jul 2026 19:01:29 GMT', 'X-Trans-Id': 'tx66c2a24f7dc1451ab1a97-006a514188', 'X-Openstack-Request-Id': 'tx66c2a24f7dc1451ab1a97-006a514188', 'Connection': 'close'} {{(pid=99752) http_log /opt/stack/data/venv/lib/python3.12/site-packages/swiftclient/client.py:162}}
Jul 10 19:01:28.334871 np0000005045 devstack@g-api.service[99752]: INFO glance.location [None req-404644f9-1cd6-498f-a807-a7e32887963a tempest-AttachSCSIVolumeTestJSON-486073986 tempest-AttachSCSIVolumeTestJSON-486073986-project-admin] Image format matched and virtual size computed: 117440512
Jul 10 19:01:28.367508 np0000005045 devstack@g-api.service[99752]: DEBUG glance_store.backend [None req-404644f9-1cd6-498f-a807-a7e32887963a tempest-AttachSCSIVolumeTestJSON-486073986 tempest-AttachSCSIVolumeTestJSON-486073986-project-admin] Attempting to import store swift {{(pid=99752) _load_store /opt/stack/data/venv/lib/python3.12/site-packages/glance_store/backend.py:215}}
Jul 10 19:01:28.367823 np0000005045 devstack@g-api.service[99752]: DEBUG glance_store.capabilities [None req-404644f9-1cd6-498f-a807-a7e32887963a tempest-AttachSCSIVolumeTestJSON-486073986 tempest-AttachSCSIVolumeTestJSON-486073986-project-admin] Store glance_store._drivers.swift.store.SingleTenantStore doesn't support updating dynamic storage capabilities. Please overwrite 'update_capabilities' method of the store to implement updating logics if needed. {{(pid=99752) update_capabilities /opt/stack/data/venv/lib/python3.12/site-packages/glance_store/capabilities.py:91}}
Jul 10 19:01:28.367974 np0000005045 devstack@g-api.service[99752]: DEBUG glance_store.driver [None req-404644f9-1cd6-498f-a807-a7e32887963a tempest-AttachSCSIVolumeTestJSON-486073986 tempest-AttachSCSIVolumeTestJSON-486073986-project-admin] Late loading location class glance_store._drivers.swift.store.StoreLocation {{(pid=99752) get_store_location_class /opt/stack/data/venv/lib/python3.12/site-packages/glance_store/driver.py:134}}
Jul 10 19:01:28.368132 np0000005045 devstack@g-api.service[99752]: DEBUG glance_store.location [None req-404644f9-1cd6-498f-a807-a7e32887963a tempest-AttachSCSIVolumeTestJSON-486073986 tempest-AttachSCSIVolumeTestJSON-486073986-project-admin] Registering scheme swift+https with {'store': , 'location_class': , 'store_entry': 'swift'} {{(pid=99752) register_scheme_map /opt/stack/data/venv/lib/python3.12/site-packages/glance_store/location.py:146}}
Jul 10 19:01:28.368259 np0000005045 devstack@g-api.service[99752]: DEBUG glance_store.location [None req-404644f9-1cd6-498f-a807-a7e32887963a tempest-AttachSCSIVolumeTestJSON-486073986 tempest-AttachSCSIVolumeTestJSON-486073986-project-admin] Registering scheme swift+https with {'store': , 'location_class': , 'store_entry': 'swift'} {{(pid=99752) register_scheme_map /opt/stack/data/venv/lib/python3.12/site-packages/glance_store/location.py:146}}
Jul 10 19:01:28.368387 np0000005045 devstack@g-api.service[99752]: DEBUG glance_store.location [None req-404644f9-1cd6-498f-a807-a7e32887963a tempest-AttachSCSIVolumeTestJSON-486073986 tempest-AttachSCSIVolumeTestJSON-486073986-project-admin] Registering scheme swift with {'store': , 'location_class': , 'store_entry': 'swift'} {{(pid=99752) register_scheme_map /opt/stack/data/venv/lib/python3.12/site-packages/glance_store/location.py:146}}
Jul 10 19:01:28.368541 np0000005045 devstack@g-api.service[99752]: DEBUG glance_store.location [None req-404644f9-1cd6-498f-a807-a7e32887963a tempest-AttachSCSIVolumeTestJSON-486073986 tempest-AttachSCSIVolumeTestJSON-486073986-project-admin] Registering scheme swift+https with {'store': , 'location_class': , 'store_entry': 'swift'} {{(pid=99752) register_scheme_map /opt/stack/data/venv/lib/python3.12/site-packages/glance_store/location.py:146}}
Jul 10 19:01:28.368671 np0000005045 devstack@g-api.service[99752]: DEBUG glance_store.location [None req-404644f9-1cd6-498f-a807-a7e32887963a tempest-AttachSCSIVolumeTestJSON-486073986 tempest-AttachSCSIVolumeTestJSON-486073986-project-admin] Registering scheme swift with {'store': , 'location_class': , 'store_entry': 'swift'} {{(pid=99752) register_scheme_map /opt/stack/data/venv/lib/python3.12/site-packages/glance_store/location.py:146}}
Jul 10 19:01:28.368794 np0000005045 devstack@g-api.service[99752]: DEBUG glance_store.location [None req-404644f9-1cd6-498f-a807-a7e32887963a tempest-AttachSCSIVolumeTestJSON-486073986 tempest-AttachSCSIVolumeTestJSON-486073986-project-admin] Registering scheme swift+http with {'store': , 'location_class': , 'store_entry': 'swift'} {{(pid=99752) register_scheme_map /opt/stack/data/venv/lib/python3.12/site-packages/glance_store/location.py:146}}
