Jul 10 18:58:36.655139 np0000005045 nova-conductor[95796]: DEBUG cotyledon.oslo_config_glue [-] oslo_messaging_rabbit.ssl_ca_file = {{(pid=95796) log_opt_values /opt/stack/data/venv/lib/python3.12/site-packages/oslo_config/cfg.py:3253}}
Jul 10 18:58:36.655139 np0000005045 nova-conductor[95796]: DEBUG cotyledon.oslo_config_glue [-] oslo_messaging_rabbit.ssl_cert_file = {{(pid=95796) log_opt_values /opt/stack/data/venv/lib/python3.12/site-packages/oslo_config/cfg.py:3253}}
Jul 10 18:58:36.655139 np0000005045 nova-conductor[95796]: DEBUG cotyledon.oslo_config_glue [-] oslo_messaging_rabbit.ssl_enforce_fips_mode = False {{(pid=95796) log_opt_values /opt/stack/data/venv/lib/python3.12/site-packages/oslo_config/cfg.py:3253}}
Jul 10 18:58:36.655139 np0000005045 nova-conductor[95796]: DEBUG cotyledon.oslo_config_glue [-] oslo_messaging_rabbit.ssl_enforce_hostname_verification = True {{(pid=95796) log_opt_values /opt/stack/data/venv/lib/python3.12/site-packages/oslo_config/cfg.py:3253}}
Jul 10 18:58:36.655139 np0000005045 nova-conductor[95796]: DEBUG cotyledon.oslo_config_glue [-] oslo_messaging_rabbit.ssl_key_file = {{(pid=95796) log_opt_values /opt/stack/data/venv/lib/python3.12/site-packages/oslo_config/cfg.py:3253}}
Jul 10 18:58:36.655432 np0000005045 nova-conductor[95796]: DEBUG cotyledon.oslo_config_glue [-] oslo_messaging_rabbit.ssl_version = {{(pid=95796) log_opt_values /opt/stack/data/venv/lib/python3.12/site-packages/oslo_config/cfg.py:3253}}
Jul 10 18:58:36.655432 np0000005045 nova-conductor[95796]: DEBUG cotyledon.oslo_config_glue [-] oslo_messaging_rabbit.use_queue_manager = False {{(pid=95796) log_opt_values /opt/stack/data/venv/lib/python3.12/site-packages/oslo_config/cfg.py:3253}}
Jul 10 18:58:36.655432 np0000005045 nova-conductor[95796]: DEBUG cotyledon.oslo_config_glue [-] oslo_messaging_notifications.driver = ['messagingv2'] {{(pid=95796) log_opt_values /opt/stack/data/venv/lib/python3.12/site-packages/oslo_config/cfg.py:3253}}
Jul 10 18:58:36.655432 np0000005045 nova-conductor[95796]: DEBUG cotyledon.oslo_config_glue [-] oslo_messaging_notifications.retry = -1 {{(pid=95796) log_opt_values /opt/stack/data/venv/lib/python3.12/site-packages/oslo_config/cfg.py:3253}}
Jul 10 18:58:36.655432 np0000005045 nova-conductor[95796]: DEBUG cotyledon.oslo_config_glue [-] oslo_messaging_notifications.topics = ['notifications'] {{(pid=95796) log_opt_values /opt/stack/data/venv/lib/python3.12/site-packages/oslo_config/cfg.py:3253}}
Jul 10 18:58:36.655432 np0000005045 nova-conductor[95796]: DEBUG cotyledon.oslo_config_glue [-] oslo_messaging_notifications.transport_url = **** {{(pid=95796) log_opt_values /opt/stack/data/venv/lib/python3.12/site-packages/oslo_config/cfg.py:3253}}
Jul 10 18:58:36.655432 np0000005045 nova-conductor[95796]: DEBUG cotyledon.oslo_config_glue [-] oslo_limit.auth_section = None {{(pid=95796) log_opt_values /opt/stack/data/venv/lib/python3.12/site-packages/oslo_config/cfg.py:3253}}
Jul 10 18:58:36.655432 np0000005045 nova-conductor[95796]: DEBUG cotyledon.oslo_config_glue [-] oslo_limit.auth_type = None {{(pid=95796) log_opt_values /opt/stack/data/venv/lib/python3.12/site-packages/oslo_config/cfg.py:3253}}
Jul 10 18:58:36.655432 np0000005045 nova-conductor[95796]: DEBUG cotyledon.oslo_config_glue [-] oslo_limit.cafile = None {{(pid=95796) log_opt_values /opt/stack/data/venv/lib/python3.12/site-packages/oslo_config/cfg.py:3253}}
Jul 10 18:58:36.655734 np0000005045 nova-conductor[95796]: DEBUG cotyledon.oslo_config_glue [-] oslo_limit.certfile = None {{(pid=95796) log_opt_values /opt/stack/data/venv/lib/python3.12/site-packages/oslo_config/cfg.py:3253}}
Jul 10 18:58:36.655734 np0000005045 nova-conductor[95796]: DEBUG cotyledon.oslo_config_glue [-] oslo_limit.collect_timing = False {{(pid=95796) log_opt_values /opt/stack/data/venv/lib/python3.12/site-packages/oslo_config/cfg.py:3253}}
Jul 10 18:58:36.655734 np0000005045 nova-conductor[95796]: DEBUG cotyledon.oslo_config_glue [-] oslo_limit.connect_retries = None {{(pid=95796) log_opt_values /opt/stack/data/venv/lib/python3.12/site-packages/oslo_config/cfg.py:3253}}
Jul 10 18:58:36.655734 np0000005045 nova-conductor[95796]: DEBUG cotyledon.oslo_config_glue [-] oslo_limit.connect_retry_delay = None {{(pid=95796) log_opt_values /opt/stack/data/venv/lib/python3.12/site-packages/oslo_config/cfg.py:3253}}
Jul 10 18:58:36.655734 np0000005045 nova-conductor[95796]: DEBUG cotyledon.oslo_config_glue [-] oslo_limit.endpoint_id = None {{(pid=95796) log_opt_values /opt/stack/data/venv/lib/python3.12/site-packages/oslo_config/cfg.py:3253}}
Jul 10 18:58:36.655734 np0000005045 nova-conductor[95796]: DEBUG cotyledon.oslo_config_glue [-] oslo_limit.endpoint_interface = public {{(pid=95796) log_opt_values /opt/stack/data/venv/lib/python3.12/site-packages/oslo_config/cfg.py:3253}}
Jul 10 18:58:36.655734 np0000005045 nova-conductor[95796]: DEBUG cotyledon.oslo_config_glue [-] oslo_limit.endpoint_override = None {{(pid=95796) log_opt_values /opt/stack/data/venv/lib/python3.12/site-packages/oslo_config/cfg.py:3253}}
Jul 10 18:58:36.655734 np0000005045 nova-conductor[95796]: DEBUG cotyledon.oslo_config_glue [-] oslo_limit.endpoint_region_name = None {{(pid=95796) log_opt_values /opt/stack/data/venv/lib/python3.12/site-packages/oslo_config/cfg.py:3253}}
Jul 10 18:58:36.655734 np0000005045 nova-conductor[95796]: DEBUG cotyledon.oslo_config_glue [-] oslo_limit.endpoint_service_name = None {{(pid=95796) log_opt_values /opt/stack/data/venv/lib/python3.12/site-packages/oslo_config/cfg.py:3253}}
Jul 10 18:58:36.655995 np0000005045 nova-conductor[95796]: DEBUG cotyledon.oslo_config_glue [-] oslo_limit.endpoint_service_type = None {{(pid=95796) log_opt_values /opt/stack/data/venv/lib/python3.12/site-packages/oslo_config/cfg.py:3253}}
Jul 10 18:58:36.655995 np0000005045 nova-conductor[95796]: DEBUG cotyledon.oslo_config_glue [-] oslo_limit.insecure = False {{(pid=95796) log_opt_values /opt/stack/data/venv/lib/python3.12/site-packages/oslo_config/cfg.py:3253}}
Jul 10 18:58:36.655995 np0000005045 nova-conductor[95796]: DEBUG cotyledon.oslo_config_glue [-] oslo_limit.keyfile = None {{(pid=95796) log_opt_values /opt/stack/data/venv/lib/python3.12/site-packages/oslo_config/cfg.py:3253}}
Jul 10 18:58:36.655995 np0000005045 nova-conductor[95796]: DEBUG cotyledon.oslo_config_glue [-] oslo_limit.max_version = None {{(pid=95796) log_opt_values /opt/stack/data/venv/lib/python3.12/site-packages/oslo_config/cfg.py:3253}}
Jul 10 18:58:36.655995 np0000005045 nova-conductor[95796]: DEBUG cotyledon.oslo_config_glue [-] oslo_limit.min_version = None {{(pid=95796) log_opt_values /opt/stack/data/venv/lib/python3.12/site-packages/oslo_config/cfg.py:3253}}
Jul 10 18:58:36.655995 np0000005045 nova-conductor[95796]: DEBUG cotyledon.oslo_config_glue [-] oslo_limit.region_name = None {{(pid=95796) log_opt_values /opt/stack/data/venv/lib/python3.12/site-packages/oslo_config/cfg.py:3253}}
Jul 10 18:58:36.655995 np0000005045 nova-conductor[95796]: DEBUG cotyledon.oslo_config_glue [-] oslo_limit.retriable_status_codes = None {{(pid=95796) log_opt_values /opt/stack/data/venv/lib/python3.12/site-packages/oslo_config/cfg.py:3253}}
Jul 10 18:58:36.655995 np0000005045 nova-conductor[95796]: DEBUG cotyledon.oslo_config_glue [-] oslo_limit.service_name = None {{(pid=95796) log_opt_values /opt/stack/data/venv/lib/python3.12/site-packages/oslo_config/cfg.py:3253}}
Jul 10 18:58:36.655995 np0000005045 nova-conductor[95796]: DEBUG cotyledon.oslo_config_glue [-] oslo_limit.service_type = None {{(pid=95796) log_opt_values /opt/stack/data/venv/lib/python3.12/site-packages/oslo_config/cfg.py:3253}}
Jul 10 18:58:36.656341 np0000005045 nova-conductor[95796]: DEBUG cotyledon.oslo_config_glue [-] oslo_limit.split_loggers = False {{(pid=95796) log_opt_values /opt/stack/data/venv/lib/python3.12/site-packages/oslo_config/cfg.py:3253}}
Jul 10 18:58:36.656341 np0000005045 nova-conductor[95796]: DEBUG cotyledon.oslo_config_glue [-] oslo_limit.status_code_retries = None {{(pid=95796) log_opt_values /opt/stack/data/venv/lib/python3.12/site-packages/oslo_config/cfg.py:3253}}
Jul 10 18:58:36.656341 np0000005045 nova-conductor[95796]: DEBUG cotyledon.oslo_config_glue [-] oslo_limit.status_code_retry_delay = None {{(pid=95796) log_opt_values /opt/stack/data/venv/lib/python3.12/site-packages/oslo_config/cfg.py:3253}}
Jul 10 18:58:36.656341 np0000005045 nova-conductor[95796]: DEBUG cotyledon.oslo_config_glue [-] oslo_limit.timeout = None {{(pid=95796) log_opt_values /opt/stack/data/venv/lib/python3.12/site-packages/oslo_config/cfg.py:3253}}
Jul 10 18:58:36.656341 np0000005045 nova-conductor[95796]: DEBUG cotyledon.oslo_config_glue [-] oslo_limit.valid_interfaces = None {{(pid=95796) log_opt_values /opt/stack/data/venv/lib/python3.12/site-packages/oslo_config/cfg.py:3253}}
Jul 10 18:58:36.656341 np0000005045 nova-conductor[95796]: DEBUG cotyledon.oslo_config_glue [-] oslo_limit.version = None {{(pid=95796) log_opt_values /opt/stack/data/venv/lib/python3.12/site-packages/oslo_config/cfg.py:3253}}
Jul 10 18:58:36.656341 np0000005045 nova-conductor[95796]: DEBUG cotyledon.oslo_config_glue [-] oslo_reports.file_event_handler = None {{(pid=95796) log_opt_values /opt/stack/data/venv/lib/python3.12/site-packages/oslo_config/cfg.py:3253}}
Jul 10 18:58:36.656341 np0000005045 nova-conductor[95796]: DEBUG cotyledon.oslo_config_glue [-] oslo_reports.file_event_handler_interval = 1 {{(pid=95796) log_opt_values /opt/stack/data/venv/lib/python3.12/site-packages/oslo_config/cfg.py:3253}}
Jul 10 18:58:36.656341 np0000005045 nova-conductor[95796]: DEBUG cotyledon.oslo_config_glue [-] oslo_reports.log_dir = None {{(pid=95796) log_opt_values /opt/stack/data/venv/lib/python3.12/site-packages/oslo_config/cfg.py:3253}}
Jul 10 18:58:36.656632 np0000005045 nova-conductor[95796]: DEBUG cotyledon.oslo_config_glue [-] ******************************************************************************** {{(pid=95796) log_opt_values /opt/stack/data/venv/lib/python3.12/site-packages/oslo_config/cfg.py:3260}}
Jul 10 18:58:36.656632 np0000005045 nova-conductor[95796]: DEBUG cotyledon._service_worker [-] Run service ServiceWrapper(1) [95796] {{(pid=95796) wait_forever /opt/stack/data/venv/lib/python3.12/site-packages/cotyledon/_service_worker.py:218}}
Jul 10 18:58:36.656632 np0000005045 nova-conductor[95796]: INFO nova.service [-] Starting conductor node (version 33.1.0)
Jul 10 18:58:36.656632 np0000005045 nova-conductor[95796]: INFO dbcounter [None req-3d0a8c3b-bd13-4336-9d4b-4efa08f050d6 None None] Registered counter for database nova_cell0
Jul 10 18:58:36.656754 np0000005045 nova-conductor[95790]: DEBUG oslo_db.sqlalchemy.engines [None req-9d56603a-795b-4d56-bc20-040bac085efb None None] MySQL server mode set to STRICT_TRANS_TABLES,STRICT_ALL_TABLES,NO_ZERO_IN_DATE,NO_ZERO_DATE,ERROR_FOR_DIVISION_BY_ZERO,TRADITIONAL,NO_ENGINE_SUBSTITUTION {{(pid=95790) _check_effective_sql_mode /opt/stack/data/venv/lib/python3.12/site-packages/oslo_db/sqlalchemy/engines.py:325}}
Jul 10 18:58:36.656806 np0000005045 nova-conductor[95808]: DEBUG oslo_db.sqlalchemy.engines [None req-56bc20c5-06d2-4434-bdd2-d66f9a42e799 None None] MySQL server mode set to STRICT_TRANS_TABLES,STRICT_ALL_TABLES,NO_ZERO_IN_DATE,NO_ZERO_DATE,ERROR_FOR_DIVISION_BY_ZERO,TRADITIONAL,NO_ENGINE_SUBSTITUTION {{(pid=95808) _check_effective_sql_mode /opt/stack/data/venv/lib/python3.12/site-packages/oslo_db/sqlalchemy/engines.py:325}}
Jul 10 18:58:36.661800 np0000005045 nova-conductor[95790]: DEBUG dbcounter [-] [95790] Writer thread running {{(pid=95790) stat_writer /opt/stack/data/venv/lib/python3.12/site-packages/dbcounter.py:102}}
Jul 10 18:58:36.665117 np0000005045 nova-conductor[95808]: DEBUG dbcounter [-] [95808] Writer thread running {{(pid=95808) stat_writer /opt/stack/data/venv/lib/python3.12/site-packages/dbcounter.py:102}}
Jul 10 18:58:36.685431 np0000005045 nova-conductor[95790]: DEBUG nova.service [None req-9d56603a-795b-4d56-bc20-040bac085efb None None] Creating RPC server for service: nova-conductor on topic: conductor {{(pid=95790) start /opt/stack/nova/nova/service.py:196}}
Jul 10 18:58:36.690564 np0000005045 nova-conductor[95808]: DEBUG nova.service [None req-56bc20c5-06d2-4434-bdd2-d66f9a42e799 None None] Creating RPC server for service: nova-conductor on topic: conductor {{(pid=95808) start /opt/stack/nova/nova/service.py:196}}
Jul 10 18:58:36.703964 np0000005045 nova-conductor[95796]: DEBUG oslo_db.sqlalchemy.engines [None req-3d0a8c3b-bd13-4336-9d4b-4efa08f050d6 None None] MySQL server mode set to STRICT_TRANS_TABLES,STRICT_ALL_TABLES,NO_ZERO_IN_DATE,NO_ZERO_DATE,ERROR_FOR_DIVISION_BY_ZERO,TRADITIONAL,NO_ENGINE_SUBSTITUTION {{(pid=95796) _check_effective_sql_mode /opt/stack/data/venv/lib/python3.12/site-packages/oslo_db/sqlalchemy/engines.py:325}}
Jul 10 18:58:36.717296 np0000005045 nova-conductor[95796]: DEBUG dbcounter [-] [95796] Writer thread running {{(pid=95796) stat_writer /opt/stack/data/venv/lib/python3.12/site-packages/dbcounter.py:102}}
Jul 10 18:58:36.718016 np0000005045 nova-conductor[95808]: DEBUG nova.service [None req-56bc20c5-06d2-4434-bdd2-d66f9a42e799 None None] Join ServiceGroup membership for this service conductor {{(pid=95808) start /opt/stack/nova/nova/service.py:222}}
Jul 10 18:58:36.718131 np0000005045 nova-conductor[95808]: DEBUG nova.servicegroup.drivers.db [None req-56bc20c5-06d2-4434-bdd2-d66f9a42e799 None None] DB_Driver: join new ServiceGroup member np0000005045 to the conductor group, service = {{(pid=95808) join /opt/stack/nova/nova/servicegroup/drivers/db.py:44}}
Jul 10 18:58:36.719568 np0000005045 nova-conductor[95790]: DEBUG nova.service [None req-9d56603a-795b-4d56-bc20-040bac085efb None None] Join ServiceGroup membership for this service conductor {{(pid=95790) start /opt/stack/nova/nova/service.py:222}}
Jul 10 18:58:36.719818 np0000005045 nova-conductor[95790]: DEBUG nova.servicegroup.drivers.db [None req-9d56603a-795b-4d56-bc20-040bac085efb None None] DB_Driver: join new ServiceGroup member np0000005045 to the conductor group, service = {{(pid=95790) join /opt/stack/nova/nova/servicegroup/drivers/db.py:44}}
Jul 10 18:58:36.720923 np0000005045 nova-conductor[95796]: DEBUG nova.service [None req-3d0a8c3b-bd13-4336-9d4b-4efa08f050d6 None None] Creating RPC server for service: nova-conductor on topic: conductor {{(pid=95796) start /opt/stack/nova/nova/service.py:196}}
Jul 10 18:58:36.744544 np0000005045 nova-conductor[95796]: DEBUG nova.service [None req-3d0a8c3b-bd13-4336-9d4b-4efa08f050d6 None None] Join ServiceGroup membership for this service conductor {{(pid=95796) start /opt/stack/nova/nova/service.py:222}}
Jul 10 18:58:36.744919 np0000005045 nova-conductor[95796]: DEBUG nova.servicegroup.drivers.db [None req-3d0a8c3b-bd13-4336-9d4b-4efa08f050d6 None None] DB_Driver: join new ServiceGroup member np0000005045 to the conductor group, service = {{(pid=95796) join /opt/stack/nova/nova/servicegroup/drivers/db.py:44}}
Jul 10 18:58:41.734900 np0000005045 nova-conductor[95808]: DEBUG oslo.service.backend._threading.loopingcall [-] Fixed interval looping call 'nova.servicegroup.drivers.db.DbDriver._report_state' sleeping for 119.99 seconds {{(pid=95808) _run_loop /opt/stack/data/venv/lib/python3.12/site-packages/oslo_service/backend/_threading/loopingcall.py:125}}
Jul 10 18:58:41.735373 np0000005045 nova-conductor[95790]: DEBUG oslo.service.backend._threading.loopingcall [-] Fixed interval looping call 'nova.servicegroup.drivers.db.DbDriver._report_state' sleeping for 119.99 seconds {{(pid=95790) _run_loop /opt/stack/data/venv/lib/python3.12/site-packages/oslo_service/backend/_threading/loopingcall.py:125}}
Jul 10 18:58:41.757901 np0000005045 nova-conductor[95796]: DEBUG oslo.service.backend._threading.loopingcall [-] Fixed interval looping call 'nova.servicegroup.drivers.db.DbDriver._report_state' sleeping for 119.99 seconds {{(pid=95796) _run_loop /opt/stack/data/venv/lib/python3.12/site-packages/oslo_service/backend/_threading/loopingcall.py:125}}
Jul 10 18:58:43.746899 np0000005045 nova-conductor[95796]: DEBUG oslo.service.backend._threading.loopingcall [None req-761dd9f8-9978-4da4-a5c4-625064719dcb None None] Dynamic interval looping call 'nova.service.Service.periodic_tasks' sleeping for 60.00 seconds {{(pid=95796) _run_loop /opt/stack/data/venv/lib/python3.12/site-packages/oslo_service/backend/_threading/loopingcall.py:125}}
Jul 10 18:58:44.723098 np0000005045 nova-conductor[95790]: DEBUG oslo.service.backend._threading.loopingcall [None req-482134da-f91b-4cc4-a87e-40eeeca04bb6 None None] Dynamic interval looping call 'nova.service.Service.periodic_tasks' sleeping for 60.00 seconds {{(pid=95790) _run_loop /opt/stack/data/venv/lib/python3.12/site-packages/oslo_service/backend/_threading/loopingcall.py:125}}
Jul 10 18:58:45.247102 np0000005045 nova-conductor[94340]: DEBUG dbcounter [-] [94340] Writing DB stats nova_api:SELECT=1 {{(pid=94340) stat_writer /opt/stack/data/venv/lib/python3.12/site-packages/dbcounter.py:115}}
Jul 10 18:58:45.385702 np0000005045 nova-conductor[94340]: DEBUG dbcounter [-] [94340] Writing DB stats nova_cell1:SELECT=1 {{(pid=94340) stat_writer /opt/stack/data/venv/lib/python3.12/site-packages/dbcounter.py:115}}
Jul 10 18:58:45.390811 np0000005045 nova-conductor[94340]: DEBUG dbcounter [-] [94340] Writing DB stats nova_cell0:SELECT=1 {{(pid=94340) stat_writer /opt/stack/data/venv/lib/python3.12/site-packages/dbcounter.py:115}}
Jul 10 18:58:51.731210 np0000005045 nova-conductor[95808]: DEBUG dbcounter [-] [95808] Writing DB stats nova_cell0:SELECT=5,nova_cell0:INSERT=1,nova_cell0:UPDATE=1 {{(pid=95808) stat_writer /opt/stack/data/venv/lib/python3.12/site-packages/dbcounter.py:115}}
Jul 10 18:58:51.731881 np0000005045 nova-conductor[95790]: DEBUG dbcounter [-] [95790] Writing DB stats nova_cell0:SELECT=4,nova_cell0:INSERT=1,nova_cell0:UPDATE=1 {{(pid=95790) stat_writer /opt/stack/data/venv/lib/python3.12/site-packages/dbcounter.py:115}}
Jul 10 18:58:51.754489 np0000005045 nova-conductor[95796]: DEBUG dbcounter [-] [95796] Writing DB stats nova_cell0:SELECT=3 {{(pid=95796) stat_writer /opt/stack/data/venv/lib/python3.12/site-packages/dbcounter.py:115}}
Jul 10 18:59:09.720690 np0000005045 nova-conductor[95808]: DEBUG oslo.service.backend._threading.loopingcall [None req-a0fe98ed-0671-4c7a-9d22-ca56bbcffe7b None None] Dynamic interval looping call 'nova.service.Service.periodic_tasks' sleeping for 60.00 seconds {{(pid=95808) _run_loop /opt/stack/data/venv/lib/python3.12/site-packages/oslo_service/backend/_threading/loopingcall.py:125}}
Jul 10 18:59:43.747572 np0000005045 nova-conductor[95796]: DEBUG oslo.service.backend._threading.loopingcall [None req-761dd9f8-9978-4da4-a5c4-625064719dcb None None] Dynamic interval looping call 'nova.service.Service.periodic_tasks' sleeping for 60.00 seconds {{(pid=95796) _run_loop /opt/stack/data/venv/lib/python3.12/site-packages/oslo_service/backend/_threading/loopingcall.py:125}}
Jul 10 18:59:44.723880 np0000005045 nova-conductor[95790]: DEBUG oslo.service.backend._threading.loopingcall [None req-482134da-f91b-4cc4-a87e-40eeeca04bb6 None None] Dynamic interval looping call 'nova.service.Service.periodic_tasks' sleeping for 60.00 seconds {{(pid=95790) _run_loop /opt/stack/data/venv/lib/python3.12/site-packages/oslo_service/backend/_threading/loopingcall.py:125}}
Jul 10 19:00:09.721215 np0000005045 nova-conductor[95808]: DEBUG oslo.service.backend._threading.loopingcall [None req-a0fe98ed-0671-4c7a-9d22-ca56bbcffe7b None None] Dynamic interval looping call 'nova.service.Service.periodic_tasks' sleeping for 60.00 seconds {{(pid=95808) _run_loop /opt/stack/data/venv/lib/python3.12/site-packages/oslo_service/backend/_threading/loopingcall.py:125}}
Jul 10 19:00:41.732280 np0000005045 nova-conductor[95790]: DEBUG oslo.service.backend._threading.loopingcall [-] Fixed interval looping call 'nova.servicegroup.drivers.db.DbDriver._report_state' sleeping for 119.99 seconds {{(pid=95790) _run_loop /opt/stack/data/venv/lib/python3.12/site-packages/oslo_service/backend/_threading/loopingcall.py:125}}
Jul 10 19:00:41.732730 np0000005045 nova-conductor[95808]: DEBUG oslo.service.backend._threading.loopingcall [-] Fixed interval looping call 'nova.servicegroup.drivers.db.DbDriver._report_state' sleeping for 119.99 seconds {{(pid=95808) _run_loop /opt/stack/data/venv/lib/python3.12/site-packages/oslo_service/backend/_threading/loopingcall.py:125}}
Jul 10 19:00:41.752046 np0000005045 nova-conductor[95796]: DEBUG oslo.service.backend._threading.loopingcall [-] Fixed interval looping call 'nova.servicegroup.drivers.db.DbDriver._report_state' sleeping for 120.00 seconds {{(pid=95796) _run_loop /opt/stack/data/venv/lib/python3.12/site-packages/oslo_service/backend/_threading/loopingcall.py:125}}
Jul 10 19:00:43.748207 np0000005045 nova-conductor[95796]: DEBUG oslo.service.backend._threading.loopingcall [None req-761dd9f8-9978-4da4-a5c4-625064719dcb None None] Dynamic interval looping call 'nova.service.Service.periodic_tasks' sleeping for 60.00 seconds {{(pid=95796) _run_loop /opt/stack/data/venv/lib/python3.12/site-packages/oslo_service/backend/_threading/loopingcall.py:125}}
Jul 10 19:00:44.724425 np0000005045 nova-conductor[95790]: DEBUG oslo.service.backend._threading.loopingcall [None req-482134da-f91b-4cc4-a87e-40eeeca04bb6 None None] Dynamic interval looping call 'nova.service.Service.periodic_tasks' sleeping for 60.00 seconds {{(pid=95790) _run_loop /opt/stack/data/venv/lib/python3.12/site-packages/oslo_service/backend/_threading/loopingcall.py:125}}
Jul 10 19:00:51.728573 np0000005045 nova-conductor[95808]: DEBUG dbcounter [-] [95808] Writing DB stats nova_cell0:SELECT=1,nova_cell0:UPDATE=1 {{(pid=95808) stat_writer /opt/stack/data/venv/lib/python3.12/site-packages/dbcounter.py:115}}
Jul 10 19:00:51.729106 np0000005045 nova-conductor[95790]: DEBUG dbcounter [-] [95790] Writing DB stats nova_cell0:SELECT=1,nova_cell0:UPDATE=1 {{(pid=95790) stat_writer /opt/stack/data/venv/lib/python3.12/site-packages/dbcounter.py:115}}
Jul 10 19:00:51.749817 np0000005045 nova-conductor[95796]: DEBUG dbcounter [-] [95796] Writing DB stats nova_cell0:SELECT=1 {{(pid=95796) stat_writer /opt/stack/data/venv/lib/python3.12/site-packages/dbcounter.py:115}}
Jul 10 19:01:09.721879 np0000005045 nova-conductor[95808]: DEBUG oslo.service.backend._threading.loopingcall [None req-a0fe98ed-0671-4c7a-9d22-ca56bbcffe7b None None] Dynamic interval looping call 'nova.service.Service.periodic_tasks' sleeping for 60.00 seconds {{(pid=95808) _run_loop /opt/stack/data/venv/lib/python3.12/site-packages/oslo_service/backend/_threading/loopingcall.py:125}}
Jul 10 19:01:16.576106 np0000005045 nova-conductor[95808]: DEBUG oslo_db.sqlalchemy.engines [None req-bb333916-f255-4a72-b4d8-f3947e558093 tempest-DeleteServersTestJSON-1203964194 tempest-DeleteServersTestJSON-1203964194-project-member] Parent process 94340 forked (95808) with an open database connection, which is being discarded and recreated. {{(pid=95808) checkout /opt/stack/data/venv/lib/python3.12/site-packages/oslo_db/sqlalchemy/engines.py:402}}
Jul 10 19:01:16.625380 np0000005045 nova-conductor[95808]: DEBUG dbcounter [-] [95808] Writer thread running {{(pid=95808) stat_writer /opt/stack/data/venv/lib/python3.12/site-packages/dbcounter.py:102}}
Jul 10 19:01:17.654377 np0000005045 nova-conductor[95808]: DEBUG nova.conductor.manager [None req-bb333916-f255-4a72-b4d8-f3947e558093 tempest-DeleteServersTestJSON-1203964194 tempest-DeleteServersTestJSON-1203964194-project-member] Took 1.03 seconds to select destinations for 1 instance(s). {{(pid=95808) _schedule_instances /opt/stack/nova/nova/conductor/manager.py:968}}
Jul 10 19:01:17.694348 np0000005045 nova-conductor[95808]: DEBUG oslo_concurrency.lockutils [None req-bb333916-f255-4a72-b4d8-f3947e558093 tempest-DeleteServersTestJSON-1203964194 tempest-DeleteServersTestJSON-1203964194-project-member] Acquiring lock "8046988d-b74f-4b38-985a-9c88fd0431d2" by "nova.context.set_target_cell..get_or_set_cached_cell_and_set_connections" {{(pid=95808) inner /opt/stack/data/venv/lib/python3.12/site-packages/oslo_concurrency/lockutils.py:511}}
Jul 10 19:01:17.694862 np0000005045 nova-conductor[95808]: DEBUG oslo_concurrency.lockutils [None req-bb333916-f255-4a72-b4d8-f3947e558093 tempest-DeleteServersTestJSON-1203964194 tempest-DeleteServersTestJSON-1203964194-project-member] Lock "8046988d-b74f-4b38-985a-9c88fd0431d2" acquired by "nova.context.set_target_cell..get_or_set_cached_cell_and_set_connections" :: waited 0.001s {{(pid=95808) inner /opt/stack/data/venv/lib/python3.12/site-packages/oslo_concurrency/lockutils.py:524}}
Jul 10 19:01:17.696904 np0000005045 nova-conductor[95808]: DEBUG oslo_concurrency.lockutils [None req-bb333916-f255-4a72-b4d8-f3947e558093 tempest-DeleteServersTestJSON-1203964194 tempest-DeleteServersTestJSON-1203964194-project-member] Lock "8046988d-b74f-4b38-985a-9c88fd0431d2" "released" by "nova.context.set_target_cell..get_or_set_cached_cell_and_set_connections" :: held 0.002s {{(pid=95808) inner /opt/stack/data/venv/lib/python3.12/site-packages/oslo_concurrency/lockutils.py:543}}
Jul 10 19:01:17.699750 np0000005045 nova-conductor[95808]: INFO dbcounter [None req-bb333916-f255-4a72-b4d8-f3947e558093 tempest-DeleteServersTestJSON-1203964194 tempest-DeleteServersTestJSON-1203964194-project-member] Registered counter for database nova_cell1
Jul 10 19:01:17.741967 np0000005045 nova-conductor[95808]: DEBUG oslo_db.sqlalchemy.engines [None req-bb333916-f255-4a72-b4d8-f3947e558093 tempest-DeleteServersTestJSON-1203964194 tempest-DeleteServersTestJSON-1203964194-project-member] MySQL server mode set to STRICT_TRANS_TABLES,STRICT_ALL_TABLES,NO_ZERO_IN_DATE,NO_ZERO_DATE,ERROR_FOR_DIVISION_BY_ZERO,TRADITIONAL,NO_ENGINE_SUBSTITUTION {{(pid=95808) _check_effective_sql_mode /opt/stack/data/venv/lib/python3.12/site-packages/oslo_db/sqlalchemy/engines.py:325}}
Jul 10 19:01:17.749677 np0000005045 nova-conductor[95808]: DEBUG dbcounter [-] [95808] Writer thread running {{(pid=95808) stat_writer /opt/stack/data/venv/lib/python3.12/site-packages/dbcounter.py:102}}
Jul 10 19:01:17.838515 np0000005045 nova-conductor[95808]: INFO nova.utils [None req-bb333916-f255-4a72-b4d8-f3947e558093 tempest-DeleteServersTestJSON-1203964194 tempest-DeleteServersTestJSON-1203964194-project-member] The cell worker thread pool ForkProcess-3.cell_worker is initialized
Jul 10 19:01:17.838850 np0000005045 nova-conductor[95808]: DEBUG oslo_concurrency.lockutils [None req-bb333916-f255-4a72-b4d8-f3947e558093 tempest-DeleteServersTestJSON-1203964194 tempest-DeleteServersTestJSON-1203964194-project-member] Acquiring lock "00000000-0000-0000-0000-000000000000" by "nova.context.set_target_cell..get_or_set_cached_cell_and_set_connections" {{(pid=95808) inner /opt/stack/data/venv/lib/python3.12/site-packages/oslo_concurrency/lockutils.py:511}}
Jul 10 19:01:17.839012 np0000005045 nova-conductor[95808]: DEBUG oslo_concurrency.lockutils [None req-bb333916-f255-4a72-b4d8-f3947e558093 tempest-DeleteServersTestJSON-1203964194 tempest-DeleteServersTestJSON-1203964194-project-member] Lock "00000000-0000-0000-0000-000000000000" acquired by "nova.context.set_target_cell..get_or_set_cached_cell_and_set_connections" :: waited 0.000s {{(pid=95808) inner /opt/stack/data/venv/lib/python3.12/site-packages/oslo_concurrency/lockutils.py:524}}
Jul 10 19:01:17.839331 np0000005045 nova-conductor[95808]: DEBUG oslo_concurrency.lockutils [None req-bb333916-f255-4a72-b4d8-f3947e558093 tempest-DeleteServersTestJSON-1203964194 tempest-DeleteServersTestJSON-1203964194-project-member] Lock "00000000-0000-0000-0000-000000000000" "released" by "nova.context.set_target_cell..get_or_set_cached_cell_and_set_connections" :: held 0.000s {{(pid=95808) inner /opt/stack/data/venv/lib/python3.12/site-packages/oslo_concurrency/lockutils.py:543}}
Jul 10 19:01:17.840008 np0000005045 nova-conductor[95808]: DEBUG oslo_concurrency.lockutils [None req-bb333916-f255-4a72-b4d8-f3947e558093 tempest-DeleteServersTestJSON-1203964194 tempest-DeleteServersTestJSON-1203964194-project-member] Acquiring lock "8046988d-b74f-4b38-985a-9c88fd0431d2" by "nova.context.set_target_cell..get_or_set_cached_cell_and_set_connections" {{(pid=95808) inner /opt/stack/data/venv/lib/python3.12/site-packages/oslo_concurrency/lockutils.py:511}}
Jul 10 19:01:17.840164 np0000005045 nova-conductor[95808]: DEBUG oslo_concurrency.lockutils [None req-bb333916-f255-4a72-b4d8-f3947e558093 tempest-DeleteServersTestJSON-1203964194 tempest-DeleteServersTestJSON-1203964194-project-member] Lock "8046988d-b74f-4b38-985a-9c88fd0431d2" acquired by "nova.context.set_target_cell..get_or_set_cached_cell_and_set_connections" :: waited 0.000s {{(pid=95808) inner /opt/stack/data/venv/lib/python3.12/site-packages/oslo_concurrency/lockutils.py:524}}
Jul 10 19:01:17.840281 np0000005045 nova-conductor[95808]: DEBUG oslo_concurrency.lockutils [None req-bb333916-f255-4a72-b4d8-f3947e558093 tempest-DeleteServersTestJSON-1203964194 tempest-DeleteServersTestJSON-1203964194-project-member] Lock "8046988d-b74f-4b38-985a-9c88fd0431d2" "released" by "nova.context.set_target_cell..get_or_set_cached_cell_and_set_connections" :: held 0.000s {{(pid=95808) inner /opt/stack/data/venv/lib/python3.12/site-packages/oslo_concurrency/lockutils.py:543}}
Jul 10 19:01:17.842498 np0000005045 nova-conductor[95808]: INFO dbcounter [None req-bb333916-f255-4a72-b4d8-f3947e558093 tempest-DeleteServersTestJSON-1203964194 tempest-DeleteServersTestJSON-1203964194-project-member] Registered counter for database nova_cell0
Jul 10 19:01:17.887148 np0000005045 nova-conductor[95808]: DEBUG oslo_db.sqlalchemy.engines [None req-bb333916-f255-4a72-b4d8-f3947e558093 tempest-DeleteServersTestJSON-1203964194 tempest-DeleteServersTestJSON-1203964194-project-member] MySQL server mode set to STRICT_TRANS_TABLES,STRICT_ALL_TABLES,NO_ZERO_IN_DATE,NO_ZERO_DATE,ERROR_FOR_DIVISION_BY_ZERO,TRADITIONAL,NO_ENGINE_SUBSTITUTION {{(pid=95808) _check_effective_sql_mode /opt/stack/data/venv/lib/python3.12/site-packages/oslo_db/sqlalchemy/engines.py:325}}
Jul 10 19:01:17.895047 np0000005045 nova-conductor[95808]: DEBUG dbcounter [-] [95808] Writer thread running {{(pid=95808) stat_writer /opt/stack/data/venv/lib/python3.12/site-packages/dbcounter.py:102}}
Jul 10 19:01:17.906157 np0000005045 nova-conductor[95808]: DEBUG nova.quota [None req-bb333916-f255-4a72-b4d8-f3947e558093 tempest-DeleteServersTestJSON-1203964194 tempest-DeleteServersTestJSON-1203964194-project-member] Getting quotas for project 5172e8d637314dd09c430d40fea4a968. Resources: {'ram', 'instances', 'cores'} {{(pid=95808) _get_quotas /opt/stack/nova/nova/quota.py:389}}
Jul 10 19:01:17.910777 np0000005045 nova-conductor[95808]: DEBUG nova.quota [None req-bb333916-f255-4a72-b4d8-f3947e558093 tempest-DeleteServersTestJSON-1203964194 tempest-DeleteServersTestJSON-1203964194-project-member] Getting quotas for user c423e23b24e84e5295e165afa9a3d547 and project 5172e8d637314dd09c430d40fea4a968. Resources: {'ram', 'instances', 'cores'} {{(pid=95808) _get_quotas /opt/stack/nova/nova/quota.py:379}}
Jul 10 19:01:17.921373 np0000005045 nova-conductor[95808]: DEBUG nova.conductor.manager [None req-bb333916-f255-4a72-b4d8-f3947e558093 tempest-DeleteServersTestJSON-1203964194 tempest-DeleteServersTestJSON-1203964194-project-member] [instance: becc8371-e80a-4ec2-8a3e-6553f2f911e6] Selected host: np0000005045; Selected node: np0000005045; Alternates: [] {{(pid=95808) schedule_and_build_instances /opt/stack/nova/nova/conductor/manager.py:1784}}
Jul 10 19:01:17.921890 np0000005045 nova-conductor[95808]: DEBUG oslo_concurrency.lockutils [None req-bb333916-f255-4a72-b4d8-f3947e558093 tempest-DeleteServersTestJSON-1203964194 tempest-DeleteServersTestJSON-1203964194-project-member] Acquiring lock "8046988d-b74f-4b38-985a-9c88fd0431d2" by "nova.context.set_target_cell..get_or_set_cached_cell_and_set_connections" {{(pid=95808) inner /opt/stack/data/venv/lib/python3.12/site-packages/oslo_concurrency/lockutils.py:511}}
Jul 10 19:01:17.922033 np0000005045 nova-conductor[95808]: DEBUG oslo_concurrency.lockutils [None req-bb333916-f255-4a72-b4d8-f3947e558093 tempest-DeleteServersTestJSON-1203964194 tempest-DeleteServersTestJSON-1203964194-project-member] Lock "8046988d-b74f-4b38-985a-9c88fd0431d2" acquired by "nova.context.set_target_cell..get_or_set_cached_cell_and_set_connections" :: waited 0.000s {{(pid=95808) inner /opt/stack/data/venv/lib/python3.12/site-packages/oslo_concurrency/lockutils.py:524}}
Jul 10 19:01:17.922190 np0000005045 nova-conductor[95808]: DEBUG oslo_concurrency.lockutils [None req-bb333916-f255-4a72-b4d8-f3947e558093 tempest-DeleteServersTestJSON-1203964194 tempest-DeleteServersTestJSON-1203964194-project-member] Lock "8046988d-b74f-4b38-985a-9c88fd0431d2" "released" by "nova.context.set_target_cell..get_or_set_cached_cell_and_set_connections" :: held 0.000s {{(pid=95808) inner /opt/stack/data/venv/lib/python3.12/site-packages/oslo_concurrency/lockutils.py:543}}
Jul 10 19:01:17.936231 np0000005045 nova-conductor[95808]: DEBUG nova.conductor.manager [None req-bb333916-f255-4a72-b4d8-f3947e558093 tempest-DeleteServersTestJSON-1203964194 tempest-DeleteServersTestJSON-1203964194-project-member] [instance: becc8371-e80a-4ec2-8a3e-6553f2f911e6] block_device_mapping [BlockDeviceMapping(attachment_id=,boot_index=0,connection_info=None,created_at=,delete_on_termination=True,deleted=,deleted_at=,destination_type='local',device_name=None,device_type='disk',disk_bus=None,encrypted=False,encryption_format=None,encryption_options=None,encryption_secret_uuid=None,guest_format=None,id=,image_id='0f6ad080-0896-40ab-8261-90a774120c47',instance=,instance_uuid=,no_device=False,snapshot_id=None,source_type='image',tag=None,updated_at=,uuid=,volume_id=None,volume_size=None,volume_type=None)] {{(pid=95808) _create_block_device_mapping /opt/stack/nova/nova/conductor/manager.py:1529}}
Jul 10 19:01:17.938243 np0000005045 nova-conductor[95808]: DEBUG oslo_concurrency.lockutils [None req-bb333916-f255-4a72-b4d8-f3947e558093 tempest-DeleteServersTestJSON-1203964194 tempest-DeleteServersTestJSON-1203964194-project-member] Acquiring lock "8046988d-b74f-4b38-985a-9c88fd0431d2" by "nova.context.set_target_cell..get_or_set_cached_cell_and_set_connections" {{(pid=95808) inner /opt/stack/data/venv/lib/python3.12/site-packages/oslo_concurrency/lockutils.py:511}}
Jul 10 19:01:17.938460 np0000005045 nova-conductor[95808]: DEBUG oslo_concurrency.lockutils [None req-bb333916-f255-4a72-b4d8-f3947e558093 tempest-DeleteServersTestJSON-1203964194 tempest-DeleteServersTestJSON-1203964194-project-member] Lock "8046988d-b74f-4b38-985a-9c88fd0431d2" acquired by "nova.context.set_target_cell..get_or_set_cached_cell_and_set_connections" :: waited 0.000s {{(pid=95808) inner /opt/stack/data/venv/lib/python3.12/site-packages/oslo_concurrency/lockutils.py:524}}
Jul 10 19:01:17.939237 np0000005045 nova-conductor[95808]: DEBUG oslo_concurrency.lockutils [None req-bb333916-f255-4a72-b4d8-f3947e558093 tempest-DeleteServersTestJSON-1203964194 tempest-DeleteServersTestJSON-1203964194-project-member] Lock "8046988d-b74f-4b38-985a-9c88fd0431d2" "released" by "nova.context.set_target_cell..get_or_set_cached_cell_and_set_connections" :: held 0.000s {{(pid=95808) inner /opt/stack/data/venv/lib/python3.12/site-packages/oslo_concurrency/lockutils.py:543}}
Jul 10 19:01:17.986885 np0000005045 nova-conductor[95808]: DEBUG oslo_concurrency.lockutils [None req-bb333916-f255-4a72-b4d8-f3947e558093 tempest-DeleteServersTestJSON-1203964194 tempest-DeleteServersTestJSON-1203964194-project-member] Acquiring lock "8046988d-b74f-4b38-985a-9c88fd0431d2" by "nova.context.set_target_cell..get_or_set_cached_cell_and_set_connections" {{(pid=95808) inner /opt/stack/data/venv/lib/python3.12/site-packages/oslo_concurrency/lockutils.py:511}}
Jul 10 19:01:17.987058 np0000005045 nova-conductor[95808]: DEBUG oslo_concurrency.lockutils [None req-bb333916-f255-4a72-b4d8-f3947e558093 tempest-DeleteServersTestJSON-1203964194 tempest-DeleteServersTestJSON-1203964194-project-member] Lock "8046988d-b74f-4b38-985a-9c88fd0431d2" acquired by "nova.context.set_target_cell..get_or_set_cached_cell_and_set_connections" :: waited 0.000s {{(pid=95808) inner /opt/stack/data/venv/lib/python3.12/site-packages/oslo_concurrency/lockutils.py:524}}
Jul 10 19:01:17.987182 np0000005045 nova-conductor[95808]: DEBUG oslo_concurrency.lockutils [None req-bb333916-f255-4a72-b4d8-f3947e558093 tempest-DeleteServersTestJSON-1203964194 tempest-DeleteServersTestJSON-1203964194-project-member] Lock "8046988d-b74f-4b38-985a-9c88fd0431d2" "released" by "nova.context.set_target_cell..get_or_set_cached_cell_and_set_connections" :: held 0.000s {{(pid=95808) inner /opt/stack/data/venv/lib/python3.12/site-packages/oslo_concurrency/lockutils.py:543}}
Jul 10 19:01:17.987383 np0000005045 nova-conductor[95808]: DEBUG oslo_concurrency.lockutils [None req-bb333916-f255-4a72-b4d8-f3947e558093 tempest-DeleteServersTestJSON-1203964194 tempest-DeleteServersTestJSON-1203964194-project-member] Acquiring lock "compute-rpcapi-router" {{(pid=95808) lock /opt/stack/data/venv/lib/python3.12/site-packages/oslo_concurrency/lockutils.py:395}}
Jul 10 19:01:17.987504 np0000005045 nova-conductor[95808]: DEBUG oslo_concurrency.lockutils [None req-bb333916-f255-4a72-b4d8-f3947e558093 tempest-DeleteServersTestJSON-1203964194 tempest-DeleteServersTestJSON-1203964194-project-member] Acquired lock "compute-rpcapi-router" {{(pid=95808) lock /opt/stack/data/venv/lib/python3.12/site-packages/oslo_concurrency/lockutils.py:398}}
Jul 10 19:01:17.987891 np0000005045 nova-conductor[95808]: DEBUG oslo_concurrency.lockutils [None req-81f246c2-3ceb-4ab9-9cc7-f19fb41b5d42 None None] Acquiring lock "00000000-0000-0000-0000-000000000000" by "nova.context.set_target_cell..get_or_set_cached_cell_and_set_connections" {{(pid=95808) inner /opt/stack/data/venv/lib/python3.12/site-packages/oslo_concurrency/lockutils.py:511}}
Jul 10 19:01:17.988005 np0000005045 nova-conductor[95808]: DEBUG oslo_concurrency.lockutils [None req-81f246c2-3ceb-4ab9-9cc7-f19fb41b5d42 None None] Lock "00000000-0000-0000-0000-000000000000" acquired by "nova.context.set_target_cell..get_or_set_cached_cell_and_set_connections" :: waited 0.000s {{(pid=95808) inner /opt/stack/data/venv/lib/python3.12/site-packages/oslo_concurrency/lockutils.py:524}}
Jul 10 19:01:17.988097 np0000005045 nova-conductor[95808]: DEBUG oslo_concurrency.lockutils [None req-81f246c2-3ceb-4ab9-9cc7-f19fb41b5d42 None None] Lock "00000000-0000-0000-0000-000000000000" "released" by "nova.context.set_target_cell..get_or_set_cached_cell_and_set_connections" :: held 0.000s {{(pid=95808) inner /opt/stack/data/venv/lib/python3.12/site-packages/oslo_concurrency/lockutils.py:543}}
Jul 10 19:01:17.988915 np0000005045 nova-conductor[95808]: DEBUG oslo_concurrency.lockutils [None req-81f246c2-3ceb-4ab9-9cc7-f19fb41b5d42 None None] Acquiring lock "8046988d-b74f-4b38-985a-9c88fd0431d2" by "nova.context.set_target_cell..get_or_set_cached_cell_and_set_connections" {{(pid=95808) inner /opt/stack/data/venv/lib/python3.12/site-packages/oslo_concurrency/lockutils.py:511}}
Jul 10 19:01:17.988915 np0000005045 nova-conductor[95808]: DEBUG oslo_concurrency.lockutils [None req-81f246c2-3ceb-4ab9-9cc7-f19fb41b5d42 None None] Lock "8046988d-b74f-4b38-985a-9c88fd0431d2" acquired by "nova.context.set_target_cell..get_or_set_cached_cell_and_set_connections" :: waited 0.000s {{(pid=95808) inner /opt/stack/data/venv/lib/python3.12/site-packages/oslo_concurrency/lockutils.py:524}}
Jul 10 19:01:17.989015 np0000005045 nova-conductor[95808]: DEBUG oslo_concurrency.lockutils [None req-81f246c2-3ceb-4ab9-9cc7-f19fb41b5d42 None None] Lock "8046988d-b74f-4b38-985a-9c88fd0431d2" "released" by "nova.context.set_target_cell..get_or_set_cached_cell_and_set_connections" :: held 0.000s {{(pid=95808) inner /opt/stack/data/venv/lib/python3.12/site-packages/oslo_concurrency/lockutils.py:543}}
Jul 10 19:01:17.995642 np0000005045 nova-conductor[95808]: INFO nova.compute.rpcapi [None req-81f246c2-3ceb-4ab9-9cc7-f19fb41b5d42 None None] Automatically selected compute RPC version 6.5 from minimum service version 72
Jul 10 19:01:17.996139 np0000005045 nova-conductor[95808]: DEBUG oslo_concurrency.lockutils [None req-81f246c2-3ceb-4ab9-9cc7-f19fb41b5d42 None None] Releasing lock "compute-rpcapi-router" {{(pid=95808) lock /opt/stack/data/venv/lib/python3.12/site-packages/oslo_concurrency/lockutils.py:418}}
Jul 10 19:01:24.147156 np0000005045 nova-conductor[95790]: DEBUG dbcounter [-] [95790] Writer thread running {{(pid=95790) stat_writer /opt/stack/data/venv/lib/python3.12/site-packages/dbcounter.py:102}}
Jul 10 19:01:25.196171 np0000005045 nova-conductor[95790]: DEBUG nova.conductor.manager [None req-b9eaa85c-58c2-4b01-8ceb-f3466dbca482 tempest-ServerActionsTestOtherA-779725211 tempest-ServerActionsTestOtherA-779725211-project-member] Took 1.04 seconds to select destinations for 1 instance(s). {{(pid=95790) _schedule_instances /opt/stack/nova/nova/conductor/manager.py:968}}
Jul 10 19:01:25.253350 np0000005045 nova-conductor[95790]: DEBUG oslo_concurrency.lockutils [None req-b9eaa85c-58c2-4b01-8ceb-f3466dbca482 tempest-ServerActionsTestOtherA-779725211 tempest-ServerActionsTestOtherA-779725211-project-member] Acquiring lock "8046988d-b74f-4b38-985a-9c88fd0431d2" by "nova.context.set_target_cell..get_or_set_cached_cell_and_set_connections" {{(pid=95790) inner /opt/stack/data/venv/lib/python3.12/site-packages/oslo_concurrency/lockutils.py:511}}
Jul 10 19:01:25.253695 np0000005045 nova-conductor[95790]: DEBUG oslo_concurrency.lockutils [None req-b9eaa85c-58c2-4b01-8ceb-f3466dbca482 tempest-ServerActionsTestOtherA-779725211 tempest-ServerActionsTestOtherA-779725211-project-member] Lock "8046988d-b74f-4b38-985a-9c88fd0431d2" acquired by "nova.context.set_target_cell..get_or_set_cached_cell_and_set_connections" :: waited 0.000s {{(pid=95790) inner /opt/stack/data/venv/lib/python3.12/site-packages/oslo_concurrency/lockutils.py:524}}
Jul 10 19:01:25.256222 np0000005045 nova-conductor[95790]: DEBUG oslo_concurrency.lockutils [None req-b9eaa85c-58c2-4b01-8ceb-f3466dbca482 tempest-ServerActionsTestOtherA-779725211 tempest-ServerActionsTestOtherA-779725211-project-member] Lock "8046988d-b74f-4b38-985a-9c88fd0431d2" "released" by "nova.context.set_target_cell..get_or_set_cached_cell_and_set_connections" :: held 0.002s {{(pid=95790) inner /opt/stack/data/venv/lib/python3.12/site-packages/oslo_concurrency/lockutils.py:543}}
Jul 10 19:01:25.259464 np0000005045 nova-conductor[95790]: INFO dbcounter [None req-b9eaa85c-58c2-4b01-8ceb-f3466dbca482 tempest-ServerActionsTestOtherA-779725211 tempest-ServerActionsTestOtherA-779725211-project-member] Registered counter for database nova_cell1
Jul 10 19:01:25.306044 np0000005045 nova-conductor[95790]: DEBUG oslo_db.sqlalchemy.engines [None req-b9eaa85c-58c2-4b01-8ceb-f3466dbca482 tempest-ServerActionsTestOtherA-779725211 tempest-ServerActionsTestOtherA-779725211-project-member] MySQL server mode set to STRICT_TRANS_TABLES,STRICT_ALL_TABLES,NO_ZERO_IN_DATE,NO_ZERO_DATE,ERROR_FOR_DIVISION_BY_ZERO,TRADITIONAL,NO_ENGINE_SUBSTITUTION {{(pid=95790) _check_effective_sql_mode /opt/stack/data/venv/lib/python3.12/site-packages/oslo_db/sqlalchemy/engines.py:325}}
Jul 10 19:01:25.315115 np0000005045 nova-conductor[95790]: DEBUG dbcounter [-] [95790] Writer thread running {{(pid=95790) stat_writer /opt/stack/data/venv/lib/python3.12/site-packages/dbcounter.py:102}}
Jul 10 19:01:25.394226 np0000005045 nova-conductor[95790]: INFO nova.utils [None req-b9eaa85c-58c2-4b01-8ceb-f3466dbca482 tempest-ServerActionsTestOtherA-779725211 tempest-ServerActionsTestOtherA-779725211-project-member] The cell worker thread pool ForkProcess-1.cell_worker is initialized
Jul 10 19:01:25.394519 np0000005045 nova-conductor[95790]: DEBUG oslo_concurrency.lockutils [None req-b9eaa85c-58c2-4b01-8ceb-f3466dbca482 tempest-ServerActionsTestOtherA-779725211 tempest-ServerActionsTestOtherA-779725211-project-member] Acquiring lock "00000000-0000-0000-0000-000000000000" by "nova.context.set_target_cell..get_or_set_cached_cell_and_set_connections" {{(pid=95790) inner /opt/stack/data/venv/lib/python3.12/site-packages/oslo_concurrency/lockutils.py:511}}
Jul 10 19:01:25.394736 np0000005045 nova-conductor[95790]: DEBUG oslo_concurrency.lockutils [None req-b9eaa85c-58c2-4b01-8ceb-f3466dbca482 tempest-ServerActionsTestOtherA-779725211 tempest-ServerActionsTestOtherA-779725211-project-member] Lock "00000000-0000-0000-0000-000000000000" acquired by "nova.context.set_target_cell..get_or_set_cached_cell_and_set_connections" :: waited 0.000s {{(pid=95790) inner /opt/stack/data/venv/lib/python3.12/site-packages/oslo_concurrency/lockutils.py:524}}
Jul 10 19:01:25.395244 np0000005045 nova-conductor[95790]: DEBUG oslo_concurrency.lockutils [None req-b9eaa85c-58c2-4b01-8ceb-f3466dbca482 tempest-ServerActionsTestOtherA-779725211 tempest-ServerActionsTestOtherA-779725211-project-member] Lock "00000000-0000-0000-0000-000000000000" "released" by "nova.context.set_target_cell..get_or_set_cached_cell_and_set_connections" :: held 0.000s {{(pid=95790) inner /opt/stack/data/venv/lib/python3.12/site-packages/oslo_concurrency/lockutils.py:543}}
Jul 10 19:01:25.395826 np0000005045 nova-conductor[95790]: DEBUG oslo_concurrency.lockutils [None req-b9eaa85c-58c2-4b01-8ceb-f3466dbca482 tempest-ServerActionsTestOtherA-779725211 tempest-ServerActionsTestOtherA-779725211-project-member] Acquiring lock "8046988d-b74f-4b38-985a-9c88fd0431d2" by "nova.context.set_target_cell..get_or_set_cached_cell_and_set_connections" {{(pid=95790) inner /opt/stack/data/venv/lib/python3.12/site-packages/oslo_concurrency/lockutils.py:511}}
Jul 10 19:01:25.396027 np0000005045 nova-conductor[95790]: DEBUG oslo_concurrency.lockutils [None req-b9eaa85c-58c2-4b01-8ceb-f3466dbca482 tempest-ServerActionsTestOtherA-779725211 tempest-ServerActionsTestOtherA-779725211-project-member] Lock "8046988d-b74f-4b38-985a-9c88fd0431d2" acquired by "nova.context.set_target_cell..get_or_set_cached_cell_and_set_connections" :: waited 0.000s {{(pid=95790) inner /opt/stack/data/venv/lib/python3.12/site-packages/oslo_concurrency/lockutils.py:524}}
Jul 10 19:01:25.396177 np0000005045 nova-conductor[95790]: DEBUG oslo_concurrency.lockutils [None req-b9eaa85c-58c2-4b01-8ceb-f3466dbca482 tempest-ServerActionsTestOtherA-779725211 tempest-ServerActionsTestOtherA-779725211-project-member] Lock "8046988d-b74f-4b38-985a-9c88fd0431d2" "released" by "nova.context.set_target_cell..get_or_set_cached_cell_and_set_connections" :: held 0.000s {{(pid=95790) inner /opt/stack/data/venv/lib/python3.12/site-packages/oslo_concurrency/lockutils.py:543}}
Jul 10 19:01:25.398060 np0000005045 nova-conductor[95790]: INFO dbcounter [None req-b9eaa85c-58c2-4b01-8ceb-f3466dbca482 tempest-ServerActionsTestOtherA-779725211 tempest-ServerActionsTestOtherA-779725211-project-member] Registered counter for database nova_cell0
Jul 10 19:01:25.450762 np0000005045 nova-conductor[95790]: DEBUG oslo_db.sqlalchemy.engines [None req-b9eaa85c-58c2-4b01-8ceb-f3466dbca482 tempest-ServerActionsTestOtherA-779725211 tempest-ServerActionsTestOtherA-779725211-project-member] MySQL server mode set to STRICT_TRANS_TABLES,STRICT_ALL_TABLES,NO_ZERO_IN_DATE,NO_ZERO_DATE,ERROR_FOR_DIVISION_BY_ZERO,TRADITIONAL,NO_ENGINE_SUBSTITUTION {{(pid=95790) _check_effective_sql_mode /opt/stack/data/venv/lib/python3.12/site-packages/oslo_db/sqlalchemy/engines.py:325}}
Jul 10 19:01:25.459791 np0000005045 nova-conductor[95790]: DEBUG dbcounter [-] [95790] Writer thread running {{(pid=95790) stat_writer /opt/stack/data/venv/lib/python3.12/site-packages/dbcounter.py:102}}
Jul 10 19:01:25.477461 np0000005045 nova-conductor[95790]: DEBUG nova.quota [None req-b9eaa85c-58c2-4b01-8ceb-f3466dbca482 tempest-ServerActionsTestOtherA-779725211 tempest-ServerActionsTestOtherA-779725211-project-member] Getting quotas for project 6f67bf9e79d24be3a1737026f4c2fb82. Resources: {'ram', 'instances', 'cores'} {{(pid=95790) _get_quotas /opt/stack/nova/nova/quota.py:389}}
Jul 10 19:01:25.495557 np0000005045 nova-conductor[95790]: DEBUG nova.quota [None req-b9eaa85c-58c2-4b01-8ceb-f3466dbca482 tempest-ServerActionsTestOtherA-779725211 tempest-ServerActionsTestOtherA-779725211-project-member] Getting quotas for user c700f4de79c740e4be0d54788a69e344 and project 6f67bf9e79d24be3a1737026f4c2fb82. Resources: {'ram', 'instances', 'cores'} {{(pid=95790) _get_quotas /opt/stack/nova/nova/quota.py:379}}
Jul 10 19:01:25.504012 np0000005045 nova-conductor[95790]: DEBUG nova.conductor.manager [None req-b9eaa85c-58c2-4b01-8ceb-f3466dbca482 tempest-ServerActionsTestOtherA-779725211 tempest-ServerActionsTestOtherA-779725211-project-member] [instance: 386235a6-ed04-4826-b0a8-0ea40f8df61b] Selected host: np0000005045; Selected node: np0000005045; Alternates: [] {{(pid=95790) schedule_and_build_instances /opt/stack/nova/nova/conductor/manager.py:1784}}
Jul 10 19:01:25.504687 np0000005045 nova-conductor[95790]: DEBUG oslo_concurrency.lockutils [None req-b9eaa85c-58c2-4b01-8ceb-f3466dbca482 tempest-ServerActionsTestOtherA-779725211 tempest-ServerActionsTestOtherA-779725211-project-member] Acquiring lock "8046988d-b74f-4b38-985a-9c88fd0431d2" by "nova.context.set_target_cell..get_or_set_cached_cell_and_set_connections" {{(pid=95790) inner /opt/stack/data/venv/lib/python3.12/site-packages/oslo_concurrency/lockutils.py:511}}
Jul 10 19:01:25.504912 np0000005045 nova-conductor[95790]: DEBUG oslo_concurrency.lockutils [None req-b9eaa85c-58c2-4b01-8ceb-f3466dbca482 tempest-ServerActionsTestOtherA-779725211 tempest-ServerActionsTestOtherA-779725211-project-member] Lock "8046988d-b74f-4b38-985a-9c88fd0431d2" acquired by "nova.context.set_target_cell..get_or_set_cached_cell_and_set_connections" :: waited 0.000s {{(pid=95790) inner /opt/stack/data/venv/lib/python3.12/site-packages/oslo_concurrency/lockutils.py:524}}
