Aug 15 14:55:38.418716 np0000007361 systemd[1]: Starting devstack@n-api-meta.service - Devstack devstack@n-api-meta.service...
Aug 15 14:55:38.425019 np0000007361 devstack@n-api-meta.service[96010]: [uWSGI] getting INI configuration from /etc/nova/nova-metadata-uwsgi.ini
Aug 15 14:55:38.427482 np0000007361 devstack@n-api-meta.service[96010]: *** Starting uWSGI 2.0.24-debian (64bit) on [Sat Aug 15 14:55:38 2026] ***
Aug 15 14:55:38.427482 np0000007361 devstack@n-api-meta.service[96010]: compiled with version: 13.2.0 on 17 April 2024 16:23:48
Aug 15 14:55:38.427482 np0000007361 devstack@n-api-meta.service[96010]: os: Linux-6.8.0-100-generic #100-Ubuntu SMP PREEMPT_DYNAMIC Tue Jan 13 16:40:06 UTC 2026
Aug 15 14:55:38.427482 np0000007361 devstack@n-api-meta.service[96010]: nodename: np0000007361
Aug 15 14:55:38.427482 np0000007361 devstack@n-api-meta.service[96010]: machine: x86_64
Aug 15 14:55:38.427482 np0000007361 devstack@n-api-meta.service[96010]: clock source: unix
Aug 15 14:55:38.427482 np0000007361 devstack@n-api-meta.service[96010]: pcre jit disabled
Aug 15 14:55:38.427482 np0000007361 devstack@n-api-meta.service[96010]: detected number of CPU cores: 16
Aug 15 14:55:38.427482 np0000007361 devstack@n-api-meta.service[96010]: current working directory: /
Aug 15 14:55:38.427482 np0000007361 devstack@n-api-meta.service[96010]: detected binary path: /usr/bin/uwsgi-core
Aug 15 14:55:38.427482 np0000007361 devstack@n-api-meta.service[96010]: your processes number limit is 257052
Aug 15 14:55:38.427482 np0000007361 devstack@n-api-meta.service[96010]: your memory page size is 4096 bytes
Aug 15 14:55:38.427936 np0000007361 devstack@n-api-meta.service[96010]: detected max file descriptor number: 2048
Aug 15 14:55:38.427936 np0000007361 devstack@n-api-meta.service[96010]: lock engine: pthread robust mutexes
Aug 15 14:55:38.427936 np0000007361 devstack@n-api-meta.service[96010]: thunder lock: enabled
Aug 15 14:55:38.428059 np0000007361 devstack@n-api-meta.service[96010]: uWSGI http bound on 0.0.0.0:8775 fd 5
Aug 15 14:55:38.428059 np0000007361 devstack@n-api-meta.service[96010]: uwsgi socket 0 bound to TCP address 127.0.0.1:37625 (port auto-assigned) fd 4
Aug 15 14:55:38.428135 np0000007361 devstack@n-api-meta.service[96010]: Python version: 3.12.3 (main, Jun 19 2026, 12:46:00) [GCC 13.3.0]
Aug 15 14:55:38.428135 np0000007361 devstack@n-api-meta.service[96010]: PEP 405 virtualenv detected: /opt/stack/data/venv
Aug 15 14:55:38.428135 np0000007361 devstack@n-api-meta.service[96010]: Set PythonHome to /opt/stack/data/venv
Aug 15 14:55:38.462056 np0000007361 devstack@n-api-meta.service[96010]: Python main interpreter initialized at 0x7455168a4668
Aug 15 14:55:38.462056 np0000007361 devstack@n-api-meta.service[96010]: python threads support enabled
Aug 15 14:55:38.462056 np0000007361 devstack@n-api-meta.service[96010]: your server socket listen backlog is limited to 100 connections
Aug 15 14:55:38.462056 np0000007361 devstack@n-api-meta.service[96010]: your mercy for graceful operations on workers is 80 seconds
Aug 15 14:55:38.462635 np0000007361 devstack@n-api-meta.service[96010]: mapped 671795 bytes (656 KB) for 4 cores
Aug 15 14:55:38.462795 np0000007361 devstack@n-api-meta.service[96010]: *** Operational MODE: preforking ***
Aug 15 14:55:38.463025 np0000007361 devstack@n-api-meta.service[96010]: *** uWSGI is running in multiple interpreter mode ***
Aug 15 14:55:38.463025 np0000007361 devstack@n-api-meta.service[96010]: spawned uWSGI master process (pid: 96010)
Aug 15 14:55:38.463176 np0000007361 systemd[1]: Started devstack@n-api-meta.service - Devstack devstack@n-api-meta.service.
Aug 15 14:55:38.463695 np0000007361 devstack@n-api-meta.service[96010]: spawned uWSGI worker 1 (pid: 96011, cores: 1)
Aug 15 14:55:38.464218 np0000007361 devstack@n-api-meta.service[96010]: spawned uWSGI worker 2 (pid: 96012, cores: 1)
Aug 15 14:55:38.464738 np0000007361 devstack@n-api-meta.service[96010]: spawned uWSGI worker 3 (pid: 96013, cores: 1)
Aug 15 14:55:38.465215 np0000007361 devstack@n-api-meta.service[96010]: spawned uWSGI worker 4 (pid: 96014, cores: 1)
Aug 15 14:55:38.465991 np0000007361 devstack@n-api-meta.service[96010]: spawned uWSGI http 1 (pid: 96015)
Aug 15 14:55:38.465991 np0000007361 devstack@n-api-meta.service[96010]: running "unix_signal:15 gracefully_kill_them_all" (master-start)...
Aug 15 14:55:40.358792 np0000007361 devstack@n-api-meta.service[96011]: INFO dbcounter [None req-f8103a51-73fb-49ba-995f-a8509f9d5ea0 None None] Registered counter for database nova_api
Aug 15 14:55:40.420698 np0000007361 devstack@n-api-meta.service[96013]: INFO dbcounter [None req-6b9498e0-53b4-42a9-bace-93df8de0044d None None] Registered counter for database nova_api
Aug 15 14:55:40.426722 np0000007361 devstack@n-api-meta.service[96011]: DEBUG oslo_db.sqlalchemy.engines [None req-f8103a51-73fb-49ba-995f-a8509f9d5ea0 None None] MySQL server mode set to STRICT_TRANS_TABLES,STRICT_ALL_TABLES,NO_ZERO_IN_DATE,NO_ZERO_DATE,ERROR_FOR_DIVISION_BY_ZERO,TRADITIONAL,NO_ENGINE_SUBSTITUTION {{(pid=96011) _check_effective_sql_mode /opt/stack/data/venv/lib/python3.12/site-packages/oslo_db/sqlalchemy/engines.py:325}}
Aug 15 14:55:40.429804 np0000007361 devstack@n-api-meta.service[96012]: INFO dbcounter [None req-e28bcbbb-fe22-49e5-9229-916177a0b117 None None] Registered counter for database nova_api
Aug 15 14:55:40.463400 np0000007361 devstack@n-api-meta.service[96011]: DEBUG dbcounter [-] [96011] Writer thread running {{(pid=96011) stat_writer /opt/stack/data/venv/lib/python3.12/site-packages/dbcounter.py:102}}
Aug 15 14:55:40.467005 np0000007361 devstack@n-api-meta.service[96013]: DEBUG oslo_db.sqlalchemy.engines [None req-6b9498e0-53b4-42a9-bace-93df8de0044d None None] MySQL server mode set to STRICT_TRANS_TABLES,STRICT_ALL_TABLES,NO_ZERO_IN_DATE,NO_ZERO_DATE,ERROR_FOR_DIVISION_BY_ZERO,TRADITIONAL,NO_ENGINE_SUBSTITUTION {{(pid=96013) _check_effective_sql_mode /opt/stack/data/venv/lib/python3.12/site-packages/oslo_db/sqlalchemy/engines.py:325}}
Aug 15 14:55:40.467132 np0000007361 devstack@n-api-meta.service[96011]: DEBUG nova.context [None req-f8103a51-73fb-49ba-995f-a8509f9d5ea0 None None] Found 2 cells: 00000000-0000-0000-0000-000000000000(cell0),0546ccc0-e97d-43fb-ae43-a6d9800a0eef(cell1) {{(pid=96011) load_cells /opt/stack/nova/nova/context.py:509}}
Aug 15 14:55:40.467132 np0000007361 devstack@n-api-meta.service[96011]: INFO nova.utils [None req-f8103a51-73fb-49ba-995f-a8509f9d5ea0 None None] The cell worker thread pool MainProcess.cell_worker is initialized
Aug 15 14:55:40.468658 np0000007361 devstack@n-api-meta.service[96011]: DEBUG oslo_concurrency.lockutils [None req-f8103a51-73fb-49ba-995f-a8509f9d5ea0 None None] Acquiring lock "00000000-0000-0000-0000-000000000000" by "nova.context.set_target_cell..get_or_set_cached_cell_and_set_connections" {{(pid=96011) inner /opt/stack/data/venv/lib/python3.12/site-packages/oslo_concurrency/lockutils.py:512}}
Aug 15 14:55:40.468851 np0000007361 devstack@n-api-meta.service[96011]: DEBUG oslo_concurrency.lockutils [None req-f8103a51-73fb-49ba-995f-a8509f9d5ea0 None None] Lock "00000000-0000-0000-0000-000000000000" acquired by "nova.context.set_target_cell..get_or_set_cached_cell_and_set_connections" :: waited 0.000s {{(pid=96011) inner /opt/stack/data/venv/lib/python3.12/site-packages/oslo_concurrency/lockutils.py:525}}
Aug 15 14:55:40.469284 np0000007361 devstack@n-api-meta.service[96011]: DEBUG oslo_concurrency.lockutils [None req-f8103a51-73fb-49ba-995f-a8509f9d5ea0 None None] Lock "00000000-0000-0000-0000-000000000000" "released" by "nova.context.set_target_cell..get_or_set_cached_cell_and_set_connections" :: held 0.000s {{(pid=96011) inner /opt/stack/data/venv/lib/python3.12/site-packages/oslo_concurrency/lockutils.py:544}}
Aug 15 14:55:40.469895 np0000007361 devstack@n-api-meta.service[96011]: DEBUG oslo_concurrency.lockutils [None req-f8103a51-73fb-49ba-995f-a8509f9d5ea0 None None] Acquiring lock "0546ccc0-e97d-43fb-ae43-a6d9800a0eef" by "nova.context.set_target_cell..get_or_set_cached_cell_and_set_connections" {{(pid=96011) inner /opt/stack/data/venv/lib/python3.12/site-packages/oslo_concurrency/lockutils.py:512}}
Aug 15 14:55:40.470109 np0000007361 devstack@n-api-meta.service[96011]: DEBUG oslo_concurrency.lockutils [None req-f8103a51-73fb-49ba-995f-a8509f9d5ea0 None None] Lock "0546ccc0-e97d-43fb-ae43-a6d9800a0eef" acquired by "nova.context.set_target_cell..get_or_set_cached_cell_and_set_connections" :: waited 0.000s {{(pid=96011) inner /opt/stack/data/venv/lib/python3.12/site-packages/oslo_concurrency/lockutils.py:525}}
Aug 15 14:55:40.470859 np0000007361 devstack@n-api-meta.service[96011]: DEBUG oslo_concurrency.lockutils [None req-f8103a51-73fb-49ba-995f-a8509f9d5ea0 None None] Lock "0546ccc0-e97d-43fb-ae43-a6d9800a0eef" "released" by "nova.context.set_target_cell..get_or_set_cached_cell_and_set_connections" :: held 0.001s {{(pid=96011) inner /opt/stack/data/venv/lib/python3.12/site-packages/oslo_concurrency/lockutils.py:544}}
Aug 15 14:55:40.473287 np0000007361 devstack@n-api-meta.service[96011]: INFO dbcounter [None req-f8103a51-73fb-49ba-995f-a8509f9d5ea0 None None] Registered counter for database nova_cell0
Aug 15 14:55:40.476484 np0000007361 devstack@n-api-meta.service[96011]: INFO dbcounter [None req-f8103a51-73fb-49ba-995f-a8509f9d5ea0 None None] Registered counter for database nova_cell1
Aug 15 14:55:40.482520 np0000007361 devstack@n-api-meta.service[96012]: DEBUG oslo_db.sqlalchemy.engines [None req-e28bcbbb-fe22-49e5-9229-916177a0b117 None None] MySQL server mode set to STRICT_TRANS_TABLES,STRICT_ALL_TABLES,NO_ZERO_IN_DATE,NO_ZERO_DATE,ERROR_FOR_DIVISION_BY_ZERO,TRADITIONAL,NO_ENGINE_SUBSTITUTION {{(pid=96012) _check_effective_sql_mode /opt/stack/data/venv/lib/python3.12/site-packages/oslo_db/sqlalchemy/engines.py:325}}
Aug 15 14:55:40.496201 np0000007361 devstack@n-api-meta.service[96013]: DEBUG dbcounter [-] [96013] Writer thread running {{(pid=96013) stat_writer /opt/stack/data/venv/lib/python3.12/site-packages/dbcounter.py:102}}
Aug 15 14:55:40.500280 np0000007361 devstack@n-api-meta.service[96013]: DEBUG nova.context [None req-6b9498e0-53b4-42a9-bace-93df8de0044d None None] Found 2 cells: 00000000-0000-0000-0000-000000000000(cell0),0546ccc0-e97d-43fb-ae43-a6d9800a0eef(cell1) {{(pid=96013) load_cells /opt/stack/nova/nova/context.py:509}}
Aug 15 14:55:40.500280 np0000007361 devstack@n-api-meta.service[96013]: INFO nova.utils [None req-6b9498e0-53b4-42a9-bace-93df8de0044d None None] The cell worker thread pool MainProcess.cell_worker is initialized
Aug 15 14:55:40.501788 np0000007361 devstack@n-api-meta.service[96013]: DEBUG oslo_concurrency.lockutils [None req-6b9498e0-53b4-42a9-bace-93df8de0044d None None] Acquiring lock "00000000-0000-0000-0000-000000000000" by "nova.context.set_target_cell..get_or_set_cached_cell_and_set_connections" {{(pid=96013) inner /opt/stack/data/venv/lib/python3.12/site-packages/oslo_concurrency/lockutils.py:512}}
Aug 15 14:55:40.501963 np0000007361 devstack@n-api-meta.service[96013]: DEBUG oslo_concurrency.lockutils [None req-6b9498e0-53b4-42a9-bace-93df8de0044d None None] Lock "00000000-0000-0000-0000-000000000000" acquired by "nova.context.set_target_cell..get_or_set_cached_cell_and_set_connections" :: waited 0.000s {{(pid=96013) inner /opt/stack/data/venv/lib/python3.12/site-packages/oslo_concurrency/lockutils.py:525}}
Aug 15 14:55:40.502367 np0000007361 devstack@n-api-meta.service[96013]: DEBUG oslo_concurrency.lockutils [None req-6b9498e0-53b4-42a9-bace-93df8de0044d None None] Lock "00000000-0000-0000-0000-000000000000" "released" by "nova.context.set_target_cell..get_or_set_cached_cell_and_set_connections" :: held 0.000s {{(pid=96013) inner /opt/stack/data/venv/lib/python3.12/site-packages/oslo_concurrency/lockutils.py:544}}
Aug 15 14:55:40.503036 np0000007361 devstack@n-api-meta.service[96013]: DEBUG oslo_concurrency.lockutils [None req-6b9498e0-53b4-42a9-bace-93df8de0044d None None] Acquiring lock "0546ccc0-e97d-43fb-ae43-a6d9800a0eef" by "nova.context.set_target_cell..get_or_set_cached_cell_and_set_connections" {{(pid=96013) inner /opt/stack/data/venv/lib/python3.12/site-packages/oslo_concurrency/lockutils.py:512}}
Aug 15 14:55:40.503183 np0000007361 devstack@n-api-meta.service[96013]: DEBUG oslo_concurrency.lockutils [None req-6b9498e0-53b4-42a9-bace-93df8de0044d None None] Lock "0546ccc0-e97d-43fb-ae43-a6d9800a0eef" acquired by "nova.context.set_target_cell..get_or_set_cached_cell_and_set_connections" :: waited 0.000s {{(pid=96013) inner /opt/stack/data/venv/lib/python3.12/site-packages/oslo_concurrency/lockutils.py:525}}
Aug 15 14:55:40.505267 np0000007361 devstack@n-api-meta.service[96013]: DEBUG oslo_concurrency.lockutils [None req-6b9498e0-53b4-42a9-bace-93df8de0044d None None] Lock "0546ccc0-e97d-43fb-ae43-a6d9800a0eef" "released" by "nova.context.set_target_cell..get_or_set_cached_cell_and_set_connections" :: held 0.001s {{(pid=96013) inner /opt/stack/data/venv/lib/python3.12/site-packages/oslo_concurrency/lockutils.py:544}}
Aug 15 14:55:40.505942 np0000007361 devstack@n-api-meta.service[96013]: INFO dbcounter [None req-6b9498e0-53b4-42a9-bace-93df8de0044d None None] Registered counter for database nova_cell0
Aug 15 14:55:40.508963 np0000007361 devstack@n-api-meta.service[96013]: INFO dbcounter [None req-6b9498e0-53b4-42a9-bace-93df8de0044d None None] Registered counter for database nova_cell1
Aug 15 14:55:40.527544 np0000007361 devstack@n-api-meta.service[96012]: DEBUG dbcounter [-] [96012] Writer thread running {{(pid=96012) stat_writer /opt/stack/data/venv/lib/python3.12/site-packages/dbcounter.py:102}}
Aug 15 14:55:40.533228 np0000007361 devstack@n-api-meta.service[96012]: DEBUG nova.context [None req-e28bcbbb-fe22-49e5-9229-916177a0b117 None None] Found 2 cells: 00000000-0000-0000-0000-000000000000(cell0),0546ccc0-e97d-43fb-ae43-a6d9800a0eef(cell1) {{(pid=96012) load_cells /opt/stack/nova/nova/context.py:509}}
Aug 15 14:55:40.533574 np0000007361 devstack@n-api-meta.service[96012]: INFO nova.utils [None req-e28bcbbb-fe22-49e5-9229-916177a0b117 None None] The cell worker thread pool MainProcess.cell_worker is initialized
Aug 15 14:55:40.535927 np0000007361 devstack@n-api-meta.service[96012]: DEBUG oslo_concurrency.lockutils [None req-e28bcbbb-fe22-49e5-9229-916177a0b117 None None] Acquiring lock "00000000-0000-0000-0000-000000000000" by "nova.context.set_target_cell..get_or_set_cached_cell_and_set_connections" {{(pid=96012) inner /opt/stack/data/venv/lib/python3.12/site-packages/oslo_concurrency/lockutils.py:512}}
Aug 15 14:55:40.536152 np0000007361 devstack@n-api-meta.service[96012]: DEBUG oslo_concurrency.lockutils [None req-e28bcbbb-fe22-49e5-9229-916177a0b117 None None] Lock "00000000-0000-0000-0000-000000000000" acquired by "nova.context.set_target_cell..get_or_set_cached_cell_and_set_connections" :: waited 0.000s {{(pid=96012) inner /opt/stack/data/venv/lib/python3.12/site-packages/oslo_concurrency/lockutils.py:525}}
Aug 15 14:55:40.536547 np0000007361 devstack@n-api-meta.service[96012]: DEBUG oslo_concurrency.lockutils [None req-e28bcbbb-fe22-49e5-9229-916177a0b117 None None] Lock "00000000-0000-0000-0000-000000000000" "released" by "nova.context.set_target_cell..get_or_set_cached_cell_and_set_connections" :: held 0.000s {{(pid=96012) inner /opt/stack/data/venv/lib/python3.12/site-packages/oslo_concurrency/lockutils.py:544}}
Aug 15 14:55:40.536726 np0000007361 devstack@n-api-meta.service[96011]: DEBUG oslo_db.sqlalchemy.engines [None req-f8103a51-73fb-49ba-995f-a8509f9d5ea0 None None] MySQL server mode set to STRICT_TRANS_TABLES,STRICT_ALL_TABLES,NO_ZERO_IN_DATE,NO_ZERO_DATE,ERROR_FOR_DIVISION_BY_ZERO,TRADITIONAL,NO_ENGINE_SUBSTITUTION {{(pid=96011) _check_effective_sql_mode /opt/stack/data/venv/lib/python3.12/site-packages/oslo_db/sqlalchemy/engines.py:325}}
Aug 15 14:55:40.537342 np0000007361 devstack@n-api-meta.service[96012]: DEBUG oslo_concurrency.lockutils [None req-e28bcbbb-fe22-49e5-9229-916177a0b117 None None] Acquiring lock "0546ccc0-e97d-43fb-ae43-a6d9800a0eef" by "nova.context.set_target_cell..get_or_set_cached_cell_and_set_connections" {{(pid=96012) inner /opt/stack/data/venv/lib/python3.12/site-packages/oslo_concurrency/lockutils.py:512}}
Aug 15 14:55:40.539163 np0000007361 devstack@n-api-meta.service[96012]: DEBUG oslo_concurrency.lockutils [None req-e28bcbbb-fe22-49e5-9229-916177a0b117 None None] Lock "0546ccc0-e97d-43fb-ae43-a6d9800a0eef" acquired by "nova.context.set_target_cell..get_or_set_cached_cell_and_set_connections" :: waited 0.002s {{(pid=96012) inner /opt/stack/data/venv/lib/python3.12/site-packages/oslo_concurrency/lockutils.py:525}}
Aug 15 14:55:40.540704 np0000007361 devstack@n-api-meta.service[96012]: INFO dbcounter [None req-e28bcbbb-fe22-49e5-9229-916177a0b117 None None] Registered counter for database nova_cell0
Aug 15 14:55:40.543116 np0000007361 devstack@n-api-meta.service[96012]: DEBUG oslo_concurrency.lockutils [None req-e28bcbbb-fe22-49e5-9229-916177a0b117 None None] Lock "0546ccc0-e97d-43fb-ae43-a6d9800a0eef" "released" by "nova.context.set_target_cell..get_or_set_cached_cell_and_set_connections" :: held 0.001s {{(pid=96012) inner /opt/stack/data/venv/lib/python3.12/site-packages/oslo_concurrency/lockutils.py:544}}
Aug 15 14:55:40.545468 np0000007361 devstack@n-api-meta.service[96012]: INFO dbcounter [None req-e28bcbbb-fe22-49e5-9229-916177a0b117 None None] Registered counter for database nova_cell1
Aug 15 14:55:40.550862 np0000007361 devstack@n-api-meta.service[96011]: DEBUG oslo_db.sqlalchemy.engines [None req-f8103a51-73fb-49ba-995f-a8509f9d5ea0 None None] MySQL server mode set to STRICT_TRANS_TABLES,STRICT_ALL_TABLES,NO_ZERO_IN_DATE,NO_ZERO_DATE,ERROR_FOR_DIVISION_BY_ZERO,TRADITIONAL,NO_ENGINE_SUBSTITUTION {{(pid=96011) _check_effective_sql_mode /opt/stack/data/venv/lib/python3.12/site-packages/oslo_db/sqlalchemy/engines.py:325}}
Aug 15 14:55:40.551926 np0000007361 devstack@n-api-meta.service[96013]: DEBUG oslo_db.sqlalchemy.engines [None req-6b9498e0-53b4-42a9-bace-93df8de0044d None None] MySQL server mode set to STRICT_TRANS_TABLES,STRICT_ALL_TABLES,NO_ZERO_IN_DATE,NO_ZERO_DATE,ERROR_FOR_DIVISION_BY_ZERO,TRADITIONAL,NO_ENGINE_SUBSTITUTION {{(pid=96013) _check_effective_sql_mode /opt/stack/data/venv/lib/python3.12/site-packages/oslo_db/sqlalchemy/engines.py:325}}
Aug 15 14:55:40.578473 np0000007361 devstack@n-api-meta.service[96014]: INFO dbcounter [None req-922e6983-b5f7-4724-8d57-693296bec204 None None] Registered counter for database nova_api
Aug 15 14:55:40.605607 np0000007361 devstack@n-api-meta.service[96012]: DEBUG oslo_db.sqlalchemy.engines [None req-e28bcbbb-fe22-49e5-9229-916177a0b117 None None] MySQL server mode set to STRICT_TRANS_TABLES,STRICT_ALL_TABLES,NO_ZERO_IN_DATE,NO_ZERO_DATE,ERROR_FOR_DIVISION_BY_ZERO,TRADITIONAL,NO_ENGINE_SUBSTITUTION {{(pid=96012) _check_effective_sql_mode /opt/stack/data/venv/lib/python3.12/site-packages/oslo_db/sqlalchemy/engines.py:325}}
Aug 15 14:55:40.615648 np0000007361 devstack@n-api-meta.service[96013]: DEBUG oslo_db.sqlalchemy.engines [None req-6b9498e0-53b4-42a9-bace-93df8de0044d None None] MySQL server mode set to STRICT_TRANS_TABLES,STRICT_ALL_TABLES,NO_ZERO_IN_DATE,NO_ZERO_DATE,ERROR_FOR_DIVISION_BY_ZERO,TRADITIONAL,NO_ENGINE_SUBSTITUTION {{(pid=96013) _check_effective_sql_mode /opt/stack/data/venv/lib/python3.12/site-packages/oslo_db/sqlalchemy/engines.py:325}}
Aug 15 14:55:40.622148 np0000007361 devstack@n-api-meta.service[96012]: DEBUG oslo_db.sqlalchemy.engines [None req-e28bcbbb-fe22-49e5-9229-916177a0b117 None None] MySQL server mode set to STRICT_TRANS_TABLES,STRICT_ALL_TABLES,NO_ZERO_IN_DATE,NO_ZERO_DATE,ERROR_FOR_DIVISION_BY_ZERO,TRADITIONAL,NO_ENGINE_SUBSTITUTION {{(pid=96012) _check_effective_sql_mode /opt/stack/data/venv/lib/python3.12/site-packages/oslo_db/sqlalchemy/engines.py:325}}
Aug 15 14:55:40.633370 np0000007361 devstack@n-api-meta.service[96014]: DEBUG oslo_db.sqlalchemy.engines [None req-922e6983-b5f7-4724-8d57-693296bec204 None None] MySQL server mode set to STRICT_TRANS_TABLES,STRICT_ALL_TABLES,NO_ZERO_IN_DATE,NO_ZERO_DATE,ERROR_FOR_DIVISION_BY_ZERO,TRADITIONAL,NO_ENGINE_SUBSTITUTION {{(pid=96014) _check_effective_sql_mode /opt/stack/data/venv/lib/python3.12/site-packages/oslo_db/sqlalchemy/engines.py:325}}
Aug 15 14:55:40.641358 np0000007361 devstack@n-api-meta.service[96011]: DEBUG dbcounter [-] [96011] Writer thread running {{(pid=96011) stat_writer /opt/stack/data/venv/lib/python3.12/site-packages/dbcounter.py:102}}
Aug 15 14:55:40.646689 np0000007361 devstack@n-api-meta.service[96011]: DEBUG dbcounter [-] [96011] Writer thread running {{(pid=96011) stat_writer /opt/stack/data/venv/lib/python3.12/site-packages/dbcounter.py:102}}
Aug 15 14:55:40.651295 np0000007361 devstack@n-api-meta.service[96011]: INFO dbcounter [None req-f8103a51-73fb-49ba-995f-a8509f9d5ea0 None None] Registered counter for database nova_cell0
Aug 15 14:55:40.666364 np0000007361 devstack@n-api-meta.service[96013]: DEBUG dbcounter [-] [96013] Writer thread running {{(pid=96013) stat_writer /opt/stack/data/venv/lib/python3.12/site-packages/dbcounter.py:102}}
Aug 15 14:55:40.671701 np0000007361 devstack@n-api-meta.service[96013]: DEBUG dbcounter [-] [96013] Writer thread running {{(pid=96013) stat_writer /opt/stack/data/venv/lib/python3.12/site-packages/dbcounter.py:102}}
Aug 15 14:55:40.675293 np0000007361 devstack@n-api-meta.service[96013]: INFO dbcounter [None req-6b9498e0-53b4-42a9-bace-93df8de0044d None None] Registered counter for database nova_cell0
Aug 15 14:55:40.676559 np0000007361 devstack@n-api-meta.service[96014]: DEBUG dbcounter [-] [96014] Writer thread running {{(pid=96014) stat_writer /opt/stack/data/venv/lib/python3.12/site-packages/dbcounter.py:102}}
Aug 15 14:55:40.679269 np0000007361 devstack@n-api-meta.service[96014]: DEBUG nova.context [None req-922e6983-b5f7-4724-8d57-693296bec204 None None] Found 2 cells: 00000000-0000-0000-0000-000000000000(cell0),0546ccc0-e97d-43fb-ae43-a6d9800a0eef(cell1) {{(pid=96014) load_cells /opt/stack/nova/nova/context.py:509}}
Aug 15 14:55:40.679519 np0000007361 devstack@n-api-meta.service[96014]: INFO nova.utils [None req-922e6983-b5f7-4724-8d57-693296bec204 None None] The cell worker thread pool MainProcess.cell_worker is initialized
Aug 15 14:55:40.682262 np0000007361 devstack@n-api-meta.service[96014]: DEBUG oslo_concurrency.lockutils [None req-922e6983-b5f7-4724-8d57-693296bec204 None None] Acquiring lock "00000000-0000-0000-0000-000000000000" by "nova.context.set_target_cell..get_or_set_cached_cell_and_set_connections" {{(pid=96014) inner /opt/stack/data/venv/lib/python3.12/site-packages/oslo_concurrency/lockutils.py:512}}
Aug 15 14:55:40.682262 np0000007361 devstack@n-api-meta.service[96014]: DEBUG oslo_concurrency.lockutils [None req-922e6983-b5f7-4724-8d57-693296bec204 None None] Lock "00000000-0000-0000-0000-000000000000" acquired by "nova.context.set_target_cell..get_or_set_cached_cell_and_set_connections" :: waited 0.000s {{(pid=96014) inner /opt/stack/data/venv/lib/python3.12/site-packages/oslo_concurrency/lockutils.py:525}}
Aug 15 14:55:40.682262 np0000007361 devstack@n-api-meta.service[96014]: DEBUG oslo_concurrency.lockutils [None req-922e6983-b5f7-4724-8d57-693296bec204 None None] Lock "00000000-0000-0000-0000-000000000000" "released" by "nova.context.set_target_cell..get_or_set_cached_cell_and_set_connections" :: held 0.000s {{(pid=96014) inner /opt/stack/data/venv/lib/python3.12/site-packages/oslo_concurrency/lockutils.py:544}}
Aug 15 14:55:40.683468 np0000007361 devstack@n-api-meta.service[96014]: DEBUG oslo_concurrency.lockutils [None req-922e6983-b5f7-4724-8d57-693296bec204 None None] Acquiring lock "0546ccc0-e97d-43fb-ae43-a6d9800a0eef" by "nova.context.set_target_cell..get_or_set_cached_cell_and_set_connections" {{(pid=96014) inner /opt/stack/data/venv/lib/python3.12/site-packages/oslo_concurrency/lockutils.py:512}}
Aug 15 14:55:40.684810 np0000007361 devstack@n-api-meta.service[96014]: INFO dbcounter [None req-922e6983-b5f7-4724-8d57-693296bec204 None None] Registered counter for database nova_cell0
Aug 15 14:55:40.686544 np0000007361 devstack@n-api-meta.service[96014]: DEBUG oslo_concurrency.lockutils [None req-922e6983-b5f7-4724-8d57-693296bec204 None None] Lock "0546ccc0-e97d-43fb-ae43-a6d9800a0eef" acquired by "nova.context.set_target_cell..get_or_set_cached_cell_and_set_connections" :: waited 0.002s {{(pid=96014) inner /opt/stack/data/venv/lib/python3.12/site-packages/oslo_concurrency/lockutils.py:525}}
Aug 15 14:55:40.687910 np0000007361 devstack@n-api-meta.service[96014]: DEBUG oslo_concurrency.lockutils [None req-922e6983-b5f7-4724-8d57-693296bec204 None None] Lock "0546ccc0-e97d-43fb-ae43-a6d9800a0eef" "released" by "nova.context.set_target_cell..get_or_set_cached_cell_and_set_connections" :: held 0.003s {{(pid=96014) inner /opt/stack/data/venv/lib/python3.12/site-packages/oslo_concurrency/lockutils.py:544}}
Aug 15 14:55:40.690314 np0000007361 devstack@n-api-meta.service[96014]: INFO dbcounter [None req-922e6983-b5f7-4724-8d57-693296bec204 None None] Registered counter for database nova_cell1
Aug 15 14:55:40.706305 np0000007361 devstack@n-api-meta.service[96011]: DEBUG oslo_db.sqlalchemy.engines [None req-f8103a51-73fb-49ba-995f-a8509f9d5ea0 None None] MySQL server mode set to STRICT_TRANS_TABLES,STRICT_ALL_TABLES,NO_ZERO_IN_DATE,NO_ZERO_DATE,ERROR_FOR_DIVISION_BY_ZERO,TRADITIONAL,NO_ENGINE_SUBSTITUTION {{(pid=96011) _check_effective_sql_mode /opt/stack/data/venv/lib/python3.12/site-packages/oslo_db/sqlalchemy/engines.py:325}}
Aug 15 14:55:40.711471 np0000007361 devstack@n-api-meta.service[96012]: DEBUG dbcounter [-] [96012] Writer thread running {{(pid=96012) stat_writer /opt/stack/data/venv/lib/python3.12/site-packages/dbcounter.py:102}}
Aug 15 14:55:40.717471 np0000007361 devstack@n-api-meta.service[96011]: DEBUG dbcounter [-] [96011] Writer thread running {{(pid=96011) stat_writer /opt/stack/data/venv/lib/python3.12/site-packages/dbcounter.py:102}}
Aug 15 14:55:40.718697 np0000007361 devstack@n-api-meta.service[96012]: DEBUG dbcounter [-] [96012] Writer thread running {{(pid=96012) stat_writer /opt/stack/data/venv/lib/python3.12/site-packages/dbcounter.py:102}}
Aug 15 14:55:40.718796 np0000007361 devstack@n-api-meta.service[96013]: DEBUG oslo_db.sqlalchemy.engines [None req-6b9498e0-53b4-42a9-bace-93df8de0044d None None] MySQL server mode set to STRICT_TRANS_TABLES,STRICT_ALL_TABLES,NO_ZERO_IN_DATE,NO_ZERO_DATE,ERROR_FOR_DIVISION_BY_ZERO,TRADITIONAL,NO_ENGINE_SUBSTITUTION {{(pid=96013) _check_effective_sql_mode /opt/stack/data/venv/lib/python3.12/site-packages/oslo_db/sqlalchemy/engines.py:325}}
Aug 15 14:55:40.724680 np0000007361 devstack@n-api-meta.service[96012]: INFO dbcounter [None req-e28bcbbb-fe22-49e5-9229-916177a0b117 None None] Registered counter for database nova_cell0
Aug 15 14:55:40.728203 np0000007361 devstack@n-api-meta.service[96013]: DEBUG dbcounter [-] [96013] Writer thread running {{(pid=96013) stat_writer /opt/stack/data/venv/lib/python3.12/site-packages/dbcounter.py:102}}
Aug 15 14:55:40.760547 np0000007361 devstack@n-api-meta.service[96014]: DEBUG oslo_db.sqlalchemy.engines [None req-922e6983-b5f7-4724-8d57-693296bec204 None None] MySQL server mode set to STRICT_TRANS_TABLES,STRICT_ALL_TABLES,NO_ZERO_IN_DATE,NO_ZERO_DATE,ERROR_FOR_DIVISION_BY_ZERO,TRADITIONAL,NO_ENGINE_SUBSTITUTION {{(pid=96014) _check_effective_sql_mode /opt/stack/data/venv/lib/python3.12/site-packages/oslo_db/sqlalchemy/engines.py:325}}
Aug 15 14:55:40.764077 np0000007361 devstack@n-api-meta.service[96014]: DEBUG oslo_db.sqlalchemy.engines [None req-922e6983-b5f7-4724-8d57-693296bec204 None None] MySQL server mode set to STRICT_TRANS_TABLES,STRICT_ALL_TABLES,NO_ZERO_IN_DATE,NO_ZERO_DATE,ERROR_FOR_DIVISION_BY_ZERO,TRADITIONAL,NO_ENGINE_SUBSTITUTION {{(pid=96014) _check_effective_sql_mode /opt/stack/data/venv/lib/python3.12/site-packages/oslo_db/sqlalchemy/engines.py:325}}
Aug 15 14:55:40.770548 np0000007361 devstack@n-api-meta.service[96013]: WARNING nova.api.metadata.handler [None req-6b9498e0-53b4-42a9-bace-93df8de0044d None None] metadata_proxy_shared_secret is not configured, the metadata information returned by the proxy cannot be trusted
Aug 15 14:55:40.772189 np0000007361 devstack@n-api-meta.service[96013]: DEBUG nova.api.openstack.wsgi_app [None req-6b9498e0-53b4-42a9-bace-93df8de0044d None None] ******************************************************************************** {{(pid=96013) log_opt_values /opt/stack/data/venv/lib/python3.12/site-packages/oslo_config/cfg.py:3533}}
Aug 15 14:55:40.772189 np0000007361 devstack@n-api-meta.service[96013]: DEBUG nova.api.openstack.wsgi_app [None req-6b9498e0-53b4-42a9-bace-93df8de0044d None None] Configuration options gathered from: {{(pid=96013) log_opt_values /opt/stack/data/venv/lib/python3.12/site-packages/oslo_config/cfg.py:3534}}
Aug 15 14:55:40.772189 np0000007361 devstack@n-api-meta.service[96013]: DEBUG nova.api.openstack.wsgi_app [None req-6b9498e0-53b4-42a9-bace-93df8de0044d None None] command line args: [] {{(pid=96013) log_opt_values /opt/stack/data/venv/lib/python3.12/site-packages/oslo_config/cfg.py:3535}}
Aug 15 14:55:40.772435 np0000007361 devstack@n-api-meta.service[96013]: DEBUG nova.api.openstack.wsgi_app [None req-6b9498e0-53b4-42a9-bace-93df8de0044d None None] config files: ['/etc/nova/api-paste.ini', '/etc/nova/nova.conf'] {{(pid=96013) log_opt_values /opt/stack/data/venv/lib/python3.12/site-packages/oslo_config/cfg.py:3536}}
Aug 15 14:55:40.772482 np0000007361 devstack@n-api-meta.service[96013]: DEBUG nova.api.openstack.wsgi_app [None req-6b9498e0-53b4-42a9-bace-93df8de0044d None None] ================================================================================ {{(pid=96013) log_opt_values /opt/stack/data/venv/lib/python3.12/site-packages/oslo_config/cfg.py:3541}}
Aug 15 14:55:40.772677 np0000007361 devstack@n-api-meta.service[96013]: DEBUG nova.api.openstack.wsgi_app [None req-6b9498e0-53b4-42a9-bace-93df8de0044d None None] allow_resize_to_same_host = True {{(pid=96013) log_opt_values /opt/stack/data/venv/lib/python3.12/site-packages/oslo_config/cfg.py:3549}}
Aug 15 14:55:40.772763 np0000007361 devstack@n-api-meta.service[96013]: DEBUG nova.api.openstack.wsgi_app [None req-6b9498e0-53b4-42a9-bace-93df8de0044d None None] arq_binding_timeout = 300 {{(pid=96013) log_opt_values /opt/stack/data/venv/lib/python3.12/site-packages/oslo_config/cfg.py:3549}}
Aug 15 14:55:40.772907 np0000007361 devstack@n-api-meta.service[96013]: DEBUG nova.api.openstack.wsgi_app [None req-6b9498e0-53b4-42a9-bace-93df8de0044d None None] block_device_allocate_retries = 60 {{(pid=96013) log_opt_values /opt/stack/data/venv/lib/python3.12/site-packages/oslo_config/cfg.py:3549}}
Aug 15 14:55:40.773025 np0000007361 devstack@n-api-meta.service[96013]: DEBUG nova.api.openstack.wsgi_app [None req-6b9498e0-53b4-42a9-bace-93df8de0044d None None] block_device_allocate_retries_interval = 3 {{(pid=96013) log_opt_values /opt/stack/data/venv/lib/python3.12/site-packages/oslo_config/cfg.py:3549}}
Aug 15 14:55:40.773116 np0000007361 devstack@n-api-meta.service[96013]: DEBUG nova.api.openstack.wsgi_app [None req-6b9498e0-53b4-42a9-bace-93df8de0044d None None] cell_worker_thread_pool_size = 5 {{(pid=96013) log_opt_values /opt/stack/data/venv/lib/python3.12/site-packages/oslo_config/cfg.py:3549}}
Aug 15 14:55:40.773324 np0000007361 devstack@n-api-meta.service[96013]: DEBUG nova.api.openstack.wsgi_app [None req-6b9498e0-53b4-42a9-bace-93df8de0044d None None] cert = self.pem {{(pid=96013) log_opt_values /opt/stack/data/venv/lib/python3.12/site-packages/oslo_config/cfg.py:3549}}
Aug 15 14:55:40.773401 np0000007361 devstack@n-api-meta.service[96013]: DEBUG nova.api.openstack.wsgi_app [None req-6b9498e0-53b4-42a9-bace-93df8de0044d None None] compute_driver = libvirt.LibvirtDriver {{(pid=96013) log_opt_values /opt/stack/data/venv/lib/python3.12/site-packages/oslo_config/cfg.py:3549}}
Aug 15 14:55:40.773538 np0000007361 devstack@n-api-meta.service[96013]: DEBUG nova.api.openstack.wsgi_app [None req-6b9498e0-53b4-42a9-bace-93df8de0044d None None] compute_monitors = [] {{(pid=96013) log_opt_values /opt/stack/data/venv/lib/python3.12/site-packages/oslo_config/cfg.py:3549}}
Aug 15 14:55:40.773653 np0000007361 devstack@n-api-meta.service[96013]: DEBUG nova.api.openstack.wsgi_app [None req-6b9498e0-53b4-42a9-bace-93df8de0044d None None] concurrency_backend = auto {{(pid=96013) log_opt_values /opt/stack/data/venv/lib/python3.12/site-packages/oslo_config/cfg.py:3549}}
Aug 15 14:55:40.773771 np0000007361 devstack@n-api-meta.service[96013]: DEBUG nova.api.openstack.wsgi_app [None req-6b9498e0-53b4-42a9-bace-93df8de0044d None None] config_dir = [] {{(pid=96013) log_opt_values /opt/stack/data/venv/lib/python3.12/site-packages/oslo_config/cfg.py:3549}}
Aug 15 14:55:40.773896 np0000007361 devstack@n-api-meta.service[96013]: DEBUG nova.api.openstack.wsgi_app [None req-6b9498e0-53b4-42a9-bace-93df8de0044d None None] config_drive_format = iso9660 {{(pid=96013) log_opt_values /opt/stack/data/venv/lib/python3.12/site-packages/oslo_config/cfg.py:3549}}
Aug 15 14:55:40.774011 np0000007361 devstack@n-api-meta.service[96013]: DEBUG nova.api.openstack.wsgi_app [None req-6b9498e0-53b4-42a9-bace-93df8de0044d None None] config_file = ['/etc/nova/api-paste.ini', '/etc/nova/nova.conf'] {{(pid=96013) log_opt_values /opt/stack/data/venv/lib/python3.12/site-packages/oslo_config/cfg.py:3549}}
Aug 15 14:55:40.774095 np0000007361 devstack@n-api-meta.service[96012]: DEBUG oslo_db.sqlalchemy.engines [None req-e28bcbbb-fe22-49e5-9229-916177a0b117 None None] MySQL server mode set to STRICT_TRANS_TABLES,STRICT_ALL_TABLES,NO_ZERO_IN_DATE,NO_ZERO_DATE,ERROR_FOR_DIVISION_BY_ZERO,TRADITIONAL,NO_ENGINE_SUBSTITUTION {{(pid=96012) _check_effective_sql_mode /opt/stack/data/venv/lib/python3.12/site-packages/oslo_db/sqlalchemy/engines.py:325}}
Aug 15 14:55:40.774147 np0000007361 devstack@n-api-meta.service[96013]: DEBUG nova.api.openstack.wsgi_app [None req-6b9498e0-53b4-42a9-bace-93df8de0044d None None] config_source = [] {{(pid=96013) log_opt_values /opt/stack/data/venv/lib/python3.12/site-packages/oslo_config/cfg.py:3549}}
Aug 15 14:55:40.774259 np0000007361 devstack@n-api-meta.service[96013]: DEBUG nova.api.openstack.wsgi_app [None req-6b9498e0-53b4-42a9-bace-93df8de0044d None None] console_host = np0000007361 {{(pid=96013) log_opt_values /opt/stack/data/venv/lib/python3.12/site-packages/oslo_config/cfg.py:3549}}
Aug 15 14:55:40.774430 np0000007361 devstack@n-api-meta.service[96013]: DEBUG nova.api.openstack.wsgi_app [None req-6b9498e0-53b4-42a9-bace-93df8de0044d None None] control_exchange = nova {{(pid=96013) log_opt_values /opt/stack/data/venv/lib/python3.12/site-packages/oslo_config/cfg.py:3549}}
Aug 15 14:55:40.774536 np0000007361 devstack@n-api-meta.service[96013]: DEBUG nova.api.openstack.wsgi_app [None req-6b9498e0-53b4-42a9-bace-93df8de0044d None None] cpu_allocation_ratio = None {{(pid=96013) log_opt_values /opt/stack/data/venv/lib/python3.12/site-packages/oslo_config/cfg.py:3549}}
Aug 15 14:55:40.774723 np0000007361 devstack@n-api-meta.service[96013]: DEBUG nova.api.openstack.wsgi_app [None req-6b9498e0-53b4-42a9-bace-93df8de0044d None None] daemon = False {{(pid=96013) log_opt_values /opt/stack/data/venv/lib/python3.12/site-packages/oslo_config/cfg.py:3549}}
Aug 15 14:55:40.774927 np0000007361 devstack@n-api-meta.service[96013]: DEBUG nova.api.openstack.wsgi_app [None req-6b9498e0-53b4-42a9-bace-93df8de0044d None None] debug = True {{(pid=96013) log_opt_values /opt/stack/data/venv/lib/python3.12/site-packages/oslo_config/cfg.py:3549}}
Aug 15 14:55:40.775106 np0000007361 devstack@n-api-meta.service[96013]: DEBUG nova.api.openstack.wsgi_app [None req-6b9498e0-53b4-42a9-bace-93df8de0044d None None] default_access_ip_network_name = None {{(pid=96013) log_opt_values /opt/stack/data/venv/lib/python3.12/site-packages/oslo_config/cfg.py:3549}}
Aug 15 14:55:40.775233 np0000007361 devstack@n-api-meta.service[96013]: DEBUG nova.api.openstack.wsgi_app [None req-6b9498e0-53b4-42a9-bace-93df8de0044d None None] default_availability_zone = nova {{(pid=96013) log_opt_values /opt/stack/data/venv/lib/python3.12/site-packages/oslo_config/cfg.py:3549}}
Aug 15 14:55:40.775425 np0000007361 devstack@n-api-meta.service[96013]: DEBUG nova.api.openstack.wsgi_app [None req-6b9498e0-53b4-42a9-bace-93df8de0044d None None] default_ephemeral_format = ext4 {{(pid=96013) log_opt_values /opt/stack/data/venv/lib/python3.12/site-packages/oslo_config/cfg.py:3549}}
Aug 15 14:55:40.775544 np0000007361 devstack@n-api-meta.service[96013]: DEBUG nova.api.openstack.wsgi_app [None req-6b9498e0-53b4-42a9-bace-93df8de0044d None None] default_green_pool_size = 1000 {{(pid=96013) log_opt_values /opt/stack/data/venv/lib/python3.12/site-packages/oslo_config/cfg.py:3549}}
Aug 15 14:55:40.775826 np0000007361 devstack@n-api-meta.service[96013]: DEBUG nova.api.openstack.wsgi_app [None req-6b9498e0-53b4-42a9-bace-93df8de0044d None None] default_log_levels = ['amqp=WARN', 'boto=WARN', 'sqlalchemy=WARN', 'suds=INFO', 'oslo.messaging=INFO', 'oslo_messaging=INFO', 'iso8601=WARN', 'requests.packages.urllib3.connectionpool=WARN', 'urllib3.connectionpool=WARN', 'websocket=WARN', 'requests.packages.urllib3.util.retry=WARN', 'urllib3.util.retry=WARN', 'keystonemiddleware=WARN', 'routes.middleware=WARN', 'stevedore=WARN', 'taskflow=WARN', 'keystoneauth=WARN', 'oslo.cache=INFO', 'oslo_policy=INFO', 'dogpile.core.dogpile=INFO', 'glanceclient=WARN', 'oslo.privsep.daemon=INFO'] {{(pid=96013) log_opt_values /opt/stack/data/venv/lib/python3.12/site-packages/oslo_config/cfg.py:3549}}
Aug 15 14:55:40.776008 np0000007361 devstack@n-api-meta.service[96013]: DEBUG nova.api.openstack.wsgi_app [None req-6b9498e0-53b4-42a9-bace-93df8de0044d None None] default_schedule_zone = None {{(pid=96013) log_opt_values /opt/stack/data/venv/lib/python3.12/site-packages/oslo_config/cfg.py:3549}}
Aug 15 14:55:40.776153 np0000007361 devstack@n-api-meta.service[96013]: DEBUG nova.api.openstack.wsgi_app [None req-6b9498e0-53b4-42a9-bace-93df8de0044d None None] default_thread_pool_size = 10 {{(pid=96013) log_opt_values /opt/stack/data/venv/lib/python3.12/site-packages/oslo_config/cfg.py:3549}}
Aug 15 14:55:40.776310 np0000007361 devstack@n-api-meta.service[96013]: DEBUG nova.api.openstack.wsgi_app [None req-6b9498e0-53b4-42a9-bace-93df8de0044d None None] disk_allocation_ratio = None {{(pid=96013) log_opt_values /opt/stack/data/venv/lib/python3.12/site-packages/oslo_config/cfg.py:3549}}
Aug 15 14:55:40.776433 np0000007361 devstack@n-api-meta.service[96013]: DEBUG nova.api.openstack.wsgi_app [None req-6b9498e0-53b4-42a9-bace-93df8de0044d None None] enable_new_services = True {{(pid=96013) log_opt_values /opt/stack/data/venv/lib/python3.12/site-packages/oslo_config/cfg.py:3549}}
Aug 15 14:55:40.776547 np0000007361 devstack@n-api-meta.service[96013]: DEBUG nova.api.openstack.wsgi_app [None req-6b9498e0-53b4-42a9-bace-93df8de0044d None None] flat_injected = False {{(pid=96013) log_opt_values /opt/stack/data/venv/lib/python3.12/site-packages/oslo_config/cfg.py:3549}}
Aug 15 14:55:40.776709 np0000007361 devstack@n-api-meta.service[96013]: DEBUG nova.api.openstack.wsgi_app [None req-6b9498e0-53b4-42a9-bace-93df8de0044d None None] force_config_drive = True {{(pid=96013) log_opt_values /opt/stack/data/venv/lib/python3.12/site-packages/oslo_config/cfg.py:3549}}
Aug 15 14:55:40.776709 np0000007361 devstack@n-api-meta.service[96013]: DEBUG nova.api.openstack.wsgi_app [None req-6b9498e0-53b4-42a9-bace-93df8de0044d None None] force_raw_images = True {{(pid=96013) log_opt_values /opt/stack/data/venv/lib/python3.12/site-packages/oslo_config/cfg.py:3549}}
Aug 15 14:55:40.777103 np0000007361 devstack@n-api-meta.service[96013]: DEBUG nova.api.openstack.wsgi_app [None req-6b9498e0-53b4-42a9-bace-93df8de0044d None None] graceful_shutdown_timeout = 5 {{(pid=96013) log_opt_values /opt/stack/data/venv/lib/python3.12/site-packages/oslo_config/cfg.py:3549}}
Aug 15 14:55:40.777150 np0000007361 devstack@n-api-meta.service[96011]: WARNING nova.api.metadata.handler [None req-f8103a51-73fb-49ba-995f-a8509f9d5ea0 None None] metadata_proxy_shared_secret is not configured, the metadata information returned by the proxy cannot be trusted
Aug 15 14:55:40.777274 np0000007361 devstack@n-api-meta.service[96013]: DEBUG nova.api.openstack.wsgi_app [None req-6b9498e0-53b4-42a9-bace-93df8de0044d None None] heal_instance_info_cache_interval = -1 {{(pid=96013) log_opt_values /opt/stack/data/venv/lib/python3.12/site-packages/oslo_config/cfg.py:3549}}
Aug 15 14:55:40.777512 np0000007361 devstack@n-api-meta.service[96013]: DEBUG nova.api.openstack.wsgi_app [None req-6b9498e0-53b4-42a9-bace-93df8de0044d None None] host = np0000007361 {{(pid=96013) log_opt_values /opt/stack/data/venv/lib/python3.12/site-packages/oslo_config/cfg.py:3549}}
Aug 15 14:55:40.777655 np0000007361 devstack@n-api-meta.service[96013]: DEBUG nova.api.openstack.wsgi_app [None req-6b9498e0-53b4-42a9-bace-93df8de0044d None None] initial_cpu_allocation_ratio = 4.0 {{(pid=96013) log_opt_values /opt/stack/data/venv/lib/python3.12/site-packages/oslo_config/cfg.py:3549}}
Aug 15 14:55:40.777809 np0000007361 devstack@n-api-meta.service[96013]: DEBUG nova.api.openstack.wsgi_app [None req-6b9498e0-53b4-42a9-bace-93df8de0044d None None] initial_disk_allocation_ratio = 1.0 {{(pid=96013) log_opt_values /opt/stack/data/venv/lib/python3.12/site-packages/oslo_config/cfg.py:3549}}
Aug 15 14:55:40.777964 np0000007361 devstack@n-api-meta.service[96013]: DEBUG nova.api.openstack.wsgi_app [None req-6b9498e0-53b4-42a9-bace-93df8de0044d None None] initial_ram_allocation_ratio = 1.0 {{(pid=96013) log_opt_values /opt/stack/data/venv/lib/python3.12/site-packages/oslo_config/cfg.py:3549}}
Aug 15 14:55:40.778173 np0000007361 devstack@n-api-meta.service[96013]: DEBUG nova.api.openstack.wsgi_app [None req-6b9498e0-53b4-42a9-bace-93df8de0044d None None] injected_network_template = /opt/stack/nova/nova/virt/interfaces.template {{(pid=96013) log_opt_values /opt/stack/data/venv/lib/python3.12/site-packages/oslo_config/cfg.py:3549}}
Aug 15 14:55:40.778353 np0000007361 devstack@n-api-meta.service[96013]: DEBUG nova.api.openstack.wsgi_app [None req-6b9498e0-53b4-42a9-bace-93df8de0044d None None] instance_build_timeout = 0 {{(pid=96013) log_opt_values /opt/stack/data/venv/lib/python3.12/site-packages/oslo_config/cfg.py:3549}}
Aug 15 14:55:40.778476 np0000007361 devstack@n-api-meta.service[96013]: DEBUG nova.api.openstack.wsgi_app [None req-6b9498e0-53b4-42a9-bace-93df8de0044d None None] instance_delete_interval = 300 {{(pid=96013) log_opt_values /opt/stack/data/venv/lib/python3.12/site-packages/oslo_config/cfg.py:3549}}
Aug 15 14:55:40.778655 np0000007361 devstack@n-api-meta.service[96013]: DEBUG nova.api.openstack.wsgi_app [None req-6b9498e0-53b4-42a9-bace-93df8de0044d None None] instance_format = [instance: %(uuid)s] {{(pid=96013) log_opt_values /opt/stack/data/venv/lib/python3.12/site-packages/oslo_config/cfg.py:3549}}
Aug 15 14:55:40.778833 np0000007361 devstack@n-api-meta.service[96013]: DEBUG nova.api.openstack.wsgi_app [None req-6b9498e0-53b4-42a9-bace-93df8de0044d None None] instance_name_template = instance-%08x {{(pid=96013) log_opt_values /opt/stack/data/venv/lib/python3.12/site-packages/oslo_config/cfg.py:3549}}
Aug 15 14:55:40.779022 np0000007361 devstack@n-api-meta.service[96013]: DEBUG nova.api.openstack.wsgi_app [None req-6b9498e0-53b4-42a9-bace-93df8de0044d None None] instance_usage_audit = False {{(pid=96013) log_opt_values /opt/stack/data/venv/lib/python3.12/site-packages/oslo_config/cfg.py:3549}}
Aug 15 14:55:40.779200 np0000007361 devstack@n-api-meta.service[96013]: DEBUG nova.api.openstack.wsgi_app [None req-6b9498e0-53b4-42a9-bace-93df8de0044d None None] instance_usage_audit_period = month {{(pid=96013) log_opt_values /opt/stack/data/venv/lib/python3.12/site-packages/oslo_config/cfg.py:3549}}
Aug 15 14:55:40.779381 np0000007361 devstack@n-api-meta.service[96013]: DEBUG nova.api.openstack.wsgi_app [None req-6b9498e0-53b4-42a9-bace-93df8de0044d None None] instance_uuid_format = [instance: %(uuid)s] {{(pid=96013) log_opt_values /opt/stack/data/venv/lib/python3.12/site-packages/oslo_config/cfg.py:3549}}
Aug 15 14:55:40.779554 np0000007361 devstack@n-api-meta.service[96013]: DEBUG nova.api.openstack.wsgi_app [None req-6b9498e0-53b4-42a9-bace-93df8de0044d None None] instances_path = /opt/stack/data/nova/instances {{(pid=96013) log_opt_values /opt/stack/data/venv/lib/python3.12/site-packages/oslo_config/cfg.py:3549}}
Aug 15 14:55:40.779679 np0000007361 devstack@n-api-meta.service[96013]: DEBUG nova.api.openstack.wsgi_app [None req-6b9498e0-53b4-42a9-bace-93df8de0044d None None] internal_service_availability_zone = internal {{(pid=96013) log_opt_values /opt/stack/data/venv/lib/python3.12/site-packages/oslo_config/cfg.py:3549}}
Aug 15 14:55:40.779792 np0000007361 devstack@n-api-meta.service[96013]: DEBUG nova.api.openstack.wsgi_app [None req-6b9498e0-53b4-42a9-bace-93df8de0044d None None] key = None {{(pid=96013) log_opt_values /opt/stack/data/venv/lib/python3.12/site-packages/oslo_config/cfg.py:3549}}
Aug 15 14:55:40.779908 np0000007361 devstack@n-api-meta.service[96013]: DEBUG nova.api.openstack.wsgi_app [None req-6b9498e0-53b4-42a9-bace-93df8de0044d None None] live_migration_retry_count = 30 {{(pid=96013) log_opt_values /opt/stack/data/venv/lib/python3.12/site-packages/oslo_config/cfg.py:3549}}
Aug 15 14:55:40.780051 np0000007361 devstack@n-api-meta.service[96013]: DEBUG nova.api.openstack.wsgi_app [None req-6b9498e0-53b4-42a9-bace-93df8de0044d None None] log_color = False {{(pid=96013) log_opt_values /opt/stack/data/venv/lib/python3.12/site-packages/oslo_config/cfg.py:3549}}
Aug 15 14:55:40.780181 np0000007361 devstack@n-api-meta.service[96013]: DEBUG nova.api.openstack.wsgi_app [None req-6b9498e0-53b4-42a9-bace-93df8de0044d None None] log_config_append = None {{(pid=96013) log_opt_values /opt/stack/data/venv/lib/python3.12/site-packages/oslo_config/cfg.py:3549}}
Aug 15 14:55:40.780460 np0000007361 devstack@n-api-meta.service[96013]: DEBUG nova.api.openstack.wsgi_app [None req-6b9498e0-53b4-42a9-bace-93df8de0044d None None] log_date_format = %Y-%m-%d %H:%M:%S {{(pid=96013) log_opt_values /opt/stack/data/venv/lib/python3.12/site-packages/oslo_config/cfg.py:3549}}
Aug 15 14:55:40.780515 np0000007361 devstack@n-api-meta.service[96013]: DEBUG nova.api.openstack.wsgi_app [None req-6b9498e0-53b4-42a9-bace-93df8de0044d None None] log_dir = None {{(pid=96013) log_opt_values /opt/stack/data/venv/lib/python3.12/site-packages/oslo_config/cfg.py:3549}}
Aug 15 14:55:40.780680 np0000007361 devstack@n-api-meta.service[96013]: DEBUG nova.api.openstack.wsgi_app [None req-6b9498e0-53b4-42a9-bace-93df8de0044d None None] log_file = None {{(pid=96013) log_opt_values /opt/stack/data/venv/lib/python3.12/site-packages/oslo_config/cfg.py:3549}}
Aug 15 14:55:40.780842 np0000007361 devstack@n-api-meta.service[96013]: DEBUG nova.api.openstack.wsgi_app [None req-6b9498e0-53b4-42a9-bace-93df8de0044d None None] log_options = True {{(pid=96013) log_opt_values /opt/stack/data/venv/lib/python3.12/site-packages/oslo_config/cfg.py:3549}}
Aug 15 14:55:40.781048 np0000007361 devstack@n-api-meta.service[96013]: DEBUG nova.api.openstack.wsgi_app [None req-6b9498e0-53b4-42a9-bace-93df8de0044d None None] log_rotate_interval = 1 {{(pid=96013) log_opt_values /opt/stack/data/venv/lib/python3.12/site-packages/oslo_config/cfg.py:3549}}
Aug 15 14:55:40.781233 np0000007361 devstack@n-api-meta.service[96011]: DEBUG nova.api.openstack.wsgi_app [None req-f8103a51-73fb-49ba-995f-a8509f9d5ea0 None None] ******************************************************************************** {{(pid=96011) log_opt_values /opt/stack/data/venv/lib/python3.12/site-packages/oslo_config/cfg.py:3533}}
Aug 15 14:55:40.781329 np0000007361 devstack@n-api-meta.service[96013]: DEBUG nova.api.openstack.wsgi_app [None req-6b9498e0-53b4-42a9-bace-93df8de0044d None None] log_rotate_interval_type = days {{(pid=96013) log_opt_values /opt/stack/data/venv/lib/python3.12/site-packages/oslo_config/cfg.py:3549}}
Aug 15 14:55:40.781440 np0000007361 devstack@n-api-meta.service[96013]: DEBUG nova.api.openstack.wsgi_app [None req-6b9498e0-53b4-42a9-bace-93df8de0044d None None] log_rotation_type = none {{(pid=96013) log_opt_values /opt/stack/data/venv/lib/python3.12/site-packages/oslo_config/cfg.py:3549}}
Aug 15 14:55:40.781516 np0000007361 devstack@n-api-meta.service[96011]: DEBUG nova.api.openstack.wsgi_app [None req-f8103a51-73fb-49ba-995f-a8509f9d5ea0 None None] Configuration options gathered from: {{(pid=96011) log_opt_values /opt/stack/data/venv/lib/python3.12/site-packages/oslo_config/cfg.py:3534}}
Aug 15 14:55:40.781559 np0000007361 devstack@n-api-meta.service[96013]: DEBUG nova.api.openstack.wsgi_app [None req-6b9498e0-53b4-42a9-bace-93df8de0044d None None] logging_context_format_string = %(color)s%(levelname)s %(name)s [%(global_request_id)s %(request_id)s %(project_name)s %(user_name)s%(color)s] %(instance)s%(color)s%(message)s {{(pid=96013) log_opt_values /opt/stack/data/venv/lib/python3.12/site-packages/oslo_config/cfg.py:3549}}
Aug 15 14:55:40.781714 np0000007361 devstack@n-api-meta.service[96013]: DEBUG nova.api.openstack.wsgi_app [None req-6b9498e0-53b4-42a9-bace-93df8de0044d None None] logging_debug_format_suffix = {{(pid=%(process)d) %(funcName)s %(pathname)s:%(lineno)d}} {{(pid=96013) log_opt_values /opt/stack/data/venv/lib/python3.12/site-packages/oslo_config/cfg.py:3549}}
Aug 15 14:55:40.781884 np0000007361 devstack@n-api-meta.service[96011]: DEBUG nova.api.openstack.wsgi_app [None req-f8103a51-73fb-49ba-995f-a8509f9d5ea0 None None] command line args: [] {{(pid=96011) log_opt_values /opt/stack/data/venv/lib/python3.12/site-packages/oslo_config/cfg.py:3535}}
