Jul 03 14:48:29.273210 np0000004430 devstack@n-api.service[87308]: [pid: 87308|app: 0|req: 30/109] 10.4.3.99 () {68 vars in 1388 bytes} [Fri Jul 3 14:48:27 2026] GET /compute/v2.1/servers/101c5517-a149-46ac-ae4c-c288a4ad4d16 => generated 1445 bytes in 1329 msecs (HTTP/1.1 200) 9 headers in 360 bytes (1 switches on core 0)
Jul 03 14:48:29.275821 np0000004430 devstack@n-api.service[87308]: DEBUG nova.api.openstack.wsgi [req-c5edbe7f-1b0d-4c79-8a5b-dea70f4dba1e req-e319e434-f829-4969-879b-17cfc418d5b5 service nova] Action: 'create', calling method: >, body: {"events": [{"name": "network-changed", "server_uuid": "84be4e2e-bf25-439e-b9f4-e2e66e65ca9b", "tag": "9df7439f-5dee-4bc8-86d1-b909ee235385"}]} {{(pid=87308) _process_stack /opt/stack/nova/nova/api/openstack/wsgi.py:549}}
Jul 03 14:48:29.283002 np0000004430 devstack@n-api.service[87308]: DEBUG oslo_concurrency.lockutils [req-c5edbe7f-1b0d-4c79-8a5b-dea70f4dba1e req-e319e434-f829-4969-879b-17cfc418d5b5 service nova] Acquiring lock "b238dfb6-bdfe-46b1-a277-f0fa2b988ae2" by "nova.context.set_target_cell..get_or_set_cached_cell_and_set_connections" {{(pid=87308) inner /opt/stack/data/venv/lib/python3.12/site-packages/oslo_concurrency/lockutils.py:511}}
Jul 03 14:48:29.283326 np0000004430 devstack@n-api.service[87308]: DEBUG oslo_concurrency.lockutils [req-c5edbe7f-1b0d-4c79-8a5b-dea70f4dba1e req-e319e434-f829-4969-879b-17cfc418d5b5 service nova] Lock "b238dfb6-bdfe-46b1-a277-f0fa2b988ae2" acquired by "nova.context.set_target_cell..get_or_set_cached_cell_and_set_connections" :: waited 0.000s {{(pid=87308) inner /opt/stack/data/venv/lib/python3.12/site-packages/oslo_concurrency/lockutils.py:524}}
Jul 03 14:48:29.283459 np0000004430 devstack@n-api.service[87308]: DEBUG oslo_concurrency.lockutils [req-c5edbe7f-1b0d-4c79-8a5b-dea70f4dba1e req-e319e434-f829-4969-879b-17cfc418d5b5 service nova] Lock "b238dfb6-bdfe-46b1-a277-f0fa2b988ae2" "released" by "nova.context.set_target_cell..get_or_set_cached_cell_and_set_connections" :: held 0.000s {{(pid=87308) inner /opt/stack/data/venv/lib/python3.12/site-packages/oslo_concurrency/lockutils.py:543}}
Jul 03 14:48:29.291339 np0000004430 devstack@n-api.service[87310]: DEBUG nova.policy [None req-c50c283a-30e1-421a-9f5a-727edeaca32d tempest-VolumesAssistedSnapshotsTest-1899947682 tempest-VolumesAssistedSnapshotsTest-1899947682-project-member] Policy check for os_compute_api:os-extended-server-attributes failed with credentials {'is_admin': False, 'user_id': '723250306eb545d3a4b8b4454c00636b', 'user_domain_id': 'default', 'system_scope': None, 'domain_id': None, 'project_id': '600723c202cf4677843ef63db143e8b5', 'project_domain_id': 'default', 'roles': ['member', 'reader'], 'is_admin_project': True, 'service_user_id': None, 'service_user_domain_id': None, 'service_project_id': None, 'service_project_domain_id': None, 'service_roles': []} {{(pid=87310) authorize /opt/stack/nova/nova/policy.py:192}}
Jul 03 14:48:29.291695 np0000004430 devstack@n-api.service[87308]: INFO nova.api.openstack.compute.server_external_events [req-c5edbe7f-1b0d-4c79-8a5b-dea70f4dba1e req-e319e434-f829-4969-879b-17cfc418d5b5 service nova] Creating event network-changed:9df7439f-5dee-4bc8-86d1-b909ee235385 for instance 84be4e2e-bf25-439e-b9f4-e2e66e65ca9b on np0000004430
Jul 03 14:48:29.291746 np0000004430 devstack@n-api.service[87308]: DEBUG nova.compute.rpcapi [req-c5edbe7f-1b0d-4c79-8a5b-dea70f4dba1e req-e319e434-f829-4969-879b-17cfc418d5b5 service nova] RPC: Sending the message to topic: compute-alt {{(pid=87308) prepare_for_alt_rpcserver /opt/stack/nova/nova/compute/rpcapi.py:595}}
Jul 03 14:48:29.296104 np0000004430 devstack@n-api.service[87308]: INFO nova.api.openstack.requestlog [req-c5edbe7f-1b0d-4c79-8a5b-dea70f4dba1e req-e319e434-f829-4969-879b-17cfc418d5b5 service nova] 10.4.3.99 "POST /compute/v2.1/os-server-external-events" status: 200 len: 179 microversion: 2.1 time: 0.022121
Jul 03 14:48:29.296345 np0000004430 devstack@n-api.service[87308]: [pid: 87308|app: 0|req: 31/110] 10.4.3.99 () {72 vars in 1425 bytes} [Fri Jul 3 14:48:29 2026] POST /compute/v2.1/os-server-external-events => generated 179 bytes in 23 msecs (HTTP/1.1 200) 9 headers in 357 bytes (1 switches on core 0)
Jul 03 14:48:29.300721 np0000004430 devstack@n-api.service[87310]: INFO nova.api.openstack.requestlog [None req-c50c283a-30e1-421a-9f5a-727edeaca32d tempest-VolumesAssistedSnapshotsTest-1899947682 tempest-VolumesAssistedSnapshotsTest-1899947682-project-member] 10.4.3.99 "GET /compute/v2.1/servers/c96c5fce-8ffd-45e1-9739-e69a8b9d341e" status: 200 len: 1366 microversion: 2.1 time: 1.100484
Jul 03 14:48:29.301805 np0000004430 devstack@n-api.service[87310]: [pid: 87310|app: 0|req: 29/111] 10.4.3.99 () {66 vars in 1347 bytes} [Fri Jul 3 14:48:28 2026] GET /compute/v2.1/servers/c96c5fce-8ffd-45e1-9739-e69a8b9d341e => generated 1366 bytes in 1103 msecs (HTTP/1.1 200) 9 headers in 358 bytes (1 switches on core 0)
Jul 03 14:48:29.394676 np0000004430 devstack@n-api.service[87308]: DEBUG nova.api.openstack.wsgi [req-08aa0c22-c744-49cd-929b-5d3d6b92b200 req-cd3294c2-8745-4287-92ab-9e281364254e service nova] Action: 'create', calling method: >, body: {"events": [{"name": "network-changed", "server_uuid": "c96c5fce-8ffd-45e1-9739-e69a8b9d341e", "tag": "a6d54271-52a5-4944-968e-a645da2071ee"}]} {{(pid=87308) _process_stack /opt/stack/nova/nova/api/openstack/wsgi.py:549}}
Jul 03 14:48:29.402031 np0000004430 devstack@n-api.service[87307]: DEBUG nova.policy [None req-da546873-430b-4637-bd8a-27a260f31a0b tempest-AttachVolumeNegativeTest-528666753 tempest-AttachVolumeNegativeTest-528666753-project-member] Policy check for os_compute_api:os-extended-server-attributes failed with credentials {'is_admin': False, 'user_id': '978271f5cc46434f893106ba654f3252', 'user_domain_id': 'default', 'system_scope': None, 'domain_id': None, 'project_id': '977f3d26ae8c448a99e1a7881e030ba7', 'project_domain_id': 'default', 'roles': ['member', 'reader'], 'is_admin_project': True, 'service_user_id': None, 'service_user_domain_id': None, 'service_project_id': None, 'service_project_domain_id': None, 'service_roles': []} {{(pid=87307) authorize /opt/stack/nova/nova/policy.py:192}}
Jul 03 14:48:29.404278 np0000004430 devstack@n-api.service[87308]: DEBUG oslo_concurrency.lockutils [req-08aa0c22-c744-49cd-929b-5d3d6b92b200 req-cd3294c2-8745-4287-92ab-9e281364254e service nova] Acquiring lock "b238dfb6-bdfe-46b1-a277-f0fa2b988ae2" by "nova.context.set_target_cell..get_or_set_cached_cell_and_set_connections" {{(pid=87308) inner /opt/stack/data/venv/lib/python3.12/site-packages/oslo_concurrency/lockutils.py:511}}
Jul 03 14:48:29.404474 np0000004430 devstack@n-api.service[87308]: DEBUG oslo_concurrency.lockutils [req-08aa0c22-c744-49cd-929b-5d3d6b92b200 req-cd3294c2-8745-4287-92ab-9e281364254e service nova] Lock "b238dfb6-bdfe-46b1-a277-f0fa2b988ae2" acquired by "nova.context.set_target_cell..get_or_set_cached_cell_and_set_connections" :: waited 0.000s {{(pid=87308) inner /opt/stack/data/venv/lib/python3.12/site-packages/oslo_concurrency/lockutils.py:524}}
Jul 03 14:48:29.404625 np0000004430 devstack@n-api.service[87308]: DEBUG oslo_concurrency.lockutils [req-08aa0c22-c744-49cd-929b-5d3d6b92b200 req-cd3294c2-8745-4287-92ab-9e281364254e service nova] Lock "b238dfb6-bdfe-46b1-a277-f0fa2b988ae2" "released" by "nova.context.set_target_cell..get_or_set_cached_cell_and_set_connections" :: held 0.000s {{(pid=87308) inner /opt/stack/data/venv/lib/python3.12/site-packages/oslo_concurrency/lockutils.py:543}}
Jul 03 14:48:29.404992 np0000004430 devstack@n-api.service[87310]: DEBUG dbcounter [-] [87310] Writing DB stats nova_cell0:SELECT=1 {{(pid=87310) stat_writer /opt/stack/data/venv/lib/python3.12/site-packages/dbcounter.py:115}}
Jul 03 14:48:29.419117 np0000004430 devstack@n-api.service[87307]: INFO nova.api.openstack.requestlog [None req-da546873-430b-4637-bd8a-27a260f31a0b tempest-AttachVolumeNegativeTest-528666753 tempest-AttachVolumeNegativeTest-528666753-project-member] 10.4.3.99 "GET /compute/v2.1/servers/b09124e2-5cf5-4917-b819-008d85b79178" status: 200 len: 1362 microversion: 2.1 time: 0.925454
Jul 03 14:48:29.420624 np0000004430 devstack@n-api.service[87308]: INFO nova.api.openstack.compute.server_external_events [req-08aa0c22-c744-49cd-929b-5d3d6b92b200 req-cd3294c2-8745-4287-92ab-9e281364254e service nova] Creating event network-changed:a6d54271-52a5-4944-968e-a645da2071ee for instance c96c5fce-8ffd-45e1-9739-e69a8b9d341e on np0000004430
Jul 03 14:48:29.421021 np0000004430 devstack@n-api.service[87308]: DEBUG nova.compute.rpcapi [req-08aa0c22-c744-49cd-929b-5d3d6b92b200 req-cd3294c2-8745-4287-92ab-9e281364254e service nova] RPC: Sending the message to topic: compute-alt {{(pid=87308) prepare_for_alt_rpcserver /opt/stack/nova/nova/compute/rpcapi.py:595}}
Jul 03 14:48:29.423964 np0000004430 devstack@n-api.service[87307]: [pid: 87307|app: 0|req: 27/112] 10.4.3.99 () {66 vars in 1347 bytes} [Fri Jul 3 14:48:28 2026] GET /compute/v2.1/servers/b09124e2-5cf5-4917-b819-008d85b79178 => generated 1362 bytes in 930 msecs (HTTP/1.1 200) 9 headers in 358 bytes (1 switches on core 0)
Jul 03 14:48:29.426685 np0000004430 devstack@n-api.service[87308]: INFO nova.api.openstack.requestlog [req-08aa0c22-c744-49cd-929b-5d3d6b92b200 req-cd3294c2-8745-4287-92ab-9e281364254e service nova] 10.4.3.99 "POST /compute/v2.1/os-server-external-events" status: 200 len: 179 microversion: 2.1 time: 0.034280
Jul 03 14:48:29.427196 np0000004430 devstack@n-api.service[87308]: [pid: 87308|app: 0|req: 32/113] 10.4.3.99 () {72 vars in 1425 bytes} [Fri Jul 3 14:48:29 2026] POST /compute/v2.1/os-server-external-events => generated 179 bytes in 35 msecs (HTTP/1.1 200) 9 headers in 357 bytes (1 switches on core 0)
Jul 03 14:48:29.459704 np0000004430 devstack@n-api.service[87309]: DEBUG nova.policy [None req-f0072ccf-d5a3-414a-8ec8-1c2322036b09 tempest-TestMultiAttachVolumeSwap-918469599 tempest-TestMultiAttachVolumeSwap-918469599-project-member] Policy check for os_compute_api:os-extended-server-attributes failed with credentials {'is_admin': False, 'user_id': '5f66b19f9b604f94af959a3e2a2f1e97', 'user_domain_id': 'default', 'system_scope': None, 'domain_id': None, 'project_id': '4ce0cf3dfcac4b63840e90a9a644529d', 'project_domain_id': 'default', 'roles': ['member', 'reader'], 'is_admin_project': True, 'service_user_id': None, 'service_user_domain_id': None, 'service_project_id': None, 'service_project_domain_id': None, 'service_roles': []} {{(pid=87309) authorize /opt/stack/nova/nova/policy.py:192}}
Jul 03 14:48:29.465215 np0000004430 devstack@n-api.service[87309]: DEBUG nova.policy [None req-f0072ccf-d5a3-414a-8ec8-1c2322036b09 tempest-TestMultiAttachVolumeSwap-918469599 tempest-TestMultiAttachVolumeSwap-918469599-project-member] Policy check for os_compute_api:servers:show:host_status failed with credentials {'is_admin': False, 'user_id': '5f66b19f9b604f94af959a3e2a2f1e97', 'user_domain_id': 'default', 'system_scope': None, 'domain_id': None, 'project_id': '4ce0cf3dfcac4b63840e90a9a644529d', 'project_domain_id': 'default', 'roles': ['member', 'reader'], 'is_admin_project': True, 'service_user_id': None, 'service_user_domain_id': None, 'service_project_id': None, 'service_project_domain_id': None, 'service_roles': []} {{(pid=87309) authorize /opt/stack/nova/nova/policy.py:192}}
Jul 03 14:48:29.466396 np0000004430 devstack@n-api.service[87309]: DEBUG nova.policy [None req-f0072ccf-d5a3-414a-8ec8-1c2322036b09 tempest-TestMultiAttachVolumeSwap-918469599 tempest-TestMultiAttachVolumeSwap-918469599-project-member] Policy check for os_compute_api:servers:show:host_status:unknown-only failed with credentials {'is_admin': False, 'user_id': '5f66b19f9b604f94af959a3e2a2f1e97', 'user_domain_id': 'default', 'system_scope': None, 'domain_id': None, 'project_id': '4ce0cf3dfcac4b63840e90a9a644529d', 'project_domain_id': 'default', 'roles': ['member', 'reader'], 'is_admin_project': True, 'service_user_id': None, 'service_user_domain_id': None, 'service_project_id': None, 'service_project_domain_id': None, 'service_roles': []} {{(pid=87309) authorize /opt/stack/nova/nova/policy.py:192}}
Jul 03 14:48:29.470303 np0000004430 devstack@n-api.service[87309]: INFO nova.api.openstack.requestlog [None req-f0072ccf-d5a3-414a-8ec8-1c2322036b09 tempest-TestMultiAttachVolumeSwap-918469599 tempest-TestMultiAttachVolumeSwap-918469599-project-member] 10.4.3.99 "GET /compute/v2.1/servers/84be4e2e-bf25-439e-b9f4-e2e66e65ca9b" status: 200 len: 1456 microversion: 2.60 time: 0.802790
Jul 03 14:48:29.470706 np0000004430 devstack@n-api.service[87309]: [pid: 87309|app: 0|req: 26/114] 10.4.3.99 () {68 vars in 1388 bytes} [Fri Jul 3 14:48:28 2026] GET /compute/v2.1/servers/84be4e2e-bf25-439e-b9f4-e2e66e65ca9b => generated 1456 bytes in 803 msecs (HTTP/1.1 200) 9 headers in 360 bytes (1 switches on core 0)
Jul 03 14:48:29.543272 np0000004430 devstack@n-api.service[87310]: DEBUG nova.api.openstack.wsgi [req-de1a398c-7210-42f5-9076-db4d7ffb40b3 req-d0e8d979-2c0f-4d81-8503-9a220e0e933b service nova] Action: 'create', calling method: >, body: {"events": [{"server_uuid": "101c5517-a149-46ac-ae4c-c288a4ad4d16", "name": "network-vif-unplugged", "status": "completed", "tag": "e23c9964-354b-46d5-9082-cc87afd60d1a"}, {"server_uuid": "b09124e2-5cf5-4917-b819-008d85b79178", "name": "network-vif-plugged", "status": "completed", "tag": "4f2aaba1-9f4e-482f-b5c9-1476e14ce82e"}, {"server_uuid": "b09124e2-5cf5-4917-b819-008d85b79178", "name": "network-vif-plugged", "status": "completed", "tag": "4f2aaba1-9f4e-482f-b5c9-1476e14ce82e"}, {"server_uuid": "101c5517-a149-46ac-ae4c-c288a4ad4d16", "name": "network-vif-plugged", "status": "completed", "tag": "e23c9964-354b-46d5-9082-cc87afd60d1a"}, {"server_uuid": "101c5517-a149-46ac-ae4c-c288a4ad4d16", "name": "network-vif-plugged", "status": "completed", "tag": "e23c9964-354b-46d5-9082-cc87afd60d1a"}]} {{(pid=87310) _process_stack /opt/stack/nova/nova/api/openstack/wsgi.py:549}}
Jul 03 14:48:29.551443 np0000004430 devstack@n-api.service[87310]: DEBUG oslo_concurrency.lockutils [req-de1a398c-7210-42f5-9076-db4d7ffb40b3 req-d0e8d979-2c0f-4d81-8503-9a220e0e933b service nova] Acquiring lock "b238dfb6-bdfe-46b1-a277-f0fa2b988ae2" by "nova.context.set_target_cell..get_or_set_cached_cell_and_set_connections" {{(pid=87310) inner /opt/stack/data/venv/lib/python3.12/site-packages/oslo_concurrency/lockutils.py:511}}
Jul 03 14:48:29.551443 np0000004430 devstack@n-api.service[87310]: DEBUG oslo_concurrency.lockutils [req-de1a398c-7210-42f5-9076-db4d7ffb40b3 req-d0e8d979-2c0f-4d81-8503-9a220e0e933b service nova] Lock "b238dfb6-bdfe-46b1-a277-f0fa2b988ae2" acquired by "nova.context.set_target_cell..get_or_set_cached_cell_and_set_connections" :: waited 0.000s {{(pid=87310) inner /opt/stack/data/venv/lib/python3.12/site-packages/oslo_concurrency/lockutils.py:524}}
Jul 03 14:48:29.551443 np0000004430 devstack@n-api.service[87310]: DEBUG oslo_concurrency.lockutils [req-de1a398c-7210-42f5-9076-db4d7ffb40b3 req-d0e8d979-2c0f-4d81-8503-9a220e0e933b service nova] Lock "b238dfb6-bdfe-46b1-a277-f0fa2b988ae2" "released" by "nova.context.set_target_cell..get_or_set_cached_cell_and_set_connections" :: held 0.000s {{(pid=87310) inner /opt/stack/data/venv/lib/python3.12/site-packages/oslo_concurrency/lockutils.py:543}}
Jul 03 14:48:29.558250 np0000004430 devstack@n-api.service[87310]: INFO nova.api.openstack.compute.server_external_events [req-de1a398c-7210-42f5-9076-db4d7ffb40b3 req-d0e8d979-2c0f-4d81-8503-9a220e0e933b service nova] Creating event network-vif-unplugged:e23c9964-354b-46d5-9082-cc87afd60d1a for instance 101c5517-a149-46ac-ae4c-c288a4ad4d16 on np0000004430
Jul 03 14:48:29.558250 np0000004430 devstack@n-api.service[87310]: INFO nova.api.openstack.compute.server_external_events [req-de1a398c-7210-42f5-9076-db4d7ffb40b3 req-d0e8d979-2c0f-4d81-8503-9a220e0e933b service nova] Creating event network-vif-plugged:4f2aaba1-9f4e-482f-b5c9-1476e14ce82e for instance b09124e2-5cf5-4917-b819-008d85b79178 on np0000004430
Jul 03 14:48:29.558250 np0000004430 devstack@n-api.service[87310]: INFO nova.api.openstack.compute.server_external_events [req-de1a398c-7210-42f5-9076-db4d7ffb40b3 req-d0e8d979-2c0f-4d81-8503-9a220e0e933b service nova] Creating event network-vif-plugged:4f2aaba1-9f4e-482f-b5c9-1476e14ce82e for instance b09124e2-5cf5-4917-b819-008d85b79178 on np0000004430
Jul 03 14:48:29.558250 np0000004430 devstack@n-api.service[87310]: INFO nova.api.openstack.compute.server_external_events [req-de1a398c-7210-42f5-9076-db4d7ffb40b3 req-d0e8d979-2c0f-4d81-8503-9a220e0e933b service nova] Creating event network-vif-plugged:e23c9964-354b-46d5-9082-cc87afd60d1a for instance 101c5517-a149-46ac-ae4c-c288a4ad4d16 on np0000004430
Jul 03 14:48:29.558250 np0000004430 devstack@n-api.service[87310]: INFO nova.api.openstack.compute.server_external_events [req-de1a398c-7210-42f5-9076-db4d7ffb40b3 req-d0e8d979-2c0f-4d81-8503-9a220e0e933b service nova] Creating event network-vif-plugged:e23c9964-354b-46d5-9082-cc87afd60d1a for instance 101c5517-a149-46ac-ae4c-c288a4ad4d16 on np0000004430
Jul 03 14:48:29.564783 np0000004430 devstack@n-api.service[87310]: DEBUG nova.compute.rpcapi [req-de1a398c-7210-42f5-9076-db4d7ffb40b3 req-d0e8d979-2c0f-4d81-8503-9a220e0e933b service nova] RPC: Sending the message to topic: compute-alt {{(pid=87310) prepare_for_alt_rpcserver /opt/stack/nova/nova/compute/rpcapi.py:595}}
Jul 03 14:48:29.564783 np0000004430 devstack@n-api.service[87310]: INFO nova.api.openstack.requestlog [req-de1a398c-7210-42f5-9076-db4d7ffb40b3 req-d0e8d979-2c0f-4d81-8503-9a220e0e933b service nova] 10.4.3.99 "POST /compute/v2.1/os-server-external-events" status: 200 len: 869 microversion: 2.1 time: 0.024019
Jul 03 14:48:29.564783 np0000004430 devstack@n-api.service[87310]: [pid: 87310|app: 0|req: 30/115] 10.4.3.99 () {72 vars in 1425 bytes} [Fri Jul 3 14:48:29 2026] POST /compute/v2.1/os-server-external-events => generated 869 bytes in 25 msecs (HTTP/1.1 200) 9 headers in 357 bytes (1 switches on core 0)
Jul 03 14:48:29.701153 np0000004430 devstack@n-api.service[87307]: DEBUG nova.api.openstack.wsgi [None req-e02a5a6b-1a04-46a5-9d62-a27f2f7dbc3c tempest-TaggedBootDevicesTest-2136947983 tempest-TaggedBootDevicesTest-2136947983-project-member] Action: 'create', calling method: >, body: {"keypair": {"name": "tempest-keypair-148874415", "public_key": "ecdsa-sha2-nistp384 AAAAE2VjZHNhLXNoYTItbmlzdHAzODQAAAAIbmlzdHAzODQAAABhBFMOdISwKbU6zerfMogHq0XyY2BA5rJxPkEIsHjOBc/1ZuRJcRZZK8RfUq/MlFL41SsCErigpr8uGwXWhFJTUqMVWur4Ft6+V9w5Uw646x685OIkjlfJrYJRpj83PHjXbQ=="}} {{(pid=87307) _process_stack /opt/stack/nova/nova/api/openstack/wsgi.py:549}}
Jul 03 14:48:29.716932 np0000004430 devstack@n-api.service[87307]: DEBUG nova.quota [None req-e02a5a6b-1a04-46a5-9d62-a27f2f7dbc3c tempest-TaggedBootDevicesTest-2136947983 tempest-TaggedBootDevicesTest-2136947983-project-member] Getting quotas for project f4f254c3590c476c85710c9c6d160389. Resources: {'key_pairs'} {{(pid=87307) _get_quotas /opt/stack/nova/nova/quota.py:389}}
Jul 03 14:48:29.719905 np0000004430 devstack@n-api.service[87307]: DEBUG nova.quota [None req-e02a5a6b-1a04-46a5-9d62-a27f2f7dbc3c tempest-TaggedBootDevicesTest-2136947983 tempest-TaggedBootDevicesTest-2136947983-project-member] Getting quotas for user 46a9d5f0b42f4d2abded19bd643478fc and project f4f254c3590c476c85710c9c6d160389. Resources: {'key_pairs'} {{(pid=87307) _get_quotas /opt/stack/nova/nova/quota.py:379}}
Jul 03 14:48:29.793824 np0000004430 devstack@n-api.service[87307]: INFO nova.api.openstack.requestlog [None req-e02a5a6b-1a04-46a5-9d62-a27f2f7dbc3c tempest-TaggedBootDevicesTest-2136947983 tempest-TaggedBootDevicesTest-2136947983-project-member] 10.4.3.99 "POST /compute/v2.1/os-keypairs" status: 201 len: 400 microversion: 2.32 time: 0.095192
Jul 03 14:48:29.796681 np0000004430 devstack@n-api.service[87307]: [pid: 87307|app: 0|req: 28/116] 10.4.3.99 () {70 vars in 1311 bytes} [Fri Jul 3 14:48:29 2026] POST /compute/v2.1/os-keypairs => generated 400 bytes in 98 msecs (HTTP/1.1 201) 9 headers in 364 bytes (1 switches on core 0)
Jul 03 14:48:29.926583 np0000004430 devstack@n-api.service[87309]: DEBUG nova.api.openstack.wsgi [None req-7e1d0a4a-929d-4e45-abef-a0bfe0cd1648 tempest-TaggedBootDevicesTest_v242-1730544426 tempest-TaggedBootDevicesTest_v242-1730544426-project-member] Action: 'create', calling method: >, body: {"keypair": {"name": "tempest-keypair-79625078", "public_key": "ecdsa-sha2-nistp384 AAAAE2VjZHNhLXNoYTItbmlzdHAzODQAAAAIbmlzdHAzODQAAABhBKs1gYr5bDK4Lc8GEbZaUS4vMVTmLFWZSUBKtW8a42VbPvyYVBoXB9wCBoWtt8BkBvF6nTo28reD1DmrozETB8eP9+R/kd+xa5V8lzflG2QwZqE2tZyLXdsVQAqA25EqPQ=="}} {{(pid=87309) _process_stack /opt/stack/nova/nova/api/openstack/wsgi.py:549}}
Jul 03 14:48:29.939988 np0000004430 devstack@n-api.service[87309]: DEBUG nova.quota [None req-7e1d0a4a-929d-4e45-abef-a0bfe0cd1648 tempest-TaggedBootDevicesTest_v242-1730544426 tempest-TaggedBootDevicesTest_v242-1730544426-project-member] Getting quotas for project 4e91808a6e5d49c49820ea00f080f087. Resources: {'key_pairs'} {{(pid=87309) _get_quotas /opt/stack/nova/nova/quota.py:389}}
Jul 03 14:48:29.943516 np0000004430 devstack@n-api.service[87309]: DEBUG nova.quota [None req-7e1d0a4a-929d-4e45-abef-a0bfe0cd1648 tempest-TaggedBootDevicesTest_v242-1730544426 tempest-TaggedBootDevicesTest_v242-1730544426-project-member] Getting quotas for user 80d5920de79e46fea06af431f42bf36c and project 4e91808a6e5d49c49820ea00f080f087. Resources: {'key_pairs'} {{(pid=87309) _get_quotas /opt/stack/nova/nova/quota.py:379}}
Jul 03 14:48:30.020860 np0000004430 devstack@n-api.service[87309]: INFO nova.api.openstack.requestlog [None req-7e1d0a4a-929d-4e45-abef-a0bfe0cd1648 tempest-TaggedBootDevicesTest_v242-1730544426 tempest-TaggedBootDevicesTest_v242-1730544426-project-member] 10.4.3.99 "POST /compute/v2.1/os-keypairs" status: 201 len: 399 microversion: 2.42 time: 0.087190
Jul 03 14:48:30.020860 np0000004430 devstack@n-api.service[87309]: [pid: 87309|app: 0|req: 27/117] 10.4.3.99 () {70 vars in 1311 bytes} [Fri Jul 3 14:48:29 2026] POST /compute/v2.1/os-keypairs => generated 399 bytes in 89 msecs (HTTP/1.1 201) 9 headers in 364 bytes (1 switches on core 0)
Jul 03 14:48:30.213786 np0000004430 devstack@n-api.service[87308]: DEBUG nova.api.openstack.wsgi [req-f8f9f9b4-4369-4855-82ba-cd4d684c20bc req-6469d986-47cb-4a9c-82b9-fe713e7e2a0c service nova] Action: 'create', calling method: >, body: {"events": [{"name": "network-changed", "server_uuid": "185aae48-a76d-4491-ab2f-4f80d6560fc8", "tag": "362c4584-acfc-4d16-83f2-7123ebdfa244"}]} {{(pid=87308) _process_stack /opt/stack/nova/nova/api/openstack/wsgi.py:549}}
Jul 03 14:48:30.216911 np0000004430 devstack@n-api.service[87310]: DEBUG dbcounter [-] [87310] Writing DB stats nova_cell0:SELECT=1 {{(pid=87310) stat_writer /opt/stack/data/venv/lib/python3.12/site-packages/dbcounter.py:115}}
Jul 03 14:48:30.229393 np0000004430 devstack@n-api.service[87308]: DEBUG oslo_concurrency.lockutils [req-f8f9f9b4-4369-4855-82ba-cd4d684c20bc req-6469d986-47cb-4a9c-82b9-fe713e7e2a0c service nova] Acquiring lock "b238dfb6-bdfe-46b1-a277-f0fa2b988ae2" by "nova.context.set_target_cell..get_or_set_cached_cell_and_set_connections" {{(pid=87308) inner /opt/stack/data/venv/lib/python3.12/site-packages/oslo_concurrency/lockutils.py:511}}
Jul 03 14:48:30.229393 np0000004430 devstack@n-api.service[87308]: DEBUG oslo_concurrency.lockutils [req-f8f9f9b4-4369-4855-82ba-cd4d684c20bc req-6469d986-47cb-4a9c-82b9-fe713e7e2a0c service nova] Lock "b238dfb6-bdfe-46b1-a277-f0fa2b988ae2" acquired by "nova.context.set_target_cell..get_or_set_cached_cell_and_set_connections" :: waited 0.000s {{(pid=87308) inner /opt/stack/data/venv/lib/python3.12/site-packages/oslo_concurrency/lockutils.py:524}}
Jul 03 14:48:30.229393 np0000004430 devstack@n-api.service[87308]: DEBUG oslo_concurrency.lockutils [req-f8f9f9b4-4369-4855-82ba-cd4d684c20bc req-6469d986-47cb-4a9c-82b9-fe713e7e2a0c service nova] Lock "b238dfb6-bdfe-46b1-a277-f0fa2b988ae2" "released" by "nova.context.set_target_cell..get_or_set_cached_cell_and_set_connections" :: held 0.000s {{(pid=87308) inner /opt/stack/data/venv/lib/python3.12/site-packages/oslo_concurrency/lockutils.py:543}}
Jul 03 14:48:30.238866 np0000004430 devstack@n-api.service[87308]: INFO nova.api.openstack.compute.server_external_events [req-f8f9f9b4-4369-4855-82ba-cd4d684c20bc req-6469d986-47cb-4a9c-82b9-fe713e7e2a0c service nova] Creating event network-changed:362c4584-acfc-4d16-83f2-7123ebdfa244 for instance 185aae48-a76d-4491-ab2f-4f80d6560fc8 on np0000004430
Jul 03 14:48:30.239703 np0000004430 devstack@n-api.service[87308]: DEBUG nova.compute.rpcapi [req-f8f9f9b4-4369-4855-82ba-cd4d684c20bc req-6469d986-47cb-4a9c-82b9-fe713e7e2a0c service nova] RPC: Sending the message to topic: compute-alt {{(pid=87308) prepare_for_alt_rpcserver /opt/stack/nova/nova/compute/rpcapi.py:595}}
Jul 03 14:48:30.251845 np0000004430 devstack@n-api.service[87308]: INFO nova.api.openstack.requestlog [req-f8f9f9b4-4369-4855-82ba-cd4d684c20bc req-6469d986-47cb-4a9c-82b9-fe713e7e2a0c service nova] 10.4.3.99 "POST /compute/v2.1/os-server-external-events" status: 200 len: 179 microversion: 2.1 time: 0.416905
Jul 03 14:48:30.252414 np0000004430 devstack@n-api.service[87308]: [pid: 87308|app: 0|req: 33/118] 10.4.3.99 () {72 vars in 1425 bytes} [Fri Jul 3 14:48:29 2026] POST /compute/v2.1/os-server-external-events => generated 179 bytes in 418 msecs (HTTP/1.1 200) 9 headers in 357 bytes (1 switches on core 0)
Jul 03 14:48:30.297427 np0000004430 devstack@n-api.service[87310]: DEBUG nova.api.openstack.wsgi [None req-594feb4b-efa1-491d-8e13-6514d2c9a0e2 tempest-TaggedAttachmentsTest-1619148565 tempest-TaggedAttachmentsTest-1619148565-project-member] Calling method '>' {{(pid=87310) _process_stack /opt/stack/nova/nova/api/openstack/wsgi.py:551}}
Jul 03 14:48:30.300465 np0000004430 devstack@n-api.service[87310]: DEBUG nova.compute.api [None req-594feb4b-efa1-491d-8e13-6514d2c9a0e2 tempest-TaggedAttachmentsTest-1619148565 tempest-TaggedAttachmentsTest-1619148565-project-member] [instance: 101c5517-a149-46ac-ae4c-c288a4ad4d16] Fetching instance by UUID {{(pid=87310) get /opt/stack/nova/nova/compute/api.py:3068}}
Jul 03 14:48:30.306029 np0000004430 devstack@n-api.service[87310]: DEBUG oslo_concurrency.lockutils [None req-594feb4b-efa1-491d-8e13-6514d2c9a0e2 tempest-TaggedAttachmentsTest-1619148565 tempest-TaggedAttachmentsTest-1619148565-project-member] Acquiring lock "b238dfb6-bdfe-46b1-a277-f0fa2b988ae2" by "nova.context.set_target_cell..get_or_set_cached_cell_and_set_connections" {{(pid=87310) inner /opt/stack/data/venv/lib/python3.12/site-packages/oslo_concurrency/lockutils.py:511}}
Jul 03 14:48:30.306443 np0000004430 devstack@n-api.service[87310]: DEBUG oslo_concurrency.lockutils [None req-594feb4b-efa1-491d-8e13-6514d2c9a0e2 tempest-TaggedAttachmentsTest-1619148565 tempest-TaggedAttachmentsTest-1619148565-project-member] Lock "b238dfb6-bdfe-46b1-a277-f0fa2b988ae2" acquired by "nova.context.set_target_cell..get_or_set_cached_cell_and_set_connections" :: waited 0.000s {{(pid=87310) inner /opt/stack/data/venv/lib/python3.12/site-packages/oslo_concurrency/lockutils.py:524}}
Jul 03 14:48:30.306786 np0000004430 devstack@n-api.service[87310]: DEBUG oslo_concurrency.lockutils [None req-594feb4b-efa1-491d-8e13-6514d2c9a0e2 tempest-TaggedAttachmentsTest-1619148565 tempest-TaggedAttachmentsTest-1619148565-project-member] Lock "b238dfb6-bdfe-46b1-a277-f0fa2b988ae2" "released" by "nova.context.set_target_cell..get_or_set_cached_cell_and_set_connections" :: held 0.001s {{(pid=87310) inner /opt/stack/data/venv/lib/python3.12/site-packages/oslo_concurrency/lockutils.py:543}}
Jul 03 14:48:30.307499 np0000004430 devstack@n-api.service[87310]: DEBUG oslo_concurrency.lockutils [None req-594feb4b-efa1-491d-8e13-6514d2c9a0e2 tempest-TaggedAttachmentsTest-1619148565 tempest-TaggedAttachmentsTest-1619148565-project-member] Acquiring lock "b238dfb6-bdfe-46b1-a277-f0fa2b988ae2" by "nova.context.set_target_cell..get_or_set_cached_cell_and_set_connections" {{(pid=87310) inner /opt/stack/data/venv/lib/python3.12/site-packages/oslo_concurrency/lockutils.py:511}}
Jul 03 14:48:30.307865 np0000004430 devstack@n-api.service[87310]: DEBUG oslo_concurrency.lockutils [None req-594feb4b-efa1-491d-8e13-6514d2c9a0e2 tempest-TaggedAttachmentsTest-1619148565 tempest-TaggedAttachmentsTest-1619148565-project-member] Lock "b238dfb6-bdfe-46b1-a277-f0fa2b988ae2" acquired by "nova.context.set_target_cell..get_or_set_cached_cell_and_set_connections" :: waited 0.001s {{(pid=87310) inner /opt/stack/data/venv/lib/python3.12/site-packages/oslo_concurrency/lockutils.py:524}}
Jul 03 14:48:30.308166 np0000004430 devstack@n-api.service[87310]: DEBUG oslo_concurrency.lockutils [None req-594feb4b-efa1-491d-8e13-6514d2c9a0e2 tempest-TaggedAttachmentsTest-1619148565 tempest-TaggedAttachmentsTest-1619148565-project-member] Lock "b238dfb6-bdfe-46b1-a277-f0fa2b988ae2" "released" by "nova.context.set_target_cell..get_or_set_cached_cell_and_set_connections" :: held 0.000s {{(pid=87310) inner /opt/stack/data/venv/lib/python3.12/site-packages/oslo_concurrency/lockutils.py:543}}
Jul 03 14:48:30.321123 np0000004430 devstack@n-api.service[87307]: DEBUG nova.api.openstack.wsgi [None req-1088b026-d54e-48a5-bf9d-9efdda977697 tempest-VolumesAssistedSnapshotsTest-1899947682 tempest-VolumesAssistedSnapshotsTest-1899947682-project-member] Calling method '>' {{(pid=87307) _process_stack /opt/stack/nova/nova/api/openstack/wsgi.py:551}}
Jul 03 14:48:30.323799 np0000004430 devstack@n-api.service[87307]: DEBUG nova.compute.api [None req-1088b026-d54e-48a5-bf9d-9efdda977697 tempest-VolumesAssistedSnapshotsTest-1899947682 tempest-VolumesAssistedSnapshotsTest-1899947682-project-member] [instance: c96c5fce-8ffd-45e1-9739-e69a8b9d341e] Fetching instance by UUID {{(pid=87307) get /opt/stack/nova/nova/compute/api.py:3068}}
Jul 03 14:48:30.335461 np0000004430 devstack@n-api.service[87307]: DEBUG oslo_concurrency.lockutils [None req-1088b026-d54e-48a5-bf9d-9efdda977697 tempest-VolumesAssistedSnapshotsTest-1899947682 tempest-VolumesAssistedSnapshotsTest-1899947682-project-member] Acquiring lock "b238dfb6-bdfe-46b1-a277-f0fa2b988ae2" by "nova.context.set_target_cell..get_or_set_cached_cell_and_set_connections" {{(pid=87307) inner /opt/stack/data/venv/lib/python3.12/site-packages/oslo_concurrency/lockutils.py:511}}
Jul 03 14:48:30.335759 np0000004430 devstack@n-api.service[87307]: DEBUG oslo_concurrency.lockutils [None req-1088b026-d54e-48a5-bf9d-9efdda977697 tempest-VolumesAssistedSnapshotsTest-1899947682 tempest-VolumesAssistedSnapshotsTest-1899947682-project-member] Lock "b238dfb6-bdfe-46b1-a277-f0fa2b988ae2" acquired by "nova.context.set_target_cell..get_or_set_cached_cell_and_set_connections" :: waited 0.001s {{(pid=87307) inner /opt/stack/data/venv/lib/python3.12/site-packages/oslo_concurrency/lockutils.py:524}}
Jul 03 14:48:30.336111 np0000004430 devstack@n-api.service[87307]: DEBUG oslo_concurrency.lockutils [None req-1088b026-d54e-48a5-bf9d-9efdda977697 tempest-VolumesAssistedSnapshotsTest-1899947682 tempest-VolumesAssistedSnapshotsTest-1899947682-project-member] Lock "b238dfb6-bdfe-46b1-a277-f0fa2b988ae2" "released" by "nova.context.set_target_cell..get_or_set_cached_cell_and_set_connections" :: held 0.000s {{(pid=87307) inner /opt/stack/data/venv/lib/python3.12/site-packages/oslo_concurrency/lockutils.py:543}}
Jul 03 14:48:30.336702 np0000004430 devstack@n-api.service[87307]: DEBUG oslo_concurrency.lockutils [None req-1088b026-d54e-48a5-bf9d-9efdda977697 tempest-VolumesAssistedSnapshotsTest-1899947682 tempest-VolumesAssistedSnapshotsTest-1899947682-project-member] Acquiring lock "b238dfb6-bdfe-46b1-a277-f0fa2b988ae2" by "nova.context.set_target_cell..get_or_set_cached_cell_and_set_connections" {{(pid=87307) inner /opt/stack/data/venv/lib/python3.12/site-packages/oslo_concurrency/lockutils.py:511}}
Jul 03 14:48:30.337111 np0000004430 devstack@n-api.service[87307]: DEBUG oslo_concurrency.lockutils [None req-1088b026-d54e-48a5-bf9d-9efdda977697 tempest-VolumesAssistedSnapshotsTest-1899947682 tempest-VolumesAssistedSnapshotsTest-1899947682-project-member] Lock "b238dfb6-bdfe-46b1-a277-f0fa2b988ae2" acquired by "nova.context.set_target_cell..get_or_set_cached_cell_and_set_connections" :: waited 0.000s {{(pid=87307) inner /opt/stack/data/venv/lib/python3.12/site-packages/oslo_concurrency/lockutils.py:524}}
Jul 03 14:48:30.338898 np0000004430 devstack@n-api.service[87307]: DEBUG oslo_concurrency.lockutils [None req-1088b026-d54e-48a5-bf9d-9efdda977697 tempest-VolumesAssistedSnapshotsTest-1899947682 tempest-VolumesAssistedSnapshotsTest-1899947682-project-member] Lock "b238dfb6-bdfe-46b1-a277-f0fa2b988ae2" "released" by "nova.context.set_target_cell..get_or_set_cached_cell_and_set_connections" :: held 0.000s {{(pid=87307) inner /opt/stack/data/venv/lib/python3.12/site-packages/oslo_concurrency/lockutils.py:543}}
Jul 03 14:48:30.349946 np0000004430 devstack@n-api.service[87310]: WARNING neutronclient.v2_0.client [None req-594feb4b-efa1-491d-8e13-6514d2c9a0e2 tempest-TaggedAttachmentsTest-1619148565 tempest-TaggedAttachmentsTest-1619148565-project-member] The python binding code in neutronclient is deprecated in favor of OpenstackSDK, please use that as this will be removed in a future release.
Jul 03 14:48:30.375684 np0000004430 devstack@n-api.service[87307]: WARNING neutronclient.v2_0.client [None req-1088b026-d54e-48a5-bf9d-9efdda977697 tempest-VolumesAssistedSnapshotsTest-1899947682 tempest-VolumesAssistedSnapshotsTest-1899947682-project-member] The python binding code in neutronclient is deprecated in favor of OpenstackSDK, please use that as this will be removed in a future release.
Jul 03 14:48:30.441332 np0000004430 devstack@n-api.service[87309]: DEBUG nova.api.openstack.wsgi [None req-6a75505c-afae-4bf6-a3d8-1b54f026afa6 tempest-AttachVolumeNegativeTest-528666753 tempest-AttachVolumeNegativeTest-528666753-project-member] Calling method '>' {{(pid=87309) _process_stack /opt/stack/nova/nova/api/openstack/wsgi.py:551}}
Jul 03 14:48:30.447591 np0000004430 devstack@n-api.service[87309]: DEBUG nova.compute.api [None req-6a75505c-afae-4bf6-a3d8-1b54f026afa6 tempest-AttachVolumeNegativeTest-528666753 tempest-AttachVolumeNegativeTest-528666753-project-member] [instance: b09124e2-5cf5-4917-b819-008d85b79178] Fetching instance by UUID {{(pid=87309) get /opt/stack/nova/nova/compute/api.py:3068}}
Jul 03 14:48:30.460391 np0000004430 devstack@n-api.service[87309]: DEBUG oslo_concurrency.lockutils [None req-6a75505c-afae-4bf6-a3d8-1b54f026afa6 tempest-AttachVolumeNegativeTest-528666753 tempest-AttachVolumeNegativeTest-528666753-project-member] Acquiring lock "b238dfb6-bdfe-46b1-a277-f0fa2b988ae2" by "nova.context.set_target_cell..get_or_set_cached_cell_and_set_connections" {{(pid=87309) inner /opt/stack/data/venv/lib/python3.12/site-packages/oslo_concurrency/lockutils.py:511}}
Jul 03 14:48:30.460391 np0000004430 devstack@n-api.service[87309]: DEBUG oslo_concurrency.lockutils [None req-6a75505c-afae-4bf6-a3d8-1b54f026afa6 tempest-AttachVolumeNegativeTest-528666753 tempest-AttachVolumeNegativeTest-528666753-project-member] Lock "b238dfb6-bdfe-46b1-a277-f0fa2b988ae2" acquired by "nova.context.set_target_cell..get_or_set_cached_cell_and_set_connections" :: waited 0.000s {{(pid=87309) inner /opt/stack/data/venv/lib/python3.12/site-packages/oslo_concurrency/lockutils.py:524}}
Jul 03 14:48:30.461237 np0000004430 devstack@n-api.service[87309]: DEBUG oslo_concurrency.lockutils [None req-6a75505c-afae-4bf6-a3d8-1b54f026afa6 tempest-AttachVolumeNegativeTest-528666753 tempest-AttachVolumeNegativeTest-528666753-project-member] Lock "b238dfb6-bdfe-46b1-a277-f0fa2b988ae2" "released" by "nova.context.set_target_cell..get_or_set_cached_cell_and_set_connections" :: held 0.000s {{(pid=87309) inner /opt/stack/data/venv/lib/python3.12/site-packages/oslo_concurrency/lockutils.py:543}}
Jul 03 14:48:30.461237 np0000004430 devstack@n-api.service[87309]: DEBUG oslo_concurrency.lockutils [None req-6a75505c-afae-4bf6-a3d8-1b54f026afa6 tempest-AttachVolumeNegativeTest-528666753 tempest-AttachVolumeNegativeTest-528666753-project-member] Acquiring lock "b238dfb6-bdfe-46b1-a277-f0fa2b988ae2" by "nova.context.set_target_cell..get_or_set_cached_cell_and_set_connections" {{(pid=87309) inner /opt/stack/data/venv/lib/python3.12/site-packages/oslo_concurrency/lockutils.py:511}}
Jul 03 14:48:30.461575 np0000004430 devstack@n-api.service[87309]: DEBUG oslo_concurrency.lockutils [None req-6a75505c-afae-4bf6-a3d8-1b54f026afa6 tempest-AttachVolumeNegativeTest-528666753 tempest-AttachVolumeNegativeTest-528666753-project-member] Lock "b238dfb6-bdfe-46b1-a277-f0fa2b988ae2" acquired by "nova.context.set_target_cell..get_or_set_cached_cell_and_set_connections" :: waited 0.000s {{(pid=87309) inner /opt/stack/data/venv/lib/python3.12/site-packages/oslo_concurrency/lockutils.py:524}}
Jul 03 14:48:30.462090 np0000004430 devstack@n-api.service[87309]: DEBUG oslo_concurrency.lockutils [None req-6a75505c-afae-4bf6-a3d8-1b54f026afa6 tempest-AttachVolumeNegativeTest-528666753 tempest-AttachVolumeNegativeTest-528666753-project-member] Lock "b238dfb6-bdfe-46b1-a277-f0fa2b988ae2" "released" by "nova.context.set_target_cell..get_or_set_cached_cell_and_set_connections" :: held 0.000s {{(pid=87309) inner /opt/stack/data/venv/lib/python3.12/site-packages/oslo_concurrency/lockutils.py:543}}
Jul 03 14:48:30.492834 np0000004430 devstack@n-api.service[87309]: WARNING neutronclient.v2_0.client [None req-6a75505c-afae-4bf6-a3d8-1b54f026afa6 tempest-AttachVolumeNegativeTest-528666753 tempest-AttachVolumeNegativeTest-528666753-project-member] The python binding code in neutronclient is deprecated in favor of OpenstackSDK, please use that as this will be removed in a future release.
Jul 03 14:48:30.492903 np0000004430 devstack@n-api.service[87308]: DEBUG nova.api.openstack.wsgi [None req-043cefe8-469d-41cd-bbcb-6cbe72c4c628 tempest-TestMultiAttachVolumeSwap-918469599 tempest-TestMultiAttachVolumeSwap-918469599-project-member] Calling method '>' {{(pid=87308) _process_stack /opt/stack/nova/nova/api/openstack/wsgi.py:551}}
Jul 03 14:48:30.498755 np0000004430 devstack@n-api.service[87308]: DEBUG nova.compute.api [None req-043cefe8-469d-41cd-bbcb-6cbe72c4c628 tempest-TestMultiAttachVolumeSwap-918469599 tempest-TestMultiAttachVolumeSwap-918469599-project-member] [instance: 84be4e2e-bf25-439e-b9f4-e2e66e65ca9b] Fetching instance by UUID {{(pid=87308) get /opt/stack/nova/nova/compute/api.py:3068}}
Jul 03 14:48:30.500506 np0000004430 devstack@n-api.service[87308]: DEBUG oslo_concurrency.lockutils [None req-043cefe8-469d-41cd-bbcb-6cbe72c4c628 tempest-TestMultiAttachVolumeSwap-918469599 tempest-TestMultiAttachVolumeSwap-918469599-project-member] Acquiring lock "b238dfb6-bdfe-46b1-a277-f0fa2b988ae2" by "nova.context.set_target_cell..get_or_set_cached_cell_and_set_connections" {{(pid=87308) inner /opt/stack/data/venv/lib/python3.12/site-packages/oslo_concurrency/lockutils.py:511}}
Jul 03 14:48:30.500956 np0000004430 devstack@n-api.service[87308]: DEBUG oslo_concurrency.lockutils [None req-043cefe8-469d-41cd-bbcb-6cbe72c4c628 tempest-TestMultiAttachVolumeSwap-918469599 tempest-TestMultiAttachVolumeSwap-918469599-project-member] Lock "b238dfb6-bdfe-46b1-a277-f0fa2b988ae2" acquired by "nova.context.set_target_cell..get_or_set_cached_cell_and_set_connections" :: waited 0.000s {{(pid=87308) inner /opt/stack/data/venv/lib/python3.12/site-packages/oslo_concurrency/lockutils.py:524}}
Jul 03 14:48:30.502076 np0000004430 devstack@n-api.service[87308]: DEBUG oslo_concurrency.lockutils [None req-043cefe8-469d-41cd-bbcb-6cbe72c4c628 tempest-TestMultiAttachVolumeSwap-918469599 tempest-TestMultiAttachVolumeSwap-918469599-project-member] Lock "b238dfb6-bdfe-46b1-a277-f0fa2b988ae2" "released" by "nova.context.set_target_cell..get_or_set_cached_cell_and_set_connections" :: held 0.000s {{(pid=87308) inner /opt/stack/data/venv/lib/python3.12/site-packages/oslo_concurrency/lockutils.py:543}}
Jul 03 14:48:30.502076 np0000004430 devstack@n-api.service[87308]: DEBUG oslo_concurrency.lockutils [None req-043cefe8-469d-41cd-bbcb-6cbe72c4c628 tempest-TestMultiAttachVolumeSwap-918469599 tempest-TestMultiAttachVolumeSwap-918469599-project-member] Acquiring lock "b238dfb6-bdfe-46b1-a277-f0fa2b988ae2" by "nova.context.set_target_cell..get_or_set_cached_cell_and_set_connections" {{(pid=87308) inner /opt/stack/data/venv/lib/python3.12/site-packages/oslo_concurrency/lockutils.py:511}}
Jul 03 14:48:30.502480 np0000004430 devstack@n-api.service[87308]: DEBUG oslo_concurrency.lockutils [None req-043cefe8-469d-41cd-bbcb-6cbe72c4c628 tempest-TestMultiAttachVolumeSwap-918469599 tempest-TestMultiAttachVolumeSwap-918469599-project-member] Lock "b238dfb6-bdfe-46b1-a277-f0fa2b988ae2" acquired by "nova.context.set_target_cell..get_or_set_cached_cell_and_set_connections" :: waited 0.001s {{(pid=87308) inner /opt/stack/data/venv/lib/python3.12/site-packages/oslo_concurrency/lockutils.py:524}}
Jul 03 14:48:30.502856 np0000004430 devstack@n-api.service[87308]: DEBUG oslo_concurrency.lockutils [None req-043cefe8-469d-41cd-bbcb-6cbe72c4c628 tempest-TestMultiAttachVolumeSwap-918469599 tempest-TestMultiAttachVolumeSwap-918469599-project-member] Lock "b238dfb6-bdfe-46b1-a277-f0fa2b988ae2" "released" by "nova.context.set_target_cell..get_or_set_cached_cell_and_set_connections" :: held 0.000s {{(pid=87308) inner /opt/stack/data/venv/lib/python3.12/site-packages/oslo_concurrency/lockutils.py:543}}
Jul 03 14:48:30.541150 np0000004430 devstack@n-api.service[87308]: WARNING neutronclient.v2_0.client [None req-043cefe8-469d-41cd-bbcb-6cbe72c4c628 tempest-TestMultiAttachVolumeSwap-918469599 tempest-TestMultiAttachVolumeSwap-918469599-project-member] The python binding code in neutronclient is deprecated in favor of OpenstackSDK, please use that as this will be removed in a future release.
Jul 03 14:48:30.595544 np0000004430 devstack@n-api.service[87310]: DEBUG nova.policy [None req-594feb4b-efa1-491d-8e13-6514d2c9a0e2 tempest-TaggedAttachmentsTest-1619148565 tempest-TaggedAttachmentsTest-1619148565-project-member] Policy check for os_compute_api:os-extended-server-attributes failed with credentials {'is_admin': False, 'user_id': 'ccd3f6cff2c24f5f9fe2cfb511dcd9c2', 'user_domain_id': 'default', 'system_scope': None, 'domain_id': None, 'project_id': 'df2172772a344ad6896ee1f760192e02', 'project_domain_id': 'default', 'roles': ['member', 'reader'], 'is_admin_project': True, 'service_user_id': None, 'service_user_domain_id': None, 'service_project_id': None, 'service_project_domain_id': None, 'service_roles': []} {{(pid=87310) authorize /opt/stack/nova/nova/policy.py:192}}
Jul 03 14:48:30.601518 np0000004430 devstack@n-api.service[87310]: DEBUG nova.policy [None req-594feb4b-efa1-491d-8e13-6514d2c9a0e2 tempest-TaggedAttachmentsTest-1619148565 tempest-TaggedAttachmentsTest-1619148565-project-member] Policy check for os_compute_api:servers:show:host_status failed with credentials {'is_admin': False, 'user_id': 'ccd3f6cff2c24f5f9fe2cfb511dcd9c2', 'user_domain_id': 'default', 'system_scope': None, 'domain_id': None, 'project_id': 'df2172772a344ad6896ee1f760192e02', 'project_domain_id': 'default', 'roles': ['member', 'reader'], 'is_admin_project': True, 'service_user_id': None, 'service_user_domain_id': None, 'service_project_id': None, 'service_project_domain_id': None, 'service_roles': []} {{(pid=87310) authorize /opt/stack/nova/nova/policy.py:192}}
Jul 03 14:48:30.602328 np0000004430 devstack@n-api.service[87310]: DEBUG nova.policy [None req-594feb4b-efa1-491d-8e13-6514d2c9a0e2 tempest-TaggedAttachmentsTest-1619148565 tempest-TaggedAttachmentsTest-1619148565-project-member] Policy check for os_compute_api:servers:show:host_status:unknown-only failed with credentials {'is_admin': False, 'user_id': 'ccd3f6cff2c24f5f9fe2cfb511dcd9c2', 'user_domain_id': 'default', 'system_scope': None, 'domain_id': None, 'project_id': 'df2172772a344ad6896ee1f760192e02', 'project_domain_id': 'default', 'roles': ['member', 'reader'], 'is_admin_project': True, 'service_user_id': None, 'service_user_domain_id': None, 'service_project_id': None, 'service_project_domain_id': None, 'service_roles': []} {{(pid=87310) authorize /opt/stack/nova/nova/policy.py:192}}
Jul 03 14:48:30.608397 np0000004430 devstack@n-api.service[87310]: INFO nova.api.openstack.requestlog [None req-594feb4b-efa1-491d-8e13-6514d2c9a0e2 tempest-TaggedAttachmentsTest-1619148565 tempest-TaggedAttachmentsTest-1619148565-project-member] 10.4.3.99 "GET /compute/v2.1/servers/101c5517-a149-46ac-ae4c-c288a4ad4d16" status: 200 len: 1445 microversion: 2.49 time: 0.312652
Jul 03 14:48:30.609027 np0000004430 devstack@n-api.service[87310]: [pid: 87310|app: 0|req: 31/119] 10.4.3.99 () {68 vars in 1388 bytes} [Fri Jul 3 14:48:30 2026] GET /compute/v2.1/servers/101c5517-a149-46ac-ae4c-c288a4ad4d16 => generated 1445 bytes in 314 msecs (HTTP/1.1 200) 9 headers in 360 bytes (1 switches on core 0)
Jul 03 14:48:30.626437 np0000004430 devstack@n-api.service[87307]: DEBUG nova.policy [None req-1088b026-d54e-48a5-bf9d-9efdda977697 tempest-VolumesAssistedSnapshotsTest-1899947682 tempest-VolumesAssistedSnapshotsTest-1899947682-project-member] Policy check for os_compute_api:os-extended-server-attributes failed with credentials {'is_admin': False, 'user_id': '723250306eb545d3a4b8b4454c00636b', 'user_domain_id': 'default', 'system_scope': None, 'domain_id': None, 'project_id': '600723c202cf4677843ef63db143e8b5', 'project_domain_id': 'default', 'roles': ['member', 'reader'], 'is_admin_project': True, 'service_user_id': None, 'service_user_domain_id': None, 'service_project_id': None, 'service_project_domain_id': None, 'service_roles': []} {{(pid=87307) authorize /opt/stack/nova/nova/policy.py:192}}
Jul 03 14:48:30.636369 np0000004430 devstack@n-api.service[87307]: INFO nova.api.openstack.requestlog [None req-1088b026-d54e-48a5-bf9d-9efdda977697 tempest-VolumesAssistedSnapshotsTest-1899947682 tempest-VolumesAssistedSnapshotsTest-1899947682-project-member] 10.4.3.99 "GET /compute/v2.1/servers/c96c5fce-8ffd-45e1-9739-e69a8b9d341e" status: 200 len: 1364 microversion: 2.1 time: 0.316859
Jul 03 14:48:30.636833 np0000004430 devstack@n-api.service[87307]: [pid: 87307|app: 0|req: 29/120] 10.4.3.99 () {66 vars in 1347 bytes} [Fri Jul 3 14:48:30 2026] GET /compute/v2.1/servers/c96c5fce-8ffd-45e1-9739-e69a8b9d341e => generated 1364 bytes in 318 msecs (HTTP/1.1 200) 9 headers in 358 bytes (2 switches on core 0)
Jul 03 14:48:30.685760 np0000004430 devstack@n-api.service[87309]: DEBUG nova.policy [None req-6a75505c-afae-4bf6-a3d8-1b54f026afa6 tempest-AttachVolumeNegativeTest-528666753 tempest-AttachVolumeNegativeTest-528666753-project-member] Policy check for os_compute_api:os-extended-server-attributes failed with credentials {'is_admin': False, 'user_id': '978271f5cc46434f893106ba654f3252', 'user_domain_id': 'default', 'system_scope': None, 'domain_id': None, 'project_id': '977f3d26ae8c448a99e1a7881e030ba7', 'project_domain_id': 'default', 'roles': ['member', 'reader'], 'is_admin_project': True, 'service_user_id': None, 'service_user_domain_id': None, 'service_project_id': None, 'service_project_domain_id': None, 'service_roles': []} {{(pid=87309) authorize /opt/stack/nova/nova/policy.py:192}}
Jul 03 14:48:30.694234 np0000004430 devstack@n-api.service[87309]: INFO nova.api.openstack.requestlog [None req-6a75505c-afae-4bf6-a3d8-1b54f026afa6 tempest-AttachVolumeNegativeTest-528666753 tempest-AttachVolumeNegativeTest-528666753-project-member] 10.4.3.99 "GET /compute/v2.1/servers/b09124e2-5cf5-4917-b819-008d85b79178" status: 200 len: 1362 microversion: 2.1 time: 0.254865
Jul 03 14:48:30.694451 np0000004430 devstack@n-api.service[87309]: [pid: 87309|app: 0|req: 28/121] 10.4.3.99 () {66 vars in 1347 bytes} [Fri Jul 3 14:48:30 2026] GET /compute/v2.1/servers/b09124e2-5cf5-4917-b819-008d85b79178 => generated 1362 bytes in 256 msecs (HTTP/1.1 200) 9 headers in 358 bytes (1 switches on core 0)
Jul 03 14:48:30.799166 np0000004430 devstack@n-api.service[87308]: DEBUG nova.policy [None req-043cefe8-469d-41cd-bbcb-6cbe72c4c628 tempest-TestMultiAttachVolumeSwap-918469599 tempest-TestMultiAttachVolumeSwap-918469599-project-member] Policy check for os_compute_api:os-extended-server-attributes failed with credentials {'is_admin': False, 'user_id': '5f66b19f9b604f94af959a3e2a2f1e97', 'user_domain_id': 'default', 'system_scope': None, 'domain_id': None, 'project_id': '4ce0cf3dfcac4b63840e90a9a644529d', 'project_domain_id': 'default', 'roles': ['member', 'reader'], 'is_admin_project': True, 'service_user_id': None, 'service_user_domain_id': None, 'service_project_id': None, 'service_project_domain_id': None, 'service_roles': []} {{(pid=87308) authorize /opt/stack/nova/nova/policy.py:192}}
Jul 03 14:48:30.805089 np0000004430 devstack@n-api.service[87308]: DEBUG nova.policy [None req-043cefe8-469d-41cd-bbcb-6cbe72c4c628 tempest-TestMultiAttachVolumeSwap-918469599 tempest-TestMultiAttachVolumeSwap-918469599-project-member] Policy check for os_compute_api:servers:show:host_status failed with credentials {'is_admin': False, 'user_id': '5f66b19f9b604f94af959a3e2a2f1e97', 'user_domain_id': 'default', 'system_scope': None, 'domain_id': None, 'project_id': '4ce0cf3dfcac4b63840e90a9a644529d', 'project_domain_id': 'default', 'roles': ['member', 'reader'], 'is_admin_project': True, 'service_user_id': None, 'service_user_domain_id': None, 'service_project_id': None, 'service_project_domain_id': None, 'service_roles': []} {{(pid=87308) authorize /opt/stack/nova/nova/policy.py:192}}
