Jul 03 14:45:52.723200 np0000004430 nova-conductor[98863]: DEBUG cotyledon.oslo_config_glue [-] profiler.filter_error_trace = False {{(pid=98863) log_opt_values /opt/stack/data/venv/lib/python3.12/site-packages/oslo_config/cfg.py:3253}}
Jul 03 14:45:52.723385 np0000004430 nova-conductor[98863]: DEBUG cotyledon.oslo_config_glue [-] profiler.hmac_keys = **** {{(pid=98863) log_opt_values /opt/stack/data/venv/lib/python3.12/site-packages/oslo_config/cfg.py:3253}}
Jul 03 14:45:52.723385 np0000004430 nova-conductor[98863]: DEBUG cotyledon.oslo_config_glue [-] profiler.sentinel_service_name = mymaster {{(pid=98863) log_opt_values /opt/stack/data/venv/lib/python3.12/site-packages/oslo_config/cfg.py:3253}}
Jul 03 14:45:52.723385 np0000004430 nova-conductor[98863]: DEBUG cotyledon.oslo_config_glue [-] profiler.socket_timeout = 0.1 {{(pid=98863) log_opt_values /opt/stack/data/venv/lib/python3.12/site-packages/oslo_config/cfg.py:3253}}
Jul 03 14:45:52.723385 np0000004430 nova-conductor[98863]: DEBUG cotyledon.oslo_config_glue [-] profiler.trace_requests = False {{(pid=98863) log_opt_values /opt/stack/data/venv/lib/python3.12/site-packages/oslo_config/cfg.py:3253}}
Jul 03 14:45:52.723385 np0000004430 nova-conductor[98863]: DEBUG cotyledon.oslo_config_glue [-] profiler.trace_sqlalchemy = False {{(pid=98863) log_opt_values /opt/stack/data/venv/lib/python3.12/site-packages/oslo_config/cfg.py:3253}}
Jul 03 14:45:52.723479 np0000004430 nova-conductor[98856]: INFO dbcounter [None req-e2354b16-7b33-4133-8f2d-0b9f1f1d3627 None None] Registered counter for database nova_cell0
Jul 03 14:45:52.723512 np0000004430 nova-conductor[98863]: DEBUG cotyledon.oslo_config_glue [-] profiler_jaeger.process_tags = {} {{(pid=98863) log_opt_values /opt/stack/data/venv/lib/python3.12/site-packages/oslo_config/cfg.py:3253}}
Jul 03 14:45:52.723512 np0000004430 nova-conductor[98863]: DEBUG cotyledon.oslo_config_glue [-] profiler_jaeger.service_name_prefix = None {{(pid=98863) log_opt_values /opt/stack/data/venv/lib/python3.12/site-packages/oslo_config/cfg.py:3253}}
Jul 03 14:45:52.723512 np0000004430 nova-conductor[98863]: DEBUG cotyledon.oslo_config_glue [-] profiler_otlp.service_name_prefix = None {{(pid=98863) log_opt_values /opt/stack/data/venv/lib/python3.12/site-packages/oslo_config/cfg.py:3253}}
Jul 03 14:45:52.723512 np0000004430 nova-conductor[98863]: DEBUG cotyledon.oslo_config_glue [-] oslo_messaging_rabbit.amqp_auto_delete = False {{(pid=98863) log_opt_values /opt/stack/data/venv/lib/python3.12/site-packages/oslo_config/cfg.py:3253}}
Jul 03 14:45:52.723512 np0000004430 nova-conductor[98863]: DEBUG cotyledon.oslo_config_glue [-] oslo_messaging_rabbit.amqp_durable_queues = False {{(pid=98863) log_opt_values /opt/stack/data/venv/lib/python3.12/site-packages/oslo_config/cfg.py:3253}}
Jul 03 14:45:52.723512 np0000004430 nova-conductor[98863]: DEBUG cotyledon.oslo_config_glue [-] oslo_messaging_rabbit.conn_pool_min_size = 2 {{(pid=98863) log_opt_values /opt/stack/data/venv/lib/python3.12/site-packages/oslo_config/cfg.py:3253}}
Jul 03 14:45:52.723512 np0000004430 nova-conductor[98863]: DEBUG cotyledon.oslo_config_glue [-] oslo_messaging_rabbit.conn_pool_ttl = 1200 {{(pid=98863) log_opt_values /opt/stack/data/venv/lib/python3.12/site-packages/oslo_config/cfg.py:3253}}
Jul 03 14:45:52.723512 np0000004430 nova-conductor[98863]: DEBUG cotyledon.oslo_config_glue [-] oslo_messaging_rabbit.direct_mandatory_flag = True {{(pid=98863) log_opt_values /opt/stack/data/venv/lib/python3.12/site-packages/oslo_config/cfg.py:3253}}
Jul 03 14:45:52.723512 np0000004430 nova-conductor[98863]: DEBUG cotyledon.oslo_config_glue [-] oslo_messaging_rabbit.enable_cancel_on_failover = False {{(pid=98863) log_opt_values /opt/stack/data/venv/lib/python3.12/site-packages/oslo_config/cfg.py:3253}}
Jul 03 14:45:52.723722 np0000004430 nova-conductor[98863]: DEBUG cotyledon.oslo_config_glue [-] oslo_messaging_rabbit.heartbeat_rate = 3 {{(pid=98863) log_opt_values /opt/stack/data/venv/lib/python3.12/site-packages/oslo_config/cfg.py:3253}}
Jul 03 14:45:52.723722 np0000004430 nova-conductor[98863]: DEBUG cotyledon.oslo_config_glue [-] oslo_messaging_rabbit.heartbeat_timeout_threshold = 60 {{(pid=98863) log_opt_values /opt/stack/data/venv/lib/python3.12/site-packages/oslo_config/cfg.py:3253}}
Jul 03 14:45:52.723722 np0000004430 nova-conductor[98863]: DEBUG cotyledon.oslo_config_glue [-] oslo_messaging_rabbit.hostname = np0000004430 {{(pid=98863) log_opt_values /opt/stack/data/venv/lib/python3.12/site-packages/oslo_config/cfg.py:3253}}
Jul 03 14:45:52.723722 np0000004430 nova-conductor[98863]: DEBUG cotyledon.oslo_config_glue [-] oslo_messaging_rabbit.kombu_compression = None {{(pid=98863) log_opt_values /opt/stack/data/venv/lib/python3.12/site-packages/oslo_config/cfg.py:3253}}
Jul 03 14:45:52.723722 np0000004430 nova-conductor[98863]: DEBUG cotyledon.oslo_config_glue [-] oslo_messaging_rabbit.kombu_failover_strategy = round-robin {{(pid=98863) log_opt_values /opt/stack/data/venv/lib/python3.12/site-packages/oslo_config/cfg.py:3253}}
Jul 03 14:45:52.723722 np0000004430 nova-conductor[98863]: DEBUG cotyledon.oslo_config_glue [-] oslo_messaging_rabbit.kombu_missing_consumer_retry_timeout = 60 {{(pid=98863) log_opt_values /opt/stack/data/venv/lib/python3.12/site-packages/oslo_config/cfg.py:3253}}
Jul 03 14:45:52.723722 np0000004430 nova-conductor[98863]: DEBUG cotyledon.oslo_config_glue [-] oslo_messaging_rabbit.kombu_reconnect_delay = 1.0 {{(pid=98863) log_opt_values /opt/stack/data/venv/lib/python3.12/site-packages/oslo_config/cfg.py:3253}}
Jul 03 14:45:52.723722 np0000004430 nova-conductor[98863]: DEBUG cotyledon.oslo_config_glue [-] oslo_messaging_rabbit.kombu_reconnect_splay = 0.0 {{(pid=98863) log_opt_values /opt/stack/data/venv/lib/python3.12/site-packages/oslo_config/cfg.py:3253}}
Jul 03 14:45:52.723722 np0000004430 nova-conductor[98863]: DEBUG cotyledon.oslo_config_glue [-] oslo_messaging_rabbit.processname = nova-conductor {{(pid=98863) log_opt_values /opt/stack/data/venv/lib/python3.12/site-packages/oslo_config/cfg.py:3253}}
Jul 03 14:45:52.723904 np0000004430 nova-conductor[98863]: DEBUG cotyledon.oslo_config_glue [-] oslo_messaging_rabbit.rabbit_ha_queues = False {{(pid=98863) log_opt_values /opt/stack/data/venv/lib/python3.12/site-packages/oslo_config/cfg.py:3253}}
Jul 03 14:45:52.723904 np0000004430 nova-conductor[98863]: DEBUG cotyledon.oslo_config_glue [-] oslo_messaging_rabbit.rabbit_interval_max = 30 {{(pid=98863) log_opt_values /opt/stack/data/venv/lib/python3.12/site-packages/oslo_config/cfg.py:3253}}
Jul 03 14:45:52.723904 np0000004430 nova-conductor[98863]: DEBUG cotyledon.oslo_config_glue [-] oslo_messaging_rabbit.rabbit_login_method = AMQPLAIN {{(pid=98863) log_opt_values /opt/stack/data/venv/lib/python3.12/site-packages/oslo_config/cfg.py:3253}}
Jul 03 14:45:52.723904 np0000004430 nova-conductor[98863]: DEBUG cotyledon.oslo_config_glue [-] oslo_messaging_rabbit.rabbit_qos_prefetch_count = 0 {{(pid=98863) log_opt_values /opt/stack/data/venv/lib/python3.12/site-packages/oslo_config/cfg.py:3253}}
Jul 03 14:45:52.723904 np0000004430 nova-conductor[98863]: DEBUG cotyledon.oslo_config_glue [-] oslo_messaging_rabbit.rabbit_quorum_delivery_limit = 0 {{(pid=98863) log_opt_values /opt/stack/data/venv/lib/python3.12/site-packages/oslo_config/cfg.py:3253}}
Jul 03 14:45:52.723904 np0000004430 nova-conductor[98863]: DEBUG cotyledon.oslo_config_glue [-] oslo_messaging_rabbit.rabbit_quorum_max_memory_bytes = 0 {{(pid=98863) log_opt_values /opt/stack/data/venv/lib/python3.12/site-packages/oslo_config/cfg.py:3253}}
Jul 03 14:45:52.723904 np0000004430 nova-conductor[98863]: DEBUG cotyledon.oslo_config_glue [-] oslo_messaging_rabbit.rabbit_quorum_max_memory_length = 0 {{(pid=98863) log_opt_values /opt/stack/data/venv/lib/python3.12/site-packages/oslo_config/cfg.py:3253}}
Jul 03 14:45:52.723904 np0000004430 nova-conductor[98863]: DEBUG cotyledon.oslo_config_glue [-] oslo_messaging_rabbit.rabbit_quorum_queue = False {{(pid=98863) log_opt_values /opt/stack/data/venv/lib/python3.12/site-packages/oslo_config/cfg.py:3253}}
Jul 03 14:45:52.723904 np0000004430 nova-conductor[98863]: DEBUG cotyledon.oslo_config_glue [-] oslo_messaging_rabbit.rabbit_retry_backoff = 2 {{(pid=98863) log_opt_values /opt/stack/data/venv/lib/python3.12/site-packages/oslo_config/cfg.py:3253}}
Jul 03 14:45:52.724069 np0000004430 nova-conductor[98863]: DEBUG cotyledon.oslo_config_glue [-] oslo_messaging_rabbit.rabbit_retry_interval = 1 {{(pid=98863) log_opt_values /opt/stack/data/venv/lib/python3.12/site-packages/oslo_config/cfg.py:3253}}
Jul 03 14:45:52.724069 np0000004430 nova-conductor[98863]: DEBUG cotyledon.oslo_config_glue [-] oslo_messaging_rabbit.rabbit_stream_fanout = False {{(pid=98863) log_opt_values /opt/stack/data/venv/lib/python3.12/site-packages/oslo_config/cfg.py:3253}}
Jul 03 14:45:52.724069 np0000004430 nova-conductor[98863]: DEBUG cotyledon.oslo_config_glue [-] oslo_messaging_rabbit.rabbit_transient_queues_ttl = 1800 {{(pid=98863) log_opt_values /opt/stack/data/venv/lib/python3.12/site-packages/oslo_config/cfg.py:3253}}
Jul 03 14:45:52.724069 np0000004430 nova-conductor[98863]: DEBUG cotyledon.oslo_config_glue [-] oslo_messaging_rabbit.rabbit_transient_quorum_queue = False {{(pid=98863) log_opt_values /opt/stack/data/venv/lib/python3.12/site-packages/oslo_config/cfg.py:3253}}
Jul 03 14:45:52.724069 np0000004430 nova-conductor[98863]: DEBUG cotyledon.oslo_config_glue [-] oslo_messaging_rabbit.rpc_conn_pool_size = 30 {{(pid=98863) log_opt_values /opt/stack/data/venv/lib/python3.12/site-packages/oslo_config/cfg.py:3253}}
Jul 03 14:45:52.724069 np0000004430 nova-conductor[98863]: DEBUG cotyledon.oslo_config_glue [-] oslo_messaging_rabbit.ssl = False {{(pid=98863) log_opt_values /opt/stack/data/venv/lib/python3.12/site-packages/oslo_config/cfg.py:3253}}
Jul 03 14:45:52.724069 np0000004430 nova-conductor[98863]: DEBUG cotyledon.oslo_config_glue [-] oslo_messaging_rabbit.ssl_ca_file = {{(pid=98863) log_opt_values /opt/stack/data/venv/lib/python3.12/site-packages/oslo_config/cfg.py:3253}}
Jul 03 14:45:52.724069 np0000004430 nova-conductor[98863]: DEBUG cotyledon.oslo_config_glue [-] oslo_messaging_rabbit.ssl_cert_file = {{(pid=98863) log_opt_values /opt/stack/data/venv/lib/python3.12/site-packages/oslo_config/cfg.py:3253}}
Jul 03 14:45:52.724069 np0000004430 nova-conductor[98863]: DEBUG cotyledon.oslo_config_glue [-] oslo_messaging_rabbit.ssl_enforce_fips_mode = False {{(pid=98863) log_opt_values /opt/stack/data/venv/lib/python3.12/site-packages/oslo_config/cfg.py:3253}}
Jul 03 14:45:52.724260 np0000004430 nova-conductor[98863]: DEBUG cotyledon.oslo_config_glue [-] oslo_messaging_rabbit.ssl_enforce_hostname_verification = True {{(pid=98863) log_opt_values /opt/stack/data/venv/lib/python3.12/site-packages/oslo_config/cfg.py:3253}}
Jul 03 14:45:52.724260 np0000004430 nova-conductor[98863]: DEBUG cotyledon.oslo_config_glue [-] oslo_messaging_rabbit.ssl_key_file = {{(pid=98863) log_opt_values /opt/stack/data/venv/lib/python3.12/site-packages/oslo_config/cfg.py:3253}}
Jul 03 14:45:52.724260 np0000004430 nova-conductor[98863]: DEBUG cotyledon.oslo_config_glue [-] oslo_messaging_rabbit.ssl_version = {{(pid=98863) log_opt_values /opt/stack/data/venv/lib/python3.12/site-packages/oslo_config/cfg.py:3253}}
Jul 03 14:45:52.724260 np0000004430 nova-conductor[98863]: DEBUG cotyledon.oslo_config_glue [-] oslo_messaging_rabbit.use_queue_manager = False {{(pid=98863) log_opt_values /opt/stack/data/venv/lib/python3.12/site-packages/oslo_config/cfg.py:3253}}
Jul 03 14:45:52.724260 np0000004430 nova-conductor[98863]: DEBUG cotyledon.oslo_config_glue [-] oslo_messaging_notifications.driver = ['messagingv2'] {{(pid=98863) log_opt_values /opt/stack/data/venv/lib/python3.12/site-packages/oslo_config/cfg.py:3253}}
Jul 03 14:45:52.724260 np0000004430 nova-conductor[98863]: DEBUG cotyledon.oslo_config_glue [-] oslo_messaging_notifications.retry = -1 {{(pid=98863) log_opt_values /opt/stack/data/venv/lib/python3.12/site-packages/oslo_config/cfg.py:3253}}
Jul 03 14:45:52.724260 np0000004430 nova-conductor[98863]: DEBUG cotyledon.oslo_config_glue [-] oslo_messaging_notifications.topics = ['notifications'] {{(pid=98863) log_opt_values /opt/stack/data/venv/lib/python3.12/site-packages/oslo_config/cfg.py:3253}}
Jul 03 14:45:52.724260 np0000004430 nova-conductor[98863]: DEBUG cotyledon.oslo_config_glue [-] oslo_messaging_notifications.transport_url = **** {{(pid=98863) log_opt_values /opt/stack/data/venv/lib/python3.12/site-packages/oslo_config/cfg.py:3253}}
Jul 03 14:45:52.724260 np0000004430 nova-conductor[98863]: DEBUG cotyledon.oslo_config_glue [-] oslo_limit.auth_section = None {{(pid=98863) log_opt_values /opt/stack/data/venv/lib/python3.12/site-packages/oslo_config/cfg.py:3253}}
Jul 03 14:45:52.724477 np0000004430 nova-conductor[98863]: DEBUG cotyledon.oslo_config_glue [-] oslo_limit.auth_type = None {{(pid=98863) log_opt_values /opt/stack/data/venv/lib/python3.12/site-packages/oslo_config/cfg.py:3253}}
Jul 03 14:45:52.724477 np0000004430 nova-conductor[98863]: DEBUG cotyledon.oslo_config_glue [-] oslo_limit.cafile = None {{(pid=98863) log_opt_values /opt/stack/data/venv/lib/python3.12/site-packages/oslo_config/cfg.py:3253}}
Jul 03 14:45:52.724477 np0000004430 nova-conductor[98863]: DEBUG cotyledon.oslo_config_glue [-] oslo_limit.certfile = None {{(pid=98863) log_opt_values /opt/stack/data/venv/lib/python3.12/site-packages/oslo_config/cfg.py:3253}}
Jul 03 14:45:52.724477 np0000004430 nova-conductor[98863]: DEBUG cotyledon.oslo_config_glue [-] oslo_limit.collect_timing = False {{(pid=98863) log_opt_values /opt/stack/data/venv/lib/python3.12/site-packages/oslo_config/cfg.py:3253}}
Jul 03 14:45:52.724477 np0000004430 nova-conductor[98863]: DEBUG cotyledon.oslo_config_glue [-] oslo_limit.connect_retries = None {{(pid=98863) log_opt_values /opt/stack/data/venv/lib/python3.12/site-packages/oslo_config/cfg.py:3253}}
Jul 03 14:45:52.724477 np0000004430 nova-conductor[98863]: DEBUG cotyledon.oslo_config_glue [-] oslo_limit.connect_retry_delay = None {{(pid=98863) log_opt_values /opt/stack/data/venv/lib/python3.12/site-packages/oslo_config/cfg.py:3253}}
Jul 03 14:45:52.724477 np0000004430 nova-conductor[98863]: DEBUG cotyledon.oslo_config_glue [-] oslo_limit.endpoint_id = None {{(pid=98863) log_opt_values /opt/stack/data/venv/lib/python3.12/site-packages/oslo_config/cfg.py:3253}}
Jul 03 14:45:52.724477 np0000004430 nova-conductor[98863]: DEBUG cotyledon.oslo_config_glue [-] oslo_limit.endpoint_interface = public {{(pid=98863) log_opt_values /opt/stack/data/venv/lib/python3.12/site-packages/oslo_config/cfg.py:3253}}
Jul 03 14:45:52.724477 np0000004430 nova-conductor[98863]: DEBUG cotyledon.oslo_config_glue [-] oslo_limit.endpoint_override = None {{(pid=98863) log_opt_values /opt/stack/data/venv/lib/python3.12/site-packages/oslo_config/cfg.py:3253}}
Jul 03 14:45:52.724741 np0000004430 nova-conductor[98863]: DEBUG cotyledon.oslo_config_glue [-] oslo_limit.endpoint_region_name = None {{(pid=98863) log_opt_values /opt/stack/data/venv/lib/python3.12/site-packages/oslo_config/cfg.py:3253}}
Jul 03 14:45:52.724741 np0000004430 nova-conductor[98863]: DEBUG cotyledon.oslo_config_glue [-] oslo_limit.endpoint_service_name = None {{(pid=98863) log_opt_values /opt/stack/data/venv/lib/python3.12/site-packages/oslo_config/cfg.py:3253}}
Jul 03 14:45:52.724741 np0000004430 nova-conductor[98863]: DEBUG cotyledon.oslo_config_glue [-] oslo_limit.endpoint_service_type = None {{(pid=98863) log_opt_values /opt/stack/data/venv/lib/python3.12/site-packages/oslo_config/cfg.py:3253}}
Jul 03 14:45:52.724741 np0000004430 nova-conductor[98863]: DEBUG cotyledon.oslo_config_glue [-] oslo_limit.insecure = False {{(pid=98863) log_opt_values /opt/stack/data/venv/lib/python3.12/site-packages/oslo_config/cfg.py:3253}}
Jul 03 14:45:52.724741 np0000004430 nova-conductor[98863]: DEBUG cotyledon.oslo_config_glue [-] oslo_limit.keyfile = None {{(pid=98863) log_opt_values /opt/stack/data/venv/lib/python3.12/site-packages/oslo_config/cfg.py:3253}}
Jul 03 14:45:52.724741 np0000004430 nova-conductor[98863]: DEBUG cotyledon.oslo_config_glue [-] oslo_limit.max_version = None {{(pid=98863) log_opt_values /opt/stack/data/venv/lib/python3.12/site-packages/oslo_config/cfg.py:3253}}
Jul 03 14:45:52.724741 np0000004430 nova-conductor[98863]: DEBUG cotyledon.oslo_config_glue [-] oslo_limit.min_version = None {{(pid=98863) log_opt_values /opt/stack/data/venv/lib/python3.12/site-packages/oslo_config/cfg.py:3253}}
Jul 03 14:45:52.724741 np0000004430 nova-conductor[98863]: DEBUG cotyledon.oslo_config_glue [-] oslo_limit.region_name = None {{(pid=98863) log_opt_values /opt/stack/data/venv/lib/python3.12/site-packages/oslo_config/cfg.py:3253}}
Jul 03 14:45:52.724741 np0000004430 nova-conductor[98863]: DEBUG cotyledon.oslo_config_glue [-] oslo_limit.retriable_status_codes = None {{(pid=98863) log_opt_values /opt/stack/data/venv/lib/python3.12/site-packages/oslo_config/cfg.py:3253}}
Jul 03 14:45:52.724917 np0000004430 nova-conductor[98863]: DEBUG cotyledon.oslo_config_glue [-] oslo_limit.service_name = None {{(pid=98863) log_opt_values /opt/stack/data/venv/lib/python3.12/site-packages/oslo_config/cfg.py:3253}}
Jul 03 14:45:52.724917 np0000004430 nova-conductor[98863]: DEBUG cotyledon.oslo_config_glue [-] oslo_limit.service_type = None {{(pid=98863) log_opt_values /opt/stack/data/venv/lib/python3.12/site-packages/oslo_config/cfg.py:3253}}
Jul 03 14:45:52.724917 np0000004430 nova-conductor[98863]: DEBUG cotyledon.oslo_config_glue [-] oslo_limit.split_loggers = False {{(pid=98863) log_opt_values /opt/stack/data/venv/lib/python3.12/site-packages/oslo_config/cfg.py:3253}}
Jul 03 14:45:52.724917 np0000004430 nova-conductor[98863]: DEBUG cotyledon.oslo_config_glue [-] oslo_limit.status_code_retries = None {{(pid=98863) log_opt_values /opt/stack/data/venv/lib/python3.12/site-packages/oslo_config/cfg.py:3253}}
Jul 03 14:45:52.724917 np0000004430 nova-conductor[98863]: DEBUG cotyledon.oslo_config_glue [-] oslo_limit.status_code_retry_delay = None {{(pid=98863) log_opt_values /opt/stack/data/venv/lib/python3.12/site-packages/oslo_config/cfg.py:3253}}
Jul 03 14:45:52.724917 np0000004430 nova-conductor[98863]: DEBUG cotyledon.oslo_config_glue [-] oslo_limit.timeout = None {{(pid=98863) log_opt_values /opt/stack/data/venv/lib/python3.12/site-packages/oslo_config/cfg.py:3253}}
Jul 03 14:45:52.724917 np0000004430 nova-conductor[98863]: DEBUG cotyledon.oslo_config_glue [-] oslo_limit.valid_interfaces = None {{(pid=98863) log_opt_values /opt/stack/data/venv/lib/python3.12/site-packages/oslo_config/cfg.py:3253}}
Jul 03 14:45:52.724917 np0000004430 nova-conductor[98863]: DEBUG cotyledon.oslo_config_glue [-] oslo_limit.version = None {{(pid=98863) log_opt_values /opt/stack/data/venv/lib/python3.12/site-packages/oslo_config/cfg.py:3253}}
Jul 03 14:45:52.724917 np0000004430 nova-conductor[98863]: DEBUG cotyledon.oslo_config_glue [-] oslo_reports.file_event_handler = None {{(pid=98863) log_opt_values /opt/stack/data/venv/lib/python3.12/site-packages/oslo_config/cfg.py:3253}}
Jul 03 14:45:52.725090 np0000004430 nova-conductor[98863]: DEBUG cotyledon.oslo_config_glue [-] oslo_reports.file_event_handler_interval = 1 {{(pid=98863) log_opt_values /opt/stack/data/venv/lib/python3.12/site-packages/oslo_config/cfg.py:3253}}
Jul 03 14:45:52.725090 np0000004430 nova-conductor[98863]: DEBUG cotyledon.oslo_config_glue [-] oslo_reports.log_dir = None {{(pid=98863) log_opt_values /opt/stack/data/venv/lib/python3.12/site-packages/oslo_config/cfg.py:3253}}
Jul 03 14:45:52.725090 np0000004430 nova-conductor[98863]: DEBUG cotyledon.oslo_config_glue [-] ******************************************************************************** {{(pid=98863) log_opt_values /opt/stack/data/venv/lib/python3.12/site-packages/oslo_config/cfg.py:3260}}
Jul 03 14:45:52.725090 np0000004430 nova-conductor[98863]: DEBUG cotyledon._service_worker [-] Run service ServiceWrapper(3) [98863] {{(pid=98863) wait_forever /opt/stack/data/venv/lib/python3.12/site-packages/cotyledon/_service_worker.py:218}}
Jul 03 14:45:52.725090 np0000004430 nova-conductor[98863]: INFO nova.service [-] Starting conductor node (version 33.1.0)
Jul 03 14:45:52.725090 np0000004430 nova-conductor[98863]: INFO dbcounter [None req-b28f4355-0512-48b5-b202-9668a806346e None None] Registered counter for database nova_cell0
Jul 03 14:45:52.725231 np0000004430 nova-conductor[98844]: DEBUG oslo_db.sqlalchemy.engines [None req-69f4570a-94ef-4350-9e27-a78a4efa941f None None] MySQL server mode set to STRICT_TRANS_TABLES,STRICT_ALL_TABLES,NO_ZERO_IN_DATE,NO_ZERO_DATE,ERROR_FOR_DIVISION_BY_ZERO,TRADITIONAL,NO_ENGINE_SUBSTITUTION {{(pid=98844) _check_effective_sql_mode /opt/stack/data/venv/lib/python3.12/site-packages/oslo_db/sqlalchemy/engines.py:325}}
Jul 03 14:45:52.725265 np0000004430 nova-conductor[98833]: DEBUG oslo_db.sqlalchemy.engines [None req-cd5a8395-d91d-4f82-81be-117f73c5f6ac None None] MySQL server mode set to STRICT_TRANS_TABLES,STRICT_ALL_TABLES,NO_ZERO_IN_DATE,NO_ZERO_DATE,ERROR_FOR_DIVISION_BY_ZERO,TRADITIONAL,NO_ENGINE_SUBSTITUTION {{(pid=98833) _check_effective_sql_mode /opt/stack/data/venv/lib/python3.12/site-packages/oslo_db/sqlalchemy/engines.py:325}}
Jul 03 14:45:52.725295 np0000004430 nova-conductor[98844]: DEBUG dbcounter [-] [98844] Writer thread running {{(pid=98844) stat_writer /opt/stack/data/venv/lib/python3.12/site-packages/dbcounter.py:102}}
Jul 03 14:45:52.725327 np0000004430 nova-conductor[98856]: DEBUG oslo_db.sqlalchemy.engines [None req-e2354b16-7b33-4133-8f2d-0b9f1f1d3627 None None] MySQL server mode set to STRICT_TRANS_TABLES,STRICT_ALL_TABLES,NO_ZERO_IN_DATE,NO_ZERO_DATE,ERROR_FOR_DIVISION_BY_ZERO,TRADITIONAL,NO_ENGINE_SUBSTITUTION {{(pid=98856) _check_effective_sql_mode /opt/stack/data/venv/lib/python3.12/site-packages/oslo_db/sqlalchemy/engines.py:325}}
Jul 03 14:45:52.726456 np0000004430 nova-conductor[98833]: DEBUG dbcounter [-] [98833] Writer thread running {{(pid=98833) stat_writer /opt/stack/data/venv/lib/python3.12/site-packages/dbcounter.py:102}}
Jul 03 14:45:52.733182 np0000004430 nova-conductor[98856]: DEBUG dbcounter [-] [98856] Writer thread running {{(pid=98856) stat_writer /opt/stack/data/venv/lib/python3.12/site-packages/dbcounter.py:102}}
Jul 03 14:45:52.734397 np0000004430 nova-conductor[98863]: DEBUG oslo_db.sqlalchemy.engines [None req-b28f4355-0512-48b5-b202-9668a806346e None None] MySQL server mode set to STRICT_TRANS_TABLES,STRICT_ALL_TABLES,NO_ZERO_IN_DATE,NO_ZERO_DATE,ERROR_FOR_DIVISION_BY_ZERO,TRADITIONAL,NO_ENGINE_SUBSTITUTION {{(pid=98863) _check_effective_sql_mode /opt/stack/data/venv/lib/python3.12/site-packages/oslo_db/sqlalchemy/engines.py:325}}
Jul 03 14:45:52.737520 np0000004430 nova-conductor[98844]: DEBUG nova.service [None req-69f4570a-94ef-4350-9e27-a78a4efa941f None None] Creating RPC server for service: nova-conductor on topic: conductor {{(pid=98844) start /opt/stack/nova/nova/service.py:196}}
Jul 03 14:45:52.744149 np0000004430 nova-conductor[98863]: DEBUG dbcounter [-] [98863] Writer thread running {{(pid=98863) stat_writer /opt/stack/data/venv/lib/python3.12/site-packages/dbcounter.py:102}}
Jul 03 14:45:52.747251 np0000004430 nova-conductor[98833]: DEBUG nova.service [None req-cd5a8395-d91d-4f82-81be-117f73c5f6ac None None] Creating RPC server for service: nova-conductor on topic: conductor {{(pid=98833) start /opt/stack/nova/nova/service.py:196}}
Jul 03 14:45:52.747639 np0000004430 nova-conductor[98863]: DEBUG nova.service [None req-b28f4355-0512-48b5-b202-9668a806346e None None] Creating RPC server for service: nova-conductor on topic: conductor {{(pid=98863) start /opt/stack/nova/nova/service.py:196}}
Jul 03 14:45:52.747864 np0000004430 nova-conductor[98856]: DEBUG nova.service [None req-e2354b16-7b33-4133-8f2d-0b9f1f1d3627 None None] Creating RPC server for service: nova-conductor on topic: conductor {{(pid=98856) start /opt/stack/nova/nova/service.py:196}}
Jul 03 14:45:52.765384 np0000004430 nova-conductor[98863]: DEBUG nova.service [None req-b28f4355-0512-48b5-b202-9668a806346e None None] Join ServiceGroup membership for this service conductor {{(pid=98863) start /opt/stack/nova/nova/service.py:222}}
Jul 03 14:45:52.765553 np0000004430 nova-conductor[98863]: DEBUG nova.servicegroup.drivers.db [None req-b28f4355-0512-48b5-b202-9668a806346e None None] DB_Driver: join new ServiceGroup member np0000004430 to the conductor group, service = {{(pid=98863) join /opt/stack/nova/nova/servicegroup/drivers/db.py:44}}
Jul 03 14:45:52.765653 np0000004430 nova-conductor[98844]: DEBUG nova.service [None req-69f4570a-94ef-4350-9e27-a78a4efa941f None None] Join ServiceGroup membership for this service conductor {{(pid=98844) start /opt/stack/nova/nova/service.py:222}}
Jul 03 14:45:52.765836 np0000004430 nova-conductor[98844]: DEBUG nova.servicegroup.drivers.db [None req-69f4570a-94ef-4350-9e27-a78a4efa941f None None] DB_Driver: join new ServiceGroup member np0000004430 to the conductor group, service = {{(pid=98844) join /opt/stack/nova/nova/servicegroup/drivers/db.py:44}}
Jul 03 14:45:52.765934 np0000004430 nova-conductor[98833]: DEBUG nova.service [None req-cd5a8395-d91d-4f82-81be-117f73c5f6ac None None] Join ServiceGroup membership for this service conductor {{(pid=98833) start /opt/stack/nova/nova/service.py:222}}
Jul 03 14:45:52.766196 np0000004430 nova-conductor[98833]: DEBUG nova.servicegroup.drivers.db [None req-cd5a8395-d91d-4f82-81be-117f73c5f6ac None None] DB_Driver: join new ServiceGroup member np0000004430 to the conductor group, service = {{(pid=98833) join /opt/stack/nova/nova/servicegroup/drivers/db.py:44}}
Jul 03 14:45:52.774789 np0000004430 nova-conductor[98856]: DEBUG nova.service [None req-e2354b16-7b33-4133-8f2d-0b9f1f1d3627 None None] Join ServiceGroup membership for this service conductor {{(pid=98856) start /opt/stack/nova/nova/service.py:222}}
Jul 03 14:45:52.775120 np0000004430 nova-conductor[98856]: DEBUG nova.servicegroup.drivers.db [None req-e2354b16-7b33-4133-8f2d-0b9f1f1d3627 None None] DB_Driver: join new ServiceGroup member np0000004430 to the conductor group, service = {{(pid=98856) join /opt/stack/nova/nova/servicegroup/drivers/db.py:44}}
Jul 03 14:45:53.767822 np0000004430 nova-conductor[98844]: DEBUG oslo.service.backend._threading.loopingcall [None req-374a5cb0-b9e2-4b2a-a833-5457a4edb882 None None] Dynamic interval looping call 'nova.service.Service.periodic_tasks' sleeping for 60.00 seconds {{(pid=98844) _run_loop /opt/stack/data/venv/lib/python3.12/site-packages/oslo_service/backend/_threading/loopingcall.py:125}}
Jul 03 14:45:57.804981 np0000004430 nova-conductor[98833]: DEBUG oslo.service.backend._threading.loopingcall [-] Fixed interval looping call 'nova.servicegroup.drivers.db.DbDriver._report_state' sleeping for 119.96 seconds {{(pid=98833) _run_loop /opt/stack/data/venv/lib/python3.12/site-packages/oslo_service/backend/_threading/loopingcall.py:125}}
Jul 03 14:45:57.805424 np0000004430 nova-conductor[98844]: DEBUG oslo.service.backend._threading.loopingcall [-] Fixed interval looping call 'nova.servicegroup.drivers.db.DbDriver._report_state' sleeping for 119.96 seconds {{(pid=98844) _run_loop /opt/stack/data/venv/lib/python3.12/site-packages/oslo_service/backend/_threading/loopingcall.py:125}}
Jul 03 14:45:57.806548 np0000004430 nova-conductor[98863]: DEBUG oslo.service.backend._threading.loopingcall [-] Fixed interval looping call 'nova.servicegroup.drivers.db.DbDriver._report_state' sleeping for 119.96 seconds {{(pid=98863) _run_loop /opt/stack/data/venv/lib/python3.12/site-packages/oslo_service/backend/_threading/loopingcall.py:125}}
Jul 03 14:45:57.810479 np0000004430 nova-conductor[98856]: DEBUG oslo.service.backend._threading.loopingcall [-] Fixed interval looping call 'nova.servicegroup.drivers.db.DbDriver._report_state' sleeping for 119.97 seconds {{(pid=98856) _run_loop /opt/stack/data/venv/lib/python3.12/site-packages/oslo_service/backend/_threading/loopingcall.py:125}}
Jul 03 14:46:01.333959 np0000004430 nova-conductor[97389]: DEBUG dbcounter [-] [97389] Writing DB stats nova_api:SELECT=1 {{(pid=97389) stat_writer /opt/stack/data/venv/lib/python3.12/site-packages/dbcounter.py:115}}
Jul 03 14:46:01.469391 np0000004430 nova-conductor[97389]: DEBUG dbcounter [-] [97389] Writing DB stats nova_cell0:SELECT=1 {{(pid=97389) stat_writer /opt/stack/data/venv/lib/python3.12/site-packages/dbcounter.py:115}}
Jul 03 14:46:01.474710 np0000004430 nova-conductor[97389]: DEBUG dbcounter [-] [97389] Writing DB stats nova_cell1:SELECT=1 {{(pid=97389) stat_writer /opt/stack/data/venv/lib/python3.12/site-packages/dbcounter.py:115}}
Jul 03 14:46:07.775596 np0000004430 nova-conductor[98833]: DEBUG dbcounter [-] [98833] Writing DB stats nova_cell0:SELECT=5,nova_cell0:INSERT=1,nova_cell0:UPDATE=1 {{(pid=98833) stat_writer /opt/stack/data/venv/lib/python3.12/site-packages/dbcounter.py:115}}
Jul 03 14:46:07.777161 np0000004430 nova-conductor[98844]: DEBUG dbcounter [-] [98844] Writing DB stats nova_cell0:SELECT=4,nova_cell0:INSERT=1,nova_cell0:UPDATE=1 {{(pid=98844) stat_writer /opt/stack/data/venv/lib/python3.12/site-packages/dbcounter.py:115}}
Jul 03 14:46:07.777783 np0000004430 nova-conductor[98863]: DEBUG dbcounter [-] [98863] Writing DB stats nova_cell0:SELECT=3,nova_cell0:UPDATE=1 {{(pid=98863) stat_writer /opt/stack/data/venv/lib/python3.12/site-packages/dbcounter.py:115}}
Jul 03 14:46:07.781335 np0000004430 nova-conductor[98856]: DEBUG dbcounter [-] [98856] Writing DB stats nova_cell0:SELECT=4,nova_cell0:INSERT=1,nova_cell0:UPDATE=1 {{(pid=98856) stat_writer /opt/stack/data/venv/lib/python3.12/site-packages/dbcounter.py:115}}
Jul 03 14:46:35.767545 np0000004430 nova-conductor[98863]: DEBUG oslo.service.backend._threading.loopingcall [None req-ef52ed65-9f0a-487a-bee5-b5f6051321dc None None] Dynamic interval looping call 'nova.service.Service.periodic_tasks' sleeping for 60.00 seconds {{(pid=98863) _run_loop /opt/stack/data/venv/lib/python3.12/site-packages/oslo_service/backend/_threading/loopingcall.py:125}}
Jul 03 14:46:37.768265 np0000004430 nova-conductor[98833]: DEBUG oslo.service.backend._threading.loopingcall [None req-fd6afcc7-b36c-4302-bbba-8f6191691147 None None] Dynamic interval looping call 'nova.service.Service.periodic_tasks' sleeping for 60.00 seconds {{(pid=98833) _run_loop /opt/stack/data/venv/lib/python3.12/site-packages/oslo_service/backend/_threading/loopingcall.py:125}}
Jul 03 14:46:40.777336 np0000004430 nova-conductor[98856]: DEBUG oslo.service.backend._threading.loopingcall [None req-cc4ab792-44f0-4bfd-81e0-3e5c6b688073 None None] Dynamic interval looping call 'nova.service.Service.periodic_tasks' sleeping for 60.00 seconds {{(pid=98856) _run_loop /opt/stack/data/venv/lib/python3.12/site-packages/oslo_service/backend/_threading/loopingcall.py:125}}
Jul 03 14:46:53.768331 np0000004430 nova-conductor[98844]: DEBUG oslo.service.backend._threading.loopingcall [None req-374a5cb0-b9e2-4b2a-a833-5457a4edb882 None None] Dynamic interval looping call 'nova.service.Service.periodic_tasks' sleeping for 60.00 seconds {{(pid=98844) _run_loop /opt/stack/data/venv/lib/python3.12/site-packages/oslo_service/backend/_threading/loopingcall.py:125}}
Jul 03 14:47:35.767997 np0000004430 nova-conductor[98863]: DEBUG oslo.service.backend._threading.loopingcall [None req-ef52ed65-9f0a-487a-bee5-b5f6051321dc None None] Dynamic interval looping call 'nova.service.Service.periodic_tasks' sleeping for 60.00 seconds {{(pid=98863) _run_loop /opt/stack/data/venv/lib/python3.12/site-packages/oslo_service/backend/_threading/loopingcall.py:125}}
Jul 03 14:47:37.768818 np0000004430 nova-conductor[98833]: DEBUG oslo.service.backend._threading.loopingcall [None req-fd6afcc7-b36c-4302-bbba-8f6191691147 None None] Dynamic interval looping call 'nova.service.Service.periodic_tasks' sleeping for 60.00 seconds {{(pid=98833) _run_loop /opt/stack/data/venv/lib/python3.12/site-packages/oslo_service/backend/_threading/loopingcall.py:125}}
Jul 03 14:47:40.777932 np0000004430 nova-conductor[98856]: DEBUG oslo.service.backend._threading.loopingcall [None req-cc4ab792-44f0-4bfd-81e0-3e5c6b688073 None None] Dynamic interval looping call 'nova.service.Service.periodic_tasks' sleeping for 60.00 seconds {{(pid=98856) _run_loop /opt/stack/data/venv/lib/python3.12/site-packages/oslo_service/backend/_threading/loopingcall.py:125}}
Jul 03 14:47:53.768778 np0000004430 nova-conductor[98844]: DEBUG oslo.service.backend._threading.loopingcall [None req-374a5cb0-b9e2-4b2a-a833-5457a4edb882 None None] Dynamic interval looping call 'nova.service.Service.periodic_tasks' sleeping for 60.00 seconds {{(pid=98844) _run_loop /opt/stack/data/venv/lib/python3.12/site-packages/oslo_service/backend/_threading/loopingcall.py:125}}
Jul 03 14:47:57.778511 np0000004430 nova-conductor[98833]: DEBUG oslo.service.backend._threading.loopingcall [-] Fixed interval looping call 'nova.servicegroup.drivers.db.DbDriver._report_state' sleeping for 119.99 seconds {{(pid=98833) _run_loop /opt/stack/data/venv/lib/python3.12/site-packages/oslo_service/backend/_threading/loopingcall.py:125}}
Jul 03 14:47:57.779745 np0000004430 nova-conductor[98844]: DEBUG oslo.service.backend._threading.loopingcall [-] Fixed interval looping call 'nova.servicegroup.drivers.db.DbDriver._report_state' sleeping for 119.99 seconds {{(pid=98844) _run_loop /opt/stack/data/venv/lib/python3.12/site-packages/oslo_service/backend/_threading/loopingcall.py:125}}
Jul 03 14:47:57.780973 np0000004430 nova-conductor[98863]: DEBUG oslo.service.backend._threading.loopingcall [-] Fixed interval looping call 'nova.servicegroup.drivers.db.DbDriver._report_state' sleeping for 119.99 seconds {{(pid=98863) _run_loop /opt/stack/data/venv/lib/python3.12/site-packages/oslo_service/backend/_threading/loopingcall.py:125}}
Jul 03 14:47:57.784605 np0000004430 nova-conductor[98856]: DEBUG oslo.service.backend._threading.loopingcall [-] Fixed interval looping call 'nova.servicegroup.drivers.db.DbDriver._report_state' sleeping for 119.99 seconds {{(pid=98856) _run_loop /opt/stack/data/venv/lib/python3.12/site-packages/oslo_service/backend/_threading/loopingcall.py:125}}
Jul 03 14:48:07.769467 np0000004430 nova-conductor[98833]: DEBUG dbcounter [-] [98833] Writing DB stats nova_cell0:SELECT=1,nova_cell0:UPDATE=1 {{(pid=98833) stat_writer /opt/stack/data/venv/lib/python3.12/site-packages/dbcounter.py:115}}
Jul 03 14:48:07.770542 np0000004430 nova-conductor[98863]: DEBUG dbcounter [-] [98863] Writing DB stats nova_cell0:SELECT=1,nova_cell0:UPDATE=1 {{(pid=98863) stat_writer /opt/stack/data/venv/lib/python3.12/site-packages/dbcounter.py:115}}
Jul 03 14:48:07.770844 np0000004430 nova-conductor[98844]: DEBUG dbcounter [-] [98844] Writing DB stats nova_cell0:SELECT=1,nova_cell0:UPDATE=1 {{(pid=98844) stat_writer /opt/stack/data/venv/lib/python3.12/site-packages/dbcounter.py:115}}
Jul 03 14:48:07.781715 np0000004430 nova-conductor[98856]: DEBUG dbcounter [-] [98856] Writing DB stats nova_cell0:SELECT=1 {{(pid=98856) stat_writer /opt/stack/data/venv/lib/python3.12/site-packages/dbcounter.py:115}}
Jul 03 14:48:08.500548 np0000004430 nova-conductor[98863]: DEBUG oslo_db.sqlalchemy.engines [None req-43a0b5ac-a46a-489a-b323-25d8cb742a13 tempest-ServerActionsTestOtherB-1948891124 tempest-ServerActionsTestOtherB-1948891124-project-member] Parent process 97389 forked (98863) with an open database connection, which is being discarded and recreated. {{(pid=98863) checkout /opt/stack/data/venv/lib/python3.12/site-packages/oslo_db/sqlalchemy/engines.py:402}}
Jul 03 14:48:08.544050 np0000004430 nova-conductor[98863]: DEBUG dbcounter [-] [98863] Writer thread running {{(pid=98863) stat_writer /opt/stack/data/venv/lib/python3.12/site-packages/dbcounter.py:102}}
Jul 03 14:48:08.625838 np0000004430 nova-conductor[98844]: DEBUG dbcounter [-] [98844] Writer thread running {{(pid=98844) stat_writer /opt/stack/data/venv/lib/python3.12/site-packages/dbcounter.py:102}}
Jul 03 14:48:09.664463 np0000004430 nova-conductor[98844]: DEBUG nova.conductor.manager [None req-e28b541d-8985-428d-853a-fd97541e857a tempest-AttachVolumeNegativeTest-528666753 tempest-AttachVolumeNegativeTest-528666753-project-member] Took 1.04 seconds to select destinations for 1 instance(s). {{(pid=98844) _schedule_instances /opt/stack/nova/nova/conductor/manager.py:968}}
Jul 03 14:48:09.702704 np0000004430 nova-conductor[98844]: DEBUG oslo_concurrency.lockutils [None req-e28b541d-8985-428d-853a-fd97541e857a tempest-AttachVolumeNegativeTest-528666753 tempest-AttachVolumeNegativeTest-528666753-project-member] Acquiring lock "b238dfb6-bdfe-46b1-a277-f0fa2b988ae2" by "nova.context.set_target_cell..get_or_set_cached_cell_and_set_connections" {{(pid=98844) inner /opt/stack/data/venv/lib/python3.12/site-packages/oslo_concurrency/lockutils.py:511}}
Jul 03 14:48:09.702704 np0000004430 nova-conductor[98844]: DEBUG oslo_concurrency.lockutils [None req-e28b541d-8985-428d-853a-fd97541e857a tempest-AttachVolumeNegativeTest-528666753 tempest-AttachVolumeNegativeTest-528666753-project-member] Lock "b238dfb6-bdfe-46b1-a277-f0fa2b988ae2" acquired by "nova.context.set_target_cell..get_or_set_cached_cell_and_set_connections" :: waited 0.000s {{(pid=98844) inner /opt/stack/data/venv/lib/python3.12/site-packages/oslo_concurrency/lockutils.py:524}}
Jul 03 14:48:09.704576 np0000004430 nova-conductor[98844]: DEBUG oslo_concurrency.lockutils [None req-e28b541d-8985-428d-853a-fd97541e857a tempest-AttachVolumeNegativeTest-528666753 tempest-AttachVolumeNegativeTest-528666753-project-member] Lock "b238dfb6-bdfe-46b1-a277-f0fa2b988ae2" "released" by "nova.context.set_target_cell..get_or_set_cached_cell_and_set_connections" :: held 0.002s {{(pid=98844) inner /opt/stack/data/venv/lib/python3.12/site-packages/oslo_concurrency/lockutils.py:543}}
Jul 03 14:48:09.706962 np0000004430 nova-conductor[98844]: INFO dbcounter [None req-e28b541d-8985-428d-853a-fd97541e857a tempest-AttachVolumeNegativeTest-528666753 tempest-AttachVolumeNegativeTest-528666753-project-member] Registered counter for database nova_cell1
Jul 03 14:48:09.748795 np0000004430 nova-conductor[98844]: DEBUG oslo_db.sqlalchemy.engines [None req-e28b541d-8985-428d-853a-fd97541e857a tempest-AttachVolumeNegativeTest-528666753 tempest-AttachVolumeNegativeTest-528666753-project-member] MySQL server mode set to STRICT_TRANS_TABLES,STRICT_ALL_TABLES,NO_ZERO_IN_DATE,NO_ZERO_DATE,ERROR_FOR_DIVISION_BY_ZERO,TRADITIONAL,NO_ENGINE_SUBSTITUTION {{(pid=98844) _check_effective_sql_mode /opt/stack/data/venv/lib/python3.12/site-packages/oslo_db/sqlalchemy/engines.py:325}}
Jul 03 14:48:09.755348 np0000004430 nova-conductor[98844]: DEBUG dbcounter [-] [98844] Writer thread running {{(pid=98844) stat_writer /opt/stack/data/venv/lib/python3.12/site-packages/dbcounter.py:102}}
Jul 03 14:48:09.859868 np0000004430 nova-conductor[98844]: INFO nova.utils [None req-e28b541d-8985-428d-853a-fd97541e857a tempest-AttachVolumeNegativeTest-528666753 tempest-AttachVolumeNegativeTest-528666753-project-member] The cell worker thread pool ForkProcess-2.cell_worker is initialized
Jul 03 14:48:09.861052 np0000004430 nova-conductor[98844]: DEBUG oslo_concurrency.lockutils [None req-e28b541d-8985-428d-853a-fd97541e857a tempest-AttachVolumeNegativeTest-528666753 tempest-AttachVolumeNegativeTest-528666753-project-member] Acquiring lock "00000000-0000-0000-0000-000000000000" by "nova.context.set_target_cell..get_or_set_cached_cell_and_set_connections" {{(pid=98844) inner /opt/stack/data/venv/lib/python3.12/site-packages/oslo_concurrency/lockutils.py:511}}
Jul 03 14:48:09.861052 np0000004430 nova-conductor[98844]: DEBUG oslo_concurrency.lockutils [None req-e28b541d-8985-428d-853a-fd97541e857a tempest-AttachVolumeNegativeTest-528666753 tempest-AttachVolumeNegativeTest-528666753-project-member] Lock "00000000-0000-0000-0000-000000000000" acquired by "nova.context.set_target_cell..get_or_set_cached_cell_and_set_connections" :: waited 0.000s {{(pid=98844) inner /opt/stack/data/venv/lib/python3.12/site-packages/oslo_concurrency/lockutils.py:524}}
Jul 03 14:48:09.861052 np0000004430 nova-conductor[98844]: DEBUG oslo_concurrency.lockutils [None req-e28b541d-8985-428d-853a-fd97541e857a tempest-AttachVolumeNegativeTest-528666753 tempest-AttachVolumeNegativeTest-528666753-project-member] Lock "00000000-0000-0000-0000-000000000000" "released" by "nova.context.set_target_cell..get_or_set_cached_cell_and_set_connections" :: held 0.000s {{(pid=98844) inner /opt/stack/data/venv/lib/python3.12/site-packages/oslo_concurrency/lockutils.py:543}}
Jul 03 14:48:09.861443 np0000004430 nova-conductor[98844]: DEBUG oslo_concurrency.lockutils [None req-e28b541d-8985-428d-853a-fd97541e857a tempest-AttachVolumeNegativeTest-528666753 tempest-AttachVolumeNegativeTest-528666753-project-member] Acquiring lock "b238dfb6-bdfe-46b1-a277-f0fa2b988ae2" by "nova.context.set_target_cell..get_or_set_cached_cell_and_set_connections" {{(pid=98844) inner /opt/stack/data/venv/lib/python3.12/site-packages/oslo_concurrency/lockutils.py:511}}
Jul 03 14:48:09.865749 np0000004430 nova-conductor[98844]: INFO dbcounter [None req-e28b541d-8985-428d-853a-fd97541e857a tempest-AttachVolumeNegativeTest-528666753 tempest-AttachVolumeNegativeTest-528666753-project-member] Registered counter for database nova_cell0
Jul 03 14:48:09.865749 np0000004430 nova-conductor[98844]: DEBUG oslo_concurrency.lockutils [None req-e28b541d-8985-428d-853a-fd97541e857a tempest-AttachVolumeNegativeTest-528666753 tempest-AttachVolumeNegativeTest-528666753-project-member] Lock "b238dfb6-bdfe-46b1-a277-f0fa2b988ae2" acquired by "nova.context.set_target_cell..get_or_set_cached_cell_and_set_connections" :: waited 0.001s {{(pid=98844) inner /opt/stack/data/venv/lib/python3.12/site-packages/oslo_concurrency/lockutils.py:524}}
Jul 03 14:48:09.865749 np0000004430 nova-conductor[98844]: DEBUG oslo_concurrency.lockutils [None req-e28b541d-8985-428d-853a-fd97541e857a tempest-AttachVolumeNegativeTest-528666753 tempest-AttachVolumeNegativeTest-528666753-project-member] Lock "b238dfb6-bdfe-46b1-a277-f0fa2b988ae2" "released" by "nova.context.set_target_cell..get_or_set_cached_cell_and_set_connections" :: held 0.001s {{(pid=98844) inner /opt/stack/data/venv/lib/python3.12/site-packages/oslo_concurrency/lockutils.py:543}}
Jul 03 14:48:09.904658 np0000004430 nova-conductor[98844]: DEBUG oslo_db.sqlalchemy.engines [None req-e28b541d-8985-428d-853a-fd97541e857a tempest-AttachVolumeNegativeTest-528666753 tempest-AttachVolumeNegativeTest-528666753-project-member] MySQL server mode set to STRICT_TRANS_TABLES,STRICT_ALL_TABLES,NO_ZERO_IN_DATE,NO_ZERO_DATE,ERROR_FOR_DIVISION_BY_ZERO,TRADITIONAL,NO_ENGINE_SUBSTITUTION {{(pid=98844) _check_effective_sql_mode /opt/stack/data/venv/lib/python3.12/site-packages/oslo_db/sqlalchemy/engines.py:325}}
Jul 03 14:48:09.910390 np0000004430 nova-conductor[98844]: DEBUG dbcounter [-] [98844] Writer thread running {{(pid=98844) stat_writer /opt/stack/data/venv/lib/python3.12/site-packages/dbcounter.py:102}}
Jul 03 14:48:09.930109 np0000004430 nova-conductor[98844]: DEBUG nova.quota [None req-e28b541d-8985-428d-853a-fd97541e857a tempest-AttachVolumeNegativeTest-528666753 tempest-AttachVolumeNegativeTest-528666753-project-member] Getting quotas for project 977f3d26ae8c448a99e1a7881e030ba7. Resources: {'instances', 'ram', 'cores'} {{(pid=98844) _get_quotas /opt/stack/nova/nova/quota.py:389}}
Jul 03 14:48:09.937197 np0000004430 nova-conductor[98844]: DEBUG nova.quota [None req-e28b541d-8985-428d-853a-fd97541e857a tempest-AttachVolumeNegativeTest-528666753 tempest-AttachVolumeNegativeTest-528666753-project-member] Getting quotas for user 978271f5cc46434f893106ba654f3252 and project 977f3d26ae8c448a99e1a7881e030ba7. Resources: {'instances', 'ram', 'cores'} {{(pid=98844) _get_quotas /opt/stack/nova/nova/quota.py:379}}
Jul 03 14:48:09.944769 np0000004430 nova-conductor[98844]: DEBUG nova.conductor.manager [None req-e28b541d-8985-428d-853a-fd97541e857a tempest-AttachVolumeNegativeTest-528666753 tempest-AttachVolumeNegativeTest-528666753-project-member] [instance: b09124e2-5cf5-4917-b819-008d85b79178] Selected host: np0000004430; Selected node: np0000004430; Alternates: [] {{(pid=98844) schedule_and_build_instances /opt/stack/nova/nova/conductor/manager.py:1784}}
Jul 03 14:48:09.945267 np0000004430 nova-conductor[98844]: DEBUG oslo_concurrency.lockutils [None req-e28b541d-8985-428d-853a-fd97541e857a tempest-AttachVolumeNegativeTest-528666753 tempest-AttachVolumeNegativeTest-528666753-project-member] Acquiring lock "b238dfb6-bdfe-46b1-a277-f0fa2b988ae2" by "nova.context.set_target_cell..get_or_set_cached_cell_and_set_connections" {{(pid=98844) inner /opt/stack/data/venv/lib/python3.12/site-packages/oslo_concurrency/lockutils.py:511}}
Jul 03 14:48:09.945444 np0000004430 nova-conductor[98844]: DEBUG oslo_concurrency.lockutils [None req-e28b541d-8985-428d-853a-fd97541e857a tempest-AttachVolumeNegativeTest-528666753 tempest-AttachVolumeNegativeTest-528666753-project-member] Lock "b238dfb6-bdfe-46b1-a277-f0fa2b988ae2" acquired by "nova.context.set_target_cell..get_or_set_cached_cell_and_set_connections" :: waited 0.000s {{(pid=98844) inner /opt/stack/data/venv/lib/python3.12/site-packages/oslo_concurrency/lockutils.py:524}}
Jul 03 14:48:09.945706 np0000004430 nova-conductor[98844]: DEBUG oslo_concurrency.lockutils [None req-e28b541d-8985-428d-853a-fd97541e857a tempest-AttachVolumeNegativeTest-528666753 tempest-AttachVolumeNegativeTest-528666753-project-member] Lock "b238dfb6-bdfe-46b1-a277-f0fa2b988ae2" "released" by "nova.context.set_target_cell..get_or_set_cached_cell_and_set_connections" :: held 0.000s {{(pid=98844) inner /opt/stack/data/venv/lib/python3.12/site-packages/oslo_concurrency/lockutils.py:543}}
Jul 03 14:48:09.958145 np0000004430 nova-conductor[98844]: DEBUG nova.conductor.manager [None req-e28b541d-8985-428d-853a-fd97541e857a tempest-AttachVolumeNegativeTest-528666753 tempest-AttachVolumeNegativeTest-528666753-project-member] [instance: b09124e2-5cf5-4917-b819-008d85b79178] block_device_mapping [BlockDeviceMapping(attachment_id=,boot_index=0,connection_info=None,created_at=,delete_on_termination=True,deleted=,deleted_at=,destination_type='local',device_name=None,device_type='disk',disk_bus=None,encrypted=False,encryption_format=None,encryption_options=None,encryption_secret_uuid=None,guest_format=None,id=,image_id='c73c33a7-577e-4f97-baec-1ecd57518ed4',instance=,instance_uuid=,no_device=False,snapshot_id=None,source_type='image',tag=None,updated_at=,uuid=,volume_id=None,volume_size=None,volume_type=None)] {{(pid=98844) _create_block_device_mapping /opt/stack/nova/nova/conductor/manager.py:1529}}
Jul 03 14:48:09.959787 np0000004430 nova-conductor[98844]: DEBUG oslo_concurrency.lockutils [None req-e28b541d-8985-428d-853a-fd97541e857a tempest-AttachVolumeNegativeTest-528666753 tempest-AttachVolumeNegativeTest-528666753-project-member] Acquiring lock "b238dfb6-bdfe-46b1-a277-f0fa2b988ae2" by "nova.context.set_target_cell..get_or_set_cached_cell_and_set_connections" {{(pid=98844) inner /opt/stack/data/venv/lib/python3.12/site-packages/oslo_concurrency/lockutils.py:511}}
Jul 03 14:48:09.959996 np0000004430 nova-conductor[98844]: DEBUG oslo_concurrency.lockutils [None req-e28b541d-8985-428d-853a-fd97541e857a tempest-AttachVolumeNegativeTest-528666753 tempest-AttachVolumeNegativeTest-528666753-project-member] Lock "b238dfb6-bdfe-46b1-a277-f0fa2b988ae2" acquired by "nova.context.set_target_cell..get_or_set_cached_cell_and_set_connections" :: waited 0.000s {{(pid=98844) inner /opt/stack/data/venv/lib/python3.12/site-packages/oslo_concurrency/lockutils.py:524}}
Jul 03 14:48:09.960106 np0000004430 nova-conductor[98844]: DEBUG oslo_concurrency.lockutils [None req-e28b541d-8985-428d-853a-fd97541e857a tempest-AttachVolumeNegativeTest-528666753 tempest-AttachVolumeNegativeTest-528666753-project-member] Lock "b238dfb6-bdfe-46b1-a277-f0fa2b988ae2" "released" by "nova.context.set_target_cell..get_or_set_cached_cell_and_set_connections" :: held 0.000s {{(pid=98844) inner /opt/stack/data/venv/lib/python3.12/site-packages/oslo_concurrency/lockutils.py:543}}
Jul 03 14:48:10.022787 np0000004430 nova-conductor[98844]: DEBUG oslo_concurrency.lockutils [None req-e28b541d-8985-428d-853a-fd97541e857a tempest-AttachVolumeNegativeTest-528666753 tempest-AttachVolumeNegativeTest-528666753-project-member] Acquiring lock "b238dfb6-bdfe-46b1-a277-f0fa2b988ae2" by "nova.context.set_target_cell..get_or_set_cached_cell_and_set_connections" {{(pid=98844) inner /opt/stack/data/venv/lib/python3.12/site-packages/oslo_concurrency/lockutils.py:511}}
Jul 03 14:48:10.023289 np0000004430 nova-conductor[98844]: DEBUG oslo_concurrency.lockutils [None req-e28b541d-8985-428d-853a-fd97541e857a tempest-AttachVolumeNegativeTest-528666753 tempest-AttachVolumeNegativeTest-528666753-project-member] Lock "b238dfb6-bdfe-46b1-a277-f0fa2b988ae2" acquired by "nova.context.set_target_cell..get_or_set_cached_cell_and_set_connections" :: waited 0.001s {{(pid=98844) inner /opt/stack/data/venv/lib/python3.12/site-packages/oslo_concurrency/lockutils.py:524}}
Jul 03 14:48:10.023289 np0000004430 nova-conductor[98844]: DEBUG oslo_concurrency.lockutils [None req-e28b541d-8985-428d-853a-fd97541e857a tempest-AttachVolumeNegativeTest-528666753 tempest-AttachVolumeNegativeTest-528666753-project-member] Lock "b238dfb6-bdfe-46b1-a277-f0fa2b988ae2" "released" by "nova.context.set_target_cell..get_or_set_cached_cell_and_set_connections" :: held 0.000s {{(pid=98844) inner /opt/stack/data/venv/lib/python3.12/site-packages/oslo_concurrency/lockutils.py:543}}
