Jun 16 06:35:02.802185 np0000002918 devstack@g-api.service[98924]: DEBUG glance.api.middleware.version_negotiation [None req-1819903f-1cc6-4e0c-bd1f-caef53227b11 tempest-ServerRescueNegativeTestJSON-1018259978 tempest-ServerRescueNegativeTestJSON-1018259978-project-member] Matched version: v2 {{(pid=98924) process_request /opt/stack/glance/glance/api/middleware/version_negotiation.py:69}}
Jun 16 06:35:02.802185 np0000002918 devstack@g-api.service[98924]: DEBUG glance.api.middleware.version_negotiation [None req-1819903f-1cc6-4e0c-bd1f-caef53227b11 tempest-ServerRescueNegativeTestJSON-1018259978 tempest-ServerRescueNegativeTestJSON-1018259978-project-member] new path /v2/images/946877d1-3605-48e8-aefb-f8cf5fa536e8 {{(pid=98924) process_request /opt/stack/glance/glance/api/middleware/version_negotiation.py:70}}
Jun 16 06:35:02.825640 np0000002918 devstack@g-api.service[98924]: [pid: 98924|app: 0|req: 49/102] 127.0.0.1 () {44 vars in 1111 bytes} [Tue Jun 16 06:35:02 2026] GET /v2/images/946877d1-3605-48e8-aefb-f8cf5fa536e8 => generated 1044 bytes in 24 msecs (HTTP/1.1 200) 4 headers in 158 bytes (1 switches on core 0)
Jun 16 06:35:02.879030 np0000002918 devstack@g-api.service[98923]: DEBUG glance.api.middleware.version_negotiation [None req-1819903f-1cc6-4e0c-bd1f-caef53227b11 tempest-ServerRescueNegativeTestJSON-1018259978 tempest-ServerRescueNegativeTestJSON-1018259978-project-member] Determining version of request: GET /v2/schemas/image Accept: */* {{(pid=98923) process_request /opt/stack/glance/glance/api/middleware/version_negotiation.py:44}}
Jun 16 06:35:02.879437 np0000002918 devstack@g-api.service[98923]: DEBUG glance.api.middleware.version_negotiation [None req-1819903f-1cc6-4e0c-bd1f-caef53227b11 tempest-ServerRescueNegativeTestJSON-1018259978 tempest-ServerRescueNegativeTestJSON-1018259978-project-member] Using url versioning {{(pid=98923) process_request /opt/stack/glance/glance/api/middleware/version_negotiation.py:57}}
Jun 16 06:35:02.879437 np0000002918 devstack@g-api.service[98923]: DEBUG glance.api.middleware.version_negotiation [None req-1819903f-1cc6-4e0c-bd1f-caef53227b11 tempest-ServerRescueNegativeTestJSON-1018259978 tempest-ServerRescueNegativeTestJSON-1018259978-project-member] Matched version: v2 {{(pid=98923) process_request /opt/stack/glance/glance/api/middleware/version_negotiation.py:69}}
Jun 16 06:35:02.879544 np0000002918 devstack@g-api.service[98923]: DEBUG glance.api.middleware.version_negotiation [None req-1819903f-1cc6-4e0c-bd1f-caef53227b11 tempest-ServerRescueNegativeTestJSON-1018259978 tempest-ServerRescueNegativeTestJSON-1018259978-project-member] new path /v2/schemas/image {{(pid=98923) process_request /opt/stack/glance/glance/api/middleware/version_negotiation.py:70}}
Jun 16 06:35:02.881867 np0000002918 devstack@g-api.service[98923]: [pid: 98923|app: 0|req: 54/103] 127.0.0.1 () {44 vars in 1051 bytes} [Tue Jun 16 06:35:02 2026] GET /v2/schemas/image => generated 6083 bytes in 3 msecs (HTTP/1.1 200) 4 headers in 158 bytes (1 switches on core 0)
Jun 16 06:35:12.166310 np0000002918 devstack@g-api.service[98924]: DEBUG glance.api.middleware.version_negotiation [None req-eb06ca87-4c5d-42b5-b0ff-ab4849e5f4ab tempest-TaggedAttachmentsTest-150463419 tempest-TaggedAttachmentsTest-150463419-project-member] Determining version of request: DELETE /v2/images/141c9276-868d-4d19-997e-8bda94cacfb1 Accept: application/json {{(pid=98924) process_request /opt/stack/glance/glance/api/middleware/version_negotiation.py:44}}
Jun 16 06:35:12.166776 np0000002918 devstack@g-api.service[98924]: DEBUG glance.api.middleware.version_negotiation [None req-eb06ca87-4c5d-42b5-b0ff-ab4849e5f4ab tempest-TaggedAttachmentsTest-150463419 tempest-TaggedAttachmentsTest-150463419-project-member] Using url versioning {{(pid=98924) process_request /opt/stack/glance/glance/api/middleware/version_negotiation.py:57}}
Jun 16 06:35:12.166776 np0000002918 devstack@g-api.service[98924]: DEBUG glance.api.middleware.version_negotiation [None req-eb06ca87-4c5d-42b5-b0ff-ab4849e5f4ab tempest-TaggedAttachmentsTest-150463419 tempest-TaggedAttachmentsTest-150463419-project-member] Matched version: v2 {{(pid=98924) process_request /opt/stack/glance/glance/api/middleware/version_negotiation.py:69}}
Jun 16 06:35:12.166776 np0000002918 devstack@g-api.service[98924]: DEBUG glance.api.middleware.version_negotiation [None req-eb06ca87-4c5d-42b5-b0ff-ab4849e5f4ab tempest-TaggedAttachmentsTest-150463419 tempest-TaggedAttachmentsTest-150463419-project-member] new path /v2/images/141c9276-868d-4d19-997e-8bda94cacfb1 {{(pid=98924) process_request /opt/stack/glance/glance/api/middleware/version_negotiation.py:70}}
Jun 16 06:35:12.177266 np0000002918 devstack@g-api.service[98924]: WARNING glance.api.v2.images [None req-c6163135-3488-4638-b8dc-22239510e8bc tempest-AttachSCSIVolumeTestJSON-1930511921 tempest-AttachSCSIVolumeTestJSON-1930511921-project-admin] After upload to backend, deletion of staged image data has failed because it cannot be found at /tmp/staging//141c9276-868d-4d19-997e-8bda94cacfb1
Jun 16 06:35:12.178074 np0000002918 devstack@g-api.service[98924]: DEBUG glance_store.backend [None req-c6163135-3488-4638-b8dc-22239510e8bc tempest-AttachSCSIVolumeTestJSON-1930511921 tempest-AttachSCSIVolumeTestJSON-1930511921-project-admin] Attempting to import store swift {{(pid=98924) _load_store /opt/stack/data/venv/lib/python3.12/site-packages/glance_store/backend.py:215}}
Jun 16 06:35:12.180399 np0000002918 devstack@g-api.service[98924]: DEBUG glance_store.capabilities [None req-c6163135-3488-4638-b8dc-22239510e8bc tempest-AttachSCSIVolumeTestJSON-1930511921 tempest-AttachSCSIVolumeTestJSON-1930511921-project-admin] Store glance_store._drivers.swift.store.SingleTenantStore doesn't support updating dynamic storage capabilities. Please overwrite 'update_capabilities' method of the store to implement updating logics if needed. {{(pid=98924) update_capabilities /opt/stack/data/venv/lib/python3.12/site-packages/glance_store/capabilities.py:91}}
Jun 16 06:35:12.180399 np0000002918 devstack@g-api.service[98924]: DEBUG glance_store.driver [None req-c6163135-3488-4638-b8dc-22239510e8bc tempest-AttachSCSIVolumeTestJSON-1930511921 tempest-AttachSCSIVolumeTestJSON-1930511921-project-admin] Late loading location class glance_store._drivers.swift.store.StoreLocation {{(pid=98924) get_store_location_class /opt/stack/data/venv/lib/python3.12/site-packages/glance_store/driver.py:134}}
Jun 16 06:35:12.180399 np0000002918 devstack@g-api.service[98924]: DEBUG glance_store.location [None req-c6163135-3488-4638-b8dc-22239510e8bc tempest-AttachSCSIVolumeTestJSON-1930511921 tempest-AttachSCSIVolumeTestJSON-1930511921-project-admin] Registering scheme swift+https with {'store': , 'location_class': , 'store_entry': 'swift'} {{(pid=98924) register_scheme_map /opt/stack/data/venv/lib/python3.12/site-packages/glance_store/location.py:146}}
Jun 16 06:35:12.180646 np0000002918 devstack@g-api.service[98924]: DEBUG glance_store.location [None req-c6163135-3488-4638-b8dc-22239510e8bc tempest-AttachSCSIVolumeTestJSON-1930511921 tempest-AttachSCSIVolumeTestJSON-1930511921-project-admin] Registering scheme swift+https with {'store': , 'location_class': , 'store_entry': 'swift'} {{(pid=98924) register_scheme_map /opt/stack/data/venv/lib/python3.12/site-packages/glance_store/location.py:146}}
Jun 16 06:35:12.180646 np0000002918 devstack@g-api.service[98924]: DEBUG glance_store.location [None req-c6163135-3488-4638-b8dc-22239510e8bc tempest-AttachSCSIVolumeTestJSON-1930511921 tempest-AttachSCSIVolumeTestJSON-1930511921-project-admin] Registering scheme swift with {'store': , 'location_class': , 'store_entry': 'swift'} {{(pid=98924) register_scheme_map /opt/stack/data/venv/lib/python3.12/site-packages/glance_store/location.py:146}}
Jun 16 06:35:12.180774 np0000002918 devstack@g-api.service[98924]: DEBUG glance_store.location [None req-c6163135-3488-4638-b8dc-22239510e8bc tempest-AttachSCSIVolumeTestJSON-1930511921 tempest-AttachSCSIVolumeTestJSON-1930511921-project-admin] Registering scheme swift+https with {'store': , 'location_class': , 'store_entry': 'swift'} {{(pid=98924) register_scheme_map /opt/stack/data/venv/lib/python3.12/site-packages/glance_store/location.py:146}}
Jun 16 06:35:12.180924 np0000002918 devstack@g-api.service[98924]: DEBUG glance_store.location [None req-c6163135-3488-4638-b8dc-22239510e8bc tempest-AttachSCSIVolumeTestJSON-1930511921 tempest-AttachSCSIVolumeTestJSON-1930511921-project-admin] Registering scheme swift with {'store': , 'location_class': , 'store_entry': 'swift'} {{(pid=98924) register_scheme_map /opt/stack/data/venv/lib/python3.12/site-packages/glance_store/location.py:146}}
Jun 16 06:35:12.181128 np0000002918 devstack@g-api.service[98924]: DEBUG glance_store.location [None req-c6163135-3488-4638-b8dc-22239510e8bc tempest-AttachSCSIVolumeTestJSON-1930511921 tempest-AttachSCSIVolumeTestJSON-1930511921-project-admin] Registering scheme swift+http with {'store': , 'location_class': , 'store_entry': 'swift'} {{(pid=98924) register_scheme_map /opt/stack/data/venv/lib/python3.12/site-packages/glance_store/location.py:146}}
Jun 16 06:35:12.181313 np0000002918 devstack@g-api.service[98924]: DEBUG glance_store.location [None req-c6163135-3488-4638-b8dc-22239510e8bc tempest-AttachSCSIVolumeTestJSON-1930511921 tempest-AttachSCSIVolumeTestJSON-1930511921-project-admin] Registering scheme swift+https with {'store': , 'location_class': , 'store_entry': 'swift'} {{(pid=98924) register_scheme_map /opt/stack/data/venv/lib/python3.12/site-packages/glance_store/location.py:146}}
Jun 16 06:35:12.181434 np0000002918 devstack@g-api.service[98924]: DEBUG glance_store.location [None req-c6163135-3488-4638-b8dc-22239510e8bc tempest-AttachSCSIVolumeTestJSON-1930511921 tempest-AttachSCSIVolumeTestJSON-1930511921-project-admin] Registering scheme swift with {'store': , 'location_class': , 'store_entry': 'swift'} {{(pid=98924) register_scheme_map /opt/stack/data/venv/lib/python3.12/site-packages/glance_store/location.py:146}}
Jun 16 06:35:12.182472 np0000002918 devstack@g-api.service[98924]: DEBUG glance_store.location [None req-c6163135-3488-4638-b8dc-22239510e8bc tempest-AttachSCSIVolumeTestJSON-1930511921 tempest-AttachSCSIVolumeTestJSON-1930511921-project-admin] Registering scheme swift+http with {'store': , 'location_class': , 'store_entry': 'swift'} {{(pid=98924) register_scheme_map /opt/stack/data/venv/lib/python3.12/site-packages/glance_store/location.py:146}}
Jun 16 06:35:12.182472 np0000002918 devstack@g-api.service[98924]: DEBUG glance_store.location [None req-c6163135-3488-4638-b8dc-22239510e8bc tempest-AttachSCSIVolumeTestJSON-1930511921 tempest-AttachSCSIVolumeTestJSON-1930511921-project-admin] Registering scheme swift+config with {'store': , 'location_class': , 'store_entry': 'swift'} {{(pid=98924) register_scheme_map /opt/stack/data/venv/lib/python3.12/site-packages/glance_store/location.py:146}}
Jun 16 06:35:12.182923 np0000002918 devstack@g-api.service[98924]: DEBUG keystoneclient.auth.identity.v3.base [None req-c6163135-3488-4638-b8dc-22239510e8bc tempest-AttachSCSIVolumeTestJSON-1930511921 tempest-AttachSCSIVolumeTestJSON-1930511921-project-admin] Making authentication request to https://10.4.3.17/identity/v3/auth/tokens {{(pid=98924) get_auth_ref /opt/stack/data/venv/lib/python3.12/site-packages/keystoneclient/auth/identity/v3/base.py:185}}
Jun 16 06:35:12.439348 np0000002918 devstack@g-api.service[98924]: DEBUG keystoneclient.auth.identity.v3.base [None req-c6163135-3488-4638-b8dc-22239510e8bc tempest-AttachSCSIVolumeTestJSON-1930511921 tempest-AttachSCSIVolumeTestJSON-1930511921-project-admin] {"token": {"methods": ["password"], "user": {"domain": {"id": "default", "name": "Default"}, "id": "91ba02ace33642bfb40733744bee3304", "name": "glance-swift", "password_expires_at": null}, "audit_ids": ["ZbN8T24NRFyx9GdStMxQhw"], "expires_at": "2026-06-16T07:35:12.000000Z", "issued_at": "2026-06-16T06:35:12.000000Z", "project": {"domain": {"id": "default", "name": "Default"}, "id": "4211f48b5d4a4e32a335ba93b30f5c7e", "name": "service"}, "is_domain": false, "roles": [{"id": "593aabc6d7a849b18bf6c2b930de8b8c", "name": "ResellerAdmin"}, {"id": "2be0cbe3548a4144944fcffa00f7bc7e", "name": "service"}], "catalog": [{"endpoints": [{"id": "cdabe2e7179841e6bcbcd2913a1d6a71", "interface": "public", "region_id": "RegionOne", "url": "https://10.4.3.17/compute/v2.1", "region": "RegionOne"}], "id": "35512d0520aa4a4683c5000b92215f35", "type": "compute", "name": "nova"}, {"endpoints": [{"id": "8d9de8c78b2b4faea80dcdafaddcf3e8", "interface": "public", "region_id": "RegionOne", "url": "https://10.4.3.17/networking", "region": "RegionOne"}], "id": "469bd51db53140268d07ecadabce5a18", "type": "network", "name": "neutron"}, {"endpoints": [{"id": "fba4719bd66f42328e4e16ccf330d388", "interface": "public", "region_id": "RegionOne", "url": "https://10.4.3.17/image", "region": "RegionOne"}], "id": "952e5b651849413fa721797d0305c10d", "type": "image", "name": "glance"}, {"endpoints": [{"id": "6ef14f7ef76c4106887d879f611a502a", "interface": "public", "region_id": "RegionOne", "url": "https://10.4.3.17/compute/v2/4211f48b5d4a4e32a335ba93b30f5c7e", "region": "RegionOne"}], "id": "9b87c86838ea4d23b721ab0bf9b00b8a", "type": "compute_legacy", "name": "nova_legacy"}, {"endpoints": [{"id": "3f6b865ffa904f7f880260112d03d324", "interface": "public", "region_id": "RegionOne", "url": "https://10.4.3.17/placement", "region": "RegionOne"}], "id": "b3b0c10115aa48babe3a0f5baa1c14b8", "type": "placement", "name": "placement"}, {"endpoints": [{"id": "2ad5d866d2af4b8684b745608001c121", "interface": "public", "region_id": "RegionOne", "url": "https://10.4.3.17/identity", "region": "RegionOne"}], "id": "b3d3eeb65bc3419b8aa9575027d3c53f", "type": "identity", "name": "keystone"}, {"endpoints": [{"id": "f4caec87186246dc8470c2679c16c3e2", "interface": "public", "region_id": "RegionOne", "url": "https://10.4.3.17/volume/v3", "region": "RegionOne"}], "id": "e19f47e0e96c4177a90cb045d7b2f335", "type": "block-storage", "name": "cinder"}, {"endpoints": [{"id": "24e77abe653d410db43356eb8d08d030", "interface": "admin", "region_id": "RegionOne", "url": "https://10.4.3.17:8080", "region": "RegionOne"}, {"id": "9890c4afa33148a78dd0b99d08c50569", "interface": "public", "region_id": "RegionOne", "url": "https://10.4.3.17:8080/v1/AUTH_4211f48b5d4a4e32a335ba93b30f5c7e", "region": "RegionOne"}], "id": "f26121f5fd594e3b83f136084a46b928", "type": "object-store", "name": "swift"}]}} {{(pid=98924) get_auth_ref /opt/stack/data/venv/lib/python3.12/site-packages/keystoneclient/auth/identity/v3/base.py:190}}
Jun 16 06:35:12.441825 np0000002918 devstack@g-api.service[98924]: DEBUG keystoneclient.httpclient [None req-c6163135-3488-4638-b8dc-22239510e8bc tempest-AttachSCSIVolumeTestJSON-1930511921 tempest-AttachSCSIVolumeTestJSON-1930511921-project-admin] Failed to find endpoint for management url admin endpoint for identity service not found {{(pid=98924) _process_management_url /opt/stack/data/venv/lib/python3.12/site-packages/keystoneclient/httpclient.py:670}}
Jun 16 06:35:12.801756 np0000002918 devstack@g-api.service[98924]: DEBUG swiftclient [None req-c6163135-3488-4638-b8dc-22239510e8bc tempest-AttachSCSIVolumeTestJSON-1930511921 tempest-AttachSCSIVolumeTestJSON-1930511921-project-admin] REQ: curl -i https://10.4.3.17:8080/v1/AUTH_4211f48b5d4a4e32a335ba93b30f5c7e/glance/141c9276-868d-4d19-997e-8bda94cacfb1 -I -H "X-Auth-Token: gAAAAABqMO6ggnu-..." {{(pid=98924) http_log /opt/stack/data/venv/lib/python3.12/site-packages/swiftclient/client.py:160}}
Jun 16 06:35:12.801756 np0000002918 devstack@g-api.service[98924]: DEBUG swiftclient [None req-c6163135-3488-4638-b8dc-22239510e8bc tempest-AttachSCSIVolumeTestJSON-1930511921 tempest-AttachSCSIVolumeTestJSON-1930511921-project-admin] RESP STATUS: 200 OK {{(pid=98924) http_log /opt/stack/data/venv/lib/python3.12/site-packages/swiftclient/client.py:161}}
Jun 16 06:35:12.801756 np0000002918 devstack@g-api.service[98924]: DEBUG swiftclient [None req-c6163135-3488-4638-b8dc-22239510e8bc tempest-AttachSCSIVolumeTestJSON-1930511921 tempest-AttachSCSIVolumeTestJSON-1930511921-project-admin] RESP HEADERS: {'Date': 'Tue, 16 Jun 2026 06:35:12 GMT', 'Server': 'Apache/2.4.58 (Ubuntu)', 'Content-Type': 'application/octet-stream', 'Content-Length': '21692416', 'X-Object-Manifest': 'glance/141c9276-868d-4d19-997e-8bda94cacfb1-', 'Last-Modified': 'Tue, 16 Jun 2026 06:33:28 GMT', 'X-Timestamp': '1781591607.24537', 'Accept-Ranges': 'bytes', 'Etag': '"737c2a37dd3f91e374c48cad70137398"', 'X-Trans-Id': 'txf6e465335b804372a5c4a-006a30eea0', 'X-Openstack-Request-Id': 'txf6e465335b804372a5c4a-006a30eea0', 'Connection': 'close'} {{(pid=98924) http_log /opt/stack/data/venv/lib/python3.12/site-packages/swiftclient/client.py:162}}
Jun 16 06:35:12.826699 np0000002918 devstack@g-api.service[98924]: DEBUG swiftclient [None req-c6163135-3488-4638-b8dc-22239510e8bc tempest-AttachSCSIVolumeTestJSON-1930511921 tempest-AttachSCSIVolumeTestJSON-1930511921-project-admin] REQ: curl -i https://10.4.3.17:8080/v1/AUTH_4211f48b5d4a4e32a335ba93b30f5c7e/glance?format=json&prefix=141c9276-868d-4d19-997e-8bda94cacfb1- -X GET -H "X-Auth-Token: gAAAAABqMO6ggnu-..." -H "Accept-Encoding: gzip" {{(pid=98924) http_log /opt/stack/data/venv/lib/python3.12/site-packages/swiftclient/client.py:160}}
Jun 16 06:35:12.827061 np0000002918 devstack@g-api.service[98924]: DEBUG swiftclient [None req-c6163135-3488-4638-b8dc-22239510e8bc tempest-AttachSCSIVolumeTestJSON-1930511921 tempest-AttachSCSIVolumeTestJSON-1930511921-project-admin] RESP STATUS: 200 OK {{(pid=98924) http_log /opt/stack/data/venv/lib/python3.12/site-packages/swiftclient/client.py:161}}
Jun 16 06:35:12.827396 np0000002918 devstack@g-api.service[98924]: DEBUG swiftclient [None req-c6163135-3488-4638-b8dc-22239510e8bc tempest-AttachSCSIVolumeTestJSON-1930511921 tempest-AttachSCSIVolumeTestJSON-1930511921-project-admin] RESP HEADERS: {'Date': 'Tue, 16 Jun 2026 06:35:12 GMT', 'Server': 'Apache/2.4.58 (Ubuntu)', 'Content-Type': 'application/json; charset=utf-8', 'Content-Length': '210', 'X-Container-Object-Count': '5', 'X-Container-Bytes-Used': '86048768', 'X-Timestamp': '1781591459.91968', 'Last-Modified': 'Tue, 16 Jun 2026 06:31:00 GMT', 'Accept-Ranges': 'bytes', 'X-Storage-Policy': 'Policy-0', 'X-Container-Sharding': 'False', 'X-Trans-Id': 'tx2fc012a75d4c4596ad4c5-006a30eea0', 'X-Openstack-Request-Id': 'tx2fc012a75d4c4596ad4c5-006a30eea0', 'Connection': 'close'} {{(pid=98924) http_log /opt/stack/data/venv/lib/python3.12/site-packages/swiftclient/client.py:162}}
Jun 16 06:35:12.828072 np0000002918 devstack@g-api.service[98924]: DEBUG swiftclient [None req-c6163135-3488-4638-b8dc-22239510e8bc tempest-AttachSCSIVolumeTestJSON-1930511921 tempest-AttachSCSIVolumeTestJSON-1930511921-project-admin] RESP BODY: b'[{"bytes": 21692416, "hash": "87617e24a5e30cb3b87fda8c0764838f", "name": "141c9276-868d-4d19-997e-8bda94cacfb1-00001", "content_type": "application/octet-stream", "last_modified": "2026-06-16T06:33:26.982100"}]' {{(pid=98924) http_log /opt/stack/data/venv/lib/python3.12/site-packages/swiftclient/client.py:166}}
Jun 16 06:35:12.865763 np0000002918 devstack@g-api.service[98924]: DEBUG swiftclient [None req-c6163135-3488-4638-b8dc-22239510e8bc tempest-AttachSCSIVolumeTestJSON-1930511921 tempest-AttachSCSIVolumeTestJSON-1930511921-project-admin] REQ: curl -i https://10.4.3.17:8080/v1/AUTH_4211f48b5d4a4e32a335ba93b30f5c7e/glance/141c9276-868d-4d19-997e-8bda94cacfb1-00001 DELETE -H "X-Auth-Token: gAAAAABqMO6ggnu-..." {{(pid=98924) http_log /opt/stack/data/venv/lib/python3.12/site-packages/swiftclient/client.py:160}}
Jun 16 06:35:12.865763 np0000002918 devstack@g-api.service[98924]: DEBUG swiftclient [None req-c6163135-3488-4638-b8dc-22239510e8bc tempest-AttachSCSIVolumeTestJSON-1930511921 tempest-AttachSCSIVolumeTestJSON-1930511921-project-admin] RESP STATUS: 204 No Content {{(pid=98924) http_log /opt/stack/data/venv/lib/python3.12/site-packages/swiftclient/client.py:161}}
Jun 16 06:35:12.865763 np0000002918 devstack@g-api.service[98924]: DEBUG swiftclient [None req-c6163135-3488-4638-b8dc-22239510e8bc tempest-AttachSCSIVolumeTestJSON-1930511921 tempest-AttachSCSIVolumeTestJSON-1930511921-project-admin] RESP HEADERS: {'Date': 'Tue, 16 Jun 2026 06:35:12 GMT', 'Server': 'Apache/2.4.58 (Ubuntu)', 'Content-Type': 'text/html; charset=UTF-8', 'X-Trans-Id': 'txf7206694c5c14da79d5cb-006a30eea0', 'X-Openstack-Request-Id': 'txf7206694c5c14da79d5cb-006a30eea0', 'Connection': 'close'} {{(pid=98924) http_log /opt/stack/data/venv/lib/python3.12/site-packages/swiftclient/client.py:162}}
Jun 16 06:35:12.869660 np0000002918 devstack@g-api.service[98923]: DEBUG glance.api.middleware.version_negotiation [None req-eb06ca87-4c5d-42b5-b0ff-ab4849e5f4ab tempest-TaggedAttachmentsTest-150463419 tempest-TaggedAttachmentsTest-150463419-project-member] Determining version of request: GET /v2/images/71b20486-0d14-44a3-9dd0-106ed414a068 Accept: */* {{(pid=98923) process_request /opt/stack/glance/glance/api/middleware/version_negotiation.py:44}}
Jun 16 06:35:12.870319 np0000002918 devstack@g-api.service[98923]: DEBUG glance.api.middleware.version_negotiation [None req-eb06ca87-4c5d-42b5-b0ff-ab4849e5f4ab tempest-TaggedAttachmentsTest-150463419 tempest-TaggedAttachmentsTest-150463419-project-member] Using url versioning {{(pid=98923) process_request /opt/stack/glance/glance/api/middleware/version_negotiation.py:57}}
Jun 16 06:35:12.870457 np0000002918 devstack@g-api.service[98923]: DEBUG glance.api.middleware.version_negotiation [None req-eb06ca87-4c5d-42b5-b0ff-ab4849e5f4ab tempest-TaggedAttachmentsTest-150463419 tempest-TaggedAttachmentsTest-150463419-project-member] Matched version: v2 {{(pid=98923) process_request /opt/stack/glance/glance/api/middleware/version_negotiation.py:69}}
Jun 16 06:35:12.870625 np0000002918 devstack@g-api.service[98923]: DEBUG glance.api.middleware.version_negotiation [None req-eb06ca87-4c5d-42b5-b0ff-ab4849e5f4ab tempest-TaggedAttachmentsTest-150463419 tempest-TaggedAttachmentsTest-150463419-project-member] new path /v2/images/71b20486-0d14-44a3-9dd0-106ed414a068 {{(pid=98923) process_request /opt/stack/glance/glance/api/middleware/version_negotiation.py:70}}
Jun 16 06:35:12.894813 np0000002918 devstack@g-api.service[98923]: [pid: 98923|app: 0|req: 55/104] 127.0.0.1 () {44 vars in 1111 bytes} [Tue Jun 16 06:35:12 2026] GET /v2/images/71b20486-0d14-44a3-9dd0-106ed414a068 => generated 1044 bytes in 25 msecs (HTTP/1.1 200) 4 headers in 158 bytes (1 switches on core 0)
Jun 16 06:35:12.899821 np0000002918 devstack@g-api.service[98924]: DEBUG swiftclient [None req-c6163135-3488-4638-b8dc-22239510e8bc tempest-AttachSCSIVolumeTestJSON-1930511921 tempest-AttachSCSIVolumeTestJSON-1930511921-project-admin] REQ: curl -i https://10.4.3.17:8080/v1/AUTH_4211f48b5d4a4e32a335ba93b30f5c7e/glance/141c9276-868d-4d19-997e-8bda94cacfb1 DELETE -H "X-Auth-Token: gAAAAABqMO6ggnu-..." {{(pid=98924) http_log /opt/stack/data/venv/lib/python3.12/site-packages/swiftclient/client.py:160}}
Jun 16 06:35:12.899821 np0000002918 devstack@g-api.service[98924]: DEBUG swiftclient [None req-c6163135-3488-4638-b8dc-22239510e8bc tempest-AttachSCSIVolumeTestJSON-1930511921 tempest-AttachSCSIVolumeTestJSON-1930511921-project-admin] RESP STATUS: 204 No Content {{(pid=98924) http_log /opt/stack/data/venv/lib/python3.12/site-packages/swiftclient/client.py:161}}
Jun 16 06:35:12.899821 np0000002918 devstack@g-api.service[98924]: DEBUG swiftclient [None req-c6163135-3488-4638-b8dc-22239510e8bc tempest-AttachSCSIVolumeTestJSON-1930511921 tempest-AttachSCSIVolumeTestJSON-1930511921-project-admin] RESP HEADERS: {'Date': 'Tue, 16 Jun 2026 06:35:12 GMT', 'Server': 'Apache/2.4.58 (Ubuntu)', 'Content-Type': 'text/html; charset=UTF-8', 'X-Trans-Id': 'tx2cb21e904640492994b64-006a30eea0', 'X-Openstack-Request-Id': 'tx2cb21e904640492994b64-006a30eea0', 'Connection': 'close'} {{(pid=98924) http_log /opt/stack/data/venv/lib/python3.12/site-packages/swiftclient/client.py:162}}
Jun 16 06:35:12.989320 np0000002918 devstack@g-api.service[98923]: DEBUG glance.api.middleware.version_negotiation [None req-df39a1dd-628f-4e5a-a9d4-7c5b4ef516bf tempest-ServerActionsV293TestJSON-922604688 tempest-ServerActionsV293TestJSON-922604688-project-member] Determining version of request: GET /v2/schemas/image Accept: */* {{(pid=98923) process_request /opt/stack/glance/glance/api/middleware/version_negotiation.py:44}}
Jun 16 06:35:12.989320 np0000002918 devstack@g-api.service[98923]: DEBUG glance.api.middleware.version_negotiation [None req-df39a1dd-628f-4e5a-a9d4-7c5b4ef516bf tempest-ServerActionsV293TestJSON-922604688 tempest-ServerActionsV293TestJSON-922604688-project-member] Using url versioning {{(pid=98923) process_request /opt/stack/glance/glance/api/middleware/version_negotiation.py:57}}
Jun 16 06:35:12.989320 np0000002918 devstack@g-api.service[98923]: DEBUG glance.api.middleware.version_negotiation [None req-df39a1dd-628f-4e5a-a9d4-7c5b4ef516bf tempest-ServerActionsV293TestJSON-922604688 tempest-ServerActionsV293TestJSON-922604688-project-member] Matched version: v2 {{(pid=98923) process_request /opt/stack/glance/glance/api/middleware/version_negotiation.py:69}}
Jun 16 06:35:12.989320 np0000002918 devstack@g-api.service[98923]: DEBUG glance.api.middleware.version_negotiation [None req-df39a1dd-628f-4e5a-a9d4-7c5b4ef516bf tempest-ServerActionsV293TestJSON-922604688 tempest-ServerActionsV293TestJSON-922604688-project-member] new path /v2/schemas/image {{(pid=98923) process_request /opt/stack/glance/glance/api/middleware/version_negotiation.py:70}}
Jun 16 06:35:12.997745 np0000002918 devstack@g-api.service[98924]: DEBUG glance.api.middleware.cache [None req-c6163135-3488-4638-b8dc-22239510e8bc tempest-AttachSCSIVolumeTestJSON-1930511921 tempest-AttachSCSIVolumeTestJSON-1930511921-project-admin] Removing image 141c9276-868d-4d19-997e-8bda94cacfb1 from cache {{(pid=98924) _process_DELETE_response /opt/stack/glance/glance/api/middleware/cache.py:264}}
Jun 16 06:35:12.997745 np0000002918 devstack@g-api.service[98924]: DEBUG glance.image_cache.drivers.centralized_db [None req-c6163135-3488-4638-b8dc-22239510e8bc tempest-AttachSCSIVolumeTestJSON-1930511921 tempest-AttachSCSIVolumeTestJSON-1930511921-project-admin] Deleting image cache file '/opt/stack/data/glance/cache/141c9276-868d-4d19-997e-8bda94cacfb1' {{(pid=98924) delete_cached_file /opt/stack/glance/glance/image_cache/drivers/centralized_db.py:395}}
Jun 16 06:35:13.005761 np0000002918 devstack@g-api.service[98923]: [pid: 98923|app: 0|req: 56/105] 127.0.0.1 () {44 vars in 1051 bytes} [Tue Jun 16 06:35:12 2026] GET /v2/schemas/image => generated 6083 bytes in 18 msecs (HTTP/1.1 200) 4 headers in 158 bytes (1 switches on core 0)
Jun 16 06:35:13.014903 np0000002918 devstack@g-api.service[98924]: [pid: 98924|app: 0|req: 50/106] 127.0.0.1 () {40 vars in 837 bytes} [Tue Jun 16 06:35:12 2026] DELETE /v2/images/141c9276-868d-4d19-997e-8bda94cacfb1 => generated 0 bytes in 848 msecs (HTTP/1.1 204) 4 headers in 171 bytes (1 switches on core 0)
Jun 16 06:35:13.027989 np0000002918 devstack@g-api.service[98923]: DEBUG glance.api.middleware.version_negotiation [None req-df39a1dd-628f-4e5a-a9d4-7c5b4ef516bf tempest-ServerActionsV293TestJSON-922604688 tempest-ServerActionsV293TestJSON-922604688-project-member] Determining version of request: GET /v2/images/141c9276-868d-4d19-997e-8bda94cacfb1 Accept: application/json {{(pid=98923) process_request /opt/stack/glance/glance/api/middleware/version_negotiation.py:44}}
Jun 16 06:35:13.027989 np0000002918 devstack@g-api.service[98923]: DEBUG glance.api.middleware.version_negotiation [None req-df39a1dd-628f-4e5a-a9d4-7c5b4ef516bf tempest-ServerActionsV293TestJSON-922604688 tempest-ServerActionsV293TestJSON-922604688-project-member] Using url versioning {{(pid=98923) process_request /opt/stack/glance/glance/api/middleware/version_negotiation.py:57}}
Jun 16 06:35:13.027989 np0000002918 devstack@g-api.service[98923]: DEBUG glance.api.middleware.version_negotiation [None req-df39a1dd-628f-4e5a-a9d4-7c5b4ef516bf tempest-ServerActionsV293TestJSON-922604688 tempest-ServerActionsV293TestJSON-922604688-project-member] Matched version: v2 {{(pid=98923) process_request /opt/stack/glance/glance/api/middleware/version_negotiation.py:69}}
Jun 16 06:35:13.028295 np0000002918 devstack@g-api.service[98923]: DEBUG glance.api.middleware.version_negotiation [None req-df39a1dd-628f-4e5a-a9d4-7c5b4ef516bf tempest-ServerActionsV293TestJSON-922604688 tempest-ServerActionsV293TestJSON-922604688-project-member] new path /v2/images/141c9276-868d-4d19-997e-8bda94cacfb1 {{(pid=98923) process_request /opt/stack/glance/glance/api/middleware/version_negotiation.py:70}}
Jun 16 06:35:13.037002 np0000002918 devstack@g-api.service[98923]: DEBUG glance.db.sqlalchemy.api [None req-a85018e4-9594-4dc8-8d8b-e421c2c98492 tempest-AttachSCSIVolumeTestJSON-1070294297 tempest-AttachSCSIVolumeTestJSON-1070294297-project-reader] No image found with ID 141c9276-868d-4d19-997e-8bda94cacfb1 {{(pid=98923) _image_get /opt/stack/glance/glance/db/sqlalchemy/api.py:303}}
Jun 16 06:35:13.040953 np0000002918 devstack@g-api.service[98923]: [pid: 98923|app: 0|req: 57/107] 127.0.0.1 () {40 vars in 834 bytes} [Tue Jun 16 06:35:13 2026] GET /v2/images/141c9276-868d-4d19-997e-8bda94cacfb1 => generated 139 bytes in 14 msecs (HTTP/1.1 404) 4 headers in 164 bytes (1 switches on core 0)
Jun 16 06:35:13.404518 np0000002918 devstack@g-api.service[98924]: DEBUG glance.api.middleware.version_negotiation [None req-c6163135-3488-4638-b8dc-22239510e8bc tempest-AttachSCSIVolumeTestJSON-1930511921 tempest-AttachSCSIVolumeTestJSON-1930511921-project-admin] Determining version of request: GET /v2/images/71b20486-0d14-44a3-9dd0-106ed414a068 Accept: */* {{(pid=98924) process_request /opt/stack/glance/glance/api/middleware/version_negotiation.py:44}}
Jun 16 06:35:13.404934 np0000002918 devstack@g-api.service[98924]: DEBUG glance.api.middleware.version_negotiation [None req-c6163135-3488-4638-b8dc-22239510e8bc tempest-AttachSCSIVolumeTestJSON-1930511921 tempest-AttachSCSIVolumeTestJSON-1930511921-project-admin] Using url versioning {{(pid=98924) process_request /opt/stack/glance/glance/api/middleware/version_negotiation.py:57}}
Jun 16 06:35:13.405405 np0000002918 devstack@g-api.service[98924]: DEBUG glance.api.middleware.version_negotiation [None req-c6163135-3488-4638-b8dc-22239510e8bc tempest-AttachSCSIVolumeTestJSON-1930511921 tempest-AttachSCSIVolumeTestJSON-1930511921-project-admin] Matched version: v2 {{(pid=98924) process_request /opt/stack/glance/glance/api/middleware/version_negotiation.py:69}}
Jun 16 06:35:13.405405 np0000002918 devstack@g-api.service[98924]: DEBUG glance.api.middleware.version_negotiation [None req-c6163135-3488-4638-b8dc-22239510e8bc tempest-AttachSCSIVolumeTestJSON-1930511921 tempest-AttachSCSIVolumeTestJSON-1930511921-project-admin] new path /v2/images/71b20486-0d14-44a3-9dd0-106ed414a068 {{(pid=98924) process_request /opt/stack/glance/glance/api/middleware/version_negotiation.py:70}}
Jun 16 06:35:13.430905 np0000002918 devstack@g-api.service[98924]: [pid: 98924|app: 0|req: 51/108] 127.0.0.1 () {44 vars in 1111 bytes} [Tue Jun 16 06:35:13 2026] GET /v2/images/71b20486-0d14-44a3-9dd0-106ed414a068 => generated 1044 bytes in 27 msecs (HTTP/1.1 200) 4 headers in 158 bytes (1 switches on core 0)
Jun 16 06:35:13.492294 np0000002918 devstack@g-api.service[98923]: DEBUG glance.api.middleware.version_negotiation [None req-a85018e4-9594-4dc8-8d8b-e421c2c98492 tempest-AttachSCSIVolumeTestJSON-1070294297 tempest-AttachSCSIVolumeTestJSON-1070294297-project-reader] Determining version of request: GET /v2/schemas/image Accept: */* {{(pid=98923) process_request /opt/stack/glance/glance/api/middleware/version_negotiation.py:44}}
Jun 16 06:35:13.492294 np0000002918 devstack@g-api.service[98923]: DEBUG glance.api.middleware.version_negotiation [None req-a85018e4-9594-4dc8-8d8b-e421c2c98492 tempest-AttachSCSIVolumeTestJSON-1070294297 tempest-AttachSCSIVolumeTestJSON-1070294297-project-reader] Using url versioning {{(pid=98923) process_request /opt/stack/glance/glance/api/middleware/version_negotiation.py:57}}
Jun 16 06:35:13.492294 np0000002918 devstack@g-api.service[98923]: DEBUG glance.api.middleware.version_negotiation [None req-a85018e4-9594-4dc8-8d8b-e421c2c98492 tempest-AttachSCSIVolumeTestJSON-1070294297 tempest-AttachSCSIVolumeTestJSON-1070294297-project-reader] Matched version: v2 {{(pid=98923) process_request /opt/stack/glance/glance/api/middleware/version_negotiation.py:69}}
Jun 16 06:35:13.492294 np0000002918 devstack@g-api.service[98923]: DEBUG glance.api.middleware.version_negotiation [None req-a85018e4-9594-4dc8-8d8b-e421c2c98492 tempest-AttachSCSIVolumeTestJSON-1070294297 tempest-AttachSCSIVolumeTestJSON-1070294297-project-reader] new path /v2/schemas/image {{(pid=98923) process_request /opt/stack/glance/glance/api/middleware/version_negotiation.py:70}}
Jun 16 06:35:13.497996 np0000002918 devstack@g-api.service[98923]: [pid: 98923|app: 0|req: 58/109] 127.0.0.1 () {44 vars in 1051 bytes} [Tue Jun 16 06:35:13 2026] GET /v2/schemas/image => generated 6083 bytes in 7 msecs (HTTP/1.1 200) 4 headers in 158 bytes (1 switches on core 0)
Jun 16 06:35:14.595095 np0000002918 devstack@g-api.service[98924]: DEBUG glance.api.middleware.version_negotiation [None req-df39a1dd-628f-4e5a-a9d4-7c5b4ef516bf tempest-ServerActionsV293TestJSON-922604688 tempest-ServerActionsV293TestJSON-922604688-project-member] Determining version of request: GET /v2/images/71b20486-0d14-44a3-9dd0-106ed414a068 Accept: */* {{(pid=98924) process_request /opt/stack/glance/glance/api/middleware/version_negotiation.py:44}}
Jun 16 06:35:14.595523 np0000002918 devstack@g-api.service[98924]: DEBUG glance.api.middleware.version_negotiation [None req-df39a1dd-628f-4e5a-a9d4-7c5b4ef516bf tempest-ServerActionsV293TestJSON-922604688 tempest-ServerActionsV293TestJSON-922604688-project-member] Using url versioning {{(pid=98924) process_request /opt/stack/glance/glance/api/middleware/version_negotiation.py:57}}
Jun 16 06:35:14.595523 np0000002918 devstack@g-api.service[98924]: DEBUG glance.api.middleware.version_negotiation [None req-df39a1dd-628f-4e5a-a9d4-7c5b4ef516bf tempest-ServerActionsV293TestJSON-922604688 tempest-ServerActionsV293TestJSON-922604688-project-member] Matched version: v2 {{(pid=98924) process_request /opt/stack/glance/glance/api/middleware/version_negotiation.py:69}}
Jun 16 06:35:14.595674 np0000002918 devstack@g-api.service[98924]: DEBUG glance.api.middleware.version_negotiation [None req-df39a1dd-628f-4e5a-a9d4-7c5b4ef516bf tempest-ServerActionsV293TestJSON-922604688 tempest-ServerActionsV293TestJSON-922604688-project-member] new path /v2/images/71b20486-0d14-44a3-9dd0-106ed414a068 {{(pid=98924) process_request /opt/stack/glance/glance/api/middleware/version_negotiation.py:70}}
Jun 16 06:35:14.606254 np0000002918 devstack@g-api.service[98924]: [pid: 98924|app: 0|req: 52/110] 127.0.0.1 () {44 vars in 1111 bytes} [Tue Jun 16 06:35:14 2026] GET /v2/images/71b20486-0d14-44a3-9dd0-106ed414a068 => generated 1044 bytes in 11 msecs (HTTP/1.1 200) 4 headers in 158 bytes (1 switches on core 0)
Jun 16 06:35:14.656528 np0000002918 devstack@g-api.service[98923]: DEBUG glance.api.middleware.version_negotiation [None req-df39a1dd-628f-4e5a-a9d4-7c5b4ef516bf tempest-ServerActionsV293TestJSON-922604688 tempest-ServerActionsV293TestJSON-922604688-project-member] Determining version of request: GET /v2/schemas/image Accept: */* {{(pid=98923) process_request /opt/stack/glance/glance/api/middleware/version_negotiation.py:44}}
Jun 16 06:35:14.657119 np0000002918 devstack@g-api.service[98923]: DEBUG glance.api.middleware.version_negotiation [None req-df39a1dd-628f-4e5a-a9d4-7c5b4ef516bf tempest-ServerActionsV293TestJSON-922604688 tempest-ServerActionsV293TestJSON-922604688-project-member] Using url versioning {{(pid=98923) process_request /opt/stack/glance/glance/api/middleware/version_negotiation.py:57}}
Jun 16 06:35:14.657119 np0000002918 devstack@g-api.service[98923]: DEBUG glance.api.middleware.version_negotiation [None req-df39a1dd-628f-4e5a-a9d4-7c5b4ef516bf tempest-ServerActionsV293TestJSON-922604688 tempest-ServerActionsV293TestJSON-922604688-project-member] Matched version: v2 {{(pid=98923) process_request /opt/stack/glance/glance/api/middleware/version_negotiation.py:69}}
Jun 16 06:35:14.657119 np0000002918 devstack@g-api.service[98923]: DEBUG glance.api.middleware.version_negotiation [None req-df39a1dd-628f-4e5a-a9d4-7c5b4ef516bf tempest-ServerActionsV293TestJSON-922604688 tempest-ServerActionsV293TestJSON-922604688-project-member] new path /v2/schemas/image {{(pid=98923) process_request /opt/stack/glance/glance/api/middleware/version_negotiation.py:70}}
Jun 16 06:35:14.663707 np0000002918 devstack@g-api.service[98923]: [pid: 98923|app: 0|req: 59/111] 127.0.0.1 () {44 vars in 1051 bytes} [Tue Jun 16 06:35:14 2026] GET /v2/schemas/image => generated 6083 bytes in 7 msecs (HTTP/1.1 200) 4 headers in 158 bytes (1 switches on core 0)
Jun 16 06:35:17.867292 np0000002918 devstack@g-api.service[98924]: DEBUG glance.api.middleware.version_negotiation [None req-df39a1dd-628f-4e5a-a9d4-7c5b4ef516bf tempest-ServerActionsV293TestJSON-922604688 tempest-ServerActionsV293TestJSON-922604688-project-member] Determining version of request: GET /v2/images/71b20486-0d14-44a3-9dd0-106ed414a068 Accept: */* {{(pid=98924) process_request /opt/stack/glance/glance/api/middleware/version_negotiation.py:44}}
Jun 16 06:35:17.867627 np0000002918 devstack@g-api.service[98924]: DEBUG glance.api.middleware.version_negotiation [None req-df39a1dd-628f-4e5a-a9d4-7c5b4ef516bf tempest-ServerActionsV293TestJSON-922604688 tempest-ServerActionsV293TestJSON-922604688-project-member] Using url versioning {{(pid=98924) process_request /opt/stack/glance/glance/api/middleware/version_negotiation.py:57}}
Jun 16 06:35:17.867627 np0000002918 devstack@g-api.service[98924]: DEBUG glance.api.middleware.version_negotiation [None req-df39a1dd-628f-4e5a-a9d4-7c5b4ef516bf tempest-ServerActionsV293TestJSON-922604688 tempest-ServerActionsV293TestJSON-922604688-project-member] Matched version: v2 {{(pid=98924) process_request /opt/stack/glance/glance/api/middleware/version_negotiation.py:69}}
Jun 16 06:35:17.867781 np0000002918 devstack@g-api.service[98924]: DEBUG glance.api.middleware.version_negotiation [None req-df39a1dd-628f-4e5a-a9d4-7c5b4ef516bf tempest-ServerActionsV293TestJSON-922604688 tempest-ServerActionsV293TestJSON-922604688-project-member] new path /v2/images/71b20486-0d14-44a3-9dd0-106ed414a068 {{(pid=98924) process_request /opt/stack/glance/glance/api/middleware/version_negotiation.py:70}}
Jun 16 06:35:17.898539 np0000002918 devstack@g-api.service[98924]: [pid: 98924|app: 0|req: 53/112] 127.0.0.1 () {44 vars in 1111 bytes} [Tue Jun 16 06:35:17 2026] GET /v2/images/71b20486-0d14-44a3-9dd0-106ed414a068 => generated 1044 bytes in 31 msecs (HTTP/1.1 200) 4 headers in 158 bytes (1 switches on core 0)
Jun 16 06:35:17.952913 np0000002918 devstack@g-api.service[98923]: DEBUG glance.api.middleware.version_negotiation [None req-df39a1dd-628f-4e5a-a9d4-7c5b4ef516bf tempest-ServerActionsV293TestJSON-922604688 tempest-ServerActionsV293TestJSON-922604688-project-member] Determining version of request: GET /v2/schemas/image Accept: */* {{(pid=98923) process_request /opt/stack/glance/glance/api/middleware/version_negotiation.py:44}}
Jun 16 06:35:17.952913 np0000002918 devstack@g-api.service[98923]: DEBUG glance.api.middleware.version_negotiation [None req-df39a1dd-628f-4e5a-a9d4-7c5b4ef516bf tempest-ServerActionsV293TestJSON-922604688 tempest-ServerActionsV293TestJSON-922604688-project-member] Using url versioning {{(pid=98923) process_request /opt/stack/glance/glance/api/middleware/version_negotiation.py:57}}
Jun 16 06:35:17.952913 np0000002918 devstack@g-api.service[98923]: DEBUG glance.api.middleware.version_negotiation [None req-df39a1dd-628f-4e5a-a9d4-7c5b4ef516bf tempest-ServerActionsV293TestJSON-922604688 tempest-ServerActionsV293TestJSON-922604688-project-member] Matched version: v2 {{(pid=98923) process_request /opt/stack/glance/glance/api/middleware/version_negotiation.py:69}}
Jun 16 06:35:17.952913 np0000002918 devstack@g-api.service[98923]: DEBUG glance.api.middleware.version_negotiation [None req-df39a1dd-628f-4e5a-a9d4-7c5b4ef516bf tempest-ServerActionsV293TestJSON-922604688 tempest-ServerActionsV293TestJSON-922604688-project-member] new path /v2/schemas/image {{(pid=98923) process_request /opt/stack/glance/glance/api/middleware/version_negotiation.py:70}}
Jun 16 06:35:17.955512 np0000002918 devstack@g-api.service[98923]: [pid: 98923|app: 0|req: 60/113] 127.0.0.1 () {44 vars in 1051 bytes} [Tue Jun 16 06:35:17 2026] GET /v2/schemas/image => generated 6083 bytes in 3 msecs (HTTP/1.1 200) 4 headers in 158 bytes (1 switches on core 0)
Jun 16 06:35:18.021027 np0000002918 devstack@g-api.service[98924]: DEBUG glance.api.middleware.version_negotiation [None req-df39a1dd-628f-4e5a-a9d4-7c5b4ef516bf tempest-ServerActionsV293TestJSON-922604688 tempest-ServerActionsV293TestJSON-922604688-project-member] Determining version of request: GET /v2/images/71b20486-0d14-44a3-9dd0-106ed414a068 Accept: */* {{(pid=98924) process_request /opt/stack/glance/glance/api/middleware/version_negotiation.py:44}}
Jun 16 06:35:18.021236 np0000002918 devstack@g-api.service[98924]: DEBUG glance.api.middleware.version_negotiation [None req-df39a1dd-628f-4e5a-a9d4-7c5b4ef516bf tempest-ServerActionsV293TestJSON-922604688 tempest-ServerActionsV293TestJSON-922604688-project-member] Using url versioning {{(pid=98924) process_request /opt/stack/glance/glance/api/middleware/version_negotiation.py:57}}
Jun 16 06:35:18.021477 np0000002918 devstack@g-api.service[98924]: DEBUG glance.api.middleware.version_negotiation [None req-df39a1dd-628f-4e5a-a9d4-7c5b4ef516bf tempest-ServerActionsV293TestJSON-922604688 tempest-ServerActionsV293TestJSON-922604688-project-member] Matched version: v2 {{(pid=98924) process_request /opt/stack/glance/glance/api/middleware/version_negotiation.py:69}}
Jun 16 06:35:18.021533 np0000002918 devstack@g-api.service[98924]: DEBUG glance.api.middleware.version_negotiation [None req-df39a1dd-628f-4e5a-a9d4-7c5b4ef516bf tempest-ServerActionsV293TestJSON-922604688 tempest-ServerActionsV293TestJSON-922604688-project-member] new path /v2/images/71b20486-0d14-44a3-9dd0-106ed414a068 {{(pid=98924) process_request /opt/stack/glance/glance/api/middleware/version_negotiation.py:70}}
Jun 16 06:35:18.044738 np0000002918 devstack@g-api.service[98924]: [pid: 98924|app: 0|req: 54/114] 127.0.0.1 () {44 vars in 1111 bytes} [Tue Jun 16 06:35:18 2026] GET /v2/images/71b20486-0d14-44a3-9dd0-106ed414a068 => generated 1044 bytes in 25 msecs (HTTP/1.1 200) 4 headers in 158 bytes (1 switches on core 0)
Jun 16 06:35:18.055736 np0000002918 devstack@g-api.service[98923]: DEBUG glance.api.middleware.version_negotiation [None req-df39a1dd-628f-4e5a-a9d4-7c5b4ef516bf tempest-ServerActionsV293TestJSON-922604688 tempest-ServerActionsV293TestJSON-922604688-project-member] Determining version of request: GET /v2/schemas/image Accept: */* {{(pid=98923) process_request /opt/stack/glance/glance/api/middleware/version_negotiation.py:44}}
Jun 16 06:35:18.056746 np0000002918 devstack@g-api.service[98923]: DEBUG glance.api.middleware.version_negotiation [None req-df39a1dd-628f-4e5a-a9d4-7c5b4ef516bf tempest-ServerActionsV293TestJSON-922604688 tempest-ServerActionsV293TestJSON-922604688-project-member] Using url versioning {{(pid=98923) process_request /opt/stack/glance/glance/api/middleware/version_negotiation.py:57}}
Jun 16 06:35:18.056746 np0000002918 devstack@g-api.service[98923]: DEBUG glance.api.middleware.version_negotiation [None req-df39a1dd-628f-4e5a-a9d4-7c5b4ef516bf tempest-ServerActionsV293TestJSON-922604688 tempest-ServerActionsV293TestJSON-922604688-project-member] Matched version: v2 {{(pid=98923) process_request /opt/stack/glance/glance/api/middleware/version_negotiation.py:69}}
Jun 16 06:35:18.056746 np0000002918 devstack@g-api.service[98923]: DEBUG glance.api.middleware.version_negotiation [None req-df39a1dd-628f-4e5a-a9d4-7c5b4ef516bf tempest-ServerActionsV293TestJSON-922604688 tempest-ServerActionsV293TestJSON-922604688-project-member] new path /v2/schemas/image {{(pid=98923) process_request /opt/stack/glance/glance/api/middleware/version_negotiation.py:70}}
Jun 16 06:35:18.060186 np0000002918 devstack@g-api.service[98923]: [pid: 98923|app: 0|req: 61/115] 127.0.0.1 () {44 vars in 1051 bytes} [Tue Jun 16 06:35:18 2026] GET /v2/schemas/image => generated 6083 bytes in 4 msecs (HTTP/1.1 200) 4 headers in 158 bytes (1 switches on core 0)
Jun 16 06:35:18.072131 np0000002918 devstack@g-api.service[98924]: DEBUG glance.api.middleware.version_negotiation [None req-df39a1dd-628f-4e5a-a9d4-7c5b4ef516bf tempest-ServerActionsV293TestJSON-922604688 tempest-ServerActionsV293TestJSON-922604688-project-member] Determining version of request: GET /v2/schemas/image Accept: */* {{(pid=98924) process_request /opt/stack/glance/glance/api/middleware/version_negotiation.py:44}}
Jun 16 06:35:18.072363 np0000002918 devstack@g-api.service[98924]: DEBUG glance.api.middleware.version_negotiation [None req-df39a1dd-628f-4e5a-a9d4-7c5b4ef516bf tempest-ServerActionsV293TestJSON-922604688 tempest-ServerActionsV293TestJSON-922604688-project-member] Using url versioning {{(pid=98924) process_request /opt/stack/glance/glance/api/middleware/version_negotiation.py:57}}
Jun 16 06:35:18.072537 np0000002918 devstack@g-api.service[98924]: DEBUG glance.api.middleware.version_negotiation [None req-df39a1dd-628f-4e5a-a9d4-7c5b4ef516bf tempest-ServerActionsV293TestJSON-922604688 tempest-ServerActionsV293TestJSON-922604688-project-member] Matched version: v2 {{(pid=98924) process_request /opt/stack/glance/glance/api/middleware/version_negotiation.py:69}}
Jun 16 06:35:18.072659 np0000002918 devstack@g-api.service[98924]: DEBUG glance.api.middleware.version_negotiation [None req-df39a1dd-628f-4e5a-a9d4-7c5b4ef516bf tempest-ServerActionsV293TestJSON-922604688 tempest-ServerActionsV293TestJSON-922604688-project-member] new path /v2/schemas/image {{(pid=98924) process_request /opt/stack/glance/glance/api/middleware/version_negotiation.py:70}}
Jun 16 06:35:18.076696 np0000002918 devstack@g-api.service[98924]: [pid: 98924|app: 0|req: 55/116] 127.0.0.1 () {44 vars in 1051 bytes} [Tue Jun 16 06:35:18 2026] GET /v2/schemas/image => generated 6083 bytes in 5 msecs (HTTP/1.1 200) 4 headers in 158 bytes (1 switches on core 0)
Jun 16 06:35:18.106201 np0000002918 devstack@g-api.service[98923]: DEBUG glance.api.middleware.version_negotiation [None req-df39a1dd-628f-4e5a-a9d4-7c5b4ef516bf tempest-ServerActionsV293TestJSON-922604688 tempest-ServerActionsV293TestJSON-922604688-project-member] Determining version of request: GET /v2/images/71b20486-0d14-44a3-9dd0-106ed414a068 Accept: */* {{(pid=98923) process_request /opt/stack/glance/glance/api/middleware/version_negotiation.py:44}}
Jun 16 06:35:18.106537 np0000002918 devstack@g-api.service[98923]: DEBUG glance.api.middleware.version_negotiation [None req-df39a1dd-628f-4e5a-a9d4-7c5b4ef516bf tempest-ServerActionsV293TestJSON-922604688 tempest-ServerActionsV293TestJSON-922604688-project-member] Using url versioning {{(pid=98923) process_request /opt/stack/glance/glance/api/middleware/version_negotiation.py:57}}
Jun 16 06:35:18.106671 np0000002918 devstack@g-api.service[98923]: DEBUG glance.api.middleware.version_negotiation [None req-df39a1dd-628f-4e5a-a9d4-7c5b4ef516bf tempest-ServerActionsV293TestJSON-922604688 tempest-ServerActionsV293TestJSON-922604688-project-member] Matched version: v2 {{(pid=98923) process_request /opt/stack/glance/glance/api/middleware/version_negotiation.py:69}}
Jun 16 06:35:18.106828 np0000002918 devstack@g-api.service[98923]: DEBUG glance.api.middleware.version_negotiation [None req-df39a1dd-628f-4e5a-a9d4-7c5b4ef516bf tempest-ServerActionsV293TestJSON-922604688 tempest-ServerActionsV293TestJSON-922604688-project-member] new path /v2/images/71b20486-0d14-44a3-9dd0-106ed414a068 {{(pid=98923) process_request /opt/stack/glance/glance/api/middleware/version_negotiation.py:70}}
Jun 16 06:35:18.126011 np0000002918 devstack@g-api.service[98923]: [pid: 98923|app: 0|req: 62/117] 127.0.0.1 () {44 vars in 1111 bytes} [Tue Jun 16 06:35:18 2026] GET /v2/images/71b20486-0d14-44a3-9dd0-106ed414a068 => generated 1044 bytes in 20 msecs (HTTP/1.1 200) 4 headers in 158 bytes (1 switches on core 0)
Jun 16 06:35:18.141847 np0000002918 devstack@g-api.service[98924]: DEBUG glance.api.middleware.version_negotiation [None req-df39a1dd-628f-4e5a-a9d4-7c5b4ef516bf tempest-ServerActionsV293TestJSON-922604688 tempest-ServerActionsV293TestJSON-922604688-project-member] Determining version of request: GET /v2/schemas/image Accept: */* {{(pid=98924) process_request /opt/stack/glance/glance/api/middleware/version_negotiation.py:44}}
Jun 16 06:35:18.142319 np0000002918 devstack@g-api.service[98924]: DEBUG glance.api.middleware.version_negotiation [None req-df39a1dd-628f-4e5a-a9d4-7c5b4ef516bf tempest-ServerActionsV293TestJSON-922604688 tempest-ServerActionsV293TestJSON-922604688-project-member] Using url versioning {{(pid=98924) process_request /opt/stack/glance/glance/api/middleware/version_negotiation.py:57}}
Jun 16 06:35:18.142319 np0000002918 devstack@g-api.service[98924]: DEBUG glance.api.middleware.version_negotiation [None req-df39a1dd-628f-4e5a-a9d4-7c5b4ef516bf tempest-ServerActionsV293TestJSON-922604688 tempest-ServerActionsV293TestJSON-922604688-project-member] Matched version: v2 {{(pid=98924) process_request /opt/stack/glance/glance/api/middleware/version_negotiation.py:69}}
