Jul 23 06:56:44.694233 np0000005726 nova-conductor[99034]: DEBUG cotyledon.oslo_config_glue [-] workarounds.disable_group_policy_check_upcall = False {{(pid=99034) log_opt_values /opt/stack/data/venv/lib/python3.12/site-packages/oslo_config/cfg.py:3253}}
Jul 23 06:56:44.694233 np0000005726 nova-conductor[99034]: DEBUG cotyledon.oslo_config_glue [-] workarounds.disable_libvirt_livesnapshot = False {{(pid=99034) log_opt_values /opt/stack/data/venv/lib/python3.12/site-packages/oslo_config/cfg.py:3253}}
Jul 23 06:56:44.694233 np0000005726 nova-conductor[99034]: DEBUG cotyledon.oslo_config_glue [-] workarounds.disable_rootwrap = False {{(pid=99034) log_opt_values /opt/stack/data/venv/lib/python3.12/site-packages/oslo_config/cfg.py:3253}}
Jul 23 06:56:44.694233 np0000005726 nova-conductor[99034]: DEBUG cotyledon.oslo_config_glue [-] workarounds.enable_numa_live_migration = False {{(pid=99034) log_opt_values /opt/stack/data/venv/lib/python3.12/site-packages/oslo_config/cfg.py:3253}}
Jul 23 06:56:44.694233 np0000005726 nova-conductor[99034]: DEBUG cotyledon.oslo_config_glue [-] workarounds.enable_qemu_monitor_announce_self = False {{(pid=99034) log_opt_values /opt/stack/data/venv/lib/python3.12/site-packages/oslo_config/cfg.py:3253}}
Jul 23 06:56:44.694233 np0000005726 nova-conductor[99034]: DEBUG cotyledon.oslo_config_glue [-] workarounds.ensure_libvirt_rbd_instance_dir_cleanup = False {{(pid=99034) log_opt_values /opt/stack/data/venv/lib/python3.12/site-packages/oslo_config/cfg.py:3253}}
Jul 23 06:56:44.694233 np0000005726 nova-conductor[99034]: DEBUG cotyledon.oslo_config_glue [-] workarounds.handle_virt_lifecycle_events = True {{(pid=99034) log_opt_values /opt/stack/data/venv/lib/python3.12/site-packages/oslo_config/cfg.py:3253}}
Jul 23 06:56:44.694660 np0000005726 nova-conductor[99034]: DEBUG cotyledon.oslo_config_glue [-] workarounds.libvirt_disable_apic = False {{(pid=99034) log_opt_values /opt/stack/data/venv/lib/python3.12/site-packages/oslo_config/cfg.py:3253}}
Jul 23 06:56:44.694660 np0000005726 nova-conductor[99034]: DEBUG cotyledon.oslo_config_glue [-] workarounds.never_download_image_if_on_rbd = False {{(pid=99034) log_opt_values /opt/stack/data/venv/lib/python3.12/site-packages/oslo_config/cfg.py:3253}}
Jul 23 06:56:44.694660 np0000005726 nova-conductor[99034]: DEBUG cotyledon.oslo_config_glue [-] workarounds.qemu_monitor_announce_self_count = 3 {{(pid=99034) log_opt_values /opt/stack/data/venv/lib/python3.12/site-packages/oslo_config/cfg.py:3253}}
Jul 23 06:56:44.694660 np0000005726 nova-conductor[99034]: DEBUG cotyledon.oslo_config_glue [-] workarounds.qemu_monitor_announce_self_interval = 1 {{(pid=99034) log_opt_values /opt/stack/data/venv/lib/python3.12/site-packages/oslo_config/cfg.py:3253}}
Jul 23 06:56:44.694660 np0000005726 nova-conductor[99034]: DEBUG cotyledon.oslo_config_glue [-] workarounds.reserve_disk_resource_for_image_cache = False {{(pid=99034) log_opt_values /opt/stack/data/venv/lib/python3.12/site-packages/oslo_config/cfg.py:3253}}
Jul 23 06:56:44.694660 np0000005726 nova-conductor[99034]: DEBUG cotyledon.oslo_config_glue [-] workarounds.skip_cpu_compare_at_startup = False {{(pid=99034) log_opt_values /opt/stack/data/venv/lib/python3.12/site-packages/oslo_config/cfg.py:3253}}
Jul 23 06:56:44.694660 np0000005726 nova-conductor[99034]: DEBUG cotyledon.oslo_config_glue [-] workarounds.skip_cpu_compare_on_dest = False {{(pid=99034) log_opt_values /opt/stack/data/venv/lib/python3.12/site-packages/oslo_config/cfg.py:3253}}
Jul 23 06:56:44.694660 np0000005726 nova-conductor[99034]: DEBUG cotyledon.oslo_config_glue [-] workarounds.skip_hypervisor_version_check_on_lm = False {{(pid=99034) log_opt_values /opt/stack/data/venv/lib/python3.12/site-packages/oslo_config/cfg.py:3253}}
Jul 23 06:56:44.694660 np0000005726 nova-conductor[99034]: DEBUG cotyledon.oslo_config_glue [-] workarounds.skip_reserve_in_use_ironic_nodes = False {{(pid=99034) log_opt_values /opt/stack/data/venv/lib/python3.12/site-packages/oslo_config/cfg.py:3253}}
Jul 23 06:56:44.694936 np0000005726 nova-conductor[99034]: DEBUG cotyledon.oslo_config_glue [-] workarounds.unified_limits_count_pcpu_as_vcpu = False {{(pid=99034) log_opt_values /opt/stack/data/venv/lib/python3.12/site-packages/oslo_config/cfg.py:3253}}
Jul 23 06:56:44.694936 np0000005726 nova-conductor[99034]: DEBUG cotyledon.oslo_config_glue [-] workarounds.wait_for_vif_plugged_event_during_hard_reboot = [] {{(pid=99034) log_opt_values /opt/stack/data/venv/lib/python3.12/site-packages/oslo_config/cfg.py:3253}}
Jul 23 06:56:44.694936 np0000005726 nova-conductor[99034]: DEBUG cotyledon.oslo_config_glue [-] wsgi.api_paste_config = /etc/nova/api-paste.ini {{(pid=99034) log_opt_values /opt/stack/data/venv/lib/python3.12/site-packages/oslo_config/cfg.py:3253}}
Jul 23 06:56:44.694936 np0000005726 nova-conductor[99034]: DEBUG cotyledon.oslo_config_glue [-] wsgi.secure_proxy_ssl_header = None {{(pid=99034) log_opt_values /opt/stack/data/venv/lib/python3.12/site-packages/oslo_config/cfg.py:3253}}
Jul 23 06:56:44.694936 np0000005726 nova-conductor[99034]: DEBUG cotyledon.oslo_config_glue [-] zvm.ca_file = None {{(pid=99034) log_opt_values /opt/stack/data/venv/lib/python3.12/site-packages/oslo_config/cfg.py:3253}}
Jul 23 06:56:44.694936 np0000005726 nova-conductor[99034]: DEBUG cotyledon.oslo_config_glue [-] zvm.cloud_connector_url = None {{(pid=99034) log_opt_values /opt/stack/data/venv/lib/python3.12/site-packages/oslo_config/cfg.py:3253}}
Jul 23 06:56:44.694936 np0000005726 nova-conductor[99034]: DEBUG cotyledon.oslo_config_glue [-] zvm.image_tmp_path = /opt/stack/data/nova/images {{(pid=99034) log_opt_values /opt/stack/data/venv/lib/python3.12/site-packages/oslo_config/cfg.py:3253}}
Jul 23 06:56:44.694936 np0000005726 nova-conductor[99034]: DEBUG cotyledon.oslo_config_glue [-] zvm.reachable_timeout = 300 {{(pid=99034) log_opt_values /opt/stack/data/venv/lib/python3.12/site-packages/oslo_config/cfg.py:3253}}
Jul 23 06:56:44.694936 np0000005726 nova-conductor[99034]: DEBUG cotyledon.oslo_config_glue [-] oslo_versionedobjects.fatal_exception_format_errors = False {{(pid=99034) log_opt_values /opt/stack/data/venv/lib/python3.12/site-packages/oslo_config/cfg.py:3253}}
Jul 23 06:56:44.695217 np0000005726 nova-conductor[99034]: DEBUG cotyledon.oslo_config_glue [-] oslo_middleware.http_basic_auth_user_file = /etc/htpasswd {{(pid=99034) log_opt_values /opt/stack/data/venv/lib/python3.12/site-packages/oslo_config/cfg.py:3253}}
Jul 23 06:56:44.695217 np0000005726 nova-conductor[99034]: DEBUG cotyledon.oslo_config_glue [-] profiler.connection_string = messaging:// {{(pid=99034) log_opt_values /opt/stack/data/venv/lib/python3.12/site-packages/oslo_config/cfg.py:3253}}
Jul 23 06:56:44.695217 np0000005726 nova-conductor[99034]: DEBUG cotyledon.oslo_config_glue [-] profiler.enabled = False {{(pid=99034) log_opt_values /opt/stack/data/venv/lib/python3.12/site-packages/oslo_config/cfg.py:3253}}
Jul 23 06:56:44.695217 np0000005726 nova-conductor[99034]: DEBUG cotyledon.oslo_config_glue [-] profiler.es_doc_type = notification {{(pid=99034) log_opt_values /opt/stack/data/venv/lib/python3.12/site-packages/oslo_config/cfg.py:3253}}
Jul 23 06:56:44.695217 np0000005726 nova-conductor[99034]: DEBUG cotyledon.oslo_config_glue [-] profiler.es_scroll_size = 10000 {{(pid=99034) log_opt_values /opt/stack/data/venv/lib/python3.12/site-packages/oslo_config/cfg.py:3253}}
Jul 23 06:56:44.695217 np0000005726 nova-conductor[99034]: DEBUG cotyledon.oslo_config_glue [-] profiler.es_scroll_time = 2m {{(pid=99034) log_opt_values /opt/stack/data/venv/lib/python3.12/site-packages/oslo_config/cfg.py:3253}}
Jul 23 06:56:44.695217 np0000005726 nova-conductor[99034]: DEBUG cotyledon.oslo_config_glue [-] profiler.filter_error_trace = False {{(pid=99034) log_opt_values /opt/stack/data/venv/lib/python3.12/site-packages/oslo_config/cfg.py:3253}}
Jul 23 06:56:44.695217 np0000005726 nova-conductor[99034]: DEBUG cotyledon.oslo_config_glue [-] profiler.hmac_keys = **** {{(pid=99034) log_opt_values /opt/stack/data/venv/lib/python3.12/site-packages/oslo_config/cfg.py:3253}}
Jul 23 06:56:44.695217 np0000005726 nova-conductor[99034]: DEBUG cotyledon.oslo_config_glue [-] profiler.sentinel_service_name = mymaster {{(pid=99034) log_opt_values /opt/stack/data/venv/lib/python3.12/site-packages/oslo_config/cfg.py:3253}}
Jul 23 06:56:44.695468 np0000005726 nova-conductor[99034]: DEBUG cotyledon.oslo_config_glue [-] profiler.socket_timeout = 0.1 {{(pid=99034) log_opt_values /opt/stack/data/venv/lib/python3.12/site-packages/oslo_config/cfg.py:3253}}
Jul 23 06:56:44.695468 np0000005726 nova-conductor[99034]: DEBUG cotyledon.oslo_config_glue [-] profiler.trace_requests = False {{(pid=99034) log_opt_values /opt/stack/data/venv/lib/python3.12/site-packages/oslo_config/cfg.py:3253}}
Jul 23 06:56:44.695468 np0000005726 nova-conductor[99034]: DEBUG cotyledon.oslo_config_glue [-] profiler.trace_sqlalchemy = False {{(pid=99034) log_opt_values /opt/stack/data/venv/lib/python3.12/site-packages/oslo_config/cfg.py:3253}}
Jul 23 06:56:44.695468 np0000005726 nova-conductor[99034]: DEBUG cotyledon.oslo_config_glue [-] profiler_jaeger.process_tags = {} {{(pid=99034) log_opt_values /opt/stack/data/venv/lib/python3.12/site-packages/oslo_config/cfg.py:3253}}
Jul 23 06:56:44.695468 np0000005726 nova-conductor[99034]: DEBUG cotyledon.oslo_config_glue [-] profiler_jaeger.service_name_prefix = None {{(pid=99034) log_opt_values /opt/stack/data/venv/lib/python3.12/site-packages/oslo_config/cfg.py:3253}}
Jul 23 06:56:44.695468 np0000005726 nova-conductor[99034]: DEBUG cotyledon.oslo_config_glue [-] profiler_otlp.service_name_prefix = None {{(pid=99034) log_opt_values /opt/stack/data/venv/lib/python3.12/site-packages/oslo_config/cfg.py:3253}}
Jul 23 06:56:44.695468 np0000005726 nova-conductor[99034]: DEBUG cotyledon.oslo_config_glue [-] oslo_messaging_rabbit.amqp_auto_delete = False {{(pid=99034) log_opt_values /opt/stack/data/venv/lib/python3.12/site-packages/oslo_config/cfg.py:3253}}
Jul 23 06:56:44.695468 np0000005726 nova-conductor[99034]: DEBUG cotyledon.oslo_config_glue [-] oslo_messaging_rabbit.amqp_durable_queues = False {{(pid=99034) log_opt_values /opt/stack/data/venv/lib/python3.12/site-packages/oslo_config/cfg.py:3253}}
Jul 23 06:56:44.695468 np0000005726 nova-conductor[99034]: DEBUG cotyledon.oslo_config_glue [-] oslo_messaging_rabbit.conn_pool_min_size = 2 {{(pid=99034) log_opt_values /opt/stack/data/venv/lib/python3.12/site-packages/oslo_config/cfg.py:3253}}
Jul 23 06:56:44.695663 np0000005726 nova-conductor[99034]: DEBUG cotyledon.oslo_config_glue [-] oslo_messaging_rabbit.conn_pool_ttl = 1200 {{(pid=99034) log_opt_values /opt/stack/data/venv/lib/python3.12/site-packages/oslo_config/cfg.py:3253}}
Jul 23 06:56:44.695663 np0000005726 nova-conductor[99034]: DEBUG cotyledon.oslo_config_glue [-] oslo_messaging_rabbit.direct_mandatory_flag = True {{(pid=99034) log_opt_values /opt/stack/data/venv/lib/python3.12/site-packages/oslo_config/cfg.py:3253}}
Jul 23 06:56:44.695663 np0000005726 nova-conductor[99034]: DEBUG cotyledon.oslo_config_glue [-] oslo_messaging_rabbit.enable_cancel_on_failover = False {{(pid=99034) log_opt_values /opt/stack/data/venv/lib/python3.12/site-packages/oslo_config/cfg.py:3253}}
Jul 23 06:56:44.695663 np0000005726 nova-conductor[99034]: DEBUG cotyledon.oslo_config_glue [-] oslo_messaging_rabbit.heartbeat_rate = 3 {{(pid=99034) log_opt_values /opt/stack/data/venv/lib/python3.12/site-packages/oslo_config/cfg.py:3253}}
Jul 23 06:56:44.695663 np0000005726 nova-conductor[99034]: DEBUG cotyledon.oslo_config_glue [-] oslo_messaging_rabbit.heartbeat_timeout_threshold = 60 {{(pid=99034) log_opt_values /opt/stack/data/venv/lib/python3.12/site-packages/oslo_config/cfg.py:3253}}
Jul 23 06:56:44.695663 np0000005726 nova-conductor[99034]: DEBUG cotyledon.oslo_config_glue [-] oslo_messaging_rabbit.hostname = np0000005726 {{(pid=99034) log_opt_values /opt/stack/data/venv/lib/python3.12/site-packages/oslo_config/cfg.py:3253}}
Jul 23 06:56:44.695663 np0000005726 nova-conductor[99034]: DEBUG cotyledon.oslo_config_glue [-] oslo_messaging_rabbit.kombu_compression = None {{(pid=99034) log_opt_values /opt/stack/data/venv/lib/python3.12/site-packages/oslo_config/cfg.py:3253}}
Jul 23 06:56:44.695663 np0000005726 nova-conductor[99034]: DEBUG cotyledon.oslo_config_glue [-] oslo_messaging_rabbit.kombu_failover_strategy = round-robin {{(pid=99034) log_opt_values /opt/stack/data/venv/lib/python3.12/site-packages/oslo_config/cfg.py:3253}}
Jul 23 06:56:44.695663 np0000005726 nova-conductor[99034]: DEBUG cotyledon.oslo_config_glue [-] oslo_messaging_rabbit.kombu_missing_consumer_retry_timeout = 60 {{(pid=99034) log_opt_values /opt/stack/data/venv/lib/python3.12/site-packages/oslo_config/cfg.py:3253}}
Jul 23 06:56:44.695889 np0000005726 nova-conductor[99034]: DEBUG cotyledon.oslo_config_glue [-] oslo_messaging_rabbit.kombu_reconnect_delay = 1.0 {{(pid=99034) log_opt_values /opt/stack/data/venv/lib/python3.12/site-packages/oslo_config/cfg.py:3253}}
Jul 23 06:56:44.695889 np0000005726 nova-conductor[99034]: DEBUG cotyledon.oslo_config_glue [-] oslo_messaging_rabbit.kombu_reconnect_splay = 0.0 {{(pid=99034) log_opt_values /opt/stack/data/venv/lib/python3.12/site-packages/oslo_config/cfg.py:3253}}
Jul 23 06:56:44.695889 np0000005726 nova-conductor[99034]: DEBUG cotyledon.oslo_config_glue [-] oslo_messaging_rabbit.processname = nova-conductor {{(pid=99034) log_opt_values /opt/stack/data/venv/lib/python3.12/site-packages/oslo_config/cfg.py:3253}}
Jul 23 06:56:44.695889 np0000005726 nova-conductor[99034]: DEBUG cotyledon.oslo_config_glue [-] oslo_messaging_rabbit.rabbit_ha_queues = False {{(pid=99034) log_opt_values /opt/stack/data/venv/lib/python3.12/site-packages/oslo_config/cfg.py:3253}}
Jul 23 06:56:44.695889 np0000005726 nova-conductor[99034]: DEBUG cotyledon.oslo_config_glue [-] oslo_messaging_rabbit.rabbit_interval_max = 30 {{(pid=99034) log_opt_values /opt/stack/data/venv/lib/python3.12/site-packages/oslo_config/cfg.py:3253}}
Jul 23 06:56:44.695889 np0000005726 nova-conductor[99034]: DEBUG cotyledon.oslo_config_glue [-] oslo_messaging_rabbit.rabbit_login_method = AMQPLAIN {{(pid=99034) log_opt_values /opt/stack/data/venv/lib/python3.12/site-packages/oslo_config/cfg.py:3253}}
Jul 23 06:56:44.695889 np0000005726 nova-conductor[99034]: DEBUG cotyledon.oslo_config_glue [-] oslo_messaging_rabbit.rabbit_qos_prefetch_count = 0 {{(pid=99034) log_opt_values /opt/stack/data/venv/lib/python3.12/site-packages/oslo_config/cfg.py:3253}}
Jul 23 06:56:44.695889 np0000005726 nova-conductor[99034]: DEBUG cotyledon.oslo_config_glue [-] oslo_messaging_rabbit.rabbit_quorum_delivery_limit = 0 {{(pid=99034) log_opt_values /opt/stack/data/venv/lib/python3.12/site-packages/oslo_config/cfg.py:3253}}
Jul 23 06:56:44.695889 np0000005726 nova-conductor[99034]: DEBUG cotyledon.oslo_config_glue [-] oslo_messaging_rabbit.rabbit_quorum_max_memory_bytes = 0 {{(pid=99034) log_opt_values /opt/stack/data/venv/lib/python3.12/site-packages/oslo_config/cfg.py:3253}}
Jul 23 06:56:44.696091 np0000005726 nova-conductor[99034]: DEBUG cotyledon.oslo_config_glue [-] oslo_messaging_rabbit.rabbit_quorum_max_memory_length = 0 {{(pid=99034) log_opt_values /opt/stack/data/venv/lib/python3.12/site-packages/oslo_config/cfg.py:3253}}
Jul 23 06:56:44.696091 np0000005726 nova-conductor[99034]: DEBUG cotyledon.oslo_config_glue [-] oslo_messaging_rabbit.rabbit_quorum_queue = False {{(pid=99034) log_opt_values /opt/stack/data/venv/lib/python3.12/site-packages/oslo_config/cfg.py:3253}}
Jul 23 06:56:44.696091 np0000005726 nova-conductor[99034]: DEBUG cotyledon.oslo_config_glue [-] oslo_messaging_rabbit.rabbit_retry_backoff = 2 {{(pid=99034) log_opt_values /opt/stack/data/venv/lib/python3.12/site-packages/oslo_config/cfg.py:3253}}
Jul 23 06:56:44.696091 np0000005726 nova-conductor[99034]: DEBUG cotyledon.oslo_config_glue [-] oslo_messaging_rabbit.rabbit_retry_interval = 1 {{(pid=99034) log_opt_values /opt/stack/data/venv/lib/python3.12/site-packages/oslo_config/cfg.py:3253}}
Jul 23 06:56:44.696091 np0000005726 nova-conductor[99034]: DEBUG cotyledon.oslo_config_glue [-] oslo_messaging_rabbit.rabbit_stream_fanout = False {{(pid=99034) log_opt_values /opt/stack/data/venv/lib/python3.12/site-packages/oslo_config/cfg.py:3253}}
Jul 23 06:56:44.696091 np0000005726 nova-conductor[99034]: DEBUG cotyledon.oslo_config_glue [-] oslo_messaging_rabbit.rabbit_transient_queues_ttl = 1800 {{(pid=99034) log_opt_values /opt/stack/data/venv/lib/python3.12/site-packages/oslo_config/cfg.py:3253}}
Jul 23 06:56:44.696091 np0000005726 nova-conductor[99034]: DEBUG cotyledon.oslo_config_glue [-] oslo_messaging_rabbit.rabbit_transient_quorum_queue = False {{(pid=99034) log_opt_values /opt/stack/data/venv/lib/python3.12/site-packages/oslo_config/cfg.py:3253}}
Jul 23 06:56:44.696091 np0000005726 nova-conductor[99034]: DEBUG cotyledon.oslo_config_glue [-] oslo_messaging_rabbit.rpc_conn_pool_size = 30 {{(pid=99034) log_opt_values /opt/stack/data/venv/lib/python3.12/site-packages/oslo_config/cfg.py:3253}}
Jul 23 06:56:44.696091 np0000005726 nova-conductor[99034]: DEBUG cotyledon.oslo_config_glue [-] oslo_messaging_rabbit.ssl = False {{(pid=99034) log_opt_values /opt/stack/data/venv/lib/python3.12/site-packages/oslo_config/cfg.py:3253}}
Jul 23 06:56:44.696321 np0000005726 nova-conductor[99034]: DEBUG cotyledon.oslo_config_glue [-] oslo_messaging_rabbit.ssl_ca_file = {{(pid=99034) log_opt_values /opt/stack/data/venv/lib/python3.12/site-packages/oslo_config/cfg.py:3253}}
Jul 23 06:56:44.696321 np0000005726 nova-conductor[99034]: DEBUG cotyledon.oslo_config_glue [-] oslo_messaging_rabbit.ssl_cert_file = {{(pid=99034) log_opt_values /opt/stack/data/venv/lib/python3.12/site-packages/oslo_config/cfg.py:3253}}
Jul 23 06:56:44.696321 np0000005726 nova-conductor[99034]: DEBUG cotyledon.oslo_config_glue [-] oslo_messaging_rabbit.ssl_enforce_fips_mode = False {{(pid=99034) log_opt_values /opt/stack/data/venv/lib/python3.12/site-packages/oslo_config/cfg.py:3253}}
Jul 23 06:56:44.696321 np0000005726 nova-conductor[99034]: DEBUG cotyledon.oslo_config_glue [-] oslo_messaging_rabbit.ssl_enforce_hostname_verification = True {{(pid=99034) log_opt_values /opt/stack/data/venv/lib/python3.12/site-packages/oslo_config/cfg.py:3253}}
Jul 23 06:56:44.696321 np0000005726 nova-conductor[99034]: DEBUG cotyledon.oslo_config_glue [-] oslo_messaging_rabbit.ssl_key_file = {{(pid=99034) log_opt_values /opt/stack/data/venv/lib/python3.12/site-packages/oslo_config/cfg.py:3253}}
Jul 23 06:56:44.696321 np0000005726 nova-conductor[99034]: DEBUG cotyledon.oslo_config_glue [-] oslo_messaging_rabbit.ssl_version = {{(pid=99034) log_opt_values /opt/stack/data/venv/lib/python3.12/site-packages/oslo_config/cfg.py:3253}}
Jul 23 06:56:44.696321 np0000005726 nova-conductor[99034]: DEBUG cotyledon.oslo_config_glue [-] oslo_messaging_rabbit.use_queue_manager = False {{(pid=99034) log_opt_values /opt/stack/data/venv/lib/python3.12/site-packages/oslo_config/cfg.py:3253}}
Jul 23 06:56:44.696321 np0000005726 nova-conductor[99034]: DEBUG cotyledon.oslo_config_glue [-] oslo_messaging_notifications.driver = ['messagingv2'] {{(pid=99034) log_opt_values /opt/stack/data/venv/lib/python3.12/site-packages/oslo_config/cfg.py:3253}}
Jul 23 06:56:44.696321 np0000005726 nova-conductor[99034]: DEBUG cotyledon.oslo_config_glue [-] oslo_messaging_notifications.retry = -1 {{(pid=99034) log_opt_values /opt/stack/data/venv/lib/python3.12/site-packages/oslo_config/cfg.py:3253}}
Jul 23 06:56:44.696524 np0000005726 nova-conductor[99034]: DEBUG cotyledon.oslo_config_glue [-] oslo_messaging_notifications.topics = ['notifications'] {{(pid=99034) log_opt_values /opt/stack/data/venv/lib/python3.12/site-packages/oslo_config/cfg.py:3253}}
Jul 23 06:56:44.696524 np0000005726 nova-conductor[99034]: DEBUG cotyledon.oslo_config_glue [-] oslo_messaging_notifications.transport_url = **** {{(pid=99034) log_opt_values /opt/stack/data/venv/lib/python3.12/site-packages/oslo_config/cfg.py:3253}}
Jul 23 06:56:44.696524 np0000005726 nova-conductor[99034]: DEBUG cotyledon.oslo_config_glue [-] oslo_limit.auth_section = None {{(pid=99034) log_opt_values /opt/stack/data/venv/lib/python3.12/site-packages/oslo_config/cfg.py:3253}}
Jul 23 06:56:44.696524 np0000005726 nova-conductor[99034]: DEBUG cotyledon.oslo_config_glue [-] oslo_limit.auth_type = None {{(pid=99034) log_opt_values /opt/stack/data/venv/lib/python3.12/site-packages/oslo_config/cfg.py:3253}}
Jul 23 06:56:44.696524 np0000005726 nova-conductor[99034]: DEBUG cotyledon.oslo_config_glue [-] oslo_limit.cafile = None {{(pid=99034) log_opt_values /opt/stack/data/venv/lib/python3.12/site-packages/oslo_config/cfg.py:3253}}
Jul 23 06:56:44.696524 np0000005726 nova-conductor[99034]: DEBUG cotyledon.oslo_config_glue [-] oslo_limit.certfile = None {{(pid=99034) log_opt_values /opt/stack/data/venv/lib/python3.12/site-packages/oslo_config/cfg.py:3253}}
Jul 23 06:56:44.696524 np0000005726 nova-conductor[99034]: DEBUG cotyledon.oslo_config_glue [-] oslo_limit.collect_timing = False {{(pid=99034) log_opt_values /opt/stack/data/venv/lib/python3.12/site-packages/oslo_config/cfg.py:3253}}
Jul 23 06:56:44.696524 np0000005726 nova-conductor[99034]: DEBUG cotyledon.oslo_config_glue [-] oslo_limit.connect_retries = None {{(pid=99034) log_opt_values /opt/stack/data/venv/lib/python3.12/site-packages/oslo_config/cfg.py:3253}}
Jul 23 06:56:44.696524 np0000005726 nova-conductor[99034]: DEBUG cotyledon.oslo_config_glue [-] oslo_limit.connect_retry_delay = None {{(pid=99034) log_opt_values /opt/stack/data/venv/lib/python3.12/site-packages/oslo_config/cfg.py:3253}}
Jul 23 06:56:44.696726 np0000005726 nova-conductor[99034]: DEBUG cotyledon.oslo_config_glue [-] oslo_limit.endpoint_id = None {{(pid=99034) log_opt_values /opt/stack/data/venv/lib/python3.12/site-packages/oslo_config/cfg.py:3253}}
Jul 23 06:56:44.696726 np0000005726 nova-conductor[99034]: DEBUG cotyledon.oslo_config_glue [-] oslo_limit.endpoint_interface = public {{(pid=99034) log_opt_values /opt/stack/data/venv/lib/python3.12/site-packages/oslo_config/cfg.py:3253}}
Jul 23 06:56:44.696726 np0000005726 nova-conductor[99034]: DEBUG cotyledon.oslo_config_glue [-] oslo_limit.endpoint_override = None {{(pid=99034) log_opt_values /opt/stack/data/venv/lib/python3.12/site-packages/oslo_config/cfg.py:3253}}
Jul 23 06:56:44.696726 np0000005726 nova-conductor[99034]: DEBUG cotyledon.oslo_config_glue [-] oslo_limit.endpoint_region_name = None {{(pid=99034) log_opt_values /opt/stack/data/venv/lib/python3.12/site-packages/oslo_config/cfg.py:3253}}
Jul 23 06:56:44.696726 np0000005726 nova-conductor[99034]: DEBUG cotyledon.oslo_config_glue [-] oslo_limit.endpoint_service_name = None {{(pid=99034) log_opt_values /opt/stack/data/venv/lib/python3.12/site-packages/oslo_config/cfg.py:3253}}
Jul 23 06:56:44.696726 np0000005726 nova-conductor[99034]: DEBUG cotyledon.oslo_config_glue [-] oslo_limit.endpoint_service_type = None {{(pid=99034) log_opt_values /opt/stack/data/venv/lib/python3.12/site-packages/oslo_config/cfg.py:3253}}
Jul 23 06:56:44.696726 np0000005726 nova-conductor[99034]: DEBUG cotyledon.oslo_config_glue [-] oslo_limit.insecure = False {{(pid=99034) log_opt_values /opt/stack/data/venv/lib/python3.12/site-packages/oslo_config/cfg.py:3253}}
Jul 23 06:56:44.696726 np0000005726 nova-conductor[99034]: DEBUG cotyledon.oslo_config_glue [-] oslo_limit.keyfile = None {{(pid=99034) log_opt_values /opt/stack/data/venv/lib/python3.12/site-packages/oslo_config/cfg.py:3253}}
Jul 23 06:56:44.696726 np0000005726 nova-conductor[99034]: DEBUG cotyledon.oslo_config_glue [-] oslo_limit.max_version = None {{(pid=99034) log_opt_values /opt/stack/data/venv/lib/python3.12/site-packages/oslo_config/cfg.py:3253}}
Jul 23 06:56:44.697005 np0000005726 nova-conductor[99034]: DEBUG cotyledon.oslo_config_glue [-] oslo_limit.min_version = None {{(pid=99034) log_opt_values /opt/stack/data/venv/lib/python3.12/site-packages/oslo_config/cfg.py:3253}}
Jul 23 06:56:44.697005 np0000005726 nova-conductor[99034]: DEBUG cotyledon.oslo_config_glue [-] oslo_limit.region_name = None {{(pid=99034) log_opt_values /opt/stack/data/venv/lib/python3.12/site-packages/oslo_config/cfg.py:3253}}
Jul 23 06:56:44.697005 np0000005726 nova-conductor[99034]: DEBUG cotyledon.oslo_config_glue [-] oslo_limit.retriable_status_codes = None {{(pid=99034) log_opt_values /opt/stack/data/venv/lib/python3.12/site-packages/oslo_config/cfg.py:3253}}
Jul 23 06:56:44.697005 np0000005726 nova-conductor[99034]: DEBUG cotyledon.oslo_config_glue [-] oslo_limit.service_name = None {{(pid=99034) log_opt_values /opt/stack/data/venv/lib/python3.12/site-packages/oslo_config/cfg.py:3253}}
Jul 23 06:56:44.697005 np0000005726 nova-conductor[99034]: DEBUG cotyledon.oslo_config_glue [-] oslo_limit.service_type = None {{(pid=99034) log_opt_values /opt/stack/data/venv/lib/python3.12/site-packages/oslo_config/cfg.py:3253}}
Jul 23 06:56:44.697005 np0000005726 nova-conductor[99034]: DEBUG cotyledon.oslo_config_glue [-] oslo_limit.split_loggers = False {{(pid=99034) log_opt_values /opt/stack/data/venv/lib/python3.12/site-packages/oslo_config/cfg.py:3253}}
Jul 23 06:56:44.697005 np0000005726 nova-conductor[99034]: DEBUG cotyledon.oslo_config_glue [-] oslo_limit.status_code_retries = None {{(pid=99034) log_opt_values /opt/stack/data/venv/lib/python3.12/site-packages/oslo_config/cfg.py:3253}}
Jul 23 06:56:44.697005 np0000005726 nova-conductor[99034]: DEBUG cotyledon.oslo_config_glue [-] oslo_limit.status_code_retry_delay = None {{(pid=99034) log_opt_values /opt/stack/data/venv/lib/python3.12/site-packages/oslo_config/cfg.py:3253}}
Jul 23 06:56:44.697005 np0000005726 nova-conductor[99034]: DEBUG cotyledon.oslo_config_glue [-] oslo_limit.timeout = None {{(pid=99034) log_opt_values /opt/stack/data/venv/lib/python3.12/site-packages/oslo_config/cfg.py:3253}}
Jul 23 06:56:44.697227 np0000005726 nova-conductor[99034]: DEBUG cotyledon.oslo_config_glue [-] oslo_limit.valid_interfaces = None {{(pid=99034) log_opt_values /opt/stack/data/venv/lib/python3.12/site-packages/oslo_config/cfg.py:3253}}
Jul 23 06:56:44.697227 np0000005726 nova-conductor[99034]: DEBUG cotyledon.oslo_config_glue [-] oslo_limit.version = None {{(pid=99034) log_opt_values /opt/stack/data/venv/lib/python3.12/site-packages/oslo_config/cfg.py:3253}}
Jul 23 06:56:44.697227 np0000005726 nova-conductor[99034]: DEBUG cotyledon.oslo_config_glue [-] oslo_reports.file_event_handler = None {{(pid=99034) log_opt_values /opt/stack/data/venv/lib/python3.12/site-packages/oslo_config/cfg.py:3253}}
Jul 23 06:56:44.697227 np0000005726 nova-conductor[99034]: DEBUG cotyledon.oslo_config_glue [-] oslo_reports.file_event_handler_interval = 1 {{(pid=99034) log_opt_values /opt/stack/data/venv/lib/python3.12/site-packages/oslo_config/cfg.py:3253}}
Jul 23 06:56:44.697227 np0000005726 nova-conductor[99034]: DEBUG cotyledon.oslo_config_glue [-] oslo_reports.log_dir = None {{(pid=99034) log_opt_values /opt/stack/data/venv/lib/python3.12/site-packages/oslo_config/cfg.py:3253}}
Jul 23 06:56:44.697227 np0000005726 nova-conductor[99034]: DEBUG cotyledon.oslo_config_glue [-] ******************************************************************************** {{(pid=99034) log_opt_values /opt/stack/data/venv/lib/python3.12/site-packages/oslo_config/cfg.py:3260}}
Jul 23 06:56:44.697227 np0000005726 nova-conductor[99034]: DEBUG cotyledon._service_worker [-] Run service ServiceWrapper(3) [99034] {{(pid=99034) wait_forever /opt/stack/data/venv/lib/python3.12/site-packages/cotyledon/_service_worker.py:218}}
Jul 23 06:56:44.697227 np0000005726 nova-conductor[99034]: INFO nova.service [-] Starting conductor node (version 33.1.0)
Jul 23 06:56:44.697227 np0000005726 nova-conductor[99034]: INFO dbcounter [None req-84363e88-2084-4241-90c6-f0fe6a13817e None None] Registered counter for database nova_cell0
Jul 23 06:56:44.697432 np0000005726 nova-conductor[99012]: DEBUG oslo_db.sqlalchemy.engines [None req-0b865832-b3ac-4e8f-9ba1-23f63bbfd05a None None] MySQL server mode set to STRICT_TRANS_TABLES,STRICT_ALL_TABLES,NO_ZERO_IN_DATE,NO_ZERO_DATE,ERROR_FOR_DIVISION_BY_ZERO,TRADITIONAL,NO_ENGINE_SUBSTITUTION {{(pid=99012) _check_effective_sql_mode /opt/stack/data/venv/lib/python3.12/site-packages/oslo_db/sqlalchemy/engines.py:325}}
Jul 23 06:56:44.697432 np0000005726 nova-conductor[99012]: DEBUG dbcounter [-] [99012] Writer thread running {{(pid=99012) stat_writer /opt/stack/data/venv/lib/python3.12/site-packages/dbcounter.py:102}}
Jul 23 06:56:44.704148 np0000005726 nova-conductor[99027]: DEBUG oslo_db.sqlalchemy.engines [None req-b37c168c-80c2-4abb-a58e-094fcf0c2a10 None None] MySQL server mode set to STRICT_TRANS_TABLES,STRICT_ALL_TABLES,NO_ZERO_IN_DATE,NO_ZERO_DATE,ERROR_FOR_DIVISION_BY_ZERO,TRADITIONAL,NO_ENGINE_SUBSTITUTION {{(pid=99027) _check_effective_sql_mode /opt/stack/data/venv/lib/python3.12/site-packages/oslo_db/sqlalchemy/engines.py:325}}
Jul 23 06:56:44.710049 np0000005726 nova-conductor[99012]: DEBUG nova.service [None req-0b865832-b3ac-4e8f-9ba1-23f63bbfd05a None None] Creating RPC server for service: nova-conductor on topic: conductor {{(pid=99012) start /opt/stack/nova/nova/service.py:196}}
Jul 23 06:56:44.712110 np0000005726 nova-conductor[99034]: DEBUG oslo_db.sqlalchemy.engines [None req-84363e88-2084-4241-90c6-f0fe6a13817e None None] MySQL server mode set to STRICT_TRANS_TABLES,STRICT_ALL_TABLES,NO_ZERO_IN_DATE,NO_ZERO_DATE,ERROR_FOR_DIVISION_BY_ZERO,TRADITIONAL,NO_ENGINE_SUBSTITUTION {{(pid=99034) _check_effective_sql_mode /opt/stack/data/venv/lib/python3.12/site-packages/oslo_db/sqlalchemy/engines.py:325}}
Jul 23 06:56:44.714306 np0000005726 nova-conductor[99027]: DEBUG dbcounter [-] [99027] Writer thread running {{(pid=99027) stat_writer /opt/stack/data/venv/lib/python3.12/site-packages/dbcounter.py:102}}
Jul 23 06:56:44.717594 np0000005726 nova-conductor[99027]: DEBUG nova.service [None req-b37c168c-80c2-4abb-a58e-094fcf0c2a10 None None] Creating RPC server for service: nova-conductor on topic: conductor {{(pid=99027) start /opt/stack/nova/nova/service.py:196}}
Jul 23 06:56:44.718685 np0000005726 nova-conductor[99022]: DEBUG oslo_db.sqlalchemy.engines [None req-ac3afcac-a191-461a-9dfc-9e5c80bc0499 None None] MySQL server mode set to STRICT_TRANS_TABLES,STRICT_ALL_TABLES,NO_ZERO_IN_DATE,NO_ZERO_DATE,ERROR_FOR_DIVISION_BY_ZERO,TRADITIONAL,NO_ENGINE_SUBSTITUTION {{(pid=99022) _check_effective_sql_mode /opt/stack/data/venv/lib/python3.12/site-packages/oslo_db/sqlalchemy/engines.py:325}}
Jul 23 06:56:44.721979 np0000005726 nova-conductor[99034]: DEBUG dbcounter [-] [99034] Writer thread running {{(pid=99034) stat_writer /opt/stack/data/venv/lib/python3.12/site-packages/dbcounter.py:102}}
Jul 23 06:56:44.724828 np0000005726 nova-conductor[99034]: DEBUG nova.service [None req-84363e88-2084-4241-90c6-f0fe6a13817e None None] Creating RPC server for service: nova-conductor on topic: conductor {{(pid=99034) start /opt/stack/nova/nova/service.py:196}}
Jul 23 06:56:44.727951 np0000005726 nova-conductor[99022]: DEBUG dbcounter [-] [99022] Writer thread running {{(pid=99022) stat_writer /opt/stack/data/venv/lib/python3.12/site-packages/dbcounter.py:102}}
Jul 23 06:56:44.732537 np0000005726 nova-conductor[99022]: DEBUG nova.service [None req-ac3afcac-a191-461a-9dfc-9e5c80bc0499 None None] Creating RPC server for service: nova-conductor on topic: conductor {{(pid=99022) start /opt/stack/nova/nova/service.py:196}}
Jul 23 06:56:44.742251 np0000005726 nova-conductor[99012]: DEBUG nova.service [None req-0b865832-b3ac-4e8f-9ba1-23f63bbfd05a None None] Join ServiceGroup membership for this service conductor {{(pid=99012) start /opt/stack/nova/nova/service.py:222}}
Jul 23 06:56:44.742734 np0000005726 nova-conductor[99012]: DEBUG nova.servicegroup.drivers.db [None req-0b865832-b3ac-4e8f-9ba1-23f63bbfd05a None None] DB_Driver: join new ServiceGroup member np0000005726 to the conductor group, service = {{(pid=99012) join /opt/stack/nova/nova/servicegroup/drivers/db.py:44}}
Jul 23 06:56:44.746346 np0000005726 nova-conductor[99027]: DEBUG nova.service [None req-b37c168c-80c2-4abb-a58e-094fcf0c2a10 None None] Join ServiceGroup membership for this service conductor {{(pid=99027) start /opt/stack/nova/nova/service.py:222}}
Jul 23 06:56:44.746600 np0000005726 nova-conductor[99034]: DEBUG nova.service [None req-84363e88-2084-4241-90c6-f0fe6a13817e None None] Join ServiceGroup membership for this service conductor {{(pid=99034) start /opt/stack/nova/nova/service.py:222}}
Jul 23 06:56:44.746673 np0000005726 nova-conductor[99027]: DEBUG nova.servicegroup.drivers.db [None req-b37c168c-80c2-4abb-a58e-094fcf0c2a10 None None] DB_Driver: join new ServiceGroup member np0000005726 to the conductor group, service = {{(pid=99027) join /opt/stack/nova/nova/servicegroup/drivers/db.py:44}}
Jul 23 06:56:44.746810 np0000005726 nova-conductor[99034]: DEBUG nova.servicegroup.drivers.db [None req-84363e88-2084-4241-90c6-f0fe6a13817e None None] DB_Driver: join new ServiceGroup member np0000005726 to the conductor group, service = {{(pid=99034) join /opt/stack/nova/nova/servicegroup/drivers/db.py:44}}
Jul 23 06:56:44.751129 np0000005726 nova-conductor[99022]: DEBUG nova.service [None req-ac3afcac-a191-461a-9dfc-9e5c80bc0499 None None] Join ServiceGroup membership for this service conductor {{(pid=99022) start /opt/stack/nova/nova/service.py:222}}
Jul 23 06:56:44.751379 np0000005726 nova-conductor[99022]: DEBUG nova.servicegroup.drivers.db [None req-ac3afcac-a191-461a-9dfc-9e5c80bc0499 None None] DB_Driver: join new ServiceGroup member np0000005726 to the conductor group, service = {{(pid=99022) join /opt/stack/nova/nova/servicegroup/drivers/db.py:44}}
Jul 23 06:56:49.767754 np0000005726 nova-conductor[99012]: DEBUG oslo.service.backend._threading.loopingcall [-] Fixed interval looping call 'nova.servicegroup.drivers.db.DbDriver._report_state' sleeping for 119.98 seconds {{(pid=99012) _run_loop /opt/stack/data/venv/lib/python3.12/site-packages/oslo_service/backend/_threading/loopingcall.py:125}}
Jul 23 06:56:49.769122 np0000005726 nova-conductor[99034]: DEBUG oslo.service.backend._threading.loopingcall [-] Fixed interval looping call 'nova.servicegroup.drivers.db.DbDriver._report_state' sleeping for 119.98 seconds {{(pid=99034) _run_loop /opt/stack/data/venv/lib/python3.12/site-packages/oslo_service/backend/_threading/loopingcall.py:125}}
Jul 23 06:56:49.769521 np0000005726 nova-conductor[99022]: DEBUG oslo.service.backend._threading.loopingcall [-] Fixed interval looping call 'nova.servicegroup.drivers.db.DbDriver._report_state' sleeping for 119.98 seconds {{(pid=99022) _run_loop /opt/stack/data/venv/lib/python3.12/site-packages/oslo_service/backend/_threading/loopingcall.py:125}}
Jul 23 06:56:49.770968 np0000005726 nova-conductor[99027]: DEBUG oslo.service.backend._threading.loopingcall [-] Fixed interval looping call 'nova.servicegroup.drivers.db.DbDriver._report_state' sleeping for 119.98 seconds {{(pid=99027) _run_loop /opt/stack/data/venv/lib/python3.12/site-packages/oslo_service/backend/_threading/loopingcall.py:125}}
Jul 23 06:56:53.285769 np0000005726 nova-conductor[97526]: DEBUG dbcounter [-] [97526] Writing DB stats nova_api:SELECT=1 {{(pid=97526) stat_writer /opt/stack/data/venv/lib/python3.12/site-packages/dbcounter.py:115}}
Jul 23 06:56:53.447654 np0000005726 nova-conductor[97526]: DEBUG dbcounter [-] [97526] Writing DB stats nova_cell0:SELECT=1 {{(pid=97526) stat_writer /opt/stack/data/venv/lib/python3.12/site-packages/dbcounter.py:115}}
Jul 23 06:56:53.451700 np0000005726 nova-conductor[97526]: DEBUG dbcounter [-] [97526] Writing DB stats nova_cell1:SELECT=1 {{(pid=97526) stat_writer /opt/stack/data/venv/lib/python3.12/site-packages/dbcounter.py:115}}
Jul 23 06:56:55.748746 np0000005726 nova-conductor[99027]: DEBUG oslo.service.backend._threading.loopingcall [None req-bee38481-d24d-4c6a-8018-4d97e83772a9 None None] Dynamic interval looping call 'nova.service.Service.periodic_tasks' sleeping for 60.00 seconds {{(pid=99027) _run_loop /opt/stack/data/venv/lib/python3.12/site-packages/oslo_service/backend/_threading/loopingcall.py:125}}
Jul 23 06:56:56.749215 np0000005726 nova-conductor[99034]: DEBUG oslo.service.backend._threading.loopingcall [None req-a81387d6-bcc5-4be3-8984-d516ebd1ea5b None None] Dynamic interval looping call 'nova.service.Service.periodic_tasks' sleeping for 60.00 seconds {{(pid=99034) _run_loop /opt/stack/data/venv/lib/python3.12/site-packages/oslo_service/backend/_threading/loopingcall.py:125}}
Jul 23 06:56:59.758801 np0000005726 nova-conductor[99012]: DEBUG dbcounter [-] [99012] Writing DB stats nova_cell0:SELECT=4,nova_cell0:INSERT=1,nova_cell0:UPDATE=1 {{(pid=99012) stat_writer /opt/stack/data/venv/lib/python3.12/site-packages/dbcounter.py:115}}
Jul 23 06:56:59.764210 np0000005726 nova-conductor[99034]: DEBUG dbcounter [-] [99034] Writing DB stats nova_cell0:SELECT=3,nova_cell0:UPDATE=1 {{(pid=99034) stat_writer /opt/stack/data/venv/lib/python3.12/site-packages/dbcounter.py:115}}
Jul 23 06:56:59.764822 np0000005726 nova-conductor[99022]: DEBUG dbcounter [-] [99022] Writing DB stats nova_cell0:SELECT=3,nova_cell0:UPDATE=1 {{(pid=99022) stat_writer /opt/stack/data/venv/lib/python3.12/site-packages/dbcounter.py:115}}
Jul 23 06:56:59.769553 np0000005726 nova-conductor[99027]: DEBUG dbcounter [-] [99027] Writing DB stats nova_cell0:SELECT=3,nova_cell0:UPDATE=1 {{(pid=99027) stat_writer /opt/stack/data/venv/lib/python3.12/site-packages/dbcounter.py:115}}
Jul 23 06:57:00.753994 np0000005726 nova-conductor[99022]: DEBUG oslo.service.backend._threading.loopingcall [None req-b694ea86-4fb5-4af9-ac0a-8da6020b9a64 None None] Dynamic interval looping call 'nova.service.Service.periodic_tasks' sleeping for 60.00 seconds {{(pid=99022) _run_loop /opt/stack/data/venv/lib/python3.12/site-packages/oslo_service/backend/_threading/loopingcall.py:125}}
Jul 23 06:57:04.745105 np0000005726 nova-conductor[99012]: DEBUG oslo.service.backend._threading.loopingcall [None req-1b01ab98-b3f7-4897-97d3-6a98b5d674e2 None None] Dynamic interval looping call 'nova.service.Service.periodic_tasks' sleeping for 60.00 seconds {{(pid=99012) _run_loop /opt/stack/data/venv/lib/python3.12/site-packages/oslo_service/backend/_threading/loopingcall.py:125}}
Jul 23 06:57:55.749245 np0000005726 nova-conductor[99027]: DEBUG oslo.service.backend._threading.loopingcall [None req-bee38481-d24d-4c6a-8018-4d97e83772a9 None None] Dynamic interval looping call 'nova.service.Service.periodic_tasks' sleeping for 60.00 seconds {{(pid=99027) _run_loop /opt/stack/data/venv/lib/python3.12/site-packages/oslo_service/backend/_threading/loopingcall.py:125}}
Jul 23 06:57:56.749782 np0000005726 nova-conductor[99034]: DEBUG oslo.service.backend._threading.loopingcall [None req-a81387d6-bcc5-4be3-8984-d516ebd1ea5b None None] Dynamic interval looping call 'nova.service.Service.periodic_tasks' sleeping for 60.00 seconds {{(pid=99034) _run_loop /opt/stack/data/venv/lib/python3.12/site-packages/oslo_service/backend/_threading/loopingcall.py:125}}
Jul 23 06:58:00.754416 np0000005726 nova-conductor[99022]: DEBUG oslo.service.backend._threading.loopingcall [None req-b694ea86-4fb5-4af9-ac0a-8da6020b9a64 None None] Dynamic interval looping call 'nova.service.Service.periodic_tasks' sleeping for 60.00 seconds {{(pid=99022) _run_loop /opt/stack/data/venv/lib/python3.12/site-packages/oslo_service/backend/_threading/loopingcall.py:125}}
Jul 23 06:58:04.745550 np0000005726 nova-conductor[99012]: DEBUG oslo.service.backend._threading.loopingcall [None req-1b01ab98-b3f7-4897-97d3-6a98b5d674e2 None None] Dynamic interval looping call 'nova.service.Service.periodic_tasks' sleeping for 60.00 seconds {{(pid=99012) _run_loop /opt/stack/data/venv/lib/python3.12/site-packages/oslo_service/backend/_threading/loopingcall.py:125}}
Jul 23 06:58:49.755811 np0000005726 nova-conductor[99012]: DEBUG oslo.service.backend._threading.loopingcall [-] Fixed interval looping call 'nova.servicegroup.drivers.db.DbDriver._report_state' sleeping for 119.99 seconds {{(pid=99012) _run_loop /opt/stack/data/venv/lib/python3.12/site-packages/oslo_service/backend/_threading/loopingcall.py:125}}
Jul 23 06:58:49.756279 np0000005726 nova-conductor[99034]: DEBUG oslo.service.backend._threading.loopingcall [-] Fixed interval looping call 'nova.servicegroup.drivers.db.DbDriver._report_state' sleeping for 119.99 seconds {{(pid=99034) _run_loop /opt/stack/data/venv/lib/python3.12/site-packages/oslo_service/backend/_threading/loopingcall.py:125}}
Jul 23 06:58:49.756717 np0000005726 nova-conductor[99022]: DEBUG oslo.service.backend._threading.loopingcall [-] Fixed interval looping call 'nova.servicegroup.drivers.db.DbDriver._report_state' sleeping for 119.99 seconds {{(pid=99022) _run_loop /opt/stack/data/venv/lib/python3.12/site-packages/oslo_service/backend/_threading/loopingcall.py:125}}
Jul 23 06:58:49.757054 np0000005726 nova-conductor[99027]: DEBUG oslo.service.backend._threading.loopingcall [-] Fixed interval looping call 'nova.servicegroup.drivers.db.DbDriver._report_state' sleeping for 119.99 seconds {{(pid=99027) _run_loop /opt/stack/data/venv/lib/python3.12/site-packages/oslo_service/backend/_threading/loopingcall.py:125}}
Jul 23 06:58:55.749773 np0000005726 nova-conductor[99027]: DEBUG oslo.service.backend._threading.loopingcall [None req-bee38481-d24d-4c6a-8018-4d97e83772a9 None None] Dynamic interval looping call 'nova.service.Service.periodic_tasks' sleeping for 60.00 seconds {{(pid=99027) _run_loop /opt/stack/data/venv/lib/python3.12/site-packages/oslo_service/backend/_threading/loopingcall.py:125}}
Jul 23 06:58:56.750311 np0000005726 nova-conductor[99034]: DEBUG oslo.service.backend._threading.loopingcall [None req-a81387d6-bcc5-4be3-8984-d516ebd1ea5b None None] Dynamic interval looping call 'nova.service.Service.periodic_tasks' sleeping for 60.00 seconds {{(pid=99034) _run_loop /opt/stack/data/venv/lib/python3.12/site-packages/oslo_service/backend/_threading/loopingcall.py:125}}
Jul 23 06:58:59.751718 np0000005726 nova-conductor[99012]: DEBUG dbcounter [-] [99012] Writing DB stats nova_cell0:SELECT=1,nova_cell0:UPDATE=1 {{(pid=99012) stat_writer /opt/stack/data/venv/lib/python3.12/site-packages/dbcounter.py:115}}
Jul 23 06:58:59.752546 np0000005726 nova-conductor[99034]: DEBUG dbcounter [-] [99034] Writing DB stats nova_cell0:SELECT=1,nova_cell0:UPDATE=1 {{(pid=99034) stat_writer /opt/stack/data/venv/lib/python3.12/site-packages/dbcounter.py:115}}
Jul 23 06:58:59.753072 np0000005726 nova-conductor[99022]: DEBUG dbcounter [-] [99022] Writing DB stats nova_cell0:SELECT=1,nova_cell0:UPDATE=1 {{(pid=99022) stat_writer /opt/stack/data/venv/lib/python3.12/site-packages/dbcounter.py:115}}
Jul 23 06:58:59.755073 np0000005726 nova-conductor[99027]: DEBUG dbcounter [-] [99027] Writing DB stats nova_cell0:SELECT=1,nova_cell0:UPDATE=1 {{(pid=99027) stat_writer /opt/stack/data/venv/lib/python3.12/site-packages/dbcounter.py:115}}
Jul 23 06:59:00.754859 np0000005726 nova-conductor[99022]: DEBUG oslo.service.backend._threading.loopingcall [None req-b694ea86-4fb5-4af9-ac0a-8da6020b9a64 None None] Dynamic interval looping call 'nova.service.Service.periodic_tasks' sleeping for 60.00 seconds {{(pid=99022) _run_loop /opt/stack/data/venv/lib/python3.12/site-packages/oslo_service/backend/_threading/loopingcall.py:125}}
Jul 23 06:59:04.746697 np0000005726 nova-conductor[99012]: DEBUG oslo.service.backend._threading.loopingcall [None req-1b01ab98-b3f7-4897-97d3-6a98b5d674e2 None None] Dynamic interval looping call 'nova.service.Service.periodic_tasks' sleeping for 60.00 seconds {{(pid=99012) _run_loop /opt/stack/data/venv/lib/python3.12/site-packages/oslo_service/backend/_threading/loopingcall.py:125}}
Jul 23 06:59:05.982474 np0000005726 nova-conductor[99012]: DEBUG oslo_db.sqlalchemy.engines [None req-958bd72c-b22b-40dc-b96f-7bae35f01762 tempest-ServerBootFromVolumeStableRescueTest-774430041 tempest-ServerBootFromVolumeStableRescueTest-774430041-project-member] Parent process 97526 forked (99012) with an open database connection, which is being discarded and recreated. {{(pid=99012) checkout /opt/stack/data/venv/lib/python3.12/site-packages/oslo_db/sqlalchemy/engines.py:402}}
Jul 23 06:59:06.042303 np0000005726 nova-conductor[99012]: DEBUG dbcounter [-] [99012] Writer thread running {{(pid=99012) stat_writer /opt/stack/data/venv/lib/python3.12/site-packages/dbcounter.py:102}}
Jul 23 06:59:07.151177 np0000005726 nova-conductor[99012]: DEBUG nova.conductor.manager [None req-958bd72c-b22b-40dc-b96f-7bae35f01762 tempest-ServerBootFromVolumeStableRescueTest-774430041 tempest-ServerBootFromVolumeStableRescueTest-774430041-project-member] Took 1.11 seconds to select destinations for 1 instance(s). {{(pid=99012) _schedule_instances /opt/stack/nova/nova/conductor/manager.py:968}}
Jul 23 06:59:07.184603 np0000005726 nova-conductor[99012]: DEBUG oslo_concurrency.lockutils [None req-958bd72c-b22b-40dc-b96f-7bae35f01762 tempest-ServerBootFromVolumeStableRescueTest-774430041 tempest-ServerBootFromVolumeStableRescueTest-774430041-project-member] Acquiring lock "7245f842-cb24-49c9-ae8b-a907f0762c86" by "nova.context.set_target_cell..get_or_set_cached_cell_and_set_connections" {{(pid=99012) inner /opt/stack/data/venv/lib/python3.12/site-packages/oslo_concurrency/lockutils.py:512}}
Jul 23 06:59:07.184894 np0000005726 nova-conductor[99012]: DEBUG oslo_concurrency.lockutils [None req-958bd72c-b22b-40dc-b96f-7bae35f01762 tempest-ServerBootFromVolumeStableRescueTest-774430041 tempest-ServerBootFromVolumeStableRescueTest-774430041-project-member] Lock "7245f842-cb24-49c9-ae8b-a907f0762c86" acquired by "nova.context.set_target_cell..get_or_set_cached_cell_and_set_connections" :: waited 0.000s {{(pid=99012) inner /opt/stack/data/venv/lib/python3.12/site-packages/oslo_concurrency/lockutils.py:525}}
Jul 23 06:59:07.186568 np0000005726 nova-conductor[99012]: DEBUG oslo_concurrency.lockutils [None req-958bd72c-b22b-40dc-b96f-7bae35f01762 tempest-ServerBootFromVolumeStableRescueTest-774430041 tempest-ServerBootFromVolumeStableRescueTest-774430041-project-member] Lock "7245f842-cb24-49c9-ae8b-a907f0762c86" "released" by "nova.context.set_target_cell..get_or_set_cached_cell_and_set_connections" :: held 0.002s {{(pid=99012) inner /opt/stack/data/venv/lib/python3.12/site-packages/oslo_concurrency/lockutils.py:544}}
Jul 23 06:59:07.188781 np0000005726 nova-conductor[99012]: INFO dbcounter [None req-958bd72c-b22b-40dc-b96f-7bae35f01762 tempest-ServerBootFromVolumeStableRescueTest-774430041 tempest-ServerBootFromVolumeStableRescueTest-774430041-project-member] Registered counter for database nova_cell1
Jul 23 06:59:07.244307 np0000005726 nova-conductor[99012]: DEBUG oslo_db.sqlalchemy.engines [None req-958bd72c-b22b-40dc-b96f-7bae35f01762 tempest-ServerBootFromVolumeStableRescueTest-774430041 tempest-ServerBootFromVolumeStableRescueTest-774430041-project-member] MySQL server mode set to STRICT_TRANS_TABLES,STRICT_ALL_TABLES,NO_ZERO_IN_DATE,NO_ZERO_DATE,ERROR_FOR_DIVISION_BY_ZERO,TRADITIONAL,NO_ENGINE_SUBSTITUTION {{(pid=99012) _check_effective_sql_mode /opt/stack/data/venv/lib/python3.12/site-packages/oslo_db/sqlalchemy/engines.py:325}}
Jul 23 06:59:07.251706 np0000005726 nova-conductor[99012]: DEBUG dbcounter [-] [99012] Writer thread running {{(pid=99012) stat_writer /opt/stack/data/venv/lib/python3.12/site-packages/dbcounter.py:102}}
Jul 23 06:59:07.308061 np0000005726 nova-conductor[99012]: INFO nova.utils [None req-958bd72c-b22b-40dc-b96f-7bae35f01762 tempest-ServerBootFromVolumeStableRescueTest-774430041 tempest-ServerBootFromVolumeStableRescueTest-774430041-project-member] The cell worker thread pool ForkProcess-1.cell_worker is initialized
Jul 23 06:59:07.308331 np0000005726 nova-conductor[99012]: DEBUG oslo_concurrency.lockutils [None req-958bd72c-b22b-40dc-b96f-7bae35f01762 tempest-ServerBootFromVolumeStableRescueTest-774430041 tempest-ServerBootFromVolumeStableRescueTest-774430041-project-member] Acquiring lock "00000000-0000-0000-0000-000000000000" by "nova.context.set_target_cell..get_or_set_cached_cell_and_set_connections" {{(pid=99012) inner /opt/stack/data/venv/lib/python3.12/site-packages/oslo_concurrency/lockutils.py:512}}
Jul 23 06:59:07.308458 np0000005726 nova-conductor[99012]: DEBUG oslo_concurrency.lockutils [None req-958bd72c-b22b-40dc-b96f-7bae35f01762 tempest-ServerBootFromVolumeStableRescueTest-774430041 tempest-ServerBootFromVolumeStableRescueTest-774430041-project-member] Lock "00000000-0000-0000-0000-000000000000" acquired by "nova.context.set_target_cell..get_or_set_cached_cell_and_set_connections" :: waited 0.000s {{(pid=99012) inner /opt/stack/data/venv/lib/python3.12/site-packages/oslo_concurrency/lockutils.py:525}}
Jul 23 06:59:07.308809 np0000005726 nova-conductor[99012]: DEBUG oslo_concurrency.lockutils [None req-958bd72c-b22b-40dc-b96f-7bae35f01762 tempest-ServerBootFromVolumeStableRescueTest-774430041 tempest-ServerBootFromVolumeStableRescueTest-774430041-project-member] Lock "00000000-0000-0000-0000-000000000000" "released" by "nova.context.set_target_cell..get_or_set_cached_cell_and_set_connections" :: held 0.000s {{(pid=99012) inner /opt/stack/data/venv/lib/python3.12/site-packages/oslo_concurrency/lockutils.py:544}}
Jul 23 06:59:07.309815 np0000005726 nova-conductor[99012]: DEBUG oslo_concurrency.lockutils [None req-958bd72c-b22b-40dc-b96f-7bae35f01762 tempest-ServerBootFromVolumeStableRescueTest-774430041 tempest-ServerBootFromVolumeStableRescueTest-774430041-project-member] Acquiring lock "7245f842-cb24-49c9-ae8b-a907f0762c86" by "nova.context.set_target_cell..get_or_set_cached_cell_and_set_connections" {{(pid=99012) inner /opt/stack/data/venv/lib/python3.12/site-packages/oslo_concurrency/lockutils.py:512}}
