Jul 07 13:03:32.370050 np0000004721 devstack@g-api.service[99445]: DEBUG glance.api.middleware.version_negotiation [None req-0b29c5b6-9567-4118-a020-0079e0d50505 tempest-ServerStableDeviceRescueTest-1894466407 tempest-ServerStableDeviceRescueTest-1894466407-project-member] Using url versioning {{(pid=99445) process_request /opt/stack/glance/glance/api/middleware/version_negotiation.py:57}}
Jul 07 13:03:32.370050 np0000004721 devstack@g-api.service[99445]: DEBUG glance.api.middleware.version_negotiation [None req-0b29c5b6-9567-4118-a020-0079e0d50505 tempest-ServerStableDeviceRescueTest-1894466407 tempest-ServerStableDeviceRescueTest-1894466407-project-member] Matched version: v2 {{(pid=99445) process_request /opt/stack/glance/glance/api/middleware/version_negotiation.py:69}}
Jul 07 13:03:32.370152 np0000004721 devstack@g-api.service[99445]: DEBUG glance.api.middleware.version_negotiation [None req-0b29c5b6-9567-4118-a020-0079e0d50505 tempest-ServerStableDeviceRescueTest-1894466407 tempest-ServerStableDeviceRescueTest-1894466407-project-member] new path /v2/images/8caf167e-5145-4b5d-b365-2bdbafaa4967 {{(pid=99445) process_request /opt/stack/glance/glance/api/middleware/version_negotiation.py:70}}
Jul 07 13:03:32.385216 np0000004721 devstack@g-api.service[99445]: [pid: 99445|app: 0|req: 80/229] 127.0.0.1 () {44 vars in 1115 bytes} [Tue Jul 7 13:03:32 2026] GET /v2/images/8caf167e-5145-4b5d-b365-2bdbafaa4967 => generated 1672 bytes in 16 msecs (HTTP/1.1 200) 4 headers in 158 bytes (1 switches on core 0)
Jul 07 13:03:32.413397 np0000004721 devstack@g-api.service[99446]: DEBUG glance.api.middleware.version_negotiation [None req-0b29c5b6-9567-4118-a020-0079e0d50505 tempest-ServerStableDeviceRescueTest-1894466407 tempest-ServerStableDeviceRescueTest-1894466407-project-member] Determining version of request: GET /v2/schemas/image Accept: */* {{(pid=99446) process_request /opt/stack/glance/glance/api/middleware/version_negotiation.py:44}}
Jul 07 13:03:32.413397 np0000004721 devstack@g-api.service[99446]: DEBUG glance.api.middleware.version_negotiation [None req-0b29c5b6-9567-4118-a020-0079e0d50505 tempest-ServerStableDeviceRescueTest-1894466407 tempest-ServerStableDeviceRescueTest-1894466407-project-member] Using url versioning {{(pid=99446) process_request /opt/stack/glance/glance/api/middleware/version_negotiation.py:57}}
Jul 07 13:03:32.413397 np0000004721 devstack@g-api.service[99446]: DEBUG glance.api.middleware.version_negotiation [None req-0b29c5b6-9567-4118-a020-0079e0d50505 tempest-ServerStableDeviceRescueTest-1894466407 tempest-ServerStableDeviceRescueTest-1894466407-project-member] Matched version: v2 {{(pid=99446) process_request /opt/stack/glance/glance/api/middleware/version_negotiation.py:69}}
Jul 07 13:03:32.413397 np0000004721 devstack@g-api.service[99446]: DEBUG glance.api.middleware.version_negotiation [None req-0b29c5b6-9567-4118-a020-0079e0d50505 tempest-ServerStableDeviceRescueTest-1894466407 tempest-ServerStableDeviceRescueTest-1894466407-project-member] new path /v2/schemas/image {{(pid=99446) process_request /opt/stack/glance/glance/api/middleware/version_negotiation.py:70}}
Jul 07 13:03:32.418074 np0000004721 devstack@g-api.service[99446]: [pid: 99446|app: 0|req: 73/230] 127.0.0.1 () {44 vars in 1055 bytes} [Tue Jul 7 13:03:32 2026] GET /v2/schemas/image => generated 6083 bytes in 3 msecs (HTTP/1.1 200) 4 headers in 158 bytes (1 switches on core 0)
Jul 07 13:03:32.942615 np0000004721 devstack@g-api.service[99447]: DEBUG glance.api.middleware.version_negotiation [None req-0b29c5b6-9567-4118-a020-0079e0d50505 tempest-ServerStableDeviceRescueTest-1894466407 tempest-ServerStableDeviceRescueTest-1894466407-project-member] Determining version of request: GET /v2/images/dcaedf7a-6276-4ab6-9cf9-787d97f022c8 Accept: */* {{(pid=99447) process_request /opt/stack/glance/glance/api/middleware/version_negotiation.py:44}}
Jul 07 13:03:32.942786 np0000004721 devstack@g-api.service[99447]: DEBUG glance.api.middleware.version_negotiation [None req-0b29c5b6-9567-4118-a020-0079e0d50505 tempest-ServerStableDeviceRescueTest-1894466407 tempest-ServerStableDeviceRescueTest-1894466407-project-member] Using url versioning {{(pid=99447) process_request /opt/stack/glance/glance/api/middleware/version_negotiation.py:57}}
Jul 07 13:03:32.942910 np0000004721 devstack@g-api.service[99447]: DEBUG glance.api.middleware.version_negotiation [None req-0b29c5b6-9567-4118-a020-0079e0d50505 tempest-ServerStableDeviceRescueTest-1894466407 tempest-ServerStableDeviceRescueTest-1894466407-project-member] Matched version: v2 {{(pid=99447) process_request /opt/stack/glance/glance/api/middleware/version_negotiation.py:69}}
Jul 07 13:03:32.943072 np0000004721 devstack@g-api.service[99447]: DEBUG glance.api.middleware.version_negotiation [None req-0b29c5b6-9567-4118-a020-0079e0d50505 tempest-ServerStableDeviceRescueTest-1894466407 tempest-ServerStableDeviceRescueTest-1894466407-project-member] new path /v2/images/dcaedf7a-6276-4ab6-9cf9-787d97f022c8 {{(pid=99447) process_request /opt/stack/glance/glance/api/middleware/version_negotiation.py:70}}
Jul 07 13:03:32.956142 np0000004721 devstack@g-api.service[99447]: [pid: 99447|app: 0|req: 78/231] 127.0.0.1 () {44 vars in 1115 bytes} [Tue Jul 7 13:03:32 2026] GET /v2/images/dcaedf7a-6276-4ab6-9cf9-787d97f022c8 => generated 1044 bytes in 13 msecs (HTTP/1.1 200) 4 headers in 158 bytes (1 switches on core 0)
Jul 07 13:03:32.964237 np0000004721 devstack@g-api.service[99445]: DEBUG glance.api.middleware.version_negotiation [None req-0b29c5b6-9567-4118-a020-0079e0d50505 tempest-ServerStableDeviceRescueTest-1894466407 tempest-ServerStableDeviceRescueTest-1894466407-project-member] Determining version of request: GET /v2/schemas/image Accept: */* {{(pid=99445) process_request /opt/stack/glance/glance/api/middleware/version_negotiation.py:44}}
Jul 07 13:03:32.964586 np0000004721 devstack@g-api.service[99445]: DEBUG glance.api.middleware.version_negotiation [None req-0b29c5b6-9567-4118-a020-0079e0d50505 tempest-ServerStableDeviceRescueTest-1894466407 tempest-ServerStableDeviceRescueTest-1894466407-project-member] Using url versioning {{(pid=99445) process_request /opt/stack/glance/glance/api/middleware/version_negotiation.py:57}}
Jul 07 13:03:32.964773 np0000004721 devstack@g-api.service[99445]: DEBUG glance.api.middleware.version_negotiation [None req-0b29c5b6-9567-4118-a020-0079e0d50505 tempest-ServerStableDeviceRescueTest-1894466407 tempest-ServerStableDeviceRescueTest-1894466407-project-member] Matched version: v2 {{(pid=99445) process_request /opt/stack/glance/glance/api/middleware/version_negotiation.py:69}}
Jul 07 13:03:32.964876 np0000004721 devstack@g-api.service[99445]: DEBUG glance.api.middleware.version_negotiation [None req-0b29c5b6-9567-4118-a020-0079e0d50505 tempest-ServerStableDeviceRescueTest-1894466407 tempest-ServerStableDeviceRescueTest-1894466407-project-member] new path /v2/schemas/image {{(pid=99445) process_request /opt/stack/glance/glance/api/middleware/version_negotiation.py:70}}
Jul 07 13:03:32.967858 np0000004721 devstack@g-api.service[99445]: [pid: 99445|app: 0|req: 81/232] 127.0.0.1 () {44 vars in 1055 bytes} [Tue Jul 7 13:03:32 2026] GET /v2/schemas/image => generated 6083 bytes in 4 msecs (HTTP/1.1 200) 4 headers in 158 bytes (1 switches on core 0)
Jul 07 13:03:32.977451 np0000004721 devstack@g-api.service[99446]: DEBUG glance.api.middleware.version_negotiation [None req-0b29c5b6-9567-4118-a020-0079e0d50505 tempest-ServerStableDeviceRescueTest-1894466407 tempest-ServerStableDeviceRescueTest-1894466407-project-member] Determining version of request: GET /v2/schemas/image Accept: */* {{(pid=99446) process_request /opt/stack/glance/glance/api/middleware/version_negotiation.py:44}}
Jul 07 13:03:32.978740 np0000004721 devstack@g-api.service[99446]: DEBUG glance.api.middleware.version_negotiation [None req-0b29c5b6-9567-4118-a020-0079e0d50505 tempest-ServerStableDeviceRescueTest-1894466407 tempest-ServerStableDeviceRescueTest-1894466407-project-member] Using url versioning {{(pid=99446) process_request /opt/stack/glance/glance/api/middleware/version_negotiation.py:57}}
Jul 07 13:03:32.978740 np0000004721 devstack@g-api.service[99446]: DEBUG glance.api.middleware.version_negotiation [None req-0b29c5b6-9567-4118-a020-0079e0d50505 tempest-ServerStableDeviceRescueTest-1894466407 tempest-ServerStableDeviceRescueTest-1894466407-project-member] Matched version: v2 {{(pid=99446) process_request /opt/stack/glance/glance/api/middleware/version_negotiation.py:69}}
Jul 07 13:03:32.978740 np0000004721 devstack@g-api.service[99446]: DEBUG glance.api.middleware.version_negotiation [None req-0b29c5b6-9567-4118-a020-0079e0d50505 tempest-ServerStableDeviceRescueTest-1894466407 tempest-ServerStableDeviceRescueTest-1894466407-project-member] new path /v2/schemas/image {{(pid=99446) process_request /opt/stack/glance/glance/api/middleware/version_negotiation.py:70}}
Jul 07 13:03:32.980826 np0000004721 devstack@g-api.service[99446]: [pid: 99446|app: 0|req: 74/233] 127.0.0.1 () {44 vars in 1055 bytes} [Tue Jul 7 13:03:32 2026] GET /v2/schemas/image => generated 6083 bytes in 3 msecs (HTTP/1.1 200) 4 headers in 158 bytes (1 switches on core 0)
Jul 07 13:03:32.993231 np0000004721 devstack@g-api.service[99447]: DEBUG glance.api.middleware.version_negotiation [None req-8b6dc39e-13e0-4636-9b97-a07a5865b397 tempest-ServerActionsV293TestJSON-1223121827 tempest-ServerActionsV293TestJSON-1223121827-project-member] Determining version of request: GET /v2/images/dcaedf7a-6276-4ab6-9cf9-787d97f022c8 Accept: */* {{(pid=99447) process_request /opt/stack/glance/glance/api/middleware/version_negotiation.py:44}}
Jul 07 13:03:32.993231 np0000004721 devstack@g-api.service[99447]: DEBUG glance.api.middleware.version_negotiation [None req-8b6dc39e-13e0-4636-9b97-a07a5865b397 tempest-ServerActionsV293TestJSON-1223121827 tempest-ServerActionsV293TestJSON-1223121827-project-member] Using url versioning {{(pid=99447) process_request /opt/stack/glance/glance/api/middleware/version_negotiation.py:57}}
Jul 07 13:03:32.993231 np0000004721 devstack@g-api.service[99447]: DEBUG glance.api.middleware.version_negotiation [None req-8b6dc39e-13e0-4636-9b97-a07a5865b397 tempest-ServerActionsV293TestJSON-1223121827 tempest-ServerActionsV293TestJSON-1223121827-project-member] Matched version: v2 {{(pid=99447) process_request /opt/stack/glance/glance/api/middleware/version_negotiation.py:69}}
Jul 07 13:03:32.993231 np0000004721 devstack@g-api.service[99447]: DEBUG glance.api.middleware.version_negotiation [None req-8b6dc39e-13e0-4636-9b97-a07a5865b397 tempest-ServerActionsV293TestJSON-1223121827 tempest-ServerActionsV293TestJSON-1223121827-project-member] new path /v2/images/dcaedf7a-6276-4ab6-9cf9-787d97f022c8 {{(pid=99447) process_request /opt/stack/glance/glance/api/middleware/version_negotiation.py:70}}
Jul 07 13:03:33.002216 np0000004721 devstack@g-api.service[99447]: [pid: 99447|app: 0|req: 79/234] 127.0.0.1 () {44 vars in 1115 bytes} [Tue Jul 7 13:03:32 2026] GET /v2/images/dcaedf7a-6276-4ab6-9cf9-787d97f022c8 => generated 1044 bytes in 12 msecs (HTTP/1.1 200) 4 headers in 158 bytes (1 switches on core 0)
Jul 07 13:03:33.010707 np0000004721 devstack@g-api.service[99445]: DEBUG glance.api.middleware.version_negotiation [None req-8b6dc39e-13e0-4636-9b97-a07a5865b397 tempest-ServerActionsV293TestJSON-1223121827 tempest-ServerActionsV293TestJSON-1223121827-project-member] Determining version of request: GET /v2/schemas/image Accept: */* {{(pid=99445) process_request /opt/stack/glance/glance/api/middleware/version_negotiation.py:44}}
Jul 07 13:03:33.011577 np0000004721 devstack@g-api.service[99445]: DEBUG glance.api.middleware.version_negotiation [None req-8b6dc39e-13e0-4636-9b97-a07a5865b397 tempest-ServerActionsV293TestJSON-1223121827 tempest-ServerActionsV293TestJSON-1223121827-project-member] Using url versioning {{(pid=99445) process_request /opt/stack/glance/glance/api/middleware/version_negotiation.py:57}}
Jul 07 13:03:33.011763 np0000004721 devstack@g-api.service[99445]: DEBUG glance.api.middleware.version_negotiation [None req-8b6dc39e-13e0-4636-9b97-a07a5865b397 tempest-ServerActionsV293TestJSON-1223121827 tempest-ServerActionsV293TestJSON-1223121827-project-member] Matched version: v2 {{(pid=99445) process_request /opt/stack/glance/glance/api/middleware/version_negotiation.py:69}}
Jul 07 13:03:33.011916 np0000004721 devstack@g-api.service[99445]: DEBUG glance.api.middleware.version_negotiation [None req-8b6dc39e-13e0-4636-9b97-a07a5865b397 tempest-ServerActionsV293TestJSON-1223121827 tempest-ServerActionsV293TestJSON-1223121827-project-member] new path /v2/schemas/image {{(pid=99445) process_request /opt/stack/glance/glance/api/middleware/version_negotiation.py:70}}
Jul 07 13:03:33.016123 np0000004721 devstack@g-api.service[99445]: [pid: 99445|app: 0|req: 82/235] 127.0.0.1 () {44 vars in 1055 bytes} [Tue Jul 7 13:03:33 2026] GET /v2/schemas/image => generated 6083 bytes in 6 msecs (HTTP/1.1 200) 4 headers in 158 bytes (1 switches on core 0)
Jul 07 13:03:33.025098 np0000004721 devstack@g-api.service[99446]: DEBUG glance.api.middleware.version_negotiation [None req-8b6dc39e-13e0-4636-9b97-a07a5865b397 tempest-ServerActionsV293TestJSON-1223121827 tempest-ServerActionsV293TestJSON-1223121827-project-member] Determining version of request: GET /v2/schemas/image Accept: */* {{(pid=99446) process_request /opt/stack/glance/glance/api/middleware/version_negotiation.py:44}}
Jul 07 13:03:33.025586 np0000004721 devstack@g-api.service[99446]: DEBUG glance.api.middleware.version_negotiation [None req-8b6dc39e-13e0-4636-9b97-a07a5865b397 tempest-ServerActionsV293TestJSON-1223121827 tempest-ServerActionsV293TestJSON-1223121827-project-member] Using url versioning {{(pid=99446) process_request /opt/stack/glance/glance/api/middleware/version_negotiation.py:57}}
Jul 07 13:03:33.025911 np0000004721 devstack@g-api.service[99446]: DEBUG glance.api.middleware.version_negotiation [None req-8b6dc39e-13e0-4636-9b97-a07a5865b397 tempest-ServerActionsV293TestJSON-1223121827 tempest-ServerActionsV293TestJSON-1223121827-project-member] Matched version: v2 {{(pid=99446) process_request /opt/stack/glance/glance/api/middleware/version_negotiation.py:69}}
Jul 07 13:03:33.026743 np0000004721 devstack@g-api.service[99446]: DEBUG glance.api.middleware.version_negotiation [None req-8b6dc39e-13e0-4636-9b97-a07a5865b397 tempest-ServerActionsV293TestJSON-1223121827 tempest-ServerActionsV293TestJSON-1223121827-project-member] new path /v2/schemas/image {{(pid=99446) process_request /opt/stack/glance/glance/api/middleware/version_negotiation.py:70}}
Jul 07 13:03:33.030033 np0000004721 devstack@g-api.service[99446]: [pid: 99446|app: 0|req: 75/236] 127.0.0.1 () {44 vars in 1055 bytes} [Tue Jul 7 13:03:33 2026] GET /v2/schemas/image => generated 6083 bytes in 5 msecs (HTTP/1.1 200) 4 headers in 158 bytes (1 switches on core 0)
Jul 07 13:03:33.054274 np0000004721 devstack@g-api.service[99447]: DEBUG glance.api.middleware.version_negotiation [None req-8b6dc39e-13e0-4636-9b97-a07a5865b397 tempest-ServerActionsV293TestJSON-1223121827 tempest-ServerActionsV293TestJSON-1223121827-project-member] Determining version of request: GET /v2/images/dcaedf7a-6276-4ab6-9cf9-787d97f022c8 Accept: */* {{(pid=99447) process_request /opt/stack/glance/glance/api/middleware/version_negotiation.py:44}}
Jul 07 13:03:33.054453 np0000004721 devstack@g-api.service[99447]: DEBUG glance.api.middleware.version_negotiation [None req-8b6dc39e-13e0-4636-9b97-a07a5865b397 tempest-ServerActionsV293TestJSON-1223121827 tempest-ServerActionsV293TestJSON-1223121827-project-member] Using url versioning {{(pid=99447) process_request /opt/stack/glance/glance/api/middleware/version_negotiation.py:57}}
Jul 07 13:03:33.054599 np0000004721 devstack@g-api.service[99447]: DEBUG glance.api.middleware.version_negotiation [None req-8b6dc39e-13e0-4636-9b97-a07a5865b397 tempest-ServerActionsV293TestJSON-1223121827 tempest-ServerActionsV293TestJSON-1223121827-project-member] Matched version: v2 {{(pid=99447) process_request /opt/stack/glance/glance/api/middleware/version_negotiation.py:69}}
Jul 07 13:03:33.054705 np0000004721 devstack@g-api.service[99447]: DEBUG glance.api.middleware.version_negotiation [None req-8b6dc39e-13e0-4636-9b97-a07a5865b397 tempest-ServerActionsV293TestJSON-1223121827 tempest-ServerActionsV293TestJSON-1223121827-project-member] new path /v2/images/dcaedf7a-6276-4ab6-9cf9-787d97f022c8 {{(pid=99447) process_request /opt/stack/glance/glance/api/middleware/version_negotiation.py:70}}
Jul 07 13:03:33.064596 np0000004721 devstack@g-api.service[99447]: [pid: 99447|app: 0|req: 80/237] 127.0.0.1 () {44 vars in 1115 bytes} [Tue Jul 7 13:03:33 2026] GET /v2/images/dcaedf7a-6276-4ab6-9cf9-787d97f022c8 => generated 1044 bytes in 10 msecs (HTTP/1.1 200) 4 headers in 158 bytes (1 switches on core 0)
Jul 07 13:03:33.074490 np0000004721 devstack@g-api.service[99445]: DEBUG glance.api.middleware.version_negotiation [None req-8b6dc39e-13e0-4636-9b97-a07a5865b397 tempest-ServerActionsV293TestJSON-1223121827 tempest-ServerActionsV293TestJSON-1223121827-project-member] Determining version of request: GET /v2/schemas/image Accept: */* {{(pid=99445) process_request /opt/stack/glance/glance/api/middleware/version_negotiation.py:44}}
Jul 07 13:03:33.074647 np0000004721 devstack@g-api.service[99445]: DEBUG glance.api.middleware.version_negotiation [None req-8b6dc39e-13e0-4636-9b97-a07a5865b397 tempest-ServerActionsV293TestJSON-1223121827 tempest-ServerActionsV293TestJSON-1223121827-project-member] Using url versioning {{(pid=99445) process_request /opt/stack/glance/glance/api/middleware/version_negotiation.py:57}}
Jul 07 13:03:33.074767 np0000004721 devstack@g-api.service[99445]: DEBUG glance.api.middleware.version_negotiation [None req-8b6dc39e-13e0-4636-9b97-a07a5865b397 tempest-ServerActionsV293TestJSON-1223121827 tempest-ServerActionsV293TestJSON-1223121827-project-member] Matched version: v2 {{(pid=99445) process_request /opt/stack/glance/glance/api/middleware/version_negotiation.py:69}}
Jul 07 13:03:33.074860 np0000004721 devstack@g-api.service[99445]: DEBUG glance.api.middleware.version_negotiation [None req-8b6dc39e-13e0-4636-9b97-a07a5865b397 tempest-ServerActionsV293TestJSON-1223121827 tempest-ServerActionsV293TestJSON-1223121827-project-member] new path /v2/schemas/image {{(pid=99445) process_request /opt/stack/glance/glance/api/middleware/version_negotiation.py:70}}
Jul 07 13:03:33.078442 np0000004721 devstack@g-api.service[99445]: [pid: 99445|app: 0|req: 83/238] 127.0.0.1 () {44 vars in 1055 bytes} [Tue Jul 7 13:03:33 2026] GET /v2/schemas/image => generated 6083 bytes in 4 msecs (HTTP/1.1 200) 4 headers in 158 bytes (1 switches on core 0)
Jul 07 13:03:33.532788 np0000004721 devstack@g-api.service[99446]: DEBUG glance.api.middleware.version_negotiation [None req-8b6dc39e-13e0-4636-9b97-a07a5865b397 tempest-ServerActionsV293TestJSON-1223121827 tempest-ServerActionsV293TestJSON-1223121827-project-member] Determining version of request: GET /versions Accept: */* {{(pid=99446) process_request /opt/stack/glance/glance/api/middleware/version_negotiation.py:44}}
Jul 07 13:03:33.533685 np0000004721 devstack@g-api.service[99446]: [pid: 99446|app: 0|req: 76/239] 127.0.0.1 () {44 vars in 1039 bytes} [Tue Jul 7 13:03:33 2026] GET /versions => generated 1515 bytes in 1 msecs (HTTP/1.1 200) 3 headers in 92 bytes (1 switches on core 0)
Jul 07 13:03:33.543663 np0000004721 devstack@g-api.service[99447]: DEBUG glance.api.middleware.version_negotiation [None req-8b6dc39e-13e0-4636-9b97-a07a5865b397 tempest-ServerActionsV293TestJSON-1223121827 tempest-ServerActionsV293TestJSON-1223121827-project-member] Determining version of request: GET /v2/images/dcaedf7a-6276-4ab6-9cf9-787d97f022c8/locations Accept: */* {{(pid=99447) process_request /opt/stack/glance/glance/api/middleware/version_negotiation.py:44}}
Jul 07 13:03:33.543663 np0000004721 devstack@g-api.service[99447]: DEBUG glance.api.middleware.version_negotiation [None req-8b6dc39e-13e0-4636-9b97-a07a5865b397 tempest-ServerActionsV293TestJSON-1223121827 tempest-ServerActionsV293TestJSON-1223121827-project-member] Using url versioning {{(pid=99447) process_request /opt/stack/glance/glance/api/middleware/version_negotiation.py:57}}
Jul 07 13:03:33.543663 np0000004721 devstack@g-api.service[99447]: DEBUG glance.api.middleware.version_negotiation [None req-8b6dc39e-13e0-4636-9b97-a07a5865b397 tempest-ServerActionsV293TestJSON-1223121827 tempest-ServerActionsV293TestJSON-1223121827-project-member] Matched version: v2 {{(pid=99447) process_request /opt/stack/glance/glance/api/middleware/version_negotiation.py:69}}
Jul 07 13:03:33.543663 np0000004721 devstack@g-api.service[99447]: DEBUG glance.api.middleware.version_negotiation [None req-8b6dc39e-13e0-4636-9b97-a07a5865b397 tempest-ServerActionsV293TestJSON-1223121827 tempest-ServerActionsV293TestJSON-1223121827-project-member] new path /v2/images/dcaedf7a-6276-4ab6-9cf9-787d97f022c8/locations {{(pid=99447) process_request /opt/stack/glance/glance/api/middleware/version_negotiation.py:70}}
Jul 07 13:03:33.598144 np0000004721 devstack@g-api.service[99447]: [pid: 99447|app: 0|req: 81/240] 127.0.0.1 () {44 vars in 1135 bytes} [Tue Jul 7 13:03:33 2026] GET /v2/images/dcaedf7a-6276-4ab6-9cf9-787d97f022c8/locations => generated 92 bytes in 55 msecs (HTTP/1.1 200) 4 headers in 156 bytes (1 switches on core 0)
Jul 07 13:03:33.614595 np0000004721 devstack@g-api.service[99445]: DEBUG glance.api.middleware.version_negotiation [None req-8b6dc39e-13e0-4636-9b97-a07a5865b397 tempest-ServerActionsV293TestJSON-1223121827 tempest-ServerActionsV293TestJSON-1223121827-project-member] Determining version of request: GET /v2/images/dcaedf7a-6276-4ab6-9cf9-787d97f022c8 Accept: */* {{(pid=99445) process_request /opt/stack/glance/glance/api/middleware/version_negotiation.py:44}}
Jul 07 13:03:33.615098 np0000004721 devstack@g-api.service[99445]: DEBUG glance.api.middleware.version_negotiation [None req-8b6dc39e-13e0-4636-9b97-a07a5865b397 tempest-ServerActionsV293TestJSON-1223121827 tempest-ServerActionsV293TestJSON-1223121827-project-member] Using url versioning {{(pid=99445) process_request /opt/stack/glance/glance/api/middleware/version_negotiation.py:57}}
Jul 07 13:03:33.615098 np0000004721 devstack@g-api.service[99445]: DEBUG glance.api.middleware.version_negotiation [None req-8b6dc39e-13e0-4636-9b97-a07a5865b397 tempest-ServerActionsV293TestJSON-1223121827 tempest-ServerActionsV293TestJSON-1223121827-project-member] Matched version: v2 {{(pid=99445) process_request /opt/stack/glance/glance/api/middleware/version_negotiation.py:69}}
Jul 07 13:03:33.615215 np0000004721 devstack@g-api.service[99445]: DEBUG glance.api.middleware.version_negotiation [None req-8b6dc39e-13e0-4636-9b97-a07a5865b397 tempest-ServerActionsV293TestJSON-1223121827 tempest-ServerActionsV293TestJSON-1223121827-project-member] new path /v2/images/dcaedf7a-6276-4ab6-9cf9-787d97f022c8 {{(pid=99445) process_request /opt/stack/glance/glance/api/middleware/version_negotiation.py:70}}
Jul 07 13:03:33.635500 np0000004721 devstack@g-api.service[99445]: [pid: 99445|app: 0|req: 84/241] 127.0.0.1 () {44 vars in 1115 bytes} [Tue Jul 7 13:03:33 2026] GET /v2/images/dcaedf7a-6276-4ab6-9cf9-787d97f022c8 => generated 1044 bytes in 21 msecs (HTTP/1.1 200) 4 headers in 158 bytes (1 switches on core 0)
Jul 07 13:03:33.646294 np0000004721 devstack@g-api.service[99446]: DEBUG glance.api.middleware.version_negotiation [None req-8b6dc39e-13e0-4636-9b97-a07a5865b397 tempest-ServerActionsV293TestJSON-1223121827 tempest-ServerActionsV293TestJSON-1223121827-project-member] Determining version of request: GET /v2/schemas/image Accept: */* {{(pid=99446) process_request /opt/stack/glance/glance/api/middleware/version_negotiation.py:44}}
Jul 07 13:03:33.646441 np0000004721 devstack@g-api.service[99446]: DEBUG glance.api.middleware.version_negotiation [None req-8b6dc39e-13e0-4636-9b97-a07a5865b397 tempest-ServerActionsV293TestJSON-1223121827 tempest-ServerActionsV293TestJSON-1223121827-project-member] Using url versioning {{(pid=99446) process_request /opt/stack/glance/glance/api/middleware/version_negotiation.py:57}}
Jul 07 13:03:33.648700 np0000004721 devstack@g-api.service[99446]: DEBUG glance.api.middleware.version_negotiation [None req-8b6dc39e-13e0-4636-9b97-a07a5865b397 tempest-ServerActionsV293TestJSON-1223121827 tempest-ServerActionsV293TestJSON-1223121827-project-member] Matched version: v2 {{(pid=99446) process_request /opt/stack/glance/glance/api/middleware/version_negotiation.py:69}}
Jul 07 13:03:33.648700 np0000004721 devstack@g-api.service[99446]: DEBUG glance.api.middleware.version_negotiation [None req-8b6dc39e-13e0-4636-9b97-a07a5865b397 tempest-ServerActionsV293TestJSON-1223121827 tempest-ServerActionsV293TestJSON-1223121827-project-member] new path /v2/schemas/image {{(pid=99446) process_request /opt/stack/glance/glance/api/middleware/version_negotiation.py:70}}
Jul 07 13:03:33.658435 np0000004721 devstack@g-api.service[99446]: [pid: 99446|app: 0|req: 77/242] 127.0.0.1 () {44 vars in 1055 bytes} [Tue Jul 7 13:03:33 2026] GET /v2/schemas/image => generated 6083 bytes in 12 msecs (HTTP/1.1 200) 4 headers in 158 bytes (1 switches on core 0)
Jul 07 13:03:33.671952 np0000004721 devstack@g-api.service[99447]: DEBUG glance.api.middleware.version_negotiation [None req-8b6dc39e-13e0-4636-9b97-a07a5865b397 service glance] Determining version of request: GET /v2/schemas/image Accept: */* {{(pid=99447) process_request /opt/stack/glance/glance/api/middleware/version_negotiation.py:44}}
Jul 07 13:03:33.671952 np0000004721 devstack@g-api.service[99447]: DEBUG glance.api.middleware.version_negotiation [None req-8b6dc39e-13e0-4636-9b97-a07a5865b397 service glance] Using url versioning {{(pid=99447) process_request /opt/stack/glance/glance/api/middleware/version_negotiation.py:57}}
Jul 07 13:03:33.671952 np0000004721 devstack@g-api.service[99447]: DEBUG glance.api.middleware.version_negotiation [None req-8b6dc39e-13e0-4636-9b97-a07a5865b397 service glance] Matched version: v2 {{(pid=99447) process_request /opt/stack/glance/glance/api/middleware/version_negotiation.py:69}}
Jul 07 13:03:33.671952 np0000004721 devstack@g-api.service[99447]: DEBUG glance.api.middleware.version_negotiation [None req-8b6dc39e-13e0-4636-9b97-a07a5865b397 service glance] new path /v2/schemas/image {{(pid=99447) process_request /opt/stack/glance/glance/api/middleware/version_negotiation.py:70}}
Jul 07 13:03:33.674457 np0000004721 devstack@g-api.service[99447]: [pid: 99447|app: 0|req: 82/243] 127.0.0.1 () {44 vars in 1055 bytes} [Tue Jul 7 13:03:33 2026] GET /v2/schemas/image => generated 6083 bytes in 4 msecs (HTTP/1.1 200) 4 headers in 158 bytes (1 switches on core 0)
Jul 07 13:03:41.592143 np0000004721 devstack@g-api.service[99446]: DEBUG dbcounter [-] [99446] Writing DB stats glance:SELECT=71,glance:UPDATE=31,glance:INSERT=3,glance:DELETE=1 {{(pid=99446) stat_writer /opt/stack/data/venv/lib/python3.12/site-packages/dbcounter.py:115}}
Jul 07 13:03:43.596508 np0000004721 devstack@g-api.service[99447]: DEBUG dbcounter [-] [99447] Writing DB stats glance:INSERT=19,glance:SELECT=45,glance:UPDATE=2 {{(pid=99447) stat_writer /opt/stack/data/venv/lib/python3.12/site-packages/dbcounter.py:115}}
Jul 07 13:03:43.632021 np0000004721 devstack@g-api.service[99445]: DEBUG dbcounter [-] [99445] Writing DB stats glance:SELECT=34,glance:UPDATE=3,glance:INSERT=4 {{(pid=99445) stat_writer /opt/stack/data/venv/lib/python3.12/site-packages/dbcounter.py:115}}
Jul 07 13:03:45.653419 np0000004721 devstack@g-api.service[99445]: DEBUG glance.api.middleware.version_negotiation [None req-8b6dc39e-13e0-4636-9b97-a07a5865b397 tempest-ServerActionsV293TestJSON-1223121827 tempest-ServerActionsV293TestJSON-1223121827-project-member] Determining version of request: GET /v2/images/dcaedf7a-6276-4ab6-9cf9-787d97f022c8 Accept: */* {{(pid=99445) process_request /opt/stack/glance/glance/api/middleware/version_negotiation.py:44}}
Jul 07 13:03:45.653936 np0000004721 devstack@g-api.service[99445]: DEBUG glance.api.middleware.version_negotiation [None req-8b6dc39e-13e0-4636-9b97-a07a5865b397 tempest-ServerActionsV293TestJSON-1223121827 tempest-ServerActionsV293TestJSON-1223121827-project-member] Using url versioning {{(pid=99445) process_request /opt/stack/glance/glance/api/middleware/version_negotiation.py:57}}
Jul 07 13:03:45.653936 np0000004721 devstack@g-api.service[99445]: DEBUG glance.api.middleware.version_negotiation [None req-8b6dc39e-13e0-4636-9b97-a07a5865b397 tempest-ServerActionsV293TestJSON-1223121827 tempest-ServerActionsV293TestJSON-1223121827-project-member] Matched version: v2 {{(pid=99445) process_request /opt/stack/glance/glance/api/middleware/version_negotiation.py:69}}
Jul 07 13:03:45.653936 np0000004721 devstack@g-api.service[99445]: DEBUG glance.api.middleware.version_negotiation [None req-8b6dc39e-13e0-4636-9b97-a07a5865b397 tempest-ServerActionsV293TestJSON-1223121827 tempest-ServerActionsV293TestJSON-1223121827-project-member] new path /v2/images/dcaedf7a-6276-4ab6-9cf9-787d97f022c8 {{(pid=99445) process_request /opt/stack/glance/glance/api/middleware/version_negotiation.py:70}}
Jul 07 13:03:45.662267 np0000004721 devstack@g-api.service[99446]: DEBUG glance.api.middleware.version_negotiation [None req-8b6dc39e-13e0-4636-9b97-a07a5865b397 tempest-ServerActionsV293TestJSON-1223121827 tempest-ServerActionsV293TestJSON-1223121827-project-member] Determining version of request: DELETE /v2/images/cc81dde7-5ae4-4161-97d8-d0e639d974c5 Accept: application/json {{(pid=99446) process_request /opt/stack/glance/glance/api/middleware/version_negotiation.py:44}}
Jul 07 13:03:45.662646 np0000004721 devstack@g-api.service[99446]: DEBUG glance.api.middleware.version_negotiation [None req-8b6dc39e-13e0-4636-9b97-a07a5865b397 tempest-ServerActionsV293TestJSON-1223121827 tempest-ServerActionsV293TestJSON-1223121827-project-member] Using url versioning {{(pid=99446) process_request /opt/stack/glance/glance/api/middleware/version_negotiation.py:57}}
Jul 07 13:03:45.663477 np0000004721 devstack@g-api.service[99446]: DEBUG glance.api.middleware.version_negotiation [None req-8b6dc39e-13e0-4636-9b97-a07a5865b397 tempest-ServerActionsV293TestJSON-1223121827 tempest-ServerActionsV293TestJSON-1223121827-project-member] Matched version: v2 {{(pid=99446) process_request /opt/stack/glance/glance/api/middleware/version_negotiation.py:69}}
Jul 07 13:03:45.663477 np0000004721 devstack@g-api.service[99446]: DEBUG glance.api.middleware.version_negotiation [None req-8b6dc39e-13e0-4636-9b97-a07a5865b397 tempest-ServerActionsV293TestJSON-1223121827 tempest-ServerActionsV293TestJSON-1223121827-project-member] new path /v2/images/cc81dde7-5ae4-4161-97d8-d0e639d974c5 {{(pid=99446) process_request /opt/stack/glance/glance/api/middleware/version_negotiation.py:70}}
Jul 07 13:03:45.671735 np0000004721 devstack@g-api.service[99445]: [pid: 99445|app: 0|req: 85/244] 127.0.0.1 () {44 vars in 1115 bytes} [Tue Jul 7 13:03:45 2026] GET /v2/images/dcaedf7a-6276-4ab6-9cf9-787d97f022c8 => generated 1044 bytes in 17 msecs (HTTP/1.1 200) 4 headers in 158 bytes (1 switches on core 0)
Jul 07 13:03:45.690088 np0000004721 devstack@g-api.service[99446]: WARNING glance.api.v2.images [None req-be7160f0-e858-4116-b24b-ef6d0052f5a8 tempest-ServerBootFromVolumeStableRescueTest-1395047430 tempest-ServerBootFromVolumeStableRescueTest-1395047430-project-member] After upload to backend, deletion of staged image data has failed because it cannot be found at /tmp/staging//cc81dde7-5ae4-4161-97d8-d0e639d974c5
Jul 07 13:03:45.691045 np0000004721 devstack@g-api.service[99446]: DEBUG glance_store.backend [None req-be7160f0-e858-4116-b24b-ef6d0052f5a8 tempest-ServerBootFromVolumeStableRescueTest-1395047430 tempest-ServerBootFromVolumeStableRescueTest-1395047430-project-member] Attempting to import store swift {{(pid=99446) _load_store /opt/stack/data/venv/lib/python3.12/site-packages/glance_store/backend.py:215}}
Jul 07 13:03:45.694110 np0000004721 devstack@g-api.service[99446]: DEBUG glance_store.capabilities [None req-be7160f0-e858-4116-b24b-ef6d0052f5a8 tempest-ServerBootFromVolumeStableRescueTest-1395047430 tempest-ServerBootFromVolumeStableRescueTest-1395047430-project-member] Store glance_store._drivers.swift.store.SingleTenantStore doesn't support updating dynamic storage capabilities. Please overwrite 'update_capabilities' method of the store to implement updating logics if needed. {{(pid=99446) update_capabilities /opt/stack/data/venv/lib/python3.12/site-packages/glance_store/capabilities.py:91}}
Jul 07 13:03:45.694908 np0000004721 devstack@g-api.service[99446]: DEBUG glance_store.driver [None req-be7160f0-e858-4116-b24b-ef6d0052f5a8 tempest-ServerBootFromVolumeStableRescueTest-1395047430 tempest-ServerBootFromVolumeStableRescueTest-1395047430-project-member] Late loading location class glance_store._drivers.swift.store.StoreLocation {{(pid=99446) get_store_location_class /opt/stack/data/venv/lib/python3.12/site-packages/glance_store/driver.py:134}}
Jul 07 13:03:45.694908 np0000004721 devstack@g-api.service[99446]: DEBUG glance_store.location [None req-be7160f0-e858-4116-b24b-ef6d0052f5a8 tempest-ServerBootFromVolumeStableRescueTest-1395047430 tempest-ServerBootFromVolumeStableRescueTest-1395047430-project-member] Registering scheme swift+https with {'store': , 'location_class': , 'store_entry': 'swift'} {{(pid=99446) register_scheme_map /opt/stack/data/venv/lib/python3.12/site-packages/glance_store/location.py:146}}
Jul 07 13:03:45.694908 np0000004721 devstack@g-api.service[99446]: DEBUG glance_store.location [None req-be7160f0-e858-4116-b24b-ef6d0052f5a8 tempest-ServerBootFromVolumeStableRescueTest-1395047430 tempest-ServerBootFromVolumeStableRescueTest-1395047430-project-member] Registering scheme swift+https with {'store': , 'location_class': , 'store_entry': 'swift'} {{(pid=99446) register_scheme_map /opt/stack/data/venv/lib/python3.12/site-packages/glance_store/location.py:146}}
Jul 07 13:03:45.695255 np0000004721 devstack@g-api.service[99446]: DEBUG glance_store.location [None req-be7160f0-e858-4116-b24b-ef6d0052f5a8 tempest-ServerBootFromVolumeStableRescueTest-1395047430 tempest-ServerBootFromVolumeStableRescueTest-1395047430-project-member] Registering scheme swift with {'store': , 'location_class': , 'store_entry': 'swift'} {{(pid=99446) register_scheme_map /opt/stack/data/venv/lib/python3.12/site-packages/glance_store/location.py:146}}
Jul 07 13:03:45.695255 np0000004721 devstack@g-api.service[99446]: DEBUG glance_store.location [None req-be7160f0-e858-4116-b24b-ef6d0052f5a8 tempest-ServerBootFromVolumeStableRescueTest-1395047430 tempest-ServerBootFromVolumeStableRescueTest-1395047430-project-member] Registering scheme swift+https with {'store': , 'location_class': , 'store_entry': 'swift'} {{(pid=99446) register_scheme_map /opt/stack/data/venv/lib/python3.12/site-packages/glance_store/location.py:146}}
Jul 07 13:03:45.695255 np0000004721 devstack@g-api.service[99446]: DEBUG glance_store.location [None req-be7160f0-e858-4116-b24b-ef6d0052f5a8 tempest-ServerBootFromVolumeStableRescueTest-1395047430 tempest-ServerBootFromVolumeStableRescueTest-1395047430-project-member] Registering scheme swift with {'store': , 'location_class': , 'store_entry': 'swift'} {{(pid=99446) register_scheme_map /opt/stack/data/venv/lib/python3.12/site-packages/glance_store/location.py:146}}
Jul 07 13:03:45.695422 np0000004721 devstack@g-api.service[99446]: DEBUG glance_store.location [None req-be7160f0-e858-4116-b24b-ef6d0052f5a8 tempest-ServerBootFromVolumeStableRescueTest-1395047430 tempest-ServerBootFromVolumeStableRescueTest-1395047430-project-member] Registering scheme swift+http with {'store': , 'location_class': , 'store_entry': 'swift'} {{(pid=99446) register_scheme_map /opt/stack/data/venv/lib/python3.12/site-packages/glance_store/location.py:146}}
Jul 07 13:03:45.695422 np0000004721 devstack@g-api.service[99446]: DEBUG glance_store.location [None req-be7160f0-e858-4116-b24b-ef6d0052f5a8 tempest-ServerBootFromVolumeStableRescueTest-1395047430 tempest-ServerBootFromVolumeStableRescueTest-1395047430-project-member] Registering scheme swift+https with {'store': , 'location_class': , 'store_entry': 'swift'} {{(pid=99446) register_scheme_map /opt/stack/data/venv/lib/python3.12/site-packages/glance_store/location.py:146}}
Jul 07 13:03:45.695534 np0000004721 devstack@g-api.service[99446]: DEBUG glance_store.location [None req-be7160f0-e858-4116-b24b-ef6d0052f5a8 tempest-ServerBootFromVolumeStableRescueTest-1395047430 tempest-ServerBootFromVolumeStableRescueTest-1395047430-project-member] Registering scheme swift with {'store': , 'location_class': , 'store_entry': 'swift'} {{(pid=99446) register_scheme_map /opt/stack/data/venv/lib/python3.12/site-packages/glance_store/location.py:146}}
Jul 07 13:03:45.695645 np0000004721 devstack@g-api.service[99446]: DEBUG glance_store.location [None req-be7160f0-e858-4116-b24b-ef6d0052f5a8 tempest-ServerBootFromVolumeStableRescueTest-1395047430 tempest-ServerBootFromVolumeStableRescueTest-1395047430-project-member] Registering scheme swift+http with {'store': , 'location_class': , 'store_entry': 'swift'} {{(pid=99446) register_scheme_map /opt/stack/data/venv/lib/python3.12/site-packages/glance_store/location.py:146}}
Jul 07 13:03:45.695826 np0000004721 devstack@g-api.service[99446]: DEBUG glance_store.location [None req-be7160f0-e858-4116-b24b-ef6d0052f5a8 tempest-ServerBootFromVolumeStableRescueTest-1395047430 tempest-ServerBootFromVolumeStableRescueTest-1395047430-project-member] Registering scheme swift+config with {'store': , 'location_class': , 'store_entry': 'swift'} {{(pid=99446) register_scheme_map /opt/stack/data/venv/lib/python3.12/site-packages/glance_store/location.py:146}}
Jul 07 13:03:45.696463 np0000004721 devstack@g-api.service[99446]: DEBUG keystoneclient.auth.identity.v3.base [None req-be7160f0-e858-4116-b24b-ef6d0052f5a8 tempest-ServerBootFromVolumeStableRescueTest-1395047430 tempest-ServerBootFromVolumeStableRescueTest-1395047430-project-member] Making authentication request to https://10.4.3.243/identity/v3/auth/tokens {{(pid=99446) get_auth_ref /opt/stack/data/venv/lib/python3.12/site-packages/keystoneclient/auth/identity/v3/base.py:185}}
Jul 07 13:03:45.713151 np0000004721 devstack@g-api.service[99447]: DEBUG glance.api.middleware.version_negotiation [None req-8b6dc39e-13e0-4636-9b97-a07a5865b397 tempest-ServerActionsV293TestJSON-1223121827 tempest-ServerActionsV293TestJSON-1223121827-project-member] Determining version of request: GET /v2/schemas/image Accept: */* {{(pid=99447) process_request /opt/stack/glance/glance/api/middleware/version_negotiation.py:44}}
Jul 07 13:03:45.713867 np0000004721 devstack@g-api.service[99447]: DEBUG glance.api.middleware.version_negotiation [None req-8b6dc39e-13e0-4636-9b97-a07a5865b397 tempest-ServerActionsV293TestJSON-1223121827 tempest-ServerActionsV293TestJSON-1223121827-project-member] Using url versioning {{(pid=99447) process_request /opt/stack/glance/glance/api/middleware/version_negotiation.py:57}}
Jul 07 13:03:45.713867 np0000004721 devstack@g-api.service[99447]: DEBUG glance.api.middleware.version_negotiation [None req-8b6dc39e-13e0-4636-9b97-a07a5865b397 tempest-ServerActionsV293TestJSON-1223121827 tempest-ServerActionsV293TestJSON-1223121827-project-member] Matched version: v2 {{(pid=99447) process_request /opt/stack/glance/glance/api/middleware/version_negotiation.py:69}}
Jul 07 13:03:45.713867 np0000004721 devstack@g-api.service[99447]: DEBUG glance.api.middleware.version_negotiation [None req-8b6dc39e-13e0-4636-9b97-a07a5865b397 tempest-ServerActionsV293TestJSON-1223121827 tempest-ServerActionsV293TestJSON-1223121827-project-member] new path /v2/schemas/image {{(pid=99447) process_request /opt/stack/glance/glance/api/middleware/version_negotiation.py:70}}
Jul 07 13:03:45.715661 np0000004721 devstack@g-api.service[99447]: [pid: 99447|app: 0|req: 83/245] 127.0.0.1 () {44 vars in 1055 bytes} [Tue Jul 7 13:03:45 2026] GET /v2/schemas/image => generated 6083 bytes in 2 msecs (HTTP/1.1 200) 4 headers in 158 bytes (1 switches on core 0)
Jul 07 13:03:45.776451 np0000004721 devstack@g-api.service[99446]: DEBUG keystoneclient.auth.identity.v3.base [None req-be7160f0-e858-4116-b24b-ef6d0052f5a8 tempest-ServerBootFromVolumeStableRescueTest-1395047430 tempest-ServerBootFromVolumeStableRescueTest-1395047430-project-member] {"token": {"methods": ["password"], "user": {"domain": {"id": "default", "name": "Default"}, "id": "a42047f889fc4f25803c1faf6b9970cb", "name": "glance-swift", "password_expires_at": null}, "audit_ids": ["GX6an21RSYev7bNZ2h_mWg"], "expires_at": "2026-07-07T14:03:45.000000Z", "issued_at": "2026-07-07T13:03:45.000000Z", "project": {"domain": {"id": "default", "name": "Default"}, "id": "b6d79e5758ee4a0b94927d2c5defc4b2", "name": "service"}, "is_domain": false, "roles": [{"id": "249906ef3e5e462bbdb19a909a71a811", "name": "ResellerAdmin"}, {"id": "60fa3edaa1d2443a9a918307efe01842", "name": "service"}], "catalog": [{"endpoints": [{"id": "7ab327d946a14527bc360aee3a4edffe", "interface": "public", "region_id": "RegionOne", "url": "https://10.4.3.243/volume/v3", "region": "RegionOne"}], "id": "29d0260472b346eab9858f7fba02ca28", "type": "block-storage", "name": "cinder"}, {"endpoints": [{"id": "4d5b0a3b70c445cab032b59479433a63", "interface": "public", "region_id": "RegionOne", "url": "https://10.4.3.243/compute/v2.1", "region": "RegionOne"}], "id": "37810ba4e0134a8387a432609f9e8cae", "type": "compute", "name": "nova"}, {"endpoints": [{"id": "30bbea1a0aaa484d9c2ce6cd4b94fa81", "interface": "public", "region_id": "RegionOne", "url": "https://10.4.3.243/identity", "region": "RegionOne"}], "id": "42443c5a6720469594bdffd878dd414e", "type": "identity", "name": "keystone"}, {"endpoints": [{"id": "f1efd82f5c2a448dbffcfbccdeee4fcd", "interface": "public", "region_id": "RegionOne", "url": "https://10.4.3.243/image", "region": "RegionOne"}], "id": "4583618186594affa13bdfad8477a967", "type": "image", "name": "glance"}, {"endpoints": [{"id": "63a479c699634ebeb5cba92851137903", "interface": "public", "region_id": "RegionOne", "url": "https://10.4.3.243/compute/v2/b6d79e5758ee4a0b94927d2c5defc4b2", "region": "RegionOne"}], "id": "6e831f5d79504e38854122d18a9454c1", "type": "compute_legacy", "name": "nova_legacy"}, {"endpoints": [{"id": "31b597306472467983e30a4dc412325e", "interface": "public", "region_id": "RegionOne", "url": "https://10.4.3.243/placement", "region": "RegionOne"}], "id": "a555c340195440b0acdbca1f10626b0c", "type": "placement", "name": "placement"}, {"endpoints": [{"id": "433160938e164925ac770ff59d280b5d", "interface": "admin", "region_id": "RegionOne", "url": "https://10.4.3.243:8080", "region": "RegionOne"}, {"id": "715a965d76334322a9fd9d125ed71627", "interface": "public", "region_id": "RegionOne", "url": "https://10.4.3.243:8080/v1/AUTH_b6d79e5758ee4a0b94927d2c5defc4b2", "region": "RegionOne"}], "id": "b3ae7c9b820444e5a3af8640d496fcda", "type": "object-store", "name": "swift"}, {"endpoints": [{"id": "d17f41c209a14428851ca2d5223b7616", "interface": "public", "region_id": "RegionOne", "url": "https://10.4.3.243/networking", "region": "RegionOne"}], "id": "ff0e3af11db147789a9fd90f321993c7", "type": "network", "name": "neutron"}]}} {{(pid=99446) get_auth_ref /opt/stack/data/venv/lib/python3.12/site-packages/keystoneclient/auth/identity/v3/base.py:190}}
Jul 07 13:03:45.777224 np0000004721 devstack@g-api.service[99446]: DEBUG keystoneclient.httpclient [None req-be7160f0-e858-4116-b24b-ef6d0052f5a8 tempest-ServerBootFromVolumeStableRescueTest-1395047430 tempest-ServerBootFromVolumeStableRescueTest-1395047430-project-member] Failed to find endpoint for management url admin endpoint for identity service not found {{(pid=99446) _process_management_url /opt/stack/data/venv/lib/python3.12/site-packages/keystoneclient/httpclient.py:670}}
Jul 07 13:03:46.033853 np0000004721 devstack@g-api.service[99446]: DEBUG swiftclient [None req-be7160f0-e858-4116-b24b-ef6d0052f5a8 tempest-ServerBootFromVolumeStableRescueTest-1395047430 tempest-ServerBootFromVolumeStableRescueTest-1395047430-project-member] REQ: curl -i https://10.4.3.243:8080/v1/AUTH_b6d79e5758ee4a0b94927d2c5defc4b2/glance/cc81dde7-5ae4-4161-97d8-d0e639d974c5 -I -H "X-Auth-Token: gAAAAABqTPkxTaCx..." {{(pid=99446) http_log /opt/stack/data/venv/lib/python3.12/site-packages/swiftclient/client.py:160}}
Jul 07 13:03:46.033853 np0000004721 devstack@g-api.service[99446]: DEBUG swiftclient [None req-be7160f0-e858-4116-b24b-ef6d0052f5a8 tempest-ServerBootFromVolumeStableRescueTest-1395047430 tempest-ServerBootFromVolumeStableRescueTest-1395047430-project-member] RESP STATUS: 200 OK {{(pid=99446) http_log /opt/stack/data/venv/lib/python3.12/site-packages/swiftclient/client.py:161}}
Jul 07 13:03:46.034090 np0000004721 devstack@g-api.service[99446]: DEBUG swiftclient [None req-be7160f0-e858-4116-b24b-ef6d0052f5a8 tempest-ServerBootFromVolumeStableRescueTest-1395047430 tempest-ServerBootFromVolumeStableRescueTest-1395047430-project-member] RESP HEADERS: {'Date': 'Tue, 07 Jul 2026 13:03:46 GMT', 'Server': 'Apache/2.4.58 (Ubuntu)', 'Content-Type': 'application/octet-stream', 'Content-Length': '23527424', 'X-Object-Manifest': 'glance/cc81dde7-5ae4-4161-97d8-d0e639d974c5-', 'Last-Modified': 'Tue, 07 Jul 2026 13:01:18 GMT', 'X-Timestamp': '1783429277.30537', 'Accept-Ranges': 'bytes', 'Etag': '"9c424351ecc3b84373f916fa8ecd34a2"', 'X-Trans-Id': 'txc3bf3c35a359483c87e61-006a4cf931', 'X-Openstack-Request-Id': 'txc3bf3c35a359483c87e61-006a4cf931', 'Connection': 'close'} {{(pid=99446) http_log /opt/stack/data/venv/lib/python3.12/site-packages/swiftclient/client.py:162}}
Jul 07 13:03:46.061410 np0000004721 devstack@g-api.service[99446]: DEBUG swiftclient [None req-be7160f0-e858-4116-b24b-ef6d0052f5a8 tempest-ServerBootFromVolumeStableRescueTest-1395047430 tempest-ServerBootFromVolumeStableRescueTest-1395047430-project-member] REQ: curl -i https://10.4.3.243:8080/v1/AUTH_b6d79e5758ee4a0b94927d2c5defc4b2/glance?format=json&prefix=cc81dde7-5ae4-4161-97d8-d0e639d974c5- -X GET -H "X-Auth-Token: gAAAAABqTPkxTaCx..." -H "Accept-Encoding: gzip" {{(pid=99446) http_log /opt/stack/data/venv/lib/python3.12/site-packages/swiftclient/client.py:160}}
Jul 07 13:03:46.061563 np0000004721 devstack@g-api.service[99446]: DEBUG swiftclient [None req-be7160f0-e858-4116-b24b-ef6d0052f5a8 tempest-ServerBootFromVolumeStableRescueTest-1395047430 tempest-ServerBootFromVolumeStableRescueTest-1395047430-project-member] RESP STATUS: 200 OK {{(pid=99446) http_log /opt/stack/data/venv/lib/python3.12/site-packages/swiftclient/client.py:161}}
Jul 07 13:03:46.062045 np0000004721 devstack@g-api.service[99446]: DEBUG swiftclient [None req-be7160f0-e858-4116-b24b-ef6d0052f5a8 tempest-ServerBootFromVolumeStableRescueTest-1395047430 tempest-ServerBootFromVolumeStableRescueTest-1395047430-project-member] RESP HEADERS: {'Date': 'Tue, 07 Jul 2026 13:03:46 GMT', 'Server': 'Apache/2.4.58 (Ubuntu)', 'Content-Type': 'application/json; charset=utf-8', 'Content-Length': '210', 'X-Container-Object-Count': '7', 'X-Container-Bytes-Used': '141492224', 'X-Timestamp': '1783429109.66404', 'Last-Modified': 'Tue, 07 Jul 2026 12:58:30 GMT', 'Accept-Ranges': 'bytes', 'X-Storage-Policy': 'Policy-0', 'X-Container-Sharding': 'False', 'X-Trans-Id': 'tx3f04fc69b2b649128bf4a-006a4cf932', 'X-Openstack-Request-Id': 'tx3f04fc69b2b649128bf4a-006a4cf932', 'Connection': 'close'} {{(pid=99446) http_log /opt/stack/data/venv/lib/python3.12/site-packages/swiftclient/client.py:162}}
Jul 07 13:03:46.062045 np0000004721 devstack@g-api.service[99446]: DEBUG swiftclient [None req-be7160f0-e858-4116-b24b-ef6d0052f5a8 tempest-ServerBootFromVolumeStableRescueTest-1395047430 tempest-ServerBootFromVolumeStableRescueTest-1395047430-project-member] RESP BODY: b'[{"bytes": 23527424, "hash": "4fa343ee581d8d2e78533191fd1ac3e1", "name": "cc81dde7-5ae4-4161-97d8-d0e639d974c5-00001", "content_type": "application/octet-stream", "last_modified": "2026-07-07T13:01:16.946970"}]' {{(pid=99446) http_log /opt/stack/data/venv/lib/python3.12/site-packages/swiftclient/client.py:166}}
Jul 07 13:03:46.101648 np0000004721 devstack@g-api.service[99446]: DEBUG swiftclient [None req-be7160f0-e858-4116-b24b-ef6d0052f5a8 tempest-ServerBootFromVolumeStableRescueTest-1395047430 tempest-ServerBootFromVolumeStableRescueTest-1395047430-project-member] REQ: curl -i https://10.4.3.243:8080/v1/AUTH_b6d79e5758ee4a0b94927d2c5defc4b2/glance/cc81dde7-5ae4-4161-97d8-d0e639d974c5-00001 DELETE -H "X-Auth-Token: gAAAAABqTPkxTaCx..." {{(pid=99446) http_log /opt/stack/data/venv/lib/python3.12/site-packages/swiftclient/client.py:160}}
Jul 07 13:03:46.101813 np0000004721 devstack@g-api.service[99446]: DEBUG swiftclient [None req-be7160f0-e858-4116-b24b-ef6d0052f5a8 tempest-ServerBootFromVolumeStableRescueTest-1395047430 tempest-ServerBootFromVolumeStableRescueTest-1395047430-project-member] RESP STATUS: 204 No Content {{(pid=99446) http_log /opt/stack/data/venv/lib/python3.12/site-packages/swiftclient/client.py:161}}
Jul 07 13:03:46.102054 np0000004721 devstack@g-api.service[99446]: DEBUG swiftclient [None req-be7160f0-e858-4116-b24b-ef6d0052f5a8 tempest-ServerBootFromVolumeStableRescueTest-1395047430 tempest-ServerBootFromVolumeStableRescueTest-1395047430-project-member] RESP HEADERS: {'Date': 'Tue, 07 Jul 2026 13:03:46 GMT', 'Server': 'Apache/2.4.58 (Ubuntu)', 'Content-Type': 'text/html; charset=UTF-8', 'X-Trans-Id': 'tx98ecc33e5ed543748f7d4-006a4cf932', 'X-Openstack-Request-Id': 'tx98ecc33e5ed543748f7d4-006a4cf932', 'Connection': 'close'} {{(pid=99446) http_log /opt/stack/data/venv/lib/python3.12/site-packages/swiftclient/client.py:162}}
