Jul 07 13:01:11.927039 np0000004721 devstack@g-api.service[99446]: DEBUG glance.api.middleware.version_negotiation [None req-655b7209-5eb9-4e13-9c6f-3adfe1da3bbc tempest-ServerBootFromVolumeStableRescueTest-1395047430 tempest-ServerBootFromVolumeStableRescueTest-1395047430-project-member] Determining version of request: GET /v2/images/cc81dde7-5ae4-4161-97d8-d0e639d974c5 Accept: application/json {{(pid=99446) process_request /opt/stack/glance/glance/api/middleware/version_negotiation.py:44}}
Jul 07 13:01:11.927039 np0000004721 devstack@g-api.service[99446]: DEBUG glance.api.middleware.version_negotiation [None req-655b7209-5eb9-4e13-9c6f-3adfe1da3bbc tempest-ServerBootFromVolumeStableRescueTest-1395047430 tempest-ServerBootFromVolumeStableRescueTest-1395047430-project-member] Using url versioning {{(pid=99446) process_request /opt/stack/glance/glance/api/middleware/version_negotiation.py:57}}
Jul 07 13:01:11.927039 np0000004721 devstack@g-api.service[99446]: DEBUG glance.api.middleware.version_negotiation [None req-655b7209-5eb9-4e13-9c6f-3adfe1da3bbc tempest-ServerBootFromVolumeStableRescueTest-1395047430 tempest-ServerBootFromVolumeStableRescueTest-1395047430-project-member] Matched version: v2 {{(pid=99446) process_request /opt/stack/glance/glance/api/middleware/version_negotiation.py:69}}
Jul 07 13:01:11.927039 np0000004721 devstack@g-api.service[99446]: DEBUG glance.api.middleware.version_negotiation [None req-655b7209-5eb9-4e13-9c6f-3adfe1da3bbc tempest-ServerBootFromVolumeStableRescueTest-1395047430 tempest-ServerBootFromVolumeStableRescueTest-1395047430-project-member] new path /v2/images/cc81dde7-5ae4-4161-97d8-d0e639d974c5 {{(pid=99446) process_request /opt/stack/glance/glance/api/middleware/version_negotiation.py:70}}
Jul 07 13:01:11.947716 np0000004721 devstack@g-api.service[99446]: [pid: 99446|app: 0|req: 26/91] 127.0.0.1 () {40 vars in 838 bytes} [Tue Jul 7 13:01:11 2026] GET /v2/images/cc81dde7-5ae4-4161-97d8-d0e639d974c5 => generated 1360 bytes in 22 msecs (HTTP/1.1 200) 4 headers in 158 bytes (1 switches on core 0)
Jul 07 13:01:12.962029 np0000004721 devstack@g-api.service[99445]: DEBUG glance.api.middleware.version_negotiation [None req-655b7209-5eb9-4e13-9c6f-3adfe1da3bbc tempest-ServerBootFromVolumeStableRescueTest-1395047430 tempest-ServerBootFromVolumeStableRescueTest-1395047430-project-member] Determining version of request: GET /v2/images/cc81dde7-5ae4-4161-97d8-d0e639d974c5 Accept: application/json {{(pid=99445) process_request /opt/stack/glance/glance/api/middleware/version_negotiation.py:44}}
Jul 07 13:01:12.962029 np0000004721 devstack@g-api.service[99445]: DEBUG glance.api.middleware.version_negotiation [None req-655b7209-5eb9-4e13-9c6f-3adfe1da3bbc tempest-ServerBootFromVolumeStableRescueTest-1395047430 tempest-ServerBootFromVolumeStableRescueTest-1395047430-project-member] Using url versioning {{(pid=99445) process_request /opt/stack/glance/glance/api/middleware/version_negotiation.py:57}}
Jul 07 13:01:12.962029 np0000004721 devstack@g-api.service[99445]: DEBUG glance.api.middleware.version_negotiation [None req-655b7209-5eb9-4e13-9c6f-3adfe1da3bbc tempest-ServerBootFromVolumeStableRescueTest-1395047430 tempest-ServerBootFromVolumeStableRescueTest-1395047430-project-member] Matched version: v2 {{(pid=99445) process_request /opt/stack/glance/glance/api/middleware/version_negotiation.py:69}}
Jul 07 13:01:12.962763 np0000004721 devstack@g-api.service[99445]: DEBUG glance.api.middleware.version_negotiation [None req-655b7209-5eb9-4e13-9c6f-3adfe1da3bbc tempest-ServerBootFromVolumeStableRescueTest-1395047430 tempest-ServerBootFromVolumeStableRescueTest-1395047430-project-member] new path /v2/images/cc81dde7-5ae4-4161-97d8-d0e639d974c5 {{(pid=99445) process_request /opt/stack/glance/glance/api/middleware/version_negotiation.py:70}}
Jul 07 13:01:12.994304 np0000004721 devstack@g-api.service[99445]: [pid: 99445|app: 0|req: 33/92] 127.0.0.1 () {40 vars in 838 bytes} [Tue Jul 7 13:01:12 2026] GET /v2/images/cc81dde7-5ae4-4161-97d8-d0e639d974c5 => generated 1360 bytes in 32 msecs (HTTP/1.1 200) 4 headers in 158 bytes (1 switches on core 0)
Jul 07 13:01:13.486214 np0000004721 devstack@g-api.service[99447]: DEBUG glance.api.middleware.version_negotiation [None req-76cf8a57-9f87-460e-995d-1c5637251fe8 tempest-ServerBootFromVolumeStableRescueTest-1395047430 tempest-ServerBootFromVolumeStableRescueTest-1395047430-project-member] Determining version of request: GET /v2/images/cc81dde7-5ae4-4161-97d8-d0e639d974c5 Accept: */* {{(pid=99447) process_request /opt/stack/glance/glance/api/middleware/version_negotiation.py:44}}
Jul 07 13:01:13.486214 np0000004721 devstack@g-api.service[99447]: DEBUG glance.api.middleware.version_negotiation [None req-76cf8a57-9f87-460e-995d-1c5637251fe8 tempest-ServerBootFromVolumeStableRescueTest-1395047430 tempest-ServerBootFromVolumeStableRescueTest-1395047430-project-member] Using url versioning {{(pid=99447) process_request /opt/stack/glance/glance/api/middleware/version_negotiation.py:57}}
Jul 07 13:01:13.486214 np0000004721 devstack@g-api.service[99447]: DEBUG glance.api.middleware.version_negotiation [None req-76cf8a57-9f87-460e-995d-1c5637251fe8 tempest-ServerBootFromVolumeStableRescueTest-1395047430 tempest-ServerBootFromVolumeStableRescueTest-1395047430-project-member] Matched version: v2 {{(pid=99447) process_request /opt/stack/glance/glance/api/middleware/version_negotiation.py:69}}
Jul 07 13:01:13.486214 np0000004721 devstack@g-api.service[99447]: DEBUG glance.api.middleware.version_negotiation [None req-76cf8a57-9f87-460e-995d-1c5637251fe8 tempest-ServerBootFromVolumeStableRescueTest-1395047430 tempest-ServerBootFromVolumeStableRescueTest-1395047430-project-member] new path /v2/images/cc81dde7-5ae4-4161-97d8-d0e639d974c5 {{(pid=99447) process_request /opt/stack/glance/glance/api/middleware/version_negotiation.py:70}}
Jul 07 13:01:13.512098 np0000004721 devstack@g-api.service[99447]: [pid: 99447|app: 0|req: 34/93] 127.0.0.1 () {44 vars in 1115 bytes} [Tue Jul 7 13:01:13 2026] GET /v2/images/cc81dde7-5ae4-4161-97d8-d0e639d974c5 => generated 1360 bytes in 27 msecs (HTTP/1.1 200) 4 headers in 158 bytes (1 switches on core 0)
Jul 07 13:01:13.577820 np0000004721 devstack@g-api.service[99446]: DEBUG glance.api.middleware.version_negotiation [None req-d5450db6-d6d0-4d23-be21-7d70b2696ce0 tempest-ServerBootFromVolumeStableRescueTest-1395047430 tempest-ServerBootFromVolumeStableRescueTest-1395047430-project-member] Determining version of request: GET /v2/schemas/image Accept: */* {{(pid=99446) process_request /opt/stack/glance/glance/api/middleware/version_negotiation.py:44}}
Jul 07 13:01:13.579298 np0000004721 devstack@g-api.service[99446]: DEBUG glance.api.middleware.version_negotiation [None req-d5450db6-d6d0-4d23-be21-7d70b2696ce0 tempest-ServerBootFromVolumeStableRescueTest-1395047430 tempest-ServerBootFromVolumeStableRescueTest-1395047430-project-member] Using url versioning {{(pid=99446) process_request /opt/stack/glance/glance/api/middleware/version_negotiation.py:57}}
Jul 07 13:01:13.579298 np0000004721 devstack@g-api.service[99446]: DEBUG glance.api.middleware.version_negotiation [None req-d5450db6-d6d0-4d23-be21-7d70b2696ce0 tempest-ServerBootFromVolumeStableRescueTest-1395047430 tempest-ServerBootFromVolumeStableRescueTest-1395047430-project-member] Matched version: v2 {{(pid=99446) process_request /opt/stack/glance/glance/api/middleware/version_negotiation.py:69}}
Jul 07 13:01:13.579298 np0000004721 devstack@g-api.service[99446]: DEBUG glance.api.middleware.version_negotiation [None req-d5450db6-d6d0-4d23-be21-7d70b2696ce0 tempest-ServerBootFromVolumeStableRescueTest-1395047430 tempest-ServerBootFromVolumeStableRescueTest-1395047430-project-member] new path /v2/schemas/image {{(pid=99446) process_request /opt/stack/glance/glance/api/middleware/version_negotiation.py:70}}
Jul 07 13:01:13.586639 np0000004721 devstack@g-api.service[99446]: [pid: 99446|app: 0|req: 27/94] 127.0.0.1 () {44 vars in 1055 bytes} [Tue Jul 7 13:01:13 2026] GET /v2/schemas/image => generated 6083 bytes in 9 msecs (HTTP/1.1 200) 4 headers in 158 bytes (1 switches on core 0)
Jul 07 13:01:13.649357 np0000004721 devstack@g-api.service[99445]: DEBUG glance.api.middleware.version_negotiation [None req-035f9972-cbbf-4d82-9831-2ed28eb13b9b tempest-ServerBootFromVolumeStableRescueTest-1395047430 tempest-ServerBootFromVolumeStableRescueTest-1395047430-project-member] Determining version of request: GET /v2/schemas/image Accept: */* {{(pid=99445) process_request /opt/stack/glance/glance/api/middleware/version_negotiation.py:44}}
Jul 07 13:01:13.649357 np0000004721 devstack@g-api.service[99445]: DEBUG glance.api.middleware.version_negotiation [None req-035f9972-cbbf-4d82-9831-2ed28eb13b9b tempest-ServerBootFromVolumeStableRescueTest-1395047430 tempest-ServerBootFromVolumeStableRescueTest-1395047430-project-member] Using url versioning {{(pid=99445) process_request /opt/stack/glance/glance/api/middleware/version_negotiation.py:57}}
Jul 07 13:01:13.649568 np0000004721 devstack@g-api.service[99445]: DEBUG glance.api.middleware.version_negotiation [None req-035f9972-cbbf-4d82-9831-2ed28eb13b9b tempest-ServerBootFromVolumeStableRescueTest-1395047430 tempest-ServerBootFromVolumeStableRescueTest-1395047430-project-member] Matched version: v2 {{(pid=99445) process_request /opt/stack/glance/glance/api/middleware/version_negotiation.py:69}}
Jul 07 13:01:13.649610 np0000004721 devstack@g-api.service[99445]: DEBUG glance.api.middleware.version_negotiation [None req-035f9972-cbbf-4d82-9831-2ed28eb13b9b tempest-ServerBootFromVolumeStableRescueTest-1395047430 tempest-ServerBootFromVolumeStableRescueTest-1395047430-project-member] new path /v2/schemas/image {{(pid=99445) process_request /opt/stack/glance/glance/api/middleware/version_negotiation.py:70}}
Jul 07 13:01:13.655037 np0000004721 devstack@g-api.service[99445]: [pid: 99445|app: 0|req: 34/95] 127.0.0.1 () {44 vars in 1055 bytes} [Tue Jul 7 13:01:13 2026] GET /v2/schemas/image => generated 6083 bytes in 6 msecs (HTTP/1.1 200) 4 headers in 158 bytes (1 switches on core 0)
Jul 07 13:01:13.708687 np0000004721 devstack@g-api.service[99447]: DEBUG glance.api.middleware.version_negotiation [None req-655b7209-5eb9-4e13-9c6f-3adfe1da3bbc tempest-ServerBootFromVolumeStableRescueTest-1395047430 tempest-ServerBootFromVolumeStableRescueTest-1395047430-project-member] Determining version of request: PATCH /v2/images/cc81dde7-5ae4-4161-97d8-d0e639d974c5 Accept: */* {{(pid=99447) process_request /opt/stack/glance/glance/api/middleware/version_negotiation.py:44}}
Jul 07 13:01:13.709781 np0000004721 devstack@g-api.service[99447]: DEBUG glance.api.middleware.version_negotiation [None req-655b7209-5eb9-4e13-9c6f-3adfe1da3bbc tempest-ServerBootFromVolumeStableRescueTest-1395047430 tempest-ServerBootFromVolumeStableRescueTest-1395047430-project-member] Using url versioning {{(pid=99447) process_request /opt/stack/glance/glance/api/middleware/version_negotiation.py:57}}
Jul 07 13:01:13.709781 np0000004721 devstack@g-api.service[99447]: DEBUG glance.api.middleware.version_negotiation [None req-655b7209-5eb9-4e13-9c6f-3adfe1da3bbc tempest-ServerBootFromVolumeStableRescueTest-1395047430 tempest-ServerBootFromVolumeStableRescueTest-1395047430-project-member] Matched version: v2 {{(pid=99447) process_request /opt/stack/glance/glance/api/middleware/version_negotiation.py:69}}
Jul 07 13:01:13.709781 np0000004721 devstack@g-api.service[99447]: DEBUG glance.api.middleware.version_negotiation [None req-655b7209-5eb9-4e13-9c6f-3adfe1da3bbc tempest-ServerBootFromVolumeStableRescueTest-1395047430 tempest-ServerBootFromVolumeStableRescueTest-1395047430-project-member] new path /v2/images/cc81dde7-5ae4-4161-97d8-d0e639d974c5 {{(pid=99447) process_request /opt/stack/glance/glance/api/middleware/version_negotiation.py:70}}
Jul 07 13:01:13.930299 np0000004721 devstack@g-api.service[99447]: [pid: 99447|app: 0|req: 35/96] 127.0.0.1 () {46 vars in 1158 bytes} [Tue Jul 7 13:01:13 2026] PATCH /v2/images/cc81dde7-5ae4-4161-97d8-d0e639d974c5 => generated 1471 bytes in 222 msecs (HTTP/1.1 200) 4 headers in 158 bytes (1 switches on core 0)
Jul 07 13:01:13.991623 np0000004721 devstack@g-api.service[99446]: DEBUG glance.api.middleware.version_negotiation [None req-655b7209-5eb9-4e13-9c6f-3adfe1da3bbc tempest-ServerBootFromVolumeStableRescueTest-1395047430 tempest-ServerBootFromVolumeStableRescueTest-1395047430-project-member] Determining version of request: GET /v2/images/cc81dde7-5ae4-4161-97d8-d0e639d974c5 Accept: */* {{(pid=99446) process_request /opt/stack/glance/glance/api/middleware/version_negotiation.py:44}}
Jul 07 13:01:13.991809 np0000004721 devstack@g-api.service[99446]: DEBUG glance.api.middleware.version_negotiation [None req-655b7209-5eb9-4e13-9c6f-3adfe1da3bbc tempest-ServerBootFromVolumeStableRescueTest-1395047430 tempest-ServerBootFromVolumeStableRescueTest-1395047430-project-member] Using url versioning {{(pid=99446) process_request /opt/stack/glance/glance/api/middleware/version_negotiation.py:57}}
Jul 07 13:01:13.991976 np0000004721 devstack@g-api.service[99446]: DEBUG glance.api.middleware.version_negotiation [None req-655b7209-5eb9-4e13-9c6f-3adfe1da3bbc tempest-ServerBootFromVolumeStableRescueTest-1395047430 tempest-ServerBootFromVolumeStableRescueTest-1395047430-project-member] Matched version: v2 {{(pid=99446) process_request /opt/stack/glance/glance/api/middleware/version_negotiation.py:69}}
Jul 07 13:01:13.992147 np0000004721 devstack@g-api.service[99446]: DEBUG glance.api.middleware.version_negotiation [None req-655b7209-5eb9-4e13-9c6f-3adfe1da3bbc tempest-ServerBootFromVolumeStableRescueTest-1395047430 tempest-ServerBootFromVolumeStableRescueTest-1395047430-project-member] new path /v2/images/cc81dde7-5ae4-4161-97d8-d0e639d974c5 {{(pid=99446) process_request /opt/stack/glance/glance/api/middleware/version_negotiation.py:70}}
Jul 07 13:01:14.005316 np0000004721 devstack@g-api.service[99445]: DEBUG glance.api.middleware.version_negotiation [None req-655b7209-5eb9-4e13-9c6f-3adfe1da3bbc tempest-ServerBootFromVolumeStableRescueTest-1395047430 tempest-ServerBootFromVolumeStableRescueTest-1395047430-project-member] Determining version of request: GET /v2/images/cc81dde7-5ae4-4161-97d8-d0e639d974c5 Accept: application/json {{(pid=99445) process_request /opt/stack/glance/glance/api/middleware/version_negotiation.py:44}}
Jul 07 13:01:14.006262 np0000004721 devstack@g-api.service[99445]: DEBUG glance.api.middleware.version_negotiation [None req-655b7209-5eb9-4e13-9c6f-3adfe1da3bbc tempest-ServerBootFromVolumeStableRescueTest-1395047430 tempest-ServerBootFromVolumeStableRescueTest-1395047430-project-member] Using url versioning {{(pid=99445) process_request /opt/stack/glance/glance/api/middleware/version_negotiation.py:57}}
Jul 07 13:01:14.006262 np0000004721 devstack@g-api.service[99445]: DEBUG glance.api.middleware.version_negotiation [None req-655b7209-5eb9-4e13-9c6f-3adfe1da3bbc tempest-ServerBootFromVolumeStableRescueTest-1395047430 tempest-ServerBootFromVolumeStableRescueTest-1395047430-project-member] Matched version: v2 {{(pid=99445) process_request /opt/stack/glance/glance/api/middleware/version_negotiation.py:69}}
Jul 07 13:01:14.006262 np0000004721 devstack@g-api.service[99445]: DEBUG glance.api.middleware.version_negotiation [None req-655b7209-5eb9-4e13-9c6f-3adfe1da3bbc tempest-ServerBootFromVolumeStableRescueTest-1395047430 tempest-ServerBootFromVolumeStableRescueTest-1395047430-project-member] new path /v2/images/cc81dde7-5ae4-4161-97d8-d0e639d974c5 {{(pid=99445) process_request /opt/stack/glance/glance/api/middleware/version_negotiation.py:70}}
Jul 07 13:01:14.013799 np0000004721 devstack@g-api.service[99446]: [pid: 99446|app: 0|req: 28/97] 127.0.0.1 () {44 vars in 1115 bytes} [Tue Jul 7 13:01:13 2026] GET /v2/images/cc81dde7-5ae4-4161-97d8-d0e639d974c5 => generated 1471 bytes in 22 msecs (HTTP/1.1 200) 4 headers in 158 bytes (1 switches on core 0)
Jul 07 13:01:14.033789 np0000004721 devstack@g-api.service[99445]: [pid: 99445|app: 0|req: 35/98] 127.0.0.1 () {40 vars in 838 bytes} [Tue Jul 7 13:01:14 2026] GET /v2/images/cc81dde7-5ae4-4161-97d8-d0e639d974c5 => generated 1471 bytes in 29 msecs (HTTP/1.1 200) 4 headers in 158 bytes (1 switches on core 0)
Jul 07 13:01:14.106820 np0000004721 devstack@g-api.service[99447]: DEBUG glance.api.middleware.version_negotiation [None req-655b7209-5eb9-4e13-9c6f-3adfe1da3bbc tempest-ServerBootFromVolumeStableRescueTest-1395047430 tempest-ServerBootFromVolumeStableRescueTest-1395047430-project-member] Determining version of request: PUT /v2/images/cc81dde7-5ae4-4161-97d8-d0e639d974c5/file Accept: */* {{(pid=99447) process_request /opt/stack/glance/glance/api/middleware/version_negotiation.py:44}}
Jul 07 13:01:14.106820 np0000004721 devstack@g-api.service[99447]: DEBUG glance.api.middleware.version_negotiation [None req-655b7209-5eb9-4e13-9c6f-3adfe1da3bbc tempest-ServerBootFromVolumeStableRescueTest-1395047430 tempest-ServerBootFromVolumeStableRescueTest-1395047430-project-member] Using url versioning {{(pid=99447) process_request /opt/stack/glance/glance/api/middleware/version_negotiation.py:57}}
Jul 07 13:01:14.106820 np0000004721 devstack@g-api.service[99447]: DEBUG glance.api.middleware.version_negotiation [None req-655b7209-5eb9-4e13-9c6f-3adfe1da3bbc tempest-ServerBootFromVolumeStableRescueTest-1395047430 tempest-ServerBootFromVolumeStableRescueTest-1395047430-project-member] Matched version: v2 {{(pid=99447) process_request /opt/stack/glance/glance/api/middleware/version_negotiation.py:69}}
Jul 07 13:01:14.106820 np0000004721 devstack@g-api.service[99447]: DEBUG glance.api.middleware.version_negotiation [None req-655b7209-5eb9-4e13-9c6f-3adfe1da3bbc tempest-ServerBootFromVolumeStableRescueTest-1395047430 tempest-ServerBootFromVolumeStableRescueTest-1395047430-project-member] new path /v2/images/cc81dde7-5ae4-4161-97d8-d0e639d974c5/file {{(pid=99447) process_request /opt/stack/glance/glance/api/middleware/version_negotiation.py:70}}
Jul 07 13:01:15.046153 np0000004721 devstack@g-api.service[99446]: DEBUG glance.api.middleware.version_negotiation [None req-655b7209-5eb9-4e13-9c6f-3adfe1da3bbc tempest-ServerBootFromVolumeStableRescueTest-1395047430 tempest-ServerBootFromVolumeStableRescueTest-1395047430-project-member] Determining version of request: GET /v2/images/dcaedf7a-6276-4ab6-9cf9-787d97f022c8 Accept: */* {{(pid=99446) process_request /opt/stack/glance/glance/api/middleware/version_negotiation.py:44}}
Jul 07 13:01:15.046818 np0000004721 devstack@g-api.service[99446]: DEBUG glance.api.middleware.version_negotiation [None req-655b7209-5eb9-4e13-9c6f-3adfe1da3bbc tempest-ServerBootFromVolumeStableRescueTest-1395047430 tempest-ServerBootFromVolumeStableRescueTest-1395047430-project-member] Using url versioning {{(pid=99446) process_request /opt/stack/glance/glance/api/middleware/version_negotiation.py:57}}
Jul 07 13:01:15.046818 np0000004721 devstack@g-api.service[99446]: DEBUG glance.api.middleware.version_negotiation [None req-655b7209-5eb9-4e13-9c6f-3adfe1da3bbc tempest-ServerBootFromVolumeStableRescueTest-1395047430 tempest-ServerBootFromVolumeStableRescueTest-1395047430-project-member] Matched version: v2 {{(pid=99446) process_request /opt/stack/glance/glance/api/middleware/version_negotiation.py:69}}
Jul 07 13:01:15.046818 np0000004721 devstack@g-api.service[99446]: DEBUG glance.api.middleware.version_negotiation [None req-655b7209-5eb9-4e13-9c6f-3adfe1da3bbc tempest-ServerBootFromVolumeStableRescueTest-1395047430 tempest-ServerBootFromVolumeStableRescueTest-1395047430-project-member] new path /v2/images/dcaedf7a-6276-4ab6-9cf9-787d97f022c8 {{(pid=99446) process_request /opt/stack/glance/glance/api/middleware/version_negotiation.py:70}}
Jul 07 13:01:15.048394 np0000004721 devstack@g-api.service[99445]: DEBUG glance.api.middleware.version_negotiation [None req-ccbd4cba-5d68-4425-a773-3009639ca9f6 tempest-ServerBootFromVolumeStableRescueTest-1395047430 tempest-ServerBootFromVolumeStableRescueTest-1395047430-project-member] Determining version of request: GET /v2/images/cc81dde7-5ae4-4161-97d8-d0e639d974c5 Accept: application/json {{(pid=99445) process_request /opt/stack/glance/glance/api/middleware/version_negotiation.py:44}}
Jul 07 13:01:15.048394 np0000004721 devstack@g-api.service[99445]: DEBUG glance.api.middleware.version_negotiation [None req-ccbd4cba-5d68-4425-a773-3009639ca9f6 tempest-ServerBootFromVolumeStableRescueTest-1395047430 tempest-ServerBootFromVolumeStableRescueTest-1395047430-project-member] Using url versioning {{(pid=99445) process_request /opt/stack/glance/glance/api/middleware/version_negotiation.py:57}}
Jul 07 13:01:15.048394 np0000004721 devstack@g-api.service[99445]: DEBUG glance.api.middleware.version_negotiation [None req-ccbd4cba-5d68-4425-a773-3009639ca9f6 tempest-ServerBootFromVolumeStableRescueTest-1395047430 tempest-ServerBootFromVolumeStableRescueTest-1395047430-project-member] Matched version: v2 {{(pid=99445) process_request /opt/stack/glance/glance/api/middleware/version_negotiation.py:69}}
Jul 07 13:01:15.048394 np0000004721 devstack@g-api.service[99445]: DEBUG glance.api.middleware.version_negotiation [None req-ccbd4cba-5d68-4425-a773-3009639ca9f6 tempest-ServerBootFromVolumeStableRescueTest-1395047430 tempest-ServerBootFromVolumeStableRescueTest-1395047430-project-member] new path /v2/images/cc81dde7-5ae4-4161-97d8-d0e639d974c5 {{(pid=99445) process_request /opt/stack/glance/glance/api/middleware/version_negotiation.py:70}}
Jul 07 13:01:15.067651 np0000004721 devstack@g-api.service[99445]: [pid: 99445|app: 0|req: 36/99] 127.0.0.1 () {40 vars in 838 bytes} [Tue Jul 7 13:01:15 2026] GET /v2/images/cc81dde7-5ae4-4161-97d8-d0e639d974c5 => generated 1471 bytes in 21 msecs (HTTP/1.1 200) 4 headers in 158 bytes (1 switches on core 0)
Jul 07 13:01:15.070811 np0000004721 devstack@g-api.service[99446]: [pid: 99446|app: 0|req: 29/100] 127.0.0.1 () {44 vars in 1115 bytes} [Tue Jul 7 13:01:15 2026] GET /v2/images/dcaedf7a-6276-4ab6-9cf9-787d97f022c8 => generated 1044 bytes in 25 msecs (HTTP/1.1 200) 4 headers in 158 bytes (1 switches on core 0)
Jul 07 13:01:15.109133 np0000004721 devstack@g-api.service[99447]: INFO glance.api.v2.image_data [None req-655b7209-5eb9-4e13-9c6f-3adfe1da3bbc tempest-ServerBootFromVolumeStableRescueTest-1395047430 tempest-ServerBootFromVolumeStableRescueTest-1395047430-project-member] Unable to create trust: no such option collect_timing in group [keystone_authtoken] Use the existing user token.
Jul 07 13:01:15.131380 np0000004721 devstack@g-api.service[99445]: DEBUG glance.api.middleware.version_negotiation [None req-eb3c92c3-734f-47b4-baae-8b338df350a2 tempest-ServerBootFromVolumeStableRescueTest-1395047430 tempest-ServerBootFromVolumeStableRescueTest-1395047430-project-member] Determining version of request: GET /v2/schemas/image Accept: */* {{(pid=99445) process_request /opt/stack/glance/glance/api/middleware/version_negotiation.py:44}}
Jul 07 13:01:15.131881 np0000004721 devstack@g-api.service[99445]: DEBUG glance.api.middleware.version_negotiation [None req-eb3c92c3-734f-47b4-baae-8b338df350a2 tempest-ServerBootFromVolumeStableRescueTest-1395047430 tempest-ServerBootFromVolumeStableRescueTest-1395047430-project-member] Using url versioning {{(pid=99445) process_request /opt/stack/glance/glance/api/middleware/version_negotiation.py:57}}
Jul 07 13:01:15.132403 np0000004721 devstack@g-api.service[99445]: DEBUG glance.api.middleware.version_negotiation [None req-eb3c92c3-734f-47b4-baae-8b338df350a2 tempest-ServerBootFromVolumeStableRescueTest-1395047430 tempest-ServerBootFromVolumeStableRescueTest-1395047430-project-member] Matched version: v2 {{(pid=99445) process_request /opt/stack/glance/glance/api/middleware/version_negotiation.py:69}}
Jul 07 13:01:15.133069 np0000004721 devstack@g-api.service[99445]: DEBUG glance.api.middleware.version_negotiation [None req-eb3c92c3-734f-47b4-baae-8b338df350a2 tempest-ServerBootFromVolumeStableRescueTest-1395047430 tempest-ServerBootFromVolumeStableRescueTest-1395047430-project-member] new path /v2/schemas/image {{(pid=99445) process_request /opt/stack/glance/glance/api/middleware/version_negotiation.py:70}}
Jul 07 13:01:15.137796 np0000004721 devstack@g-api.service[99445]: [pid: 99445|app: 0|req: 37/101] 127.0.0.1 () {44 vars in 1055 bytes} [Tue Jul 7 13:01:15 2026] GET /v2/schemas/image => generated 6083 bytes in 8 msecs (HTTP/1.1 200) 4 headers in 158 bytes (1 switches on core 0)
Jul 07 13:01:16.087777 np0000004721 devstack@g-api.service[99446]: DEBUG glance.api.middleware.version_negotiation [None req-885c962a-4f86-47ae-8d9f-1aff0a2621c2 tempest-DeleteServersTestJSON-408329016 tempest-DeleteServersTestJSON-408329016-project-member] Determining version of request: GET /v2/images/cc81dde7-5ae4-4161-97d8-d0e639d974c5 Accept: application/json {{(pid=99446) process_request /opt/stack/glance/glance/api/middleware/version_negotiation.py:44}}
Jul 07 13:01:16.088222 np0000004721 devstack@g-api.service[99446]: DEBUG glance.api.middleware.version_negotiation [None req-885c962a-4f86-47ae-8d9f-1aff0a2621c2 tempest-DeleteServersTestJSON-408329016 tempest-DeleteServersTestJSON-408329016-project-member] Using url versioning {{(pid=99446) process_request /opt/stack/glance/glance/api/middleware/version_negotiation.py:57}}
Jul 07 13:01:16.088222 np0000004721 devstack@g-api.service[99446]: DEBUG glance.api.middleware.version_negotiation [None req-885c962a-4f86-47ae-8d9f-1aff0a2621c2 tempest-DeleteServersTestJSON-408329016 tempest-DeleteServersTestJSON-408329016-project-member] Matched version: v2 {{(pid=99446) process_request /opt/stack/glance/glance/api/middleware/version_negotiation.py:69}}
Jul 07 13:01:16.088329 np0000004721 devstack@g-api.service[99446]: DEBUG glance.api.middleware.version_negotiation [None req-885c962a-4f86-47ae-8d9f-1aff0a2621c2 tempest-DeleteServersTestJSON-408329016 tempest-DeleteServersTestJSON-408329016-project-member] new path /v2/images/cc81dde7-5ae4-4161-97d8-d0e639d974c5 {{(pid=99446) process_request /opt/stack/glance/glance/api/middleware/version_negotiation.py:70}}
Jul 07 13:01:16.091261 np0000004721 devstack@g-api.service[99447]: DEBUG glance.location [None req-655b7209-5eb9-4e13-9c6f-3adfe1da3bbc tempest-ServerBootFromVolumeStableRescueTest-1395047430 tempest-ServerBootFromVolumeStableRescueTest-1395047430-project-member] Enabling in-flight format inspection for qcow2 {{(pid=99447) set_data /opt/stack/glance/glance/location.py:596}}
Jul 07 13:01:16.091738 np0000004721 devstack@g-api.service[99447]: DEBUG glance_store.backend [None req-655b7209-5eb9-4e13-9c6f-3adfe1da3bbc tempest-ServerBootFromVolumeStableRescueTest-1395047430 tempest-ServerBootFromVolumeStableRescueTest-1395047430-project-member] Attempting to import store swift {{(pid=99447) _load_store /opt/stack/data/venv/lib/python3.12/site-packages/glance_store/backend.py:215}}
Jul 07 13:01:16.093426 np0000004721 devstack@g-api.service[99447]: DEBUG glance_store.capabilities [None req-655b7209-5eb9-4e13-9c6f-3adfe1da3bbc tempest-ServerBootFromVolumeStableRescueTest-1395047430 tempest-ServerBootFromVolumeStableRescueTest-1395047430-project-member] Store glance_store._drivers.swift.store.SingleTenantStore doesn't support updating dynamic storage capabilities. Please overwrite 'update_capabilities' method of the store to implement updating logics if needed. {{(pid=99447) update_capabilities /opt/stack/data/venv/lib/python3.12/site-packages/glance_store/capabilities.py:91}}
Jul 07 13:01:16.093568 np0000004721 devstack@g-api.service[99447]: DEBUG glance_store.driver [None req-655b7209-5eb9-4e13-9c6f-3adfe1da3bbc tempest-ServerBootFromVolumeStableRescueTest-1395047430 tempest-ServerBootFromVolumeStableRescueTest-1395047430-project-member] Late loading location class glance_store._drivers.swift.store.StoreLocation {{(pid=99447) get_store_location_class /opt/stack/data/venv/lib/python3.12/site-packages/glance_store/driver.py:134}}
Jul 07 13:01:16.093658 np0000004721 devstack@g-api.service[99447]: DEBUG glance_store.location [None req-655b7209-5eb9-4e13-9c6f-3adfe1da3bbc tempest-ServerBootFromVolumeStableRescueTest-1395047430 tempest-ServerBootFromVolumeStableRescueTest-1395047430-project-member] Registering scheme swift+https with {'store': , 'location_class': , 'store_entry': 'swift'} {{(pid=99447) register_scheme_map /opt/stack/data/venv/lib/python3.12/site-packages/glance_store/location.py:146}}
Jul 07 13:01:16.093776 np0000004721 devstack@g-api.service[99447]: DEBUG glance_store.location [None req-655b7209-5eb9-4e13-9c6f-3adfe1da3bbc tempest-ServerBootFromVolumeStableRescueTest-1395047430 tempest-ServerBootFromVolumeStableRescueTest-1395047430-project-member] Registering scheme swift+https with {'store': , 'location_class': , 'store_entry': 'swift'} {{(pid=99447) register_scheme_map /opt/stack/data/venv/lib/python3.12/site-packages/glance_store/location.py:146}}
Jul 07 13:01:16.093843 np0000004721 devstack@g-api.service[99447]: DEBUG glance_store.location [None req-655b7209-5eb9-4e13-9c6f-3adfe1da3bbc tempest-ServerBootFromVolumeStableRescueTest-1395047430 tempest-ServerBootFromVolumeStableRescueTest-1395047430-project-member] Registering scheme swift with {'store': , 'location_class': , 'store_entry': 'swift'} {{(pid=99447) register_scheme_map /opt/stack/data/venv/lib/python3.12/site-packages/glance_store/location.py:146}}
Jul 07 13:01:16.093920 np0000004721 devstack@g-api.service[99447]: DEBUG glance_store.location [None req-655b7209-5eb9-4e13-9c6f-3adfe1da3bbc tempest-ServerBootFromVolumeStableRescueTest-1395047430 tempest-ServerBootFromVolumeStableRescueTest-1395047430-project-member] Registering scheme swift+https with {'store': , 'location_class': , 'store_entry': 'swift'} {{(pid=99447) register_scheme_map /opt/stack/data/venv/lib/python3.12/site-packages/glance_store/location.py:146}}
Jul 07 13:01:16.093971 np0000004721 devstack@g-api.service[99447]: DEBUG glance_store.location [None req-655b7209-5eb9-4e13-9c6f-3adfe1da3bbc tempest-ServerBootFromVolumeStableRescueTest-1395047430 tempest-ServerBootFromVolumeStableRescueTest-1395047430-project-member] Registering scheme swift with {'store': , 'location_class': , 'store_entry': 'swift'} {{(pid=99447) register_scheme_map /opt/stack/data/venv/lib/python3.12/site-packages/glance_store/location.py:146}}
Jul 07 13:01:16.094066 np0000004721 devstack@g-api.service[99447]: DEBUG glance_store.location [None req-655b7209-5eb9-4e13-9c6f-3adfe1da3bbc tempest-ServerBootFromVolumeStableRescueTest-1395047430 tempest-ServerBootFromVolumeStableRescueTest-1395047430-project-member] Registering scheme swift+http with {'store': , 'location_class': , 'store_entry': 'swift'} {{(pid=99447) register_scheme_map /opt/stack/data/venv/lib/python3.12/site-packages/glance_store/location.py:146}}
Jul 07 13:01:16.094209 np0000004721 devstack@g-api.service[99447]: DEBUG glance_store.location [None req-655b7209-5eb9-4e13-9c6f-3adfe1da3bbc tempest-ServerBootFromVolumeStableRescueTest-1395047430 tempest-ServerBootFromVolumeStableRescueTest-1395047430-project-member] Registering scheme swift+https with {'store': , 'location_class': , 'store_entry': 'swift'} {{(pid=99447) register_scheme_map /opt/stack/data/venv/lib/python3.12/site-packages/glance_store/location.py:146}}
Jul 07 13:01:16.094301 np0000004721 devstack@g-api.service[99447]: DEBUG glance_store.location [None req-655b7209-5eb9-4e13-9c6f-3adfe1da3bbc tempest-ServerBootFromVolumeStableRescueTest-1395047430 tempest-ServerBootFromVolumeStableRescueTest-1395047430-project-member] Registering scheme swift with {'store': , 'location_class': , 'store_entry': 'swift'} {{(pid=99447) register_scheme_map /opt/stack/data/venv/lib/python3.12/site-packages/glance_store/location.py:146}}
Jul 07 13:01:16.094390 np0000004721 devstack@g-api.service[99447]: DEBUG glance_store.location [None req-655b7209-5eb9-4e13-9c6f-3adfe1da3bbc tempest-ServerBootFromVolumeStableRescueTest-1395047430 tempest-ServerBootFromVolumeStableRescueTest-1395047430-project-member] Registering scheme swift+http with {'store': , 'location_class': , 'store_entry': 'swift'} {{(pid=99447) register_scheme_map /opt/stack/data/venv/lib/python3.12/site-packages/glance_store/location.py:146}}
Jul 07 13:01:16.094484 np0000004721 devstack@g-api.service[99447]: DEBUG glance_store.location [None req-655b7209-5eb9-4e13-9c6f-3adfe1da3bbc tempest-ServerBootFromVolumeStableRescueTest-1395047430 tempest-ServerBootFromVolumeStableRescueTest-1395047430-project-member] Registering scheme swift+config with {'store': , 'location_class': , 'store_entry': 'swift'} {{(pid=99447) register_scheme_map /opt/stack/data/venv/lib/python3.12/site-packages/glance_store/location.py:146}}
Jul 07 13:01:16.106852 np0000004721 devstack@g-api.service[99446]: [pid: 99446|app: 0|req: 30/102] 127.0.0.1 () {40 vars in 838 bytes} [Tue Jul 7 13:01:16 2026] GET /v2/images/cc81dde7-5ae4-4161-97d8-d0e639d974c5 => generated 1471 bytes in 19 msecs (HTTP/1.1 200) 4 headers in 158 bytes (1 switches on core 0)
Jul 07 13:01:16.907316 np0000004721 devstack@g-api.service[99447]: DEBUG swiftclient [None req-655b7209-5eb9-4e13-9c6f-3adfe1da3bbc tempest-ServerBootFromVolumeStableRescueTest-1395047430 tempest-ServerBootFromVolumeStableRescueTest-1395047430-project-member] REQ: curl -i https://10.4.3.243:8080/v1/AUTH_b6d79e5758ee4a0b94927d2c5defc4b2/glance -I -H "X-Auth-Token: gAAAAABqTPicNDB4..." {{(pid=99447) http_log /opt/stack/data/venv/lib/python3.12/site-packages/swiftclient/client.py:160}}
Jul 07 13:01:16.907893 np0000004721 devstack@g-api.service[99447]: DEBUG swiftclient [None req-655b7209-5eb9-4e13-9c6f-3adfe1da3bbc tempest-ServerBootFromVolumeStableRescueTest-1395047430 tempest-ServerBootFromVolumeStableRescueTest-1395047430-project-member] RESP STATUS: 204 No Content {{(pid=99447) http_log /opt/stack/data/venv/lib/python3.12/site-packages/swiftclient/client.py:161}}
Jul 07 13:01:16.907893 np0000004721 devstack@g-api.service[99447]: DEBUG swiftclient [None req-655b7209-5eb9-4e13-9c6f-3adfe1da3bbc tempest-ServerBootFromVolumeStableRescueTest-1395047430 tempest-ServerBootFromVolumeStableRescueTest-1395047430-project-member] RESP HEADERS: {'Date': 'Tue, 07 Jul 2026 13:01:16 GMT', 'Server': 'Apache/2.4.58 (Ubuntu)', 'Content-Type': 'text/plain; charset=utf-8', 'X-Container-Object-Count': '5', 'X-Container-Bytes-Used': '86048768', 'X-Timestamp': '1783429109.66404', 'Last-Modified': 'Tue, 07 Jul 2026 12:58:30 GMT', 'Accept-Ranges': 'bytes', 'X-Storage-Policy': 'Policy-0', 'X-Container-Sharding': 'False', 'Vary': 'Accept', 'X-Trans-Id': 'txaa43a5098d9842d3b8446-006a4cf89c', 'X-Openstack-Request-Id': 'txaa43a5098d9842d3b8446-006a4cf89c', 'Connection': 'close'} {{(pid=99447) http_log /opt/stack/data/venv/lib/python3.12/site-packages/swiftclient/client.py:162}}
Jul 07 13:01:16.907893 np0000004721 devstack@g-api.service[99447]: DEBUG glance_store._drivers.swift.store [None req-655b7209-5eb9-4e13-9c6f-3adfe1da3bbc tempest-ServerBootFromVolumeStableRescueTest-1395047430 tempest-ServerBootFromVolumeStableRescueTest-1395047430-project-member] Adding image object 'cc81dde7-5ae4-4161-97d8-d0e639d974c5' to Swift {{(pid=99447) add /opt/stack/data/venv/lib/python3.12/site-packages/glance_store/_drivers/swift/store.py:970}}
Jul 07 13:01:16.908168 np0000004721 devstack@g-api.service[99447]: DEBUG glance_store._drivers.swift.store [None req-655b7209-5eb9-4e13-9c6f-3adfe1da3bbc tempest-ServerBootFromVolumeStableRescueTest-1395047430 tempest-ServerBootFromVolumeStableRescueTest-1395047430-project-member] Cannot determine image size because it is either not provided in the request or chunked-transfer encoding is used. Adding image as a segmented object to Swift. {{(pid=99447) add /opt/stack/data/venv/lib/python3.12/site-packages/glance_store/_drivers/swift/store.py:994}}
Jul 07 13:01:16.936231 np0000004721 devstack@g-api.service[99447]: DEBUG oslo_utils.imageutils.format_inspector [None req-655b7209-5eb9-4e13-9c6f-3adfe1da3bbc tempest-ServerBootFromVolumeStableRescueTest-1395047430 tempest-ServerBootFromVolumeStableRescueTest-1395047430-project-member] Format inspector for vmdk does not match, excluding from consideration (Signature KDMV not found: b'QFI\xfb') {{(pid=99447) _process_chunk /opt/stack/data/venv/lib/python3.12/site-packages/oslo_utils/imageutils/format_inspector.py:1758}}
Jul 07 13:01:16.946850 np0000004721 devstack@g-api.service[99447]: DEBUG oslo_utils.imageutils.format_inspector [None req-655b7209-5eb9-4e13-9c6f-3adfe1da3bbc tempest-ServerBootFromVolumeStableRescueTest-1395047430 tempest-ServerBootFromVolumeStableRescueTest-1395047430-project-member] Format inspector for vhdx does not match, excluding from consideration (Region signature not found at 30000) {{(pid=99447) _process_chunk /opt/stack/data/venv/lib/python3.12/site-packages/oslo_utils/imageutils/format_inspector.py:1758}}
Jul 07 13:01:17.119102 np0000004721 devstack@g-api.service[99445]: DEBUG glance.api.middleware.version_negotiation [None req-885c962a-4f86-47ae-8d9f-1aff0a2621c2 tempest-DeleteServersTestJSON-408329016 tempest-DeleteServersTestJSON-408329016-project-member] Determining version of request: GET /v2/images/cc81dde7-5ae4-4161-97d8-d0e639d974c5 Accept: application/json {{(pid=99445) process_request /opt/stack/glance/glance/api/middleware/version_negotiation.py:44}}
Jul 07 13:01:17.119635 np0000004721 devstack@g-api.service[99445]: DEBUG glance.api.middleware.version_negotiation [None req-885c962a-4f86-47ae-8d9f-1aff0a2621c2 tempest-DeleteServersTestJSON-408329016 tempest-DeleteServersTestJSON-408329016-project-member] Using url versioning {{(pid=99445) process_request /opt/stack/glance/glance/api/middleware/version_negotiation.py:57}}
Jul 07 13:01:17.119635 np0000004721 devstack@g-api.service[99445]: DEBUG glance.api.middleware.version_negotiation [None req-885c962a-4f86-47ae-8d9f-1aff0a2621c2 tempest-DeleteServersTestJSON-408329016 tempest-DeleteServersTestJSON-408329016-project-member] Matched version: v2 {{(pid=99445) process_request /opt/stack/glance/glance/api/middleware/version_negotiation.py:69}}
Jul 07 13:01:17.119771 np0000004721 devstack@g-api.service[99445]: DEBUG glance.api.middleware.version_negotiation [None req-885c962a-4f86-47ae-8d9f-1aff0a2621c2 tempest-DeleteServersTestJSON-408329016 tempest-DeleteServersTestJSON-408329016-project-member] new path /v2/images/cc81dde7-5ae4-4161-97d8-d0e639d974c5 {{(pid=99445) process_request /opt/stack/glance/glance/api/middleware/version_negotiation.py:70}}
Jul 07 13:01:17.135304 np0000004721 devstack@g-api.service[99445]: [pid: 99445|app: 0|req: 38/103] 127.0.0.1 () {40 vars in 838 bytes} [Tue Jul 7 13:01:17 2026] GET /v2/images/cc81dde7-5ae4-4161-97d8-d0e639d974c5 => generated 1471 bytes in 17 msecs (HTTP/1.1 200) 4 headers in 158 bytes (1 switches on core 0)
Jul 07 13:01:17.287904 np0000004721 devstack@g-api.service[99447]: DEBUG swiftclient [None req-655b7209-5eb9-4e13-9c6f-3adfe1da3bbc tempest-ServerBootFromVolumeStableRescueTest-1395047430 tempest-ServerBootFromVolumeStableRescueTest-1395047430-project-member] REQ: curl -i https://10.4.3.243:8080/v1/AUTH_b6d79e5758ee4a0b94927d2c5defc4b2/glance/cc81dde7-5ae4-4161-97d8-d0e639d974c5-00001 -X PUT -H "X-Auth-Token: gAAAAABqTPicNDB4..." {{(pid=99447) http_log /opt/stack/data/venv/lib/python3.12/site-packages/swiftclient/client.py:160}}
Jul 07 13:01:17.288113 np0000004721 devstack@g-api.service[99447]: DEBUG swiftclient [None req-655b7209-5eb9-4e13-9c6f-3adfe1da3bbc tempest-ServerBootFromVolumeStableRescueTest-1395047430 tempest-ServerBootFromVolumeStableRescueTest-1395047430-project-member] RESP STATUS: 201 Created {{(pid=99447) http_log /opt/stack/data/venv/lib/python3.12/site-packages/swiftclient/client.py:161}}
Jul 07 13:01:17.288304 np0000004721 devstack@g-api.service[99447]: DEBUG swiftclient [None req-655b7209-5eb9-4e13-9c6f-3adfe1da3bbc tempest-ServerBootFromVolumeStableRescueTest-1395047430 tempest-ServerBootFromVolumeStableRescueTest-1395047430-project-member] RESP HEADERS: {'Date': 'Tue, 07 Jul 2026 13:01:17 GMT', 'Server': 'Apache/2.4.58 (Ubuntu)', 'Content-Type': 'text/html; charset=UTF-8', 'Content-Length': '0', 'Etag': '4fa343ee581d8d2e78533191fd1ac3e1', 'Last-Modified': 'Tue, 07 Jul 2026 13:01:17 GMT', 'X-Trans-Id': 'txf441332406534e9180ea8-006a4cf89c', 'X-Openstack-Request-Id': 'txf441332406534e9180ea8-006a4cf89c', 'Connection': 'close'} {{(pid=99447) http_log /opt/stack/data/venv/lib/python3.12/site-packages/swiftclient/client.py:162}}
Jul 07 13:01:17.288472 np0000004721 devstack@g-api.service[99447]: DEBUG glance_store._drivers.swift.store [None req-655b7209-5eb9-4e13-9c6f-3adfe1da3bbc tempest-ServerBootFromVolumeStableRescueTest-1395047430 tempest-ServerBootFromVolumeStableRescueTest-1395047430-project-member] Wrote chunk cc81dde7-5ae4-4161-97d8-d0e639d974c5-00001 (1/?) of length 23527424 to Swift returning MD5 of content: 4fa343ee581d8d2e78533191fd1ac3e1 {{(pid=99447) add /opt/stack/data/venv/lib/python3.12/site-packages/glance_store/_drivers/swift/store.py:1059}}
Jul 07 13:01:17.288699 np0000004721 devstack@g-api.service[99447]: DEBUG glance_store._drivers.swift.store [None req-655b7209-5eb9-4e13-9c6f-3adfe1da3bbc tempest-ServerBootFromVolumeStableRescueTest-1395047430 tempest-ServerBootFromVolumeStableRescueTest-1395047430-project-member] Not writing zero-length chunk. {{(pid=99447) add /opt/stack/data/venv/lib/python3.12/site-packages/glance_store/_drivers/swift/store.py:1028}}
Jul 07 13:01:17.340019 np0000004721 devstack@g-api.service[99447]: DEBUG swiftclient [None req-655b7209-5eb9-4e13-9c6f-3adfe1da3bbc tempest-ServerBootFromVolumeStableRescueTest-1395047430 tempest-ServerBootFromVolumeStableRescueTest-1395047430-project-member] REQ: curl -i https://10.4.3.243:8080/v1/AUTH_b6d79e5758ee4a0b94927d2c5defc4b2/glance/cc81dde7-5ae4-4161-97d8-d0e639d974c5 -X PUT -H "X-Object-Manifest: glance/cc81dde7-5ae4-4161-97d8-d0e639d974c5-" -H "X-Auth-Token: gAAAAABqTPicNDB4..." -H "Content-Length: 0" {{(pid=99447) http_log /opt/stack/data/venv/lib/python3.12/site-packages/swiftclient/client.py:160}}
Jul 07 13:01:17.340019 np0000004721 devstack@g-api.service[99447]: DEBUG swiftclient [None req-655b7209-5eb9-4e13-9c6f-3adfe1da3bbc tempest-ServerBootFromVolumeStableRescueTest-1395047430 tempest-ServerBootFromVolumeStableRescueTest-1395047430-project-member] RESP STATUS: 201 Created {{(pid=99447) http_log /opt/stack/data/venv/lib/python3.12/site-packages/swiftclient/client.py:161}}
Jul 07 13:01:17.340019 np0000004721 devstack@g-api.service[99447]: DEBUG swiftclient [None req-655b7209-5eb9-4e13-9c6f-3adfe1da3bbc tempest-ServerBootFromVolumeStableRescueTest-1395047430 tempest-ServerBootFromVolumeStableRescueTest-1395047430-project-member] RESP HEADERS: {'Date': 'Tue, 07 Jul 2026 13:01:17 GMT', 'Server': 'Apache/2.4.58 (Ubuntu)', 'Content-Type': 'text/html; charset=UTF-8', 'Content-Length': '0', 'Etag': 'd41d8cd98f00b204e9800998ecf8427e', 'Last-Modified': 'Tue, 07 Jul 2026 13:01:18 GMT', 'X-Trans-Id': 'tx000158d76068432787a9c-006a4cf89d', 'X-Openstack-Request-Id': 'tx000158d76068432787a9c-006a4cf89d', 'Connection': 'close'} {{(pid=99447) http_log /opt/stack/data/venv/lib/python3.12/site-packages/swiftclient/client.py:162}}
Jul 07 13:01:17.340019 np0000004721 devstack@g-api.service[99447]: INFO glance.location [None req-655b7209-5eb9-4e13-9c6f-3adfe1da3bbc tempest-ServerBootFromVolumeStableRescueTest-1395047430 tempest-ServerBootFromVolumeStableRescueTest-1395047430-project-member] Image format matched and virtual size computed: 1073741824
Jul 07 13:01:17.413052 np0000004721 devstack@g-api.service[99447]: DEBUG glance_store.backend [None req-655b7209-5eb9-4e13-9c6f-3adfe1da3bbc tempest-ServerBootFromVolumeStableRescueTest-1395047430 tempest-ServerBootFromVolumeStableRescueTest-1395047430-project-member] Attempting to import store swift {{(pid=99447) _load_store /opt/stack/data/venv/lib/python3.12/site-packages/glance_store/backend.py:215}}
Jul 07 13:01:17.415224 np0000004721 devstack@g-api.service[99447]: DEBUG glance_store.capabilities [None req-655b7209-5eb9-4e13-9c6f-3adfe1da3bbc tempest-ServerBootFromVolumeStableRescueTest-1395047430 tempest-ServerBootFromVolumeStableRescueTest-1395047430-project-member] Store glance_store._drivers.swift.store.SingleTenantStore doesn't support updating dynamic storage capabilities. Please overwrite 'update_capabilities' method of the store to implement updating logics if needed. {{(pid=99447) update_capabilities /opt/stack/data/venv/lib/python3.12/site-packages/glance_store/capabilities.py:91}}
Jul 07 13:01:17.415224 np0000004721 devstack@g-api.service[99447]: DEBUG glance_store.driver [None req-655b7209-5eb9-4e13-9c6f-3adfe1da3bbc tempest-ServerBootFromVolumeStableRescueTest-1395047430 tempest-ServerBootFromVolumeStableRescueTest-1395047430-project-member] Late loading location class glance_store._drivers.swift.store.StoreLocation {{(pid=99447) get_store_location_class /opt/stack/data/venv/lib/python3.12/site-packages/glance_store/driver.py:134}}
Jul 07 13:01:17.415224 np0000004721 devstack@g-api.service[99447]: DEBUG glance_store.location [None req-655b7209-5eb9-4e13-9c6f-3adfe1da3bbc tempest-ServerBootFromVolumeStableRescueTest-1395047430 tempest-ServerBootFromVolumeStableRescueTest-1395047430-project-member] Registering scheme swift+https with {'store': , 'location_class': , 'store_entry': 'swift'} {{(pid=99447) register_scheme_map /opt/stack/data/venv/lib/python3.12/site-packages/glance_store/location.py:146}}
Jul 07 13:01:17.415444 np0000004721 devstack@g-api.service[99447]: DEBUG glance_store.location [None req-655b7209-5eb9-4e13-9c6f-3adfe1da3bbc tempest-ServerBootFromVolumeStableRescueTest-1395047430 tempest-ServerBootFromVolumeStableRescueTest-1395047430-project-member] Registering scheme swift+https with {'store': , 'location_class': , 'store_entry': 'swift'} {{(pid=99447) register_scheme_map /opt/stack/data/venv/lib/python3.12/site-packages/glance_store/location.py:146}}
Jul 07 13:01:17.415444 np0000004721 devstack@g-api.service[99447]: DEBUG glance_store.location [None req-655b7209-5eb9-4e13-9c6f-3adfe1da3bbc tempest-ServerBootFromVolumeStableRescueTest-1395047430 tempest-ServerBootFromVolumeStableRescueTest-1395047430-project-member] Registering scheme swift with {'store': , 'location_class': , 'store_entry': 'swift'} {{(pid=99447) register_scheme_map /opt/stack/data/venv/lib/python3.12/site-packages/glance_store/location.py:146}}
Jul 07 13:01:17.415444 np0000004721 devstack@g-api.service[99447]: DEBUG glance_store.location [None req-655b7209-5eb9-4e13-9c6f-3adfe1da3bbc tempest-ServerBootFromVolumeStableRescueTest-1395047430 tempest-ServerBootFromVolumeStableRescueTest-1395047430-project-member] Registering scheme swift+https with {'store': , 'location_class': , 'store_entry': 'swift'} {{(pid=99447) register_scheme_map /opt/stack/data/venv/lib/python3.12/site-packages/glance_store/location.py:146}}
Jul 07 13:01:17.415617 np0000004721 devstack@g-api.service[99447]: DEBUG glance_store.location [None req-655b7209-5eb9-4e13-9c6f-3adfe1da3bbc tempest-ServerBootFromVolumeStableRescueTest-1395047430 tempest-ServerBootFromVolumeStableRescueTest-1395047430-project-member] Registering scheme swift with {'store': , 'location_class': , 'store_entry': 'swift'} {{(pid=99447) register_scheme_map /opt/stack/data/venv/lib/python3.12/site-packages/glance_store/location.py:146}}
Jul 07 13:01:17.415617 np0000004721 devstack@g-api.service[99447]: DEBUG glance_store.location [None req-655b7209-5eb9-4e13-9c6f-3adfe1da3bbc tempest-ServerBootFromVolumeStableRescueTest-1395047430 tempest-ServerBootFromVolumeStableRescueTest-1395047430-project-member] Registering scheme swift+http with {'store': , 'location_class': , 'store_entry': 'swift'} {{(pid=99447) register_scheme_map /opt/stack/data/venv/lib/python3.12/site-packages/glance_store/location.py:146}}
Jul 07 13:01:17.415617 np0000004721 devstack@g-api.service[99447]: DEBUG glance_store.location [None req-655b7209-5eb9-4e13-9c6f-3adfe1da3bbc tempest-ServerBootFromVolumeStableRescueTest-1395047430 tempest-ServerBootFromVolumeStableRescueTest-1395047430-project-member] Registering scheme swift+https with {'store': , 'location_class': , 'store_entry': 'swift'} {{(pid=99447) register_scheme_map /opt/stack/data/venv/lib/python3.12/site-packages/glance_store/location.py:146}}
Jul 07 13:01:17.415760 np0000004721 devstack@g-api.service[99447]: DEBUG glance_store.location [None req-655b7209-5eb9-4e13-9c6f-3adfe1da3bbc tempest-ServerBootFromVolumeStableRescueTest-1395047430 tempest-ServerBootFromVolumeStableRescueTest-1395047430-project-member] Registering scheme swift with {'store': , 'location_class': , 'store_entry': 'swift'} {{(pid=99447) register_scheme_map /opt/stack/data/venv/lib/python3.12/site-packages/glance_store/location.py:146}}
Jul 07 13:01:17.415760 np0000004721 devstack@g-api.service[99447]: DEBUG glance_store.location [None req-655b7209-5eb9-4e13-9c6f-3adfe1da3bbc tempest-ServerBootFromVolumeStableRescueTest-1395047430 tempest-ServerBootFromVolumeStableRescueTest-1395047430-project-member] Registering scheme swift+http with {'store': , 'location_class': , 'store_entry': 'swift'} {{(pid=99447) register_scheme_map /opt/stack/data/venv/lib/python3.12/site-packages/glance_store/location.py:146}}
Jul 07 13:01:17.415888 np0000004721 devstack@g-api.service[99447]: DEBUG glance_store.location [None req-655b7209-5eb9-4e13-9c6f-3adfe1da3bbc tempest-ServerBootFromVolumeStableRescueTest-1395047430 tempest-ServerBootFromVolumeStableRescueTest-1395047430-project-member] Registering scheme swift+config with {'store': , 'location_class': , 'store_entry': 'swift'} {{(pid=99447) register_scheme_map /opt/stack/data/venv/lib/python3.12/site-packages/glance_store/location.py:146}}
