Jul 10 08:51:58.959020 np0000004979 nova-conductor[95852]: DEBUG cotyledon.oslo_config_glue [-] oslo_messaging_rabbit.ssl_ca_file = {{(pid=95852) log_opt_values /opt/stack/data/venv/lib/python3.12/site-packages/oslo_config/cfg.py:3253}}
Jul 10 08:51:58.959199 np0000004979 nova-conductor[95852]: DEBUG cotyledon.oslo_config_glue [-] oslo_messaging_rabbit.ssl_cert_file = {{(pid=95852) log_opt_values /opt/stack/data/venv/lib/python3.12/site-packages/oslo_config/cfg.py:3253}}
Jul 10 08:51:58.959199 np0000004979 nova-conductor[95852]: DEBUG cotyledon.oslo_config_glue [-] oslo_messaging_rabbit.ssl_enforce_fips_mode = False {{(pid=95852) log_opt_values /opt/stack/data/venv/lib/python3.12/site-packages/oslo_config/cfg.py:3253}}
Jul 10 08:51:58.959199 np0000004979 nova-conductor[95852]: DEBUG cotyledon.oslo_config_glue [-] oslo_messaging_rabbit.ssl_enforce_hostname_verification = True {{(pid=95852) log_opt_values /opt/stack/data/venv/lib/python3.12/site-packages/oslo_config/cfg.py:3253}}
Jul 10 08:51:58.959199 np0000004979 nova-conductor[95852]: DEBUG cotyledon.oslo_config_glue [-] oslo_messaging_rabbit.ssl_key_file = {{(pid=95852) log_opt_values /opt/stack/data/venv/lib/python3.12/site-packages/oslo_config/cfg.py:3253}}
Jul 10 08:51:58.959199 np0000004979 nova-conductor[95852]: DEBUG cotyledon.oslo_config_glue [-] oslo_messaging_rabbit.ssl_version = {{(pid=95852) log_opt_values /opt/stack/data/venv/lib/python3.12/site-packages/oslo_config/cfg.py:3253}}
Jul 10 08:51:58.959199 np0000004979 nova-conductor[95852]: DEBUG cotyledon.oslo_config_glue [-] oslo_messaging_rabbit.use_queue_manager = False {{(pid=95852) log_opt_values /opt/stack/data/venv/lib/python3.12/site-packages/oslo_config/cfg.py:3253}}
Jul 10 08:51:58.959199 np0000004979 nova-conductor[95852]: DEBUG cotyledon.oslo_config_glue [-] oslo_messaging_notifications.driver = ['messagingv2'] {{(pid=95852) log_opt_values /opt/stack/data/venv/lib/python3.12/site-packages/oslo_config/cfg.py:3253}}
Jul 10 08:51:58.959199 np0000004979 nova-conductor[95852]: DEBUG cotyledon.oslo_config_glue [-] oslo_messaging_notifications.retry = -1 {{(pid=95852) log_opt_values /opt/stack/data/venv/lib/python3.12/site-packages/oslo_config/cfg.py:3253}}
Jul 10 08:51:58.959199 np0000004979 nova-conductor[95852]: DEBUG cotyledon.oslo_config_glue [-] oslo_messaging_notifications.topics = ['notifications'] {{(pid=95852) log_opt_values /opt/stack/data/venv/lib/python3.12/site-packages/oslo_config/cfg.py:3253}}
Jul 10 08:51:58.959367 np0000004979 nova-conductor[95852]: DEBUG cotyledon.oslo_config_glue [-] oslo_messaging_notifications.transport_url = **** {{(pid=95852) log_opt_values /opt/stack/data/venv/lib/python3.12/site-packages/oslo_config/cfg.py:3253}}
Jul 10 08:51:58.959367 np0000004979 nova-conductor[95852]: DEBUG cotyledon.oslo_config_glue [-] oslo_limit.auth_section = None {{(pid=95852) log_opt_values /opt/stack/data/venv/lib/python3.12/site-packages/oslo_config/cfg.py:3253}}
Jul 10 08:51:58.959367 np0000004979 nova-conductor[95852]: DEBUG cotyledon.oslo_config_glue [-] oslo_limit.auth_type = None {{(pid=95852) log_opt_values /opt/stack/data/venv/lib/python3.12/site-packages/oslo_config/cfg.py:3253}}
Jul 10 08:51:58.959367 np0000004979 nova-conductor[95852]: DEBUG cotyledon.oslo_config_glue [-] oslo_limit.cafile = None {{(pid=95852) log_opt_values /opt/stack/data/venv/lib/python3.12/site-packages/oslo_config/cfg.py:3253}}
Jul 10 08:51:58.959367 np0000004979 nova-conductor[95852]: DEBUG cotyledon.oslo_config_glue [-] oslo_limit.certfile = None {{(pid=95852) log_opt_values /opt/stack/data/venv/lib/python3.12/site-packages/oslo_config/cfg.py:3253}}
Jul 10 08:51:58.959367 np0000004979 nova-conductor[95852]: DEBUG cotyledon.oslo_config_glue [-] oslo_limit.collect_timing = False {{(pid=95852) log_opt_values /opt/stack/data/venv/lib/python3.12/site-packages/oslo_config/cfg.py:3253}}
Jul 10 08:51:58.959367 np0000004979 nova-conductor[95852]: DEBUG cotyledon.oslo_config_glue [-] oslo_limit.connect_retries = None {{(pid=95852) log_opt_values /opt/stack/data/venv/lib/python3.12/site-packages/oslo_config/cfg.py:3253}}
Jul 10 08:51:58.959367 np0000004979 nova-conductor[95852]: DEBUG cotyledon.oslo_config_glue [-] oslo_limit.connect_retry_delay = None {{(pid=95852) log_opt_values /opt/stack/data/venv/lib/python3.12/site-packages/oslo_config/cfg.py:3253}}
Jul 10 08:51:58.959367 np0000004979 nova-conductor[95852]: DEBUG cotyledon.oslo_config_glue [-] oslo_limit.endpoint_id = None {{(pid=95852) log_opt_values /opt/stack/data/venv/lib/python3.12/site-packages/oslo_config/cfg.py:3253}}
Jul 10 08:51:58.959530 np0000004979 nova-conductor[95852]: DEBUG cotyledon.oslo_config_glue [-] oslo_limit.endpoint_interface = public {{(pid=95852) log_opt_values /opt/stack/data/venv/lib/python3.12/site-packages/oslo_config/cfg.py:3253}}
Jul 10 08:51:58.959530 np0000004979 nova-conductor[95852]: DEBUG cotyledon.oslo_config_glue [-] oslo_limit.endpoint_override = None {{(pid=95852) log_opt_values /opt/stack/data/venv/lib/python3.12/site-packages/oslo_config/cfg.py:3253}}
Jul 10 08:51:58.959530 np0000004979 nova-conductor[95852]: DEBUG cotyledon.oslo_config_glue [-] oslo_limit.endpoint_region_name = None {{(pid=95852) log_opt_values /opt/stack/data/venv/lib/python3.12/site-packages/oslo_config/cfg.py:3253}}
Jul 10 08:51:58.959530 np0000004979 nova-conductor[95852]: DEBUG cotyledon.oslo_config_glue [-] oslo_limit.endpoint_service_name = None {{(pid=95852) log_opt_values /opt/stack/data/venv/lib/python3.12/site-packages/oslo_config/cfg.py:3253}}
Jul 10 08:51:58.959530 np0000004979 nova-conductor[95852]: DEBUG cotyledon.oslo_config_glue [-] oslo_limit.endpoint_service_type = None {{(pid=95852) log_opt_values /opt/stack/data/venv/lib/python3.12/site-packages/oslo_config/cfg.py:3253}}
Jul 10 08:51:58.959530 np0000004979 nova-conductor[95852]: DEBUG cotyledon.oslo_config_glue [-] oslo_limit.insecure = False {{(pid=95852) log_opt_values /opt/stack/data/venv/lib/python3.12/site-packages/oslo_config/cfg.py:3253}}
Jul 10 08:51:58.959530 np0000004979 nova-conductor[95852]: DEBUG cotyledon.oslo_config_glue [-] oslo_limit.keyfile = None {{(pid=95852) log_opt_values /opt/stack/data/venv/lib/python3.12/site-packages/oslo_config/cfg.py:3253}}
Jul 10 08:51:58.959530 np0000004979 nova-conductor[95852]: DEBUG cotyledon.oslo_config_glue [-] oslo_limit.max_version = None {{(pid=95852) log_opt_values /opt/stack/data/venv/lib/python3.12/site-packages/oslo_config/cfg.py:3253}}
Jul 10 08:51:58.959530 np0000004979 nova-conductor[95852]: DEBUG cotyledon.oslo_config_glue [-] oslo_limit.min_version = None {{(pid=95852) log_opt_values /opt/stack/data/venv/lib/python3.12/site-packages/oslo_config/cfg.py:3253}}
Jul 10 08:51:58.959798 np0000004979 nova-conductor[95852]: DEBUG cotyledon.oslo_config_glue [-] oslo_limit.region_name = None {{(pid=95852) log_opt_values /opt/stack/data/venv/lib/python3.12/site-packages/oslo_config/cfg.py:3253}}
Jul 10 08:51:58.959798 np0000004979 nova-conductor[95852]: DEBUG cotyledon.oslo_config_glue [-] oslo_limit.retriable_status_codes = None {{(pid=95852) log_opt_values /opt/stack/data/venv/lib/python3.12/site-packages/oslo_config/cfg.py:3253}}
Jul 10 08:51:58.959798 np0000004979 nova-conductor[95852]: DEBUG cotyledon.oslo_config_glue [-] oslo_limit.service_name = None {{(pid=95852) log_opt_values /opt/stack/data/venv/lib/python3.12/site-packages/oslo_config/cfg.py:3253}}
Jul 10 08:51:58.959798 np0000004979 nova-conductor[95852]: DEBUG cotyledon.oslo_config_glue [-] oslo_limit.service_type = None {{(pid=95852) log_opt_values /opt/stack/data/venv/lib/python3.12/site-packages/oslo_config/cfg.py:3253}}
Jul 10 08:51:58.959798 np0000004979 nova-conductor[95852]: DEBUG cotyledon.oslo_config_glue [-] oslo_limit.split_loggers = False {{(pid=95852) log_opt_values /opt/stack/data/venv/lib/python3.12/site-packages/oslo_config/cfg.py:3253}}
Jul 10 08:51:58.959798 np0000004979 nova-conductor[95852]: DEBUG cotyledon.oslo_config_glue [-] oslo_limit.status_code_retries = None {{(pid=95852) log_opt_values /opt/stack/data/venv/lib/python3.12/site-packages/oslo_config/cfg.py:3253}}
Jul 10 08:51:58.959798 np0000004979 nova-conductor[95852]: DEBUG cotyledon.oslo_config_glue [-] oslo_limit.status_code_retry_delay = None {{(pid=95852) log_opt_values /opt/stack/data/venv/lib/python3.12/site-packages/oslo_config/cfg.py:3253}}
Jul 10 08:51:58.959798 np0000004979 nova-conductor[95852]: DEBUG cotyledon.oslo_config_glue [-] oslo_limit.timeout = None {{(pid=95852) log_opt_values /opt/stack/data/venv/lib/python3.12/site-packages/oslo_config/cfg.py:3253}}
Jul 10 08:51:58.959798 np0000004979 nova-conductor[95852]: DEBUG cotyledon.oslo_config_glue [-] oslo_limit.valid_interfaces = None {{(pid=95852) log_opt_values /opt/stack/data/venv/lib/python3.12/site-packages/oslo_config/cfg.py:3253}}
Jul 10 08:51:58.960014 np0000004979 nova-conductor[95852]: DEBUG cotyledon.oslo_config_glue [-] oslo_limit.version = None {{(pid=95852) log_opt_values /opt/stack/data/venv/lib/python3.12/site-packages/oslo_config/cfg.py:3253}}
Jul 10 08:51:58.960014 np0000004979 nova-conductor[95852]: DEBUG cotyledon.oslo_config_glue [-] oslo_reports.file_event_handler = None {{(pid=95852) log_opt_values /opt/stack/data/venv/lib/python3.12/site-packages/oslo_config/cfg.py:3253}}
Jul 10 08:51:58.960014 np0000004979 nova-conductor[95852]: DEBUG cotyledon.oslo_config_glue [-] oslo_reports.file_event_handler_interval = 1 {{(pid=95852) log_opt_values /opt/stack/data/venv/lib/python3.12/site-packages/oslo_config/cfg.py:3253}}
Jul 10 08:51:58.960014 np0000004979 nova-conductor[95852]: DEBUG cotyledon.oslo_config_glue [-] oslo_reports.log_dir = None {{(pid=95852) log_opt_values /opt/stack/data/venv/lib/python3.12/site-packages/oslo_config/cfg.py:3253}}
Jul 10 08:51:58.960014 np0000004979 nova-conductor[95852]: DEBUG cotyledon.oslo_config_glue [-] ******************************************************************************** {{(pid=95852) log_opt_values /opt/stack/data/venv/lib/python3.12/site-packages/oslo_config/cfg.py:3260}}
Jul 10 08:51:58.960014 np0000004979 nova-conductor[95852]: DEBUG cotyledon._service_worker [-] Run service ServiceWrapper(2) [95852] {{(pid=95852) wait_forever /opt/stack/data/venv/lib/python3.12/site-packages/cotyledon/_service_worker.py:218}}
Jul 10 08:51:58.960014 np0000004979 nova-conductor[95852]: INFO nova.service [-] Starting conductor node (version 33.1.0)
Jul 10 08:51:58.960014 np0000004979 nova-conductor[95852]: INFO dbcounter [None req-076addcb-3839-4f00-aa57-5950ab4675af None None] Registered counter for database nova_cell0
Jul 10 08:51:58.964172 np0000004979 nova-conductor[95838]: DEBUG oslo_db.sqlalchemy.engines [None req-aae87c00-55b6-4497-bec9-2fd7f668852f None None] MySQL server mode set to STRICT_TRANS_TABLES,STRICT_ALL_TABLES,NO_ZERO_IN_DATE,NO_ZERO_DATE,ERROR_FOR_DIVISION_BY_ZERO,TRADITIONAL,NO_ENGINE_SUBSTITUTION {{(pid=95838) _check_effective_sql_mode /opt/stack/data/venv/lib/python3.12/site-packages/oslo_db/sqlalchemy/engines.py:325}}
Jul 10 08:51:58.973420 np0000004979 nova-conductor[95838]: DEBUG dbcounter [-] [95838] Writer thread running {{(pid=95838) stat_writer /opt/stack/data/venv/lib/python3.12/site-packages/dbcounter.py:102}}
Jul 10 08:51:58.984602 np0000004979 nova-conductor[95845]: DEBUG oslo_db.sqlalchemy.engines [None req-079e1932-f81e-4b57-bbea-93454ec32f30 None None] MySQL server mode set to STRICT_TRANS_TABLES,STRICT_ALL_TABLES,NO_ZERO_IN_DATE,NO_ZERO_DATE,ERROR_FOR_DIVISION_BY_ZERO,TRADITIONAL,NO_ENGINE_SUBSTITUTION {{(pid=95845) _check_effective_sql_mode /opt/stack/data/venv/lib/python3.12/site-packages/oslo_db/sqlalchemy/engines.py:325}}
Jul 10 08:51:58.988684 np0000004979 nova-conductor[95838]: DEBUG nova.service [None req-aae87c00-55b6-4497-bec9-2fd7f668852f None None] Creating RPC server for service: nova-conductor on topic: conductor {{(pid=95838) start /opt/stack/nova/nova/service.py:196}}
Jul 10 08:51:58.993997 np0000004979 nova-conductor[95845]: DEBUG dbcounter [-] [95845] Writer thread running {{(pid=95845) stat_writer /opt/stack/data/venv/lib/python3.12/site-packages/dbcounter.py:102}}
Jul 10 08:51:58.996969 np0000004979 nova-conductor[95845]: DEBUG nova.service [None req-079e1932-f81e-4b57-bbea-93454ec32f30 None None] Creating RPC server for service: nova-conductor on topic: conductor {{(pid=95845) start /opt/stack/nova/nova/service.py:196}}
Jul 10 08:51:59.007616 np0000004979 nova-conductor[95852]: DEBUG oslo_db.sqlalchemy.engines [None req-076addcb-3839-4f00-aa57-5950ab4675af None None] MySQL server mode set to STRICT_TRANS_TABLES,STRICT_ALL_TABLES,NO_ZERO_IN_DATE,NO_ZERO_DATE,ERROR_FOR_DIVISION_BY_ZERO,TRADITIONAL,NO_ENGINE_SUBSTITUTION {{(pid=95852) _check_effective_sql_mode /opt/stack/data/venv/lib/python3.12/site-packages/oslo_db/sqlalchemy/engines.py:325}}
Jul 10 08:51:59.016457 np0000004979 nova-conductor[95845]: DEBUG nova.service [None req-079e1932-f81e-4b57-bbea-93454ec32f30 None None] Join ServiceGroup membership for this service conductor {{(pid=95845) start /opt/stack/nova/nova/service.py:222}}
Jul 10 08:51:59.016608 np0000004979 nova-conductor[95838]: DEBUG nova.service [None req-aae87c00-55b6-4497-bec9-2fd7f668852f None None] Join ServiceGroup membership for this service conductor {{(pid=95838) start /opt/stack/nova/nova/service.py:222}}
Jul 10 08:51:59.016687 np0000004979 nova-conductor[95838]: DEBUG nova.servicegroup.drivers.db [None req-aae87c00-55b6-4497-bec9-2fd7f668852f None None] DB_Driver: join new ServiceGroup member np0000004979 to the conductor group, service = {{(pid=95838) join /opt/stack/nova/nova/servicegroup/drivers/db.py:44}}
Jul 10 08:51:59.016731 np0000004979 nova-conductor[95845]: DEBUG nova.servicegroup.drivers.db [None req-079e1932-f81e-4b57-bbea-93454ec32f30 None None] DB_Driver: join new ServiceGroup member np0000004979 to the conductor group, service = {{(pid=95845) join /opt/stack/nova/nova/servicegroup/drivers/db.py:44}}
Jul 10 08:51:59.022794 np0000004979 nova-conductor[95852]: DEBUG dbcounter [-] [95852] Writer thread running {{(pid=95852) stat_writer /opt/stack/data/venv/lib/python3.12/site-packages/dbcounter.py:102}}
Jul 10 08:51:59.026785 np0000004979 nova-conductor[95852]: DEBUG nova.service [None req-076addcb-3839-4f00-aa57-5950ab4675af None None] Creating RPC server for service: nova-conductor on topic: conductor {{(pid=95852) start /opt/stack/nova/nova/service.py:196}}
Jul 10 08:51:59.045783 np0000004979 nova-conductor[95852]: DEBUG nova.service [None req-076addcb-3839-4f00-aa57-5950ab4675af None None] Join ServiceGroup membership for this service conductor {{(pid=95852) start /opt/stack/nova/nova/service.py:222}}
Jul 10 08:51:59.046008 np0000004979 nova-conductor[95852]: DEBUG nova.servicegroup.drivers.db [None req-076addcb-3839-4f00-aa57-5950ab4675af None None] DB_Driver: join new ServiceGroup member np0000004979 to the conductor group, service = {{(pid=95852) join /opt/stack/nova/nova/servicegroup/drivers/db.py:44}}
Jul 10 08:52:04.029338 np0000004979 nova-conductor[95838]: DEBUG oslo.service.backend._threading.loopingcall [-] Fixed interval looping call 'nova.servicegroup.drivers.db.DbDriver._report_state' sleeping for 119.99 seconds {{(pid=95838) _run_loop /opt/stack/data/venv/lib/python3.12/site-packages/oslo_service/backend/_threading/loopingcall.py:125}}
Jul 10 08:52:04.032416 np0000004979 nova-conductor[95845]: DEBUG oslo.service.backend._threading.loopingcall [-] Fixed interval looping call 'nova.servicegroup.drivers.db.DbDriver._report_state' sleeping for 119.99 seconds {{(pid=95845) _run_loop /opt/stack/data/venv/lib/python3.12/site-packages/oslo_service/backend/_threading/loopingcall.py:125}}
Jul 10 08:52:04.064416 np0000004979 nova-conductor[95852]: DEBUG oslo.service.backend._threading.loopingcall [-] Fixed interval looping call 'nova.servicegroup.drivers.db.DbDriver._report_state' sleeping for 119.98 seconds {{(pid=95852) _run_loop /opt/stack/data/venv/lib/python3.12/site-packages/oslo_service/backend/_threading/loopingcall.py:125}}
Jul 10 08:52:07.623829 np0000004979 nova-conductor[94345]: DEBUG dbcounter [-] [94345] Writing DB stats nova_api:SELECT=1 {{(pid=94345) stat_writer /opt/stack/data/venv/lib/python3.12/site-packages/dbcounter.py:115}}
Jul 10 08:52:07.755363 np0000004979 nova-conductor[94345]: DEBUG dbcounter [-] [94345] Writing DB stats nova_cell0:SELECT=1 {{(pid=94345) stat_writer /opt/stack/data/venv/lib/python3.12/site-packages/dbcounter.py:115}}
Jul 10 08:52:07.759596 np0000004979 nova-conductor[94345]: DEBUG dbcounter [-] [94345] Writing DB stats nova_cell1:SELECT=1 {{(pid=94345) stat_writer /opt/stack/data/venv/lib/python3.12/site-packages/dbcounter.py:115}}
Jul 10 08:52:14.025946 np0000004979 nova-conductor[95838]: DEBUG dbcounter [-] [95838] Writing DB stats nova_cell0:SELECT=4,nova_cell0:INSERT=1,nova_cell0:UPDATE=1 {{(pid=95838) stat_writer /opt/stack/data/venv/lib/python3.12/site-packages/dbcounter.py:115}}
Jul 10 08:52:14.027361 np0000004979 nova-conductor[95845]: DEBUG dbcounter [-] [95845] Writing DB stats nova_cell0:SELECT=3,nova_cell0:UPDATE=1 {{(pid=95845) stat_writer /opt/stack/data/venv/lib/python3.12/site-packages/dbcounter.py:115}}
Jul 10 08:52:14.054514 np0000004979 nova-conductor[95852]: DEBUG dbcounter [-] [95852] Writing DB stats nova_cell0:SELECT=3 {{(pid=95852) stat_writer /opt/stack/data/venv/lib/python3.12/site-packages/dbcounter.py:115}}
Jul 10 08:52:26.018969 np0000004979 nova-conductor[95845]: DEBUG oslo.service.backend._threading.loopingcall [None req-16305830-e35e-4408-acc4-e260016c03b9 None None] Dynamic interval looping call 'nova.service.Service.periodic_tasks' sleeping for 60.00 seconds {{(pid=95845) _run_loop /opt/stack/data/venv/lib/python3.12/site-packages/oslo_service/backend/_threading/loopingcall.py:125}}
Jul 10 08:52:30.048183 np0000004979 nova-conductor[95852]: DEBUG oslo.service.backend._threading.loopingcall [None req-ad730b9a-733d-4a7f-8e5e-f4e6a68bfd66 None None] Dynamic interval looping call 'nova.service.Service.periodic_tasks' sleeping for 60.00 seconds {{(pid=95852) _run_loop /opt/stack/data/venv/lib/python3.12/site-packages/oslo_service/backend/_threading/loopingcall.py:125}}
Jul 10 08:52:40.018751 np0000004979 nova-conductor[95838]: DEBUG oslo.service.backend._threading.loopingcall [None req-f42d0872-28f6-4aae-ad9f-8c9a43d67be3 None None] Dynamic interval looping call 'nova.service.Service.periodic_tasks' sleeping for 60.00 seconds {{(pid=95838) _run_loop /opt/stack/data/venv/lib/python3.12/site-packages/oslo_service/backend/_threading/loopingcall.py:125}}
Jul 10 08:53:26.019476 np0000004979 nova-conductor[95845]: DEBUG oslo.service.backend._threading.loopingcall [None req-16305830-e35e-4408-acc4-e260016c03b9 None None] Dynamic interval looping call 'nova.service.Service.periodic_tasks' sleeping for 60.00 seconds {{(pid=95845) _run_loop /opt/stack/data/venv/lib/python3.12/site-packages/oslo_service/backend/_threading/loopingcall.py:125}}
Jul 10 08:53:30.048686 np0000004979 nova-conductor[95852]: DEBUG oslo.service.backend._threading.loopingcall [None req-ad730b9a-733d-4a7f-8e5e-f4e6a68bfd66 None None] Dynamic interval looping call 'nova.service.Service.periodic_tasks' sleeping for 60.00 seconds {{(pid=95852) _run_loop /opt/stack/data/venv/lib/python3.12/site-packages/oslo_service/backend/_threading/loopingcall.py:125}}
Jul 10 08:53:40.019251 np0000004979 nova-conductor[95838]: DEBUG oslo.service.backend._threading.loopingcall [None req-f42d0872-28f6-4aae-ad9f-8c9a43d67be3 None None] Dynamic interval looping call 'nova.service.Service.periodic_tasks' sleeping for 60.00 seconds {{(pid=95838) _run_loop /opt/stack/data/venv/lib/python3.12/site-packages/oslo_service/backend/_threading/loopingcall.py:125}}
Jul 10 08:54:04.026116 np0000004979 nova-conductor[95838]: DEBUG oslo.service.backend._threading.loopingcall [-] Fixed interval looping call 'nova.servicegroup.drivers.db.DbDriver._report_state' sleeping for 119.99 seconds {{(pid=95838) _run_loop /opt/stack/data/venv/lib/python3.12/site-packages/oslo_service/backend/_threading/loopingcall.py:125}}
Jul 10 08:54:04.028009 np0000004979 nova-conductor[95845]: DEBUG oslo.service.backend._threading.loopingcall [-] Fixed interval looping call 'nova.servicegroup.drivers.db.DbDriver._report_state' sleeping for 119.99 seconds {{(pid=95845) _run_loop /opt/stack/data/venv/lib/python3.12/site-packages/oslo_service/backend/_threading/loopingcall.py:125}}
Jul 10 08:54:04.048991 np0000004979 nova-conductor[95852]: DEBUG oslo.service.backend._threading.loopingcall [-] Fixed interval looping call 'nova.servicegroup.drivers.db.DbDriver._report_state' sleeping for 120.00 seconds {{(pid=95852) _run_loop /opt/stack/data/venv/lib/python3.12/site-packages/oslo_service/backend/_threading/loopingcall.py:125}}
Jul 10 08:54:14.022826 np0000004979 nova-conductor[95838]: DEBUG dbcounter [-] [95838] Writing DB stats nova_cell0:SELECT=1,nova_cell0:UPDATE=1 {{(pid=95838) stat_writer /opt/stack/data/venv/lib/python3.12/site-packages/dbcounter.py:115}}
Jul 10 08:54:14.025896 np0000004979 nova-conductor[95845]: DEBUG dbcounter [-] [95845] Writing DB stats nova_cell0:SELECT=1,nova_cell0:UPDATE=1 {{(pid=95845) stat_writer /opt/stack/data/venv/lib/python3.12/site-packages/dbcounter.py:115}}
Jul 10 08:54:14.046645 np0000004979 nova-conductor[95852]: DEBUG dbcounter [-] [95852] Writing DB stats nova_cell0:SELECT=1 {{(pid=95852) stat_writer /opt/stack/data/venv/lib/python3.12/site-packages/dbcounter.py:115}}
Jul 10 08:54:18.753639 np0000004979 nova-conductor[95838]: DEBUG oslo_db.sqlalchemy.engines [None req-a26a3290-7887-4c37-9fbb-1edb0bf99a92 tempest-DeleteServersTestJSON-692921082 tempest-DeleteServersTestJSON-692921082-project-member] Parent process 94345 forked (95838) with an open database connection, which is being discarded and recreated. {{(pid=95838) checkout /opt/stack/data/venv/lib/python3.12/site-packages/oslo_db/sqlalchemy/engines.py:402}}
Jul 10 08:54:18.794601 np0000004979 nova-conductor[95838]: DEBUG dbcounter [-] [95838] Writer thread running {{(pid=95838) stat_writer /opt/stack/data/venv/lib/python3.12/site-packages/dbcounter.py:102}}
Jul 10 08:54:19.819562 np0000004979 nova-conductor[95838]: DEBUG nova.conductor.manager [None req-a26a3290-7887-4c37-9fbb-1edb0bf99a92 tempest-DeleteServersTestJSON-692921082 tempest-DeleteServersTestJSON-692921082-project-member] Took 1.02 seconds to select destinations for 1 instance(s). {{(pid=95838) _schedule_instances /opt/stack/nova/nova/conductor/manager.py:968}}
Jul 10 08:54:19.843049 np0000004979 nova-conductor[95838]: DEBUG oslo_concurrency.lockutils [None req-a26a3290-7887-4c37-9fbb-1edb0bf99a92 tempest-DeleteServersTestJSON-692921082 tempest-DeleteServersTestJSON-692921082-project-member] Acquiring lock "59b8c611-af3e-483b-9b31-eeae2a9db31c" by "nova.context.set_target_cell..get_or_set_cached_cell_and_set_connections" {{(pid=95838) inner /opt/stack/data/venv/lib/python3.12/site-packages/oslo_concurrency/lockutils.py:511}}
Jul 10 08:54:19.843340 np0000004979 nova-conductor[95838]: DEBUG oslo_concurrency.lockutils [None req-a26a3290-7887-4c37-9fbb-1edb0bf99a92 tempest-DeleteServersTestJSON-692921082 tempest-DeleteServersTestJSON-692921082-project-member] Lock "59b8c611-af3e-483b-9b31-eeae2a9db31c" acquired by "nova.context.set_target_cell..get_or_set_cached_cell_and_set_connections" :: waited 0.000s {{(pid=95838) inner /opt/stack/data/venv/lib/python3.12/site-packages/oslo_concurrency/lockutils.py:524}}
Jul 10 08:54:19.844533 np0000004979 nova-conductor[95838]: DEBUG oslo_concurrency.lockutils [None req-a26a3290-7887-4c37-9fbb-1edb0bf99a92 tempest-DeleteServersTestJSON-692921082 tempest-DeleteServersTestJSON-692921082-project-member] Lock "59b8c611-af3e-483b-9b31-eeae2a9db31c" "released" by "nova.context.set_target_cell..get_or_set_cached_cell_and_set_connections" :: held 0.001s {{(pid=95838) inner /opt/stack/data/venv/lib/python3.12/site-packages/oslo_concurrency/lockutils.py:543}}
Jul 10 08:54:19.846456 np0000004979 nova-conductor[95838]: INFO dbcounter [None req-a26a3290-7887-4c37-9fbb-1edb0bf99a92 tempest-DeleteServersTestJSON-692921082 tempest-DeleteServersTestJSON-692921082-project-member] Registered counter for database nova_cell1
Jul 10 08:54:19.880934 np0000004979 nova-conductor[95838]: DEBUG oslo_db.sqlalchemy.engines [None req-a26a3290-7887-4c37-9fbb-1edb0bf99a92 tempest-DeleteServersTestJSON-692921082 tempest-DeleteServersTestJSON-692921082-project-member] MySQL server mode set to STRICT_TRANS_TABLES,STRICT_ALL_TABLES,NO_ZERO_IN_DATE,NO_ZERO_DATE,ERROR_FOR_DIVISION_BY_ZERO,TRADITIONAL,NO_ENGINE_SUBSTITUTION {{(pid=95838) _check_effective_sql_mode /opt/stack/data/venv/lib/python3.12/site-packages/oslo_db/sqlalchemy/engines.py:325}}
Jul 10 08:54:19.887419 np0000004979 nova-conductor[95838]: DEBUG dbcounter [-] [95838] Writer thread running {{(pid=95838) stat_writer /opt/stack/data/venv/lib/python3.12/site-packages/dbcounter.py:102}}
Jul 10 08:54:19.936126 np0000004979 nova-conductor[95838]: INFO nova.utils [None req-a26a3290-7887-4c37-9fbb-1edb0bf99a92 tempest-DeleteServersTestJSON-692921082 tempest-DeleteServersTestJSON-692921082-project-member] The cell worker thread pool ForkProcess-1.cell_worker is initialized
Jul 10 08:54:19.936373 np0000004979 nova-conductor[95838]: DEBUG oslo_concurrency.lockutils [None req-a26a3290-7887-4c37-9fbb-1edb0bf99a92 tempest-DeleteServersTestJSON-692921082 tempest-DeleteServersTestJSON-692921082-project-member] Acquiring lock "00000000-0000-0000-0000-000000000000" by "nova.context.set_target_cell..get_or_set_cached_cell_and_set_connections" {{(pid=95838) inner /opt/stack/data/venv/lib/python3.12/site-packages/oslo_concurrency/lockutils.py:511}}
Jul 10 08:54:19.936496 np0000004979 nova-conductor[95838]: DEBUG oslo_concurrency.lockutils [None req-a26a3290-7887-4c37-9fbb-1edb0bf99a92 tempest-DeleteServersTestJSON-692921082 tempest-DeleteServersTestJSON-692921082-project-member] Lock "00000000-0000-0000-0000-000000000000" acquired by "nova.context.set_target_cell..get_or_set_cached_cell_and_set_connections" :: waited 0.000s {{(pid=95838) inner /opt/stack/data/venv/lib/python3.12/site-packages/oslo_concurrency/lockutils.py:524}}
Jul 10 08:54:19.936844 np0000004979 nova-conductor[95838]: DEBUG oslo_concurrency.lockutils [None req-a26a3290-7887-4c37-9fbb-1edb0bf99a92 tempest-DeleteServersTestJSON-692921082 tempest-DeleteServersTestJSON-692921082-project-member] Lock "00000000-0000-0000-0000-000000000000" "released" by "nova.context.set_target_cell..get_or_set_cached_cell_and_set_connections" :: held 0.000s {{(pid=95838) inner /opt/stack/data/venv/lib/python3.12/site-packages/oslo_concurrency/lockutils.py:543}}
Jul 10 08:54:19.937445 np0000004979 nova-conductor[95838]: DEBUG oslo_concurrency.lockutils [None req-a26a3290-7887-4c37-9fbb-1edb0bf99a92 tempest-DeleteServersTestJSON-692921082 tempest-DeleteServersTestJSON-692921082-project-member] Acquiring lock "59b8c611-af3e-483b-9b31-eeae2a9db31c" by "nova.context.set_target_cell..get_or_set_cached_cell_and_set_connections" {{(pid=95838) inner /opt/stack/data/venv/lib/python3.12/site-packages/oslo_concurrency/lockutils.py:511}}
Jul 10 08:54:19.938853 np0000004979 nova-conductor[95838]: INFO dbcounter [None req-a26a3290-7887-4c37-9fbb-1edb0bf99a92 tempest-DeleteServersTestJSON-692921082 tempest-DeleteServersTestJSON-692921082-project-member] Registered counter for database nova_cell0
Jul 10 08:54:19.939965 np0000004979 nova-conductor[95838]: DEBUG oslo_concurrency.lockutils [None req-a26a3290-7887-4c37-9fbb-1edb0bf99a92 tempest-DeleteServersTestJSON-692921082 tempest-DeleteServersTestJSON-692921082-project-member] Lock "59b8c611-af3e-483b-9b31-eeae2a9db31c" acquired by "nova.context.set_target_cell..get_or_set_cached_cell_and_set_connections" :: waited 0.001s {{(pid=95838) inner /opt/stack/data/venv/lib/python3.12/site-packages/oslo_concurrency/lockutils.py:524}}
Jul 10 08:54:19.940224 np0000004979 nova-conductor[95838]: DEBUG oslo_concurrency.lockutils [None req-a26a3290-7887-4c37-9fbb-1edb0bf99a92 tempest-DeleteServersTestJSON-692921082 tempest-DeleteServersTestJSON-692921082-project-member] Lock "59b8c611-af3e-483b-9b31-eeae2a9db31c" "released" by "nova.context.set_target_cell..get_or_set_cached_cell_and_set_connections" :: held 0.001s {{(pid=95838) inner /opt/stack/data/venv/lib/python3.12/site-packages/oslo_concurrency/lockutils.py:543}}
Jul 10 08:54:19.969763 np0000004979 nova-conductor[95838]: DEBUG oslo_db.sqlalchemy.engines [None req-a26a3290-7887-4c37-9fbb-1edb0bf99a92 tempest-DeleteServersTestJSON-692921082 tempest-DeleteServersTestJSON-692921082-project-member] MySQL server mode set to STRICT_TRANS_TABLES,STRICT_ALL_TABLES,NO_ZERO_IN_DATE,NO_ZERO_DATE,ERROR_FOR_DIVISION_BY_ZERO,TRADITIONAL,NO_ENGINE_SUBSTITUTION {{(pid=95838) _check_effective_sql_mode /opt/stack/data/venv/lib/python3.12/site-packages/oslo_db/sqlalchemy/engines.py:325}}
Jul 10 08:54:19.974615 np0000004979 nova-conductor[95838]: DEBUG dbcounter [-] [95838] Writer thread running {{(pid=95838) stat_writer /opt/stack/data/venv/lib/python3.12/site-packages/dbcounter.py:102}}
Jul 10 08:54:19.983436 np0000004979 nova-conductor[95838]: DEBUG nova.quota [None req-a26a3290-7887-4c37-9fbb-1edb0bf99a92 tempest-DeleteServersTestJSON-692921082 tempest-DeleteServersTestJSON-692921082-project-member] Getting quotas for project 86992bac372d4e199373575c76e9a445. Resources: {'cores', 'ram', 'instances'} {{(pid=95838) _get_quotas /opt/stack/nova/nova/quota.py:389}}
Jul 10 08:54:19.986480 np0000004979 nova-conductor[95838]: DEBUG nova.quota [None req-a26a3290-7887-4c37-9fbb-1edb0bf99a92 tempest-DeleteServersTestJSON-692921082 tempest-DeleteServersTestJSON-692921082-project-member] Getting quotas for user ad5b768d654d4ca7830857f910d336fd and project 86992bac372d4e199373575c76e9a445. Resources: {'cores', 'ram', 'instances'} {{(pid=95838) _get_quotas /opt/stack/nova/nova/quota.py:379}}
Jul 10 08:54:19.991421 np0000004979 nova-conductor[95838]: DEBUG nova.conductor.manager [None req-a26a3290-7887-4c37-9fbb-1edb0bf99a92 tempest-DeleteServersTestJSON-692921082 tempest-DeleteServersTestJSON-692921082-project-member] [instance: 50924022-21a9-4a67-bcbf-a07137555c39] Selected host: np0000004979; Selected node: np0000004979; Alternates: [] {{(pid=95838) schedule_and_build_instances /opt/stack/nova/nova/conductor/manager.py:1784}}
Jul 10 08:54:19.992566 np0000004979 nova-conductor[95838]: DEBUG oslo_concurrency.lockutils [None req-a26a3290-7887-4c37-9fbb-1edb0bf99a92 tempest-DeleteServersTestJSON-692921082 tempest-DeleteServersTestJSON-692921082-project-member] Acquiring lock "59b8c611-af3e-483b-9b31-eeae2a9db31c" by "nova.context.set_target_cell..get_or_set_cached_cell_and_set_connections" {{(pid=95838) inner /opt/stack/data/venv/lib/python3.12/site-packages/oslo_concurrency/lockutils.py:511}}
Jul 10 08:54:19.992566 np0000004979 nova-conductor[95838]: DEBUG oslo_concurrency.lockutils [None req-a26a3290-7887-4c37-9fbb-1edb0bf99a92 tempest-DeleteServersTestJSON-692921082 tempest-DeleteServersTestJSON-692921082-project-member] Lock "59b8c611-af3e-483b-9b31-eeae2a9db31c" acquired by "nova.context.set_target_cell..get_or_set_cached_cell_and_set_connections" :: waited 0.000s {{(pid=95838) inner /opt/stack/data/venv/lib/python3.12/site-packages/oslo_concurrency/lockutils.py:524}}
Jul 10 08:54:19.992566 np0000004979 nova-conductor[95838]: DEBUG oslo_concurrency.lockutils [None req-a26a3290-7887-4c37-9fbb-1edb0bf99a92 tempest-DeleteServersTestJSON-692921082 tempest-DeleteServersTestJSON-692921082-project-member] Lock "59b8c611-af3e-483b-9b31-eeae2a9db31c" "released" by "nova.context.set_target_cell..get_or_set_cached_cell_and_set_connections" :: held 0.000s {{(pid=95838) inner /opt/stack/data/venv/lib/python3.12/site-packages/oslo_concurrency/lockutils.py:543}}
Jul 10 08:54:19.998521 np0000004979 nova-conductor[95838]: DEBUG nova.conductor.manager [None req-a26a3290-7887-4c37-9fbb-1edb0bf99a92 tempest-DeleteServersTestJSON-692921082 tempest-DeleteServersTestJSON-692921082-project-member] [instance: 50924022-21a9-4a67-bcbf-a07137555c39] block_device_mapping [BlockDeviceMapping(attachment_id=,boot_index=0,connection_info=None,created_at=,delete_on_termination=True,deleted=,deleted_at=,destination_type='local',device_name=None,device_type='disk',disk_bus=None,encrypted=False,encryption_format=None,encryption_options=None,encryption_secret_uuid=None,guest_format=None,id=,image_id='56cfb372-12f3-4cd8-9d17-63c4b916c02a',instance=,instance_uuid=,no_device=False,snapshot_id=None,source_type='image',tag=None,updated_at=,uuid=,volume_id=None,volume_size=None,volume_type=None)] {{(pid=95838) _create_block_device_mapping /opt/stack/nova/nova/conductor/manager.py:1529}}
Jul 10 08:54:19.999704 np0000004979 nova-conductor[95838]: DEBUG oslo_concurrency.lockutils [None req-a26a3290-7887-4c37-9fbb-1edb0bf99a92 tempest-DeleteServersTestJSON-692921082 tempest-DeleteServersTestJSON-692921082-project-member] Acquiring lock "59b8c611-af3e-483b-9b31-eeae2a9db31c" by "nova.context.set_target_cell..get_or_set_cached_cell_and_set_connections" {{(pid=95838) inner /opt/stack/data/venv/lib/python3.12/site-packages/oslo_concurrency/lockutils.py:511}}
Jul 10 08:54:19.999864 np0000004979 nova-conductor[95838]: DEBUG oslo_concurrency.lockutils [None req-a26a3290-7887-4c37-9fbb-1edb0bf99a92 tempest-DeleteServersTestJSON-692921082 tempest-DeleteServersTestJSON-692921082-project-member] Lock "59b8c611-af3e-483b-9b31-eeae2a9db31c" acquired by "nova.context.set_target_cell..get_or_set_cached_cell_and_set_connections" :: waited 0.000s {{(pid=95838) inner /opt/stack/data/venv/lib/python3.12/site-packages/oslo_concurrency/lockutils.py:524}}
Jul 10 08:54:19.999932 np0000004979 nova-conductor[95838]: DEBUG oslo_concurrency.lockutils [None req-a26a3290-7887-4c37-9fbb-1edb0bf99a92 tempest-DeleteServersTestJSON-692921082 tempest-DeleteServersTestJSON-692921082-project-member] Lock "59b8c611-af3e-483b-9b31-eeae2a9db31c" "released" by "nova.context.set_target_cell..get_or_set_cached_cell_and_set_connections" :: held 0.000s {{(pid=95838) inner /opt/stack/data/venv/lib/python3.12/site-packages/oslo_concurrency/lockutils.py:543}}
Jul 10 08:54:20.030780 np0000004979 nova-conductor[95838]: DEBUG oslo_concurrency.lockutils [None req-a26a3290-7887-4c37-9fbb-1edb0bf99a92 tempest-DeleteServersTestJSON-692921082 tempest-DeleteServersTestJSON-692921082-project-member] Acquiring lock "59b8c611-af3e-483b-9b31-eeae2a9db31c" by "nova.context.set_target_cell..get_or_set_cached_cell_and_set_connections" {{(pid=95838) inner /opt/stack/data/venv/lib/python3.12/site-packages/oslo_concurrency/lockutils.py:511}}
Jul 10 08:54:20.030780 np0000004979 nova-conductor[95838]: DEBUG oslo_concurrency.lockutils [None req-a26a3290-7887-4c37-9fbb-1edb0bf99a92 tempest-DeleteServersTestJSON-692921082 tempest-DeleteServersTestJSON-692921082-project-member] Lock "59b8c611-af3e-483b-9b31-eeae2a9db31c" acquired by "nova.context.set_target_cell..get_or_set_cached_cell_and_set_connections" :: waited 0.000s {{(pid=95838) inner /opt/stack/data/venv/lib/python3.12/site-packages/oslo_concurrency/lockutils.py:524}}
Jul 10 08:54:20.030849 np0000004979 nova-conductor[95838]: DEBUG oslo_concurrency.lockutils [None req-a26a3290-7887-4c37-9fbb-1edb0bf99a92 tempest-DeleteServersTestJSON-692921082 tempest-DeleteServersTestJSON-692921082-project-member] Lock "59b8c611-af3e-483b-9b31-eeae2a9db31c" "released" by "nova.context.set_target_cell..get_or_set_cached_cell_and_set_connections" :: held 0.000s {{(pid=95838) inner /opt/stack/data/venv/lib/python3.12/site-packages/oslo_concurrency/lockutils.py:543}}
Jul 10 08:54:20.031027 np0000004979 nova-conductor[95838]: DEBUG oslo_concurrency.lockutils [None req-a26a3290-7887-4c37-9fbb-1edb0bf99a92 tempest-DeleteServersTestJSON-692921082 tempest-DeleteServersTestJSON-692921082-project-member] Acquiring lock "compute-rpcapi-router" {{(pid=95838) lock /opt/stack/data/venv/lib/python3.12/site-packages/oslo_concurrency/lockutils.py:395}}
Jul 10 08:54:20.031119 np0000004979 nova-conductor[95838]: DEBUG oslo_concurrency.lockutils [None req-a26a3290-7887-4c37-9fbb-1edb0bf99a92 tempest-DeleteServersTestJSON-692921082 tempest-DeleteServersTestJSON-692921082-project-member] Acquired lock "compute-rpcapi-router" {{(pid=95838) lock /opt/stack/data/venv/lib/python3.12/site-packages/oslo_concurrency/lockutils.py:398}}
Jul 10 08:54:20.031488 np0000004979 nova-conductor[95838]: DEBUG oslo_concurrency.lockutils [None req-c53805b6-ab20-4ec5-80ca-fe3f4c5d143b None None] Acquiring lock "00000000-0000-0000-0000-000000000000" by "nova.context.set_target_cell..get_or_set_cached_cell_and_set_connections" {{(pid=95838) inner /opt/stack/data/venv/lib/python3.12/site-packages/oslo_concurrency/lockutils.py:511}}
Jul 10 08:54:20.031622 np0000004979 nova-conductor[95838]: DEBUG oslo_concurrency.lockutils [None req-c53805b6-ab20-4ec5-80ca-fe3f4c5d143b None None] Lock "00000000-0000-0000-0000-000000000000" acquired by "nova.context.set_target_cell..get_or_set_cached_cell_and_set_connections" :: waited 0.000s {{(pid=95838) inner /opt/stack/data/venv/lib/python3.12/site-packages/oslo_concurrency/lockutils.py:524}}
Jul 10 08:54:20.031726 np0000004979 nova-conductor[95838]: DEBUG oslo_concurrency.lockutils [None req-c53805b6-ab20-4ec5-80ca-fe3f4c5d143b None None] Lock "00000000-0000-0000-0000-000000000000" "released" by "nova.context.set_target_cell..get_or_set_cached_cell_and_set_connections" :: held 0.000s {{(pid=95838) inner /opt/stack/data/venv/lib/python3.12/site-packages/oslo_concurrency/lockutils.py:543}}
Jul 10 08:54:20.032313 np0000004979 nova-conductor[95838]: DEBUG oslo_concurrency.lockutils [None req-c53805b6-ab20-4ec5-80ca-fe3f4c5d143b None None] Acquiring lock "59b8c611-af3e-483b-9b31-eeae2a9db31c" by "nova.context.set_target_cell..get_or_set_cached_cell_and_set_connections" {{(pid=95838) inner /opt/stack/data/venv/lib/python3.12/site-packages/oslo_concurrency/lockutils.py:511}}
Jul 10 08:54:20.033194 np0000004979 nova-conductor[95838]: DEBUG oslo_concurrency.lockutils [None req-c53805b6-ab20-4ec5-80ca-fe3f4c5d143b None None] Lock "59b8c611-af3e-483b-9b31-eeae2a9db31c" acquired by "nova.context.set_target_cell..get_or_set_cached_cell_and_set_connections" :: waited 0.001s {{(pid=95838) inner /opt/stack/data/venv/lib/python3.12/site-packages/oslo_concurrency/lockutils.py:524}}
Jul 10 08:54:20.033334 np0000004979 nova-conductor[95838]: DEBUG oslo_concurrency.lockutils [None req-c53805b6-ab20-4ec5-80ca-fe3f4c5d143b None None] Lock "59b8c611-af3e-483b-9b31-eeae2a9db31c" "released" by "nova.context.set_target_cell..get_or_set_cached_cell_and_set_connections" :: held 0.000s {{(pid=95838) inner /opt/stack/data/venv/lib/python3.12/site-packages/oslo_concurrency/lockutils.py:543}}
Jul 10 08:54:20.038920 np0000004979 nova-conductor[95838]: INFO nova.compute.rpcapi [None req-c53805b6-ab20-4ec5-80ca-fe3f4c5d143b None None] Automatically selected compute RPC version 6.5 from minimum service version 72
Jul 10 08:54:20.039305 np0000004979 nova-conductor[95838]: DEBUG oslo_concurrency.lockutils [None req-c53805b6-ab20-4ec5-80ca-fe3f4c5d143b None None] Releasing lock "compute-rpcapi-router" {{(pid=95838) lock /opt/stack/data/venv/lib/python3.12/site-packages/oslo_concurrency/lockutils.py:418}}
Jul 10 08:54:22.325917 np0000004979 nova-conductor[95845]: DEBUG dbcounter [-] [95845] Writer thread running {{(pid=95845) stat_writer /opt/stack/data/venv/lib/python3.12/site-packages/dbcounter.py:102}}
Jul 10 08:54:22.482920 np0000004979 nova-conductor[95852]: DEBUG dbcounter [-] [95852] Writer thread running {{(pid=95852) stat_writer /opt/stack/data/venv/lib/python3.12/site-packages/dbcounter.py:102}}
Jul 10 08:54:22.849272 np0000004979 nova-conductor[95845]: DEBUG nova.conductor.manager [None req-4aff13e1-7dac-4713-ae7a-393c139203b3 tempest-AttachVolumeNegativeTest-732044323 tempest-AttachVolumeNegativeTest-732044323-project-member] Took 0.52 seconds to select destinations for 1 instance(s). {{(pid=95845) _schedule_instances /opt/stack/nova/nova/conductor/manager.py:968}}
Jul 10 08:54:22.879731 np0000004979 nova-conductor[95845]: DEBUG oslo_concurrency.lockutils [None req-4aff13e1-7dac-4713-ae7a-393c139203b3 tempest-AttachVolumeNegativeTest-732044323 tempest-AttachVolumeNegativeTest-732044323-project-member] Acquiring lock "59b8c611-af3e-483b-9b31-eeae2a9db31c" by "nova.context.set_target_cell..get_or_set_cached_cell_and_set_connections" {{(pid=95845) inner /opt/stack/data/venv/lib/python3.12/site-packages/oslo_concurrency/lockutils.py:511}}
Jul 10 08:54:22.879731 np0000004979 nova-conductor[95845]: DEBUG oslo_concurrency.lockutils [None req-4aff13e1-7dac-4713-ae7a-393c139203b3 tempest-AttachVolumeNegativeTest-732044323 tempest-AttachVolumeNegativeTest-732044323-project-member] Lock "59b8c611-af3e-483b-9b31-eeae2a9db31c" acquired by "nova.context.set_target_cell..get_or_set_cached_cell_and_set_connections" :: waited 0.000s {{(pid=95845) inner /opt/stack/data/venv/lib/python3.12/site-packages/oslo_concurrency/lockutils.py:524}}
Jul 10 08:54:22.880121 np0000004979 nova-conductor[95845]: DEBUG oslo_concurrency.lockutils [None req-4aff13e1-7dac-4713-ae7a-393c139203b3 tempest-AttachVolumeNegativeTest-732044323 tempest-AttachVolumeNegativeTest-732044323-project-member] Lock "59b8c611-af3e-483b-9b31-eeae2a9db31c" "released" by "nova.context.set_target_cell..get_or_set_cached_cell_and_set_connections" :: held 0.001s {{(pid=95845) inner /opt/stack/data/venv/lib/python3.12/site-packages/oslo_concurrency/lockutils.py:543}}
Jul 10 08:54:22.881696 np0000004979 nova-conductor[95845]: INFO dbcounter [None req-4aff13e1-7dac-4713-ae7a-393c139203b3 tempest-AttachVolumeNegativeTest-732044323 tempest-AttachVolumeNegativeTest-732044323-project-member] Registered counter for database nova_cell1
Jul 10 08:54:22.925714 np0000004979 nova-conductor[95845]: DEBUG oslo_db.sqlalchemy.engines [None req-4aff13e1-7dac-4713-ae7a-393c139203b3 tempest-AttachVolumeNegativeTest-732044323 tempest-AttachVolumeNegativeTest-732044323-project-member] MySQL server mode set to STRICT_TRANS_TABLES,STRICT_ALL_TABLES,NO_ZERO_IN_DATE,NO_ZERO_DATE,ERROR_FOR_DIVISION_BY_ZERO,TRADITIONAL,NO_ENGINE_SUBSTITUTION {{(pid=95845) _check_effective_sql_mode /opt/stack/data/venv/lib/python3.12/site-packages/oslo_db/sqlalchemy/engines.py:325}}
Jul 10 08:54:22.935024 np0000004979 nova-conductor[95845]: DEBUG dbcounter [-] [95845] Writer thread running {{(pid=95845) stat_writer /opt/stack/data/venv/lib/python3.12/site-packages/dbcounter.py:102}}
Jul 10 08:54:22.996732 np0000004979 nova-conductor[95845]: INFO nova.utils [None req-4aff13e1-7dac-4713-ae7a-393c139203b3 tempest-AttachVolumeNegativeTest-732044323 tempest-AttachVolumeNegativeTest-732044323-project-member] The cell worker thread pool ForkProcess-2.cell_worker is initialized
Jul 10 08:54:22.996732 np0000004979 nova-conductor[95845]: DEBUG oslo_concurrency.lockutils [None req-4aff13e1-7dac-4713-ae7a-393c139203b3 tempest-AttachVolumeNegativeTest-732044323 tempest-AttachVolumeNegativeTest-732044323-project-member] Acquiring lock "00000000-0000-0000-0000-000000000000" by "nova.context.set_target_cell..get_or_set_cached_cell_and_set_connections" {{(pid=95845) inner /opt/stack/data/venv/lib/python3.12/site-packages/oslo_concurrency/lockutils.py:511}}
Jul 10 08:54:22.996732 np0000004979 nova-conductor[95845]: DEBUG oslo_concurrency.lockutils [None req-4aff13e1-7dac-4713-ae7a-393c139203b3 tempest-AttachVolumeNegativeTest-732044323 tempest-AttachVolumeNegativeTest-732044323-project-member] Lock "00000000-0000-0000-0000-000000000000" acquired by "nova.context.set_target_cell..get_or_set_cached_cell_and_set_connections" :: waited 0.000s {{(pid=95845) inner /opt/stack/data/venv/lib/python3.12/site-packages/oslo_concurrency/lockutils.py:524}}
Jul 10 08:54:22.996732 np0000004979 nova-conductor[95845]: DEBUG oslo_concurrency.lockutils [None req-4aff13e1-7dac-4713-ae7a-393c139203b3 tempest-AttachVolumeNegativeTest-732044323 tempest-AttachVolumeNegativeTest-732044323-project-member] Lock "00000000-0000-0000-0000-000000000000" "released" by "nova.context.set_target_cell..get_or_set_cached_cell_and_set_connections" :: held 0.000s {{(pid=95845) inner /opt/stack/data/venv/lib/python3.12/site-packages/oslo_concurrency/lockutils.py:543}}
Jul 10 08:54:22.997267 np0000004979 nova-conductor[95845]: DEBUG oslo_concurrency.lockutils [None req-4aff13e1-7dac-4713-ae7a-393c139203b3 tempest-AttachVolumeNegativeTest-732044323 tempest-AttachVolumeNegativeTest-732044323-project-member] Acquiring lock "59b8c611-af3e-483b-9b31-eeae2a9db31c" by "nova.context.set_target_cell..get_or_set_cached_cell_and_set_connections" {{(pid=95845) inner /opt/stack/data/venv/lib/python3.12/site-packages/oslo_concurrency/lockutils.py:511}}
Jul 10 08:54:22.997526 np0000004979 nova-conductor[95845]: DEBUG oslo_concurrency.lockutils [None req-4aff13e1-7dac-4713-ae7a-393c139203b3 tempest-AttachVolumeNegativeTest-732044323 tempest-AttachVolumeNegativeTest-732044323-project-member] Lock "59b8c611-af3e-483b-9b31-eeae2a9db31c" acquired by "nova.context.set_target_cell..get_or_set_cached_cell_and_set_connections" :: waited 0.000s {{(pid=95845) inner /opt/stack/data/venv/lib/python3.12/site-packages/oslo_concurrency/lockutils.py:524}}
Jul 10 08:54:22.997828 np0000004979 nova-conductor[95845]: DEBUG oslo_concurrency.lockutils [None req-4aff13e1-7dac-4713-ae7a-393c139203b3 tempest-AttachVolumeNegativeTest-732044323 tempest-AttachVolumeNegativeTest-732044323-project-member] Lock "59b8c611-af3e-483b-9b31-eeae2a9db31c" "released" by "nova.context.set_target_cell..get_or_set_cached_cell_and_set_connections" :: held 0.000s {{(pid=95845) inner /opt/stack/data/venv/lib/python3.12/site-packages/oslo_concurrency/lockutils.py:543}}
Jul 10 08:54:23.001106 np0000004979 nova-conductor[95845]: INFO dbcounter [None req-4aff13e1-7dac-4713-ae7a-393c139203b3 tempest-AttachVolumeNegativeTest-732044323 tempest-AttachVolumeNegativeTest-732044323-project-member] Registered counter for database nova_cell0
Jul 10 08:54:23.010288 np0000004979 nova-conductor[95852]: DEBUG nova.conductor.manager [None req-140036f0-a1eb-45d7-a1cd-407b577b7ac9 tempest-ServerActionsTestOtherA-1613726544 tempest-ServerActionsTestOtherA-1613726544-project-member] Took 0.53 seconds to select destinations for 1 instance(s). {{(pid=95852) _schedule_instances /opt/stack/nova/nova/conductor/manager.py:968}}
Jul 10 08:54:23.038685 np0000004979 nova-conductor[95852]: DEBUG oslo_concurrency.lockutils [None req-140036f0-a1eb-45d7-a1cd-407b577b7ac9 tempest-ServerActionsTestOtherA-1613726544 tempest-ServerActionsTestOtherA-1613726544-project-member] Acquiring lock "59b8c611-af3e-483b-9b31-eeae2a9db31c" by "nova.context.set_target_cell..get_or_set_cached_cell_and_set_connections" {{(pid=95852) inner /opt/stack/data/venv/lib/python3.12/site-packages/oslo_concurrency/lockutils.py:511}}
Jul 10 08:54:23.038685 np0000004979 nova-conductor[95852]: DEBUG oslo_concurrency.lockutils [None req-140036f0-a1eb-45d7-a1cd-407b577b7ac9 tempest-ServerActionsTestOtherA-1613726544 tempest-ServerActionsTestOtherA-1613726544-project-member] Lock "59b8c611-af3e-483b-9b31-eeae2a9db31c" acquired by "nova.context.set_target_cell..get_or_set_cached_cell_and_set_connections" :: waited 0.000s {{(pid=95852) inner /opt/stack/data/venv/lib/python3.12/site-packages/oslo_concurrency/lockutils.py:524}}
Jul 10 08:54:23.040049 np0000004979 nova-conductor[95852]: DEBUG oslo_concurrency.lockutils [None req-140036f0-a1eb-45d7-a1cd-407b577b7ac9 tempest-ServerActionsTestOtherA-1613726544 tempest-ServerActionsTestOtherA-1613726544-project-member] Lock "59b8c611-af3e-483b-9b31-eeae2a9db31c" "released" by "nova.context.set_target_cell..get_or_set_cached_cell_and_set_connections" :: held 0.001s {{(pid=95852) inner /opt/stack/data/venv/lib/python3.12/site-packages/oslo_concurrency/lockutils.py:543}}
Jul 10 08:54:23.041853 np0000004979 nova-conductor[95852]: INFO dbcounter [None req-140036f0-a1eb-45d7-a1cd-407b577b7ac9 tempest-ServerActionsTestOtherA-1613726544 tempest-ServerActionsTestOtherA-1613726544-project-member] Registered counter for database nova_cell1
Jul 10 08:54:23.056411 np0000004979 nova-conductor[95845]: DEBUG oslo_db.sqlalchemy.engines [None req-4aff13e1-7dac-4713-ae7a-393c139203b3 tempest-AttachVolumeNegativeTest-732044323 tempest-AttachVolumeNegativeTest-732044323-project-member] MySQL server mode set to STRICT_TRANS_TABLES,STRICT_ALL_TABLES,NO_ZERO_IN_DATE,NO_ZERO_DATE,ERROR_FOR_DIVISION_BY_ZERO,TRADITIONAL,NO_ENGINE_SUBSTITUTION {{(pid=95845) _check_effective_sql_mode /opt/stack/data/venv/lib/python3.12/site-packages/oslo_db/sqlalchemy/engines.py:325}}
Jul 10 08:54:23.064238 np0000004979 nova-conductor[95845]: DEBUG dbcounter [-] [95845] Writer thread running {{(pid=95845) stat_writer /opt/stack/data/venv/lib/python3.12/site-packages/dbcounter.py:102}}
Jul 10 08:54:23.074956 np0000004979 nova-conductor[95845]: DEBUG nova.quota [None req-4aff13e1-7dac-4713-ae7a-393c139203b3 tempest-AttachVolumeNegativeTest-732044323 tempest-AttachVolumeNegativeTest-732044323-project-member] Getting quotas for project c2b04c8d51d944448e1cd1daea7f294c. Resources: {'cores', 'ram', 'instances'} {{(pid=95845) _get_quotas /opt/stack/nova/nova/quota.py:389}}
Jul 10 08:54:23.078282 np0000004979 nova-conductor[95852]: DEBUG oslo_db.sqlalchemy.engines [None req-140036f0-a1eb-45d7-a1cd-407b577b7ac9 tempest-ServerActionsTestOtherA-1613726544 tempest-ServerActionsTestOtherA-1613726544-project-member] MySQL server mode set to STRICT_TRANS_TABLES,STRICT_ALL_TABLES,NO_ZERO_IN_DATE,NO_ZERO_DATE,ERROR_FOR_DIVISION_BY_ZERO,TRADITIONAL,NO_ENGINE_SUBSTITUTION {{(pid=95852) _check_effective_sql_mode /opt/stack/data/venv/lib/python3.12/site-packages/oslo_db/sqlalchemy/engines.py:325}}
