Aug 03 06:37:53.801102 np0000006323 devstack@c-api.service[97081]: INFO cinder.api.openstack.wsgi [None req-0f7afaea-3414-4be8-9cd7-40bb0522d41a tempest-GroupSnapshotsTest-1657764601 tempest-GroupSnapshotsTest-1657764601-project-member] https://10.4.3.71/volume/v3/groups/b2297f7e-6937-4858-9cd4-263fb7b76948 returned with HTTP 200
Aug 03 06:37:53.801526 np0000006323 devstack@c-api.service[97081]: [pid: 97081|app: 0|req: 109/326] 10.4.3.71 () {68 vars in 1379 bytes} [Mon Aug 3 06:37:53 2026] GET /volume/v3/groups/b2297f7e-6937-4858-9cd4-263fb7b76948 => generated 392 bytes in 17 msecs (HTTP/1.1 200) 7 headers in 286 bytes (1 switches on core 0)
Aug 03 06:37:54.811883 np0000006323 devstack@c-api.service[97079]: DEBUG cinder.api.middleware.request_id [None req-ff17c523-e354-4e07-8049-ad939e20f08f None None] RequestId filter calling following filter/app {{(pid=97079) _context_setter /opt/stack/cinder/cinder/api/middleware/request_id.py:62}}
Aug 03 06:37:54.816835 np0000006323 devstack@c-api.service[97079]: INFO cinder.api.openstack.wsgi [None req-ff17c523-e354-4e07-8049-ad939e20f08f tempest-GroupSnapshotsTest-1657764601 tempest-GroupSnapshotsTest-1657764601-project-member] GET https://10.4.3.71/volume/v3/groups/b2297f7e-6937-4858-9cd4-263fb7b76948
Aug 03 06:37:54.817282 np0000006323 devstack@c-api.service[97079]: DEBUG cinder.api.openstack.wsgi [None req-ff17c523-e354-4e07-8049-ad939e20f08f tempest-GroupSnapshotsTest-1657764601 tempest-GroupSnapshotsTest-1657764601-project-member] Empty body provided in request {{(pid=97079) get_body /opt/stack/cinder/cinder/api/openstack/wsgi.py:725}}
Aug 03 06:37:54.818633 np0000006323 devstack@c-api.service[97079]: DEBUG cinder.api.openstack.wsgi [None req-ff17c523-e354-4e07-8049-ad939e20f08f tempest-GroupSnapshotsTest-1657764601 tempest-GroupSnapshotsTest-1657764601-project-member] Calling method 'version_select' {{(pid=97079) _process_stack /opt/stack/cinder/cinder/api/openstack/wsgi.py:878}}
Aug 03 06:37:54.818633 np0000006323 devstack@c-api.service[97079]: DEBUG cinder.api.v3.groups [None req-ff17c523-e354-4e07-8049-ad939e20f08f tempest-GroupSnapshotsTest-1657764601 tempest-GroupSnapshotsTest-1657764601-project-member] show called for member b2297f7e-6937-4858-9cd4-263fb7b76948 {{(pid=97079) show /opt/stack/cinder/cinder/api/v3/groups.py:58}}
Aug 03 06:37:54.822175 np0000006323 devstack@c-api.service[97079]: /opt/stack/data/venv/lib/python3.12/site-packages/oslo_context/context.py:102: DeprecationWarning: Policy enforcement is depending on the value of is_admin. This key is deprecated. Please update your policy file to use the standard policy values.
Aug 03 06:37:54.822175 np0000006323 devstack@c-api.service[97079]: warnings.warn(
Aug 03 06:37:54.834567 np0000006323 devstack@c-api.service[97079]: INFO cinder.api.openstack.wsgi [None req-ff17c523-e354-4e07-8049-ad939e20f08f tempest-GroupSnapshotsTest-1657764601 tempest-GroupSnapshotsTest-1657764601-project-member] https://10.4.3.71/volume/v3/groups/b2297f7e-6937-4858-9cd4-263fb7b76948 returned with HTTP 200
Aug 03 06:37:54.835199 np0000006323 devstack@c-api.service[97079]: [pid: 97079|app: 0|req: 110/327] 10.4.3.71 () {68 vars in 1379 bytes} [Mon Aug 3 06:37:54 2026] GET /volume/v3/groups/b2297f7e-6937-4858-9cd4-263fb7b76948 => generated 393 bytes in 24 msecs (HTTP/1.1 200) 7 headers in 286 bytes (1 switches on core 0)
Aug 03 06:37:54.845999 np0000006323 devstack@c-api.service[97080]: DEBUG cinder.api.middleware.request_id [None req-bf73f150-35b7-4604-bbd2-155a1f0a5a51 None None] RequestId filter calling following filter/app {{(pid=97080) _context_setter /opt/stack/cinder/cinder/api/middleware/request_id.py:62}}
Aug 03 06:37:54.850927 np0000006323 devstack@c-api.service[97080]: INFO cinder.api.openstack.wsgi [None req-bf73f150-35b7-4604-bbd2-155a1f0a5a51 tempest-GroupSnapshotsTest-1657764601 tempest-GroupSnapshotsTest-1657764601-project-member] GET https://10.4.3.71/volume/v3/volumes/detail
Aug 03 06:37:54.851210 np0000006323 devstack@c-api.service[97080]: DEBUG cinder.api.openstack.wsgi [None req-bf73f150-35b7-4604-bbd2-155a1f0a5a51 tempest-GroupSnapshotsTest-1657764601 tempest-GroupSnapshotsTest-1657764601-project-member] Empty body provided in request {{(pid=97080) get_body /opt/stack/cinder/cinder/api/openstack/wsgi.py:725}}
Aug 03 06:37:54.851477 np0000006323 devstack@c-api.service[97080]: DEBUG cinder.api.openstack.wsgi [None req-bf73f150-35b7-4604-bbd2-155a1f0a5a51 tempest-GroupSnapshotsTest-1657764601 tempest-GroupSnapshotsTest-1657764601-project-member] Calling method 'detail' {{(pid=97080) _process_stack /opt/stack/cinder/cinder/api/openstack/wsgi.py:878}}
Aug 03 06:37:54.853317 np0000006323 devstack@c-api.service[97080]: DEBUG cinder.api.api_utils [None req-bf73f150-35b7-4604-bbd2-155a1f0a5a51 tempest-GroupSnapshotsTest-1657764601 tempest-GroupSnapshotsTest-1657764601-project-member] Removing options '' from query. {{(pid=97080) remove_invalid_filter_options /opt/stack/cinder/cinder/api/api_utils.py:82}}
Aug 03 06:37:54.853838 np0000006323 devstack@c-api.service[97080]: /opt/stack/data/venv/lib/python3.12/site-packages/oslo_context/context.py:102: DeprecationWarning: Policy enforcement is depending on the value of is_admin. This key is deprecated. Please update your policy file to use the standard policy values.
Aug 03 06:37:54.853838 np0000006323 devstack@c-api.service[97080]: warnings.warn(
Aug 03 06:37:54.854440 np0000006323 devstack@c-api.service[97080]: DEBUG cinder.volume.api [None req-bf73f150-35b7-4604-bbd2-155a1f0a5a51 tempest-GroupSnapshotsTest-1657764601 tempest-GroupSnapshotsTest-1657764601-project-member] Searching by: MultiDict([('no_migration_targets', True)]). {{(pid=97080) get_all /opt/stack/cinder/cinder/volume/api.py:664}}
Aug 03 06:37:54.903604 np0000006323 devstack@c-api.service[97080]: INFO cinder.volume.api [None req-bf73f150-35b7-4604-bbd2-155a1f0a5a51 tempest-GroupSnapshotsTest-1657764601 tempest-GroupSnapshotsTest-1657764601-project-member] Get all volumes completed successfully.
Aug 03 06:37:54.904935 np0000006323 devstack@c-api.service[97080]: WARNING stevedore.named [None req-bf73f150-35b7-4604-bbd2-155a1f0a5a51 tempest-GroupSnapshotsTest-1657764601 tempest-GroupSnapshotsTest-1657764601-project-member] Could not load cinder.keymgr.conf_key_mgr.ConfKeyManager
Aug 03 06:37:54.905252 np0000006323 devstack@c-api.service[97080]: WARNING castellan.key_manager [None req-bf73f150-35b7-4604-bbd2-155a1f0a5a51 tempest-GroupSnapshotsTest-1657764601 tempest-GroupSnapshotsTest-1657764601-project-member] Deprecation Warning : cinder.keymgr.conf_key_mgr.ConfKeyManager is not a stevedore based driver, trying to load it as a class: stevedore.exception.NoMatches: No 'castellan.drivers' driver found, looking for 'cinder.keymgr.conf_key_mgr.ConfKeyManager'
Aug 03 06:37:54.948735 np0000006323 devstack@c-api.service[97080]: DEBUG oslo_db.sqlalchemy.engines [None req-bf73f150-35b7-4604-bbd2-155a1f0a5a51 tempest-GroupSnapshotsTest-1657764601 tempest-GroupSnapshotsTest-1657764601-project-member] MySQL server mode set to STRICT_TRANS_TABLES,STRICT_ALL_TABLES,NO_ZERO_IN_DATE,NO_ZERO_DATE,ERROR_FOR_DIVISION_BY_ZERO,TRADITIONAL,NO_ENGINE_SUBSTITUTION {{(pid=97080) _check_effective_sql_mode /opt/stack/data/venv/lib/python3.12/site-packages/oslo_db/sqlalchemy/engines.py:325}}
Aug 03 06:37:54.952918 np0000006323 devstack@c-api.service[97080]: /opt/stack/data/venv/lib/python3.12/site-packages/oslo_context/context.py:102: DeprecationWarning: Policy enforcement is depending on the value of is_admin. This key is deprecated. Please update your policy file to use the standard policy values.
Aug 03 06:37:54.952918 np0000006323 devstack@c-api.service[97080]: warnings.warn(
Aug 03 06:37:54.961054 np0000006323 devstack@c-api.service[97080]: WARNING stevedore.named [None req-bf73f150-35b7-4604-bbd2-155a1f0a5a51 tempest-GroupSnapshotsTest-1657764601 tempest-GroupSnapshotsTest-1657764601-project-member] Could not load cinder.keymgr.conf_key_mgr.ConfKeyManager
Aug 03 06:37:54.961301 np0000006323 devstack@c-api.service[97080]: WARNING castellan.key_manager [None req-bf73f150-35b7-4604-bbd2-155a1f0a5a51 tempest-GroupSnapshotsTest-1657764601 tempest-GroupSnapshotsTest-1657764601-project-member] Deprecation Warning : cinder.keymgr.conf_key_mgr.ConfKeyManager is not a stevedore based driver, trying to load it as a class: stevedore.exception.NoMatches: No 'castellan.drivers' driver found, looking for 'cinder.keymgr.conf_key_mgr.ConfKeyManager'
Aug 03 06:37:55.002022 np0000006323 devstack@c-api.service[97080]: DEBUG oslo_db.sqlalchemy.engines [None req-bf73f150-35b7-4604-bbd2-155a1f0a5a51 tempest-GroupSnapshotsTest-1657764601 tempest-GroupSnapshotsTest-1657764601-project-member] MySQL server mode set to STRICT_TRANS_TABLES,STRICT_ALL_TABLES,NO_ZERO_IN_DATE,NO_ZERO_DATE,ERROR_FOR_DIVISION_BY_ZERO,TRADITIONAL,NO_ENGINE_SUBSTITUTION {{(pid=97080) _check_effective_sql_mode /opt/stack/data/venv/lib/python3.12/site-packages/oslo_db/sqlalchemy/engines.py:325}}
Aug 03 06:37:55.006863 np0000006323 devstack@c-api.service[97080]: /opt/stack/data/venv/lib/python3.12/site-packages/oslo_context/context.py:102: DeprecationWarning: Policy enforcement is depending on the value of is_admin. This key is deprecated. Please update your policy file to use the standard policy values.
Aug 03 06:37:55.006863 np0000006323 devstack@c-api.service[97080]: warnings.warn(
Aug 03 06:37:55.014274 np0000006323 devstack@c-api.service[97080]: INFO cinder.api.openstack.wsgi [None req-bf73f150-35b7-4604-bbd2-155a1f0a5a51 tempest-GroupSnapshotsTest-1657764601 tempest-GroupSnapshotsTest-1657764601-project-member] https://10.4.3.71/volume/v3/volumes/detail returned with HTTP 200
Aug 03 06:37:55.014477 np0000006323 devstack@c-api.service[97080]: [pid: 97080|app: 0|req: 109/328] 10.4.3.71 () {68 vars in 1292 bytes} [Mon Aug 3 06:37:54 2026] GET /volume/v3/volumes/detail => generated 1817 bytes in 169 msecs (HTTP/1.1 200) 7 headers in 287 bytes (1 switches on core 0)
Aug 03 06:37:55.028119 np0000006323 devstack@c-api.service[97081]: DEBUG cinder.api.middleware.request_id [None req-24dfeb03-9e9e-41b4-b12b-b967d51d440c None None] RequestId filter calling following filter/app {{(pid=97081) _context_setter /opt/stack/cinder/cinder/api/middleware/request_id.py:62}}
Aug 03 06:37:55.030431 np0000006323 devstack@c-api.service[97081]: INFO cinder.api.openstack.wsgi [None req-24dfeb03-9e9e-41b4-b12b-b967d51d440c tempest-GroupSnapshotsTest-1657764601 tempest-GroupSnapshotsTest-1657764601-project-member] POST https://10.4.3.71/volume/v3/group_snapshots
Aug 03 06:37:55.031113 np0000006323 devstack@c-api.service[97081]: DEBUG cinder.api.openstack.wsgi [None req-24dfeb03-9e9e-41b4-b12b-b967d51d440c tempest-GroupSnapshotsTest-1657764601 tempest-GroupSnapshotsTest-1657764601-project-member] Action: 'create', calling method: version_select, body: {"group_snapshot": {"group_id": "b2297f7e-6937-4858-9cd4-263fb7b76948", "name": "tempest-GroupSnapshotsTest-Group_Snapshot-808991744"}} {{(pid=97081) _process_stack /opt/stack/cinder/cinder/api/openstack/wsgi.py:876}}
Aug 03 06:37:55.032908 np0000006323 devstack@c-api.service[97081]: DEBUG cinder.api.v3.group_snapshots [None req-24dfeb03-9e9e-41b4-b12b-b967d51d440c tempest-GroupSnapshotsTest-1657764601 tempest-GroupSnapshotsTest-1657764601-project-member] Creating new group_snapshot {'group_snapshot': {'group_id': 'b2297f7e-6937-4858-9cd4-263fb7b76948', 'name': 'tempest-GroupSnapshotsTest-Group_Snapshot-808991744'}} {{(pid=97081) create /opt/stack/cinder/cinder/api/v3/group_snapshots.py:154}}
Aug 03 06:37:55.039962 np0000006323 devstack@c-api.service[97081]: /opt/stack/data/venv/lib/python3.12/site-packages/oslo_context/context.py:102: DeprecationWarning: Policy enforcement is depending on the value of is_admin. This key is deprecated. Please update your policy file to use the standard policy values.
Aug 03 06:37:55.039962 np0000006323 devstack@c-api.service[97081]: warnings.warn(
Aug 03 06:37:55.044456 np0000006323 devstack@c-api.service[97081]: INFO cinder.api.v3.group_snapshots [None req-24dfeb03-9e9e-41b4-b12b-b967d51d440c tempest-GroupSnapshotsTest-1657764601 tempest-GroupSnapshotsTest-1657764601-project-member] Creating group_snapshot tempest-GroupSnapshotsTest-Group_Snapshot-808991744.
Aug 03 06:37:55.076567 np0000006323 devstack@c-api.service[97081]: /opt/stack/data/venv/lib/python3.12/site-packages/oslo_context/context.py:102: DeprecationWarning: Policy enforcement is depending on the value of is_admin. This key is deprecated. Please update your policy file to use the standard policy values.
Aug 03 06:37:55.076567 np0000006323 devstack@c-api.service[97081]: warnings.warn(
Aug 03 06:37:55.107206 np0000006323 devstack@c-api.service[97081]: WARNING cinder.quota [None req-24dfeb03-9e9e-41b4-b12b-b967d51d440c tempest-GroupSnapshotsTest-1657764601 tempest-GroupSnapshotsTest-1657764601-project-member] Deprecated: Default quota for resource: gigabytes_tempest-GroupSnapshotsTest-volume-type-316347041 is set by the default quota flag: quota_gigabytes_tempest-GroupSnapshotsTest-volume-type-316347041, it is now deprecated. Please use the default quota class for default quota.
Aug 03 06:37:55.107721 np0000006323 devstack@c-api.service[97081]: WARNING cinder.quota [None req-24dfeb03-9e9e-41b4-b12b-b967d51d440c tempest-GroupSnapshotsTest-1657764601 tempest-GroupSnapshotsTest-1657764601-project-member] Deprecated: Default quota for resource: snapshots_tempest-GroupSnapshotsTest-volume-type-316347041 is set by the default quota flag: quota_snapshots_tempest-GroupSnapshotsTest-volume-type-316347041, it is now deprecated. Please use the default quota class for default quota.
Aug 03 06:37:55.140632 np0000006323 devstack@c-api.service[97081]: DEBUG cinder.quota [None req-24dfeb03-9e9e-41b4-b12b-b967d51d440c tempest-GroupSnapshotsTest-1657764601 tempest-GroupSnapshotsTest-1657764601-project-member] Created reservations ['25c8bc89-43e3-489f-80df-d6a500486d43', '2425d1bf-6fdd-499d-8bc7-4b9129e61a0a', '361312ab-3aff-4be7-894b-774100eea824', '2f488714-dcc9-4335-823f-5a992b06c155'] {{(pid=97081) reserve /opt/stack/cinder/cinder/quota.py:752}}
Aug 03 06:37:55.166591 np0000006323 devstack@c-api.service[97079]: DEBUG cinder.api.middleware.request_id [req-e59d4fa3-5ac0-4d88-8d66-bb5292a34e0c req-6044afc8-f40b-466e-af7f-62ec5cef52ae None None] RequestId filter calling following filter/app {{(pid=97079) _context_setter /opt/stack/cinder/cinder/api/middleware/request_id.py:62}}
Aug 03 06:37:55.168679 np0000006323 devstack@c-api.service[97079]: INFO cinder.api.openstack.wsgi [req-e59d4fa3-5ac0-4d88-8d66-bb5292a34e0c req-6044afc8-f40b-466e-af7f-62ec5cef52ae tempest-TaggedBootDevicesTest-190153609 tempest-TaggedBootDevicesTest-190153609-project-member] DELETE https://10.4.3.71/volume/v3/attachments/a0fb1833-e4f0-46bc-b37a-34516726774a
Aug 03 06:37:55.168883 np0000006323 devstack@c-api.service[97079]: DEBUG cinder.api.openstack.wsgi [req-e59d4fa3-5ac0-4d88-8d66-bb5292a34e0c req-6044afc8-f40b-466e-af7f-62ec5cef52ae tempest-TaggedBootDevicesTest-190153609 tempest-TaggedBootDevicesTest-190153609-project-member] Empty body provided in request {{(pid=97079) get_body /opt/stack/cinder/cinder/api/openstack/wsgi.py:725}}
Aug 03 06:37:55.169113 np0000006323 devstack@c-api.service[97079]: DEBUG cinder.api.openstack.wsgi [req-e59d4fa3-5ac0-4d88-8d66-bb5292a34e0c req-6044afc8-f40b-466e-af7f-62ec5cef52ae tempest-TaggedBootDevicesTest-190153609 tempest-TaggedBootDevicesTest-190153609-project-member] Calling method 'version_select' {{(pid=97079) _process_stack /opt/stack/cinder/cinder/api/openstack/wsgi.py:878}}
Aug 03 06:37:55.181180 np0000006323 devstack@c-api.service[97079]: /opt/stack/data/venv/lib/python3.12/site-packages/oslo_context/context.py:102: DeprecationWarning: Policy enforcement is depending on the value of is_admin. This key is deprecated. Please update your policy file to use the standard policy values.
Aug 03 06:37:55.181180 np0000006323 devstack@c-api.service[97079]: warnings.warn(
Aug 03 06:37:55.187546 np0000006323 devstack@c-api.service[97081]: INFO cinder.api.openstack.wsgi [None req-24dfeb03-9e9e-41b4-b12b-b967d51d440c tempest-GroupSnapshotsTest-1657764601 tempest-GroupSnapshotsTest-1657764601-project-member] https://10.4.3.71/volume/v3/group_snapshots returned with HTTP 202
Aug 03 06:37:55.187546 np0000006323 devstack@c-api.service[97081]: [pid: 97081|app: 0|req: 110/329] 10.4.3.71 () {70 vars in 1317 bytes} [Mon Aug 3 06:37:55 2026] POST /volume/v3/group_snapshots => generated 186 bytes in 160 msecs (HTTP/1.1 202) 7 headers in 292 bytes (1 switches on core 0)
Aug 03 06:37:55.198347 np0000006323 devstack@c-api.service[97080]: DEBUG cinder.api.middleware.request_id [None req-9274c087-2a72-4daa-977d-651ab8661b34 None None] RequestId filter calling following filter/app {{(pid=97080) _context_setter /opt/stack/cinder/cinder/api/middleware/request_id.py:62}}
Aug 03 06:37:55.201158 np0000006323 devstack@c-api.service[97080]: INFO cinder.api.openstack.wsgi [None req-9274c087-2a72-4daa-977d-651ab8661b34 tempest-GroupSnapshotsTest-1657764601 tempest-GroupSnapshotsTest-1657764601-project-member] GET https://10.4.3.71/volume/v3/group_snapshots/b0413261-0637-4b64-af51-e1421a2cc4e2
Aug 03 06:37:55.201410 np0000006323 devstack@c-api.service[97080]: DEBUG cinder.api.openstack.wsgi [None req-9274c087-2a72-4daa-977d-651ab8661b34 tempest-GroupSnapshotsTest-1657764601 tempest-GroupSnapshotsTest-1657764601-project-member] Empty body provided in request {{(pid=97080) get_body /opt/stack/cinder/cinder/api/openstack/wsgi.py:725}}
Aug 03 06:37:55.201594 np0000006323 devstack@c-api.service[97080]: DEBUG cinder.api.openstack.wsgi [None req-9274c087-2a72-4daa-977d-651ab8661b34 tempest-GroupSnapshotsTest-1657764601 tempest-GroupSnapshotsTest-1657764601-project-member] Calling method 'version_select' {{(pid=97080) _process_stack /opt/stack/cinder/cinder/api/openstack/wsgi.py:878}}
Aug 03 06:37:55.201743 np0000006323 devstack@c-api.service[97080]: DEBUG cinder.api.v3.group_snapshots [None req-9274c087-2a72-4daa-977d-651ab8661b34 tempest-GroupSnapshotsTest-1657764601 tempest-GroupSnapshotsTest-1657764601-project-member] show called for member b0413261-0637-4b64-af51-e1421a2cc4e2 {{(pid=97080) show /opt/stack/cinder/cinder/api/v3/group_snapshots.py:58}}
Aug 03 06:37:55.204883 np0000006323 devstack@c-api.service[97080]: /opt/stack/data/venv/lib/python3.12/site-packages/oslo_context/context.py:102: DeprecationWarning: Policy enforcement is depending on the value of is_admin. This key is deprecated. Please update your policy file to use the standard policy values.
Aug 03 06:37:55.204883 np0000006323 devstack@c-api.service[97080]: warnings.warn(
Aug 03 06:37:55.208569 np0000006323 devstack@c-api.service[97080]: INFO cinder.api.openstack.wsgi [None req-9274c087-2a72-4daa-977d-651ab8661b34 tempest-GroupSnapshotsTest-1657764601 tempest-GroupSnapshotsTest-1657764601-project-member] https://10.4.3.71/volume/v3/group_snapshots/b0413261-0637-4b64-af51-e1421a2cc4e2 returned with HTTP 200
Aug 03 06:37:55.209022 np0000006323 devstack@c-api.service[97080]: [pid: 97080|app: 0|req: 110/330] 10.4.3.71 () {68 vars in 1406 bytes} [Mon Aug 3 06:37:55 2026] GET /volume/v3/group_snapshots/b0413261-0637-4b64-af51-e1421a2cc4e2 => generated 325 bytes in 11 msecs (HTTP/1.1 200) 7 headers in 286 bytes (1 switches on core 0)
Aug 03 06:37:55.292814 np0000006323 devstack@c-api.service[97079]: INFO cinder.api.openstack.wsgi [req-e59d4fa3-5ac0-4d88-8d66-bb5292a34e0c req-6044afc8-f40b-466e-af7f-62ec5cef52ae tempest-TaggedBootDevicesTest-190153609 tempest-TaggedBootDevicesTest-190153609-project-member] https://10.4.3.71/volume/v3/attachments/a0fb1833-e4f0-46bc-b37a-34516726774a returned with HTTP 200
Aug 03 06:37:55.293356 np0000006323 devstack@c-api.service[97079]: [pid: 97079|app: 0|req: 111/331] 10.4.3.71 () {72 vars in 1666 bytes} [Mon Aug 3 06:37:55 2026] DELETE /volume/v3/attachments/a0fb1833-e4f0-46bc-b37a-34516726774a => generated 19 bytes in 127 msecs (HTTP/1.1 200) 7 headers in 285 bytes (1 switches on core 0)
Aug 03 06:37:55.303748 np0000006323 devstack@c-api.service[97081]: DEBUG cinder.api.middleware.request_id [req-e59d4fa3-5ac0-4d88-8d66-bb5292a34e0c req-cf4d8faa-2686-4362-a507-191ad0c49223 None None] RequestId filter calling following filter/app {{(pid=97081) _context_setter /opt/stack/cinder/cinder/api/middleware/request_id.py:62}}
Aug 03 06:37:55.307182 np0000006323 devstack@c-api.service[97081]: INFO cinder.api.openstack.wsgi [req-e59d4fa3-5ac0-4d88-8d66-bb5292a34e0c req-cf4d8faa-2686-4362-a507-191ad0c49223 tempest-TaggedBootDevicesTest-190153609 tempest-TaggedBootDevicesTest-190153609-project-member] DELETE https://10.4.3.71/volume/v3/attachments/dbb5b020-10a7-4621-9a7f-1a1591c6c83e
Aug 03 06:37:55.307462 np0000006323 devstack@c-api.service[97081]: DEBUG cinder.api.openstack.wsgi [req-e59d4fa3-5ac0-4d88-8d66-bb5292a34e0c req-cf4d8faa-2686-4362-a507-191ad0c49223 tempest-TaggedBootDevicesTest-190153609 tempest-TaggedBootDevicesTest-190153609-project-member] Empty body provided in request {{(pid=97081) get_body /opt/stack/cinder/cinder/api/openstack/wsgi.py:725}}
Aug 03 06:37:55.307758 np0000006323 devstack@c-api.service[97081]: DEBUG cinder.api.openstack.wsgi [req-e59d4fa3-5ac0-4d88-8d66-bb5292a34e0c req-cf4d8faa-2686-4362-a507-191ad0c49223 tempest-TaggedBootDevicesTest-190153609 tempest-TaggedBootDevicesTest-190153609-project-member] Calling method 'version_select' {{(pid=97081) _process_stack /opt/stack/cinder/cinder/api/openstack/wsgi.py:878}}
Aug 03 06:37:55.316540 np0000006323 devstack@c-api.service[97081]: /opt/stack/data/venv/lib/python3.12/site-packages/oslo_context/context.py:102: DeprecationWarning: Policy enforcement is depending on the value of is_admin. This key is deprecated. Please update your policy file to use the standard policy values.
Aug 03 06:37:55.316540 np0000006323 devstack@c-api.service[97081]: warnings.warn(
Aug 03 06:37:55.362303 np0000006323 devstack@c-api.service[97081]: INFO cinder.api.openstack.wsgi [req-e59d4fa3-5ac0-4d88-8d66-bb5292a34e0c req-cf4d8faa-2686-4362-a507-191ad0c49223 tempest-TaggedBootDevicesTest-190153609 tempest-TaggedBootDevicesTest-190153609-project-member] https://10.4.3.71/volume/v3/attachments/dbb5b020-10a7-4621-9a7f-1a1591c6c83e returned with HTTP 200
Aug 03 06:37:55.362993 np0000006323 devstack@c-api.service[97081]: [pid: 97081|app: 0|req: 111/332] 10.4.3.71 () {72 vars in 1666 bytes} [Mon Aug 3 06:37:55 2026] DELETE /volume/v3/attachments/dbb5b020-10a7-4621-9a7f-1a1591c6c83e => generated 19 bytes in 60 msecs (HTTP/1.1 200) 7 headers in 285 bytes (1 switches on core 0)
Aug 03 06:37:55.373613 np0000006323 devstack@c-api.service[97080]: DEBUG cinder.api.middleware.request_id [req-e59d4fa3-5ac0-4d88-8d66-bb5292a34e0c req-21374c27-d297-43cd-80bd-0a49962b3820 None None] RequestId filter calling following filter/app {{(pid=97080) _context_setter /opt/stack/cinder/cinder/api/middleware/request_id.py:62}}
Aug 03 06:37:55.375180 np0000006323 devstack@c-api.service[97079]: DEBUG cinder.api.middleware.request_id [None req-2a539905-7e23-49f0-9dbd-c0272d5d94cd None None] RequestId filter calling following filter/app {{(pid=97079) _context_setter /opt/stack/cinder/cinder/api/middleware/request_id.py:62}}
Aug 03 06:37:55.376974 np0000006323 devstack@c-api.service[97080]: INFO cinder.api.openstack.wsgi [req-e59d4fa3-5ac0-4d88-8d66-bb5292a34e0c req-21374c27-d297-43cd-80bd-0a49962b3820 tempest-TaggedBootDevicesTest-190153609 tempest-TaggedBootDevicesTest-190153609-project-member] DELETE https://10.4.3.71/volume/v3/attachments/4678c204-7fd2-49cd-97f2-64e9108d07b0
Aug 03 06:37:55.377040 np0000006323 devstack@c-api.service[97079]: INFO cinder.api.openstack.wsgi [None req-2a539905-7e23-49f0-9dbd-c0272d5d94cd tempest-ServerRescueNegativeTestJSON-667404809 tempest-ServerRescueNegativeTestJSON-667404809-project-member] DELETE https://10.4.3.71/volume/v3/volumes/6ef3bb44-7c42-414a-9cf8-284511ec5913
Aug 03 06:37:55.377112 np0000006323 devstack@c-api.service[97080]: DEBUG cinder.api.openstack.wsgi [req-e59d4fa3-5ac0-4d88-8d66-bb5292a34e0c req-21374c27-d297-43cd-80bd-0a49962b3820 tempest-TaggedBootDevicesTest-190153609 tempest-TaggedBootDevicesTest-190153609-project-member] Empty body provided in request {{(pid=97080) get_body /opt/stack/cinder/cinder/api/openstack/wsgi.py:725}}
Aug 03 06:37:55.377154 np0000006323 devstack@c-api.service[97079]: DEBUG cinder.api.openstack.wsgi [None req-2a539905-7e23-49f0-9dbd-c0272d5d94cd tempest-ServerRescueNegativeTestJSON-667404809 tempest-ServerRescueNegativeTestJSON-667404809-project-member] Empty body provided in request {{(pid=97079) get_body /opt/stack/cinder/cinder/api/openstack/wsgi.py:725}}
Aug 03 06:37:55.377308 np0000006323 devstack@c-api.service[97080]: DEBUG cinder.api.openstack.wsgi [req-e59d4fa3-5ac0-4d88-8d66-bb5292a34e0c req-21374c27-d297-43cd-80bd-0a49962b3820 tempest-TaggedBootDevicesTest-190153609 tempest-TaggedBootDevicesTest-190153609-project-member] Calling method 'version_select' {{(pid=97080) _process_stack /opt/stack/cinder/cinder/api/openstack/wsgi.py:878}}
Aug 03 06:37:55.377350 np0000006323 devstack@c-api.service[97079]: DEBUG cinder.api.openstack.wsgi [None req-2a539905-7e23-49f0-9dbd-c0272d5d94cd tempest-ServerRescueNegativeTestJSON-667404809 tempest-ServerRescueNegativeTestJSON-667404809-project-member] Calling method 'delete' {{(pid=97079) _process_stack /opt/stack/cinder/cinder/api/openstack/wsgi.py:878}}
Aug 03 06:37:55.377509 np0000006323 devstack@c-api.service[97079]: INFO cinder.api.v3.volumes [None req-2a539905-7e23-49f0-9dbd-c0272d5d94cd tempest-ServerRescueNegativeTestJSON-667404809 tempest-ServerRescueNegativeTestJSON-667404809-project-member] Delete volume with id: 6ef3bb44-7c42-414a-9cf8-284511ec5913
Aug 03 06:37:55.384247 np0000006323 devstack@c-api.service[97080]: /opt/stack/data/venv/lib/python3.12/site-packages/oslo_context/context.py:102: DeprecationWarning: Policy enforcement is depending on the value of is_admin. This key is deprecated. Please update your policy file to use the standard policy values.
Aug 03 06:37:55.384247 np0000006323 devstack@c-api.service[97080]: warnings.warn(
Aug 03 06:37:55.387010 np0000006323 devstack@c-api.service[97079]: /opt/stack/data/venv/lib/python3.12/site-packages/oslo_context/context.py:102: DeprecationWarning: Policy enforcement is depending on the value of is_admin. This key is deprecated. Please update your policy file to use the standard policy values.
Aug 03 06:37:55.387010 np0000006323 devstack@c-api.service[97079]: warnings.warn(
Aug 03 06:37:55.388028 np0000006323 devstack@c-api.service[97079]: INFO cinder.volume.api [None req-2a539905-7e23-49f0-9dbd-c0272d5d94cd tempest-ServerRescueNegativeTestJSON-667404809 tempest-ServerRescueNegativeTestJSON-667404809-project-member] Volume info retrieved successfully.
Aug 03 06:37:55.413071 np0000006323 devstack@c-api.service[97079]: INFO cinder.volume.api [None req-2a539905-7e23-49f0-9dbd-c0272d5d94cd tempest-ServerRescueNegativeTestJSON-667404809 tempest-ServerRescueNegativeTestJSON-667404809-project-member] Delete volume request issued successfully.
Aug 03 06:37:55.413321 np0000006323 devstack@c-api.service[97079]: INFO cinder.api.openstack.wsgi [None req-2a539905-7e23-49f0-9dbd-c0272d5d94cd tempest-ServerRescueNegativeTestJSON-667404809 tempest-ServerRescueNegativeTestJSON-667404809-project-member] https://10.4.3.71/volume/v3/volumes/6ef3bb44-7c42-414a-9cf8-284511ec5913 returned with HTTP 202
Aug 03 06:37:55.413856 np0000006323 devstack@c-api.service[97079]: [pid: 97079|app: 0|req: 112/333] 10.4.3.71 () {66 vars in 1344 bytes} [Mon Aug 3 06:37:55 2026] DELETE /volume/v3/volumes/6ef3bb44-7c42-414a-9cf8-284511ec5913 => generated 0 bytes in 39 msecs (HTTP/1.1 202) 6 headers in 233 bytes (1 switches on core 0)
Aug 03 06:37:55.421605 np0000006323 devstack@c-api.service[97081]: DEBUG cinder.api.middleware.request_id [None req-ae7d92a0-c9fb-4591-b316-9a8c8168a957 None None] RequestId filter calling following filter/app {{(pid=97081) _context_setter /opt/stack/cinder/cinder/api/middleware/request_id.py:62}}
Aug 03 06:37:55.423385 np0000006323 devstack@c-api.service[97081]: INFO cinder.api.openstack.wsgi [None req-ae7d92a0-c9fb-4591-b316-9a8c8168a957 tempest-ServerRescueNegativeTestJSON-667404809 tempest-ServerRescueNegativeTestJSON-667404809-project-member] GET https://10.4.3.71/volume/v3/volumes/6ef3bb44-7c42-414a-9cf8-284511ec5913
Aug 03 06:37:55.423705 np0000006323 devstack@c-api.service[97081]: DEBUG cinder.api.openstack.wsgi [None req-ae7d92a0-c9fb-4591-b316-9a8c8168a957 tempest-ServerRescueNegativeTestJSON-667404809 tempest-ServerRescueNegativeTestJSON-667404809-project-member] Empty body provided in request {{(pid=97081) get_body /opt/stack/cinder/cinder/api/openstack/wsgi.py:725}}
Aug 03 06:37:55.423899 np0000006323 devstack@c-api.service[97081]: DEBUG cinder.api.openstack.wsgi [None req-ae7d92a0-c9fb-4591-b316-9a8c8168a957 tempest-ServerRescueNegativeTestJSON-667404809 tempest-ServerRescueNegativeTestJSON-667404809-project-member] Calling method 'show' {{(pid=97081) _process_stack /opt/stack/cinder/cinder/api/openstack/wsgi.py:878}}
Aug 03 06:37:55.427505 np0000006323 devstack@c-api.service[97080]: INFO cinder.api.openstack.wsgi [req-e59d4fa3-5ac0-4d88-8d66-bb5292a34e0c req-21374c27-d297-43cd-80bd-0a49962b3820 tempest-TaggedBootDevicesTest-190153609 tempest-TaggedBootDevicesTest-190153609-project-member] https://10.4.3.71/volume/v3/attachments/4678c204-7fd2-49cd-97f2-64e9108d07b0 returned with HTTP 200
Aug 03 06:37:55.428040 np0000006323 devstack@c-api.service[97080]: [pid: 97080|app: 0|req: 111/334] 10.4.3.71 () {72 vars in 1666 bytes} [Mon Aug 3 06:37:55 2026] DELETE /volume/v3/attachments/4678c204-7fd2-49cd-97f2-64e9108d07b0 => generated 19 bytes in 55 msecs (HTTP/1.1 200) 7 headers in 285 bytes (1 switches on core 0)
Aug 03 06:37:55.430419 np0000006323 devstack@c-api.service[97081]: /opt/stack/data/venv/lib/python3.12/site-packages/oslo_context/context.py:102: DeprecationWarning: Policy enforcement is depending on the value of is_admin. This key is deprecated. Please update your policy file to use the standard policy values.
Aug 03 06:37:55.430419 np0000006323 devstack@c-api.service[97081]: warnings.warn(
Aug 03 06:37:55.434204 np0000006323 devstack@c-api.service[97081]: INFO cinder.volume.api [None req-ae7d92a0-c9fb-4591-b316-9a8c8168a957 tempest-ServerRescueNegativeTestJSON-667404809 tempest-ServerRescueNegativeTestJSON-667404809-project-member] Volume info retrieved successfully.
Aug 03 06:37:55.438424 np0000006323 devstack@c-api.service[97081]: INFO cinder.api.openstack.wsgi [None req-ae7d92a0-c9fb-4591-b316-9a8c8168a957 tempest-ServerRescueNegativeTestJSON-667404809 tempest-ServerRescueNegativeTestJSON-667404809-project-member] https://10.4.3.71/volume/v3/volumes/6ef3bb44-7c42-414a-9cf8-284511ec5913 returned with HTTP 200
Aug 03 06:37:55.438867 np0000006323 devstack@c-api.service[97081]: [pid: 97081|app: 0|req: 112/335] 10.4.3.71 () {66 vars in 1341 bytes} [Mon Aug 3 06:37:55 2026] GET /volume/v3/volumes/6ef3bb44-7c42-414a-9cf8-284511ec5913 => generated 849 bytes in 18 msecs (HTTP/1.1 200) 7 headers in 285 bytes (1 switches on core 0)
Aug 03 06:37:55.548877 np0000006323 devstack@c-api.service[97079]: DEBUG cinder.api.middleware.request_id [None req-de2ef34d-e961-48c3-a62a-04a9d612fe13 None None] RequestId filter calling following filter/app {{(pid=97079) _context_setter /opt/stack/cinder/cinder/api/middleware/request_id.py:62}}
Aug 03 06:37:55.553627 np0000006323 devstack@c-api.service[97079]: INFO cinder.api.openstack.wsgi [None req-de2ef34d-e961-48c3-a62a-04a9d612fe13 tempest-ServerActionsTestOtherA-1935096293 tempest-ServerActionsTestOtherA-1935096293-project-member] POST https://10.4.3.71/volume/v3/volumes
Aug 03 06:37:55.554085 np0000006323 devstack@c-api.service[97079]: DEBUG cinder.api.openstack.wsgi [None req-de2ef34d-e961-48c3-a62a-04a9d612fe13 tempest-ServerActionsTestOtherA-1935096293 tempest-ServerActionsTestOtherA-1935096293-project-member] Action: 'create', calling method: create, body: {"volume": {"size": 1, "display_name": "tempest-ServerActionsTestOtherA-volume-1866174248"}} {{(pid=97079) _process_stack /opt/stack/cinder/cinder/api/openstack/wsgi.py:876}}
Aug 03 06:37:55.556043 np0000006323 devstack@c-api.service[97079]: DEBUG cinder.api.v3.volumes [None req-de2ef34d-e961-48c3-a62a-04a9d612fe13 tempest-ServerActionsTestOtherA-1935096293 tempest-ServerActionsTestOtherA-1935096293-project-member] Create volume request body: {'volume': {'size': 1, 'display_name': 'tempest-ServerActionsTestOtherA-volume-1866174248'}} {{(pid=97079) create /opt/stack/cinder/cinder/api/v3/volumes.py:368}}
Aug 03 06:37:55.556175 np0000006323 devstack@c-api.service[97079]: INFO cinder.api.v3.volumes [None req-de2ef34d-e961-48c3-a62a-04a9d612fe13 tempest-ServerActionsTestOtherA-1935096293 tempest-ServerActionsTestOtherA-1935096293-project-member] Create volume of 1 GB
Aug 03 06:37:55.560913 np0000006323 devstack@c-api.service[97079]: INFO cinder.volume.api [None req-de2ef34d-e961-48c3-a62a-04a9d612fe13 tempest-ServerActionsTestOtherA-1935096293 tempest-ServerActionsTestOtherA-1935096293-project-member] Availability Zones retrieved successfully.
Aug 03 06:37:55.568017 np0000006323 devstack@c-api.service[97079]: DEBUG cinder.volume.api [None req-de2ef34d-e961-48c3-a62a-04a9d612fe13 tempest-ServerActionsTestOtherA-1935096293 tempest-ServerActionsTestOtherA-1935096293-project-member] Flow 'volume_create_api' (bb43435b-7f99-44c4-8447-3d0bcf5ddf9b) transitioned into state 'RUNNING' from state 'PENDING' {{(pid=97079) _flow_receiver /opt/stack/data/venv/lib/python3.12/site-packages/taskflow/listeners/logging.py:160}}
Aug 03 06:37:55.569359 np0000006323 devstack@c-api.service[97079]: DEBUG cinder.volume.api [None req-de2ef34d-e961-48c3-a62a-04a9d612fe13 tempest-ServerActionsTestOtherA-1935096293 tempest-ServerActionsTestOtherA-1935096293-project-member] Task 'cinder.volume.flows.api.create_volume.ExtractVolumeRequestTask;volume:create' (3e3a873b-3be6-4412-849b-43cb7213e339) transitioned into state 'RUNNING' from state 'PENDING' {{(pid=97079) _task_receiver /opt/stack/data/venv/lib/python3.12/site-packages/taskflow/listeners/logging.py:242}}
Aug 03 06:37:55.570970 np0000006323 devstack@c-api.service[97079]: DEBUG cinder.volume.flows.api.create_volume [None req-de2ef34d-e961-48c3-a62a-04a9d612fe13 tempest-ServerActionsTestOtherA-1935096293 tempest-ServerActionsTestOtherA-1935096293-project-member] Validating volume size '1' using validate_int {{(pid=97079) _extract_size /opt/stack/cinder/cinder/volume/flows/api/create_volume.py:226}}
Aug 03 06:37:55.599607 np0000006323 devstack@c-api.service[97079]: DEBUG cinder.volume.api [None req-de2ef34d-e961-48c3-a62a-04a9d612fe13 tempest-ServerActionsTestOtherA-1935096293 tempest-ServerActionsTestOtherA-1935096293-project-member] Task 'cinder.volume.flows.api.create_volume.ExtractVolumeRequestTask;volume:create' (3e3a873b-3be6-4412-849b-43cb7213e339) transitioned into state 'SUCCESS' from state 'RUNNING' with result '{'size': 1, 'snapshot_id': None, 'source_volid': None, 'volume_type': VolumeType(created_at=2026-08-03T06:33:49Z,deleted=False,deleted_at=None,description=None,extra_specs={volume_backend_name='storpool'},id=4a047526-2709-4707-8f3d-014a84154e38,is_public=True,name='storpool',projects=[],qos_specs=,qos_specs_id=None,updated_at=None), 'volume_type_id': '4a047526-2709-4707-8f3d-014a84154e38', 'encryption_key_id': None, 'qos_specs': None, 'consistencygroup_id': None, 'cgsnapshot_id': None, 'group_id': None, 'replication_status': 'disabled', 'refresh_az': False, 'backup_id': None, 'multiattach': False, 'availability_zones': ['nova']}' {{(pid=97079) _task_receiver /opt/stack/data/venv/lib/python3.12/site-packages/taskflow/listeners/logging.py:218}}
Aug 03 06:37:55.600376 np0000006323 devstack@c-api.service[97079]: DEBUG cinder.volume.api [None req-de2ef34d-e961-48c3-a62a-04a9d612fe13 tempest-ServerActionsTestOtherA-1935096293 tempest-ServerActionsTestOtherA-1935096293-project-member] Task 'cinder.volume.flows.api.create_volume.QuotaReserveTask;volume:create' (9b724940-7d95-414f-bcd3-1c6571139a13) transitioned into state 'RUNNING' from state 'PENDING' {{(pid=97079) _task_receiver /opt/stack/data/venv/lib/python3.12/site-packages/taskflow/listeners/logging.py:242}}
Aug 03 06:37:55.666985 np0000006323 devstack@c-api.service[97079]: DEBUG cinder.quota [None req-de2ef34d-e961-48c3-a62a-04a9d612fe13 tempest-ServerActionsTestOtherA-1935096293 tempest-ServerActionsTestOtherA-1935096293-project-member] Created reservations ['035355af-fd99-4ebb-81ee-c79d65fcbba4', '0e2e20d8-e686-4889-b2b6-d319627b97db', '95a3b1da-8947-45df-b7ca-8444056ffb56', 'a2e5c160-6ac8-4b22-a88b-eec5664850f5'] {{(pid=97079) reserve /opt/stack/cinder/cinder/quota.py:752}}
Aug 03 06:37:55.668020 np0000006323 devstack@c-api.service[97079]: DEBUG cinder.volume.api [None req-de2ef34d-e961-48c3-a62a-04a9d612fe13 tempest-ServerActionsTestOtherA-1935096293 tempest-ServerActionsTestOtherA-1935096293-project-member] Task 'cinder.volume.flows.api.create_volume.QuotaReserveTask;volume:create' (9b724940-7d95-414f-bcd3-1c6571139a13) transitioned into state 'SUCCESS' from state 'RUNNING' with result '{'reservations': ['035355af-fd99-4ebb-81ee-c79d65fcbba4', '0e2e20d8-e686-4889-b2b6-d319627b97db', '95a3b1da-8947-45df-b7ca-8444056ffb56', 'a2e5c160-6ac8-4b22-a88b-eec5664850f5']}' {{(pid=97079) _task_receiver /opt/stack/data/venv/lib/python3.12/site-packages/taskflow/listeners/logging.py:218}}
Aug 03 06:37:55.668592 np0000006323 devstack@c-api.service[97079]: DEBUG cinder.volume.api [None req-de2ef34d-e961-48c3-a62a-04a9d612fe13 tempest-ServerActionsTestOtherA-1935096293 tempest-ServerActionsTestOtherA-1935096293-project-member] Task 'cinder.volume.flows.api.create_volume.EntryCreateTask;volume:create' (30754e82-3123-42ee-879e-e9eb2619a0fa) transitioned into state 'RUNNING' from state 'PENDING' {{(pid=97079) _task_receiver /opt/stack/data/venv/lib/python3.12/site-packages/taskflow/listeners/logging.py:242}}
Aug 03 06:37:55.699174 np0000006323 devstack@c-api.service[97079]: DEBUG cinder.volume.api [None req-de2ef34d-e961-48c3-a62a-04a9d612fe13 tempest-ServerActionsTestOtherA-1935096293 tempest-ServerActionsTestOtherA-1935096293-project-member] Task 'cinder.volume.flows.api.create_volume.EntryCreateTask;volume:create' (30754e82-3123-42ee-879e-e9eb2619a0fa) transitioned into state 'SUCCESS' from state 'RUNNING' with result '{'volume_id': 'a2a53dd8-9d3a-467c-81d3-4ad60f768b03', 'volume_properties': VolumeProperties(attach_status='detached',availability_zone='nova',cgsnapshot_id=None,consistencygroup_id=None,display_description=None,display_name='tempest-ServerActionsTestOtherA-volume-1866174248',encryption_key_id=None,group_id=None,group_type_id=,metadata={},multiattach=False,project_id='ea6a08e8c822475c97beef976047eee0',qos_specs=None,replication_status=,reservations=['035355af-fd99-4ebb-81ee-c79d65fcbba4','0e2e20d8-e686-4889-b2b6-d319627b97db','95a3b1da-8947-45df-b7ca-8444056ffb56','a2e5c160-6ac8-4b22-a88b-eec5664850f5'],size=1,snapshot_id=None,source_replicaid=,source_volid=None,status='creating',user_id='de4d1b263d824d7eba32f646d1202052',volume_type_id=4a047526-2709-4707-8f3d-014a84154e38), 'volume': Volume(_name_id=None,admin_metadata=,attach_status='detached',availability_zone='nova',bootable=False,cluster=,cluster_name=None,consistencygroup=,consistencygroup_id=None,created_at=2026-08-03T06:37:55Z,deleted=False,deleted_at=None,display_description=None,display_name='tempest-ServerActionsTestOtherA-volume-1866174248',ec2_id=None,encryption_key_id=None,glance_metadata=,group=,group_id=None,host=None,id=a2a53dd8-9d3a-467c-81d3-4ad60f768b03,launched_at=None,metadata={},migration_status=None,multiattach=False,previous_status=None,project_id='ea6a08e8c822475c97beef976047eee0',provider_auth=None,provider_geometry=None,provider_id=None,provider_location=None,replication_driver_data=None,replication_extended_status=None,replication_status=None,scheduled_at=None,service_uuid=None,shared_targets=True,size=1,snapshot_id=None,snapshots=,source_volid=None,status='creating',terminated_at=None,updated_at=None,use_quota=True,user_id='de4d1b263d824d7eba32f646d1202052',volume_attachment=VolumeAttachmentList,volume_type=VolumeType(4a047526-2709-4707-8f3d-014a84154e38),volume_type_id=4a047526-2709-4707-8f3d-014a84154e38)}' {{(pid=97079) _task_receiver /opt/stack/data/venv/lib/python3.12/site-packages/taskflow/listeners/logging.py:218}}
Aug 03 06:37:55.700563 np0000006323 devstack@c-api.service[97079]: DEBUG cinder.volume.api [None req-de2ef34d-e961-48c3-a62a-04a9d612fe13 tempest-ServerActionsTestOtherA-1935096293 tempest-ServerActionsTestOtherA-1935096293-project-member] Task 'cinder.volume.flows.api.create_volume.QuotaCommitTask;volume:create' (549d91d6-8c38-488f-98fe-f44c68324bc2) transitioned into state 'RUNNING' from state 'PENDING' {{(pid=97079) _task_receiver /opt/stack/data/venv/lib/python3.12/site-packages/taskflow/listeners/logging.py:242}}
Aug 03 06:37:55.719991 np0000006323 devstack@c-api.service[97079]: DEBUG cinder.volume.api [None req-de2ef34d-e961-48c3-a62a-04a9d612fe13 tempest-ServerActionsTestOtherA-1935096293 tempest-ServerActionsTestOtherA-1935096293-project-member] Task 'cinder.volume.flows.api.create_volume.QuotaCommitTask;volume:create' (549d91d6-8c38-488f-98fe-f44c68324bc2) transitioned into state 'SUCCESS' from state 'RUNNING' with result '{'volume_properties': VolumeProperties(attach_status='detached',availability_zone='nova',cgsnapshot_id=None,consistencygroup_id=None,display_description=None,display_name='tempest-ServerActionsTestOtherA-volume-1866174248',encryption_key_id=None,group_id=None,group_type_id=,metadata={},multiattach=False,project_id='ea6a08e8c822475c97beef976047eee0',qos_specs=None,replication_status=,reservations=['035355af-fd99-4ebb-81ee-c79d65fcbba4','0e2e20d8-e686-4889-b2b6-d319627b97db','95a3b1da-8947-45df-b7ca-8444056ffb56','a2e5c160-6ac8-4b22-a88b-eec5664850f5'],size=1,snapshot_id=None,source_replicaid=,source_volid=None,status='creating',user_id='de4d1b263d824d7eba32f646d1202052',volume_type_id=4a047526-2709-4707-8f3d-014a84154e38)}' {{(pid=97079) _task_receiver /opt/stack/data/venv/lib/python3.12/site-packages/taskflow/listeners/logging.py:218}}
Aug 03 06:37:55.722063 np0000006323 devstack@c-api.service[97079]: DEBUG cinder.volume.api [None req-de2ef34d-e961-48c3-a62a-04a9d612fe13 tempest-ServerActionsTestOtherA-1935096293 tempest-ServerActionsTestOtherA-1935096293-project-member] Task 'cinder.volume.flows.api.create_volume.VolumeCastTask;volume:create' (b3e8dce4-9deb-406a-bf76-8e9b1ee904b9) transitioned into state 'RUNNING' from state 'PENDING' {{(pid=97079) _task_receiver /opt/stack/data/venv/lib/python3.12/site-packages/taskflow/listeners/logging.py:242}}
Aug 03 06:37:55.730444 np0000006323 devstack@c-api.service[97079]: DEBUG cinder.volume.api [None req-de2ef34d-e961-48c3-a62a-04a9d612fe13 tempest-ServerActionsTestOtherA-1935096293 tempest-ServerActionsTestOtherA-1935096293-project-member] Task 'cinder.volume.flows.api.create_volume.VolumeCastTask;volume:create' (b3e8dce4-9deb-406a-bf76-8e9b1ee904b9) transitioned into state 'SUCCESS' from state 'RUNNING' with result 'None' {{(pid=97079) _task_receiver /opt/stack/data/venv/lib/python3.12/site-packages/taskflow/listeners/logging.py:218}}
Aug 03 06:37:55.731350 np0000006323 devstack@c-api.service[97079]: DEBUG cinder.volume.api [None req-de2ef34d-e961-48c3-a62a-04a9d612fe13 tempest-ServerActionsTestOtherA-1935096293 tempest-ServerActionsTestOtherA-1935096293-project-member] Flow 'volume_create_api' (bb43435b-7f99-44c4-8447-3d0bcf5ddf9b) transitioned into state 'SUCCESS' from state 'RUNNING' {{(pid=97079) _flow_receiver /opt/stack/data/venv/lib/python3.12/site-packages/taskflow/listeners/logging.py:160}}
Aug 03 06:37:55.731772 np0000006323 devstack@c-api.service[97079]: INFO cinder.volume.api [None req-de2ef34d-e961-48c3-a62a-04a9d612fe13 tempest-ServerActionsTestOtherA-1935096293 tempest-ServerActionsTestOtherA-1935096293-project-member] Create volume request issued successfully.
Aug 03 06:37:55.732469 np0000006323 devstack@c-api.service[97079]: INFO cinder.api.openstack.wsgi [None req-de2ef34d-e961-48c3-a62a-04a9d612fe13 tempest-ServerActionsTestOtherA-1935096293 tempest-ServerActionsTestOtherA-1935096293-project-member] https://10.4.3.71/volume/v3/volumes returned with HTTP 202
Aug 03 06:37:55.732915 np0000006323 devstack@c-api.service[97079]: [pid: 97079|app: 0|req: 113/336] 10.4.3.71 () {68 vars in 1251 bytes} [Mon Aug 3 06:37:55 2026] POST /volume/v3/volumes => generated 752 bytes in 185 msecs (HTTP/1.1 202) 7 headers in 291 bytes (1 switches on core 0)
Aug 03 06:37:56.220750 np0000006323 devstack@c-api.service[97080]: DEBUG cinder.api.middleware.request_id [None req-a65a8f30-df9b-40d8-86ec-3636bbc51404 None None] RequestId filter calling following filter/app {{(pid=97080) _context_setter /opt/stack/cinder/cinder/api/middleware/request_id.py:62}}
Aug 03 06:37:56.223200 np0000006323 devstack@c-api.service[97080]: INFO cinder.api.openstack.wsgi [None req-a65a8f30-df9b-40d8-86ec-3636bbc51404 tempest-GroupSnapshotsTest-1657764601 tempest-GroupSnapshotsTest-1657764601-project-member] GET https://10.4.3.71/volume/v3/group_snapshots/b0413261-0637-4b64-af51-e1421a2cc4e2
Aug 03 06:37:56.223517 np0000006323 devstack@c-api.service[97080]: DEBUG cinder.api.openstack.wsgi [None req-a65a8f30-df9b-40d8-86ec-3636bbc51404 tempest-GroupSnapshotsTest-1657764601 tempest-GroupSnapshotsTest-1657764601-project-member] Empty body provided in request {{(pid=97080) get_body /opt/stack/cinder/cinder/api/openstack/wsgi.py:725}}
Aug 03 06:37:56.223829 np0000006323 devstack@c-api.service[97080]: DEBUG cinder.api.openstack.wsgi [None req-a65a8f30-df9b-40d8-86ec-3636bbc51404 tempest-GroupSnapshotsTest-1657764601 tempest-GroupSnapshotsTest-1657764601-project-member] Calling method 'version_select' {{(pid=97080) _process_stack /opt/stack/cinder/cinder/api/openstack/wsgi.py:878}}
Aug 03 06:37:56.224088 np0000006323 devstack@c-api.service[97080]: DEBUG cinder.api.v3.group_snapshots [None req-a65a8f30-df9b-40d8-86ec-3636bbc51404 tempest-GroupSnapshotsTest-1657764601 tempest-GroupSnapshotsTest-1657764601-project-member] show called for member b0413261-0637-4b64-af51-e1421a2cc4e2 {{(pid=97080) show /opt/stack/cinder/cinder/api/v3/group_snapshots.py:58}}
Aug 03 06:37:56.230021 np0000006323 devstack@c-api.service[97080]: /opt/stack/data/venv/lib/python3.12/site-packages/oslo_context/context.py:102: DeprecationWarning: Policy enforcement is depending on the value of is_admin. This key is deprecated. Please update your policy file to use the standard policy values.
Aug 03 06:37:56.230021 np0000006323 devstack@c-api.service[97080]: warnings.warn(
Aug 03 06:37:56.234145 np0000006323 devstack@c-api.service[97080]: INFO cinder.api.openstack.wsgi [None req-a65a8f30-df9b-40d8-86ec-3636bbc51404 tempest-GroupSnapshotsTest-1657764601 tempest-GroupSnapshotsTest-1657764601-project-member] https://10.4.3.71/volume/v3/group_snapshots/b0413261-0637-4b64-af51-e1421a2cc4e2 returned with HTTP 200
Aug 03 06:37:56.234634 np0000006323 devstack@c-api.service[97080]: [pid: 97080|app: 0|req: 112/337] 10.4.3.71 () {68 vars in 1406 bytes} [Mon Aug 3 06:37:56 2026] GET /volume/v3/group_snapshots/b0413261-0637-4b64-af51-e1421a2cc4e2 => generated 326 bytes in 14 msecs (HTTP/1.1 200) 7 headers in 286 bytes (1 switches on core 0)
Aug 03 06:37:56.245290 np0000006323 devstack@c-api.service[97081]: DEBUG cinder.api.middleware.request_id [None req-b2b3eac1-ab1b-4acf-837b-304fa4b4f4f5 None None] RequestId filter calling following filter/app {{(pid=97081) _context_setter /opt/stack/cinder/cinder/api/middleware/request_id.py:62}}
Aug 03 06:37:56.247373 np0000006323 devstack@c-api.service[97081]: INFO cinder.api.openstack.wsgi [None req-b2b3eac1-ab1b-4acf-837b-304fa4b4f4f5 tempest-GroupSnapshotsTest-1657764601 tempest-GroupSnapshotsTest-1657764601-project-member] GET https://10.4.3.71/volume/v3/snapshots/detail
Aug 03 06:37:56.247740 np0000006323 devstack@c-api.service[97081]: DEBUG cinder.api.openstack.wsgi [None req-b2b3eac1-ab1b-4acf-837b-304fa4b4f4f5 tempest-GroupSnapshotsTest-1657764601 tempest-GroupSnapshotsTest-1657764601-project-member] Empty body provided in request {{(pid=97081) get_body /opt/stack/cinder/cinder/api/openstack/wsgi.py:725}}
Aug 03 06:37:56.247992 np0000006323 devstack@c-api.service[97081]: DEBUG cinder.api.openstack.wsgi [None req-b2b3eac1-ab1b-4acf-837b-304fa4b4f4f5 tempest-GroupSnapshotsTest-1657764601 tempest-GroupSnapshotsTest-1657764601-project-member] Calling method 'detail' {{(pid=97081) _process_stack /opt/stack/cinder/cinder/api/openstack/wsgi.py:878}}
Aug 03 06:37:56.248470 np0000006323 devstack@c-api.service[97081]: DEBUG cinder.api.api_utils [None req-b2b3eac1-ab1b-4acf-837b-304fa4b4f4f5 tempest-GroupSnapshotsTest-1657764601 tempest-GroupSnapshotsTest-1657764601-project-member] Removing options '' from query. {{(pid=97081) remove_invalid_filter_options /opt/stack/cinder/cinder/api/api_utils.py:82}}
Aug 03 06:37:56.250044 np0000006323 devstack@c-api.service[97081]: DEBUG cinder.db.api [None req-b2b3eac1-ab1b-4acf-837b-304fa4b4f4f5 tempest-GroupSnapshotsTest-1657764601 tempest-GroupSnapshotsTest-1657764601-project-member] Building query based on filter {{(pid=97081) _process_snaps_filters /opt/stack/cinder/cinder/db/api.py:3942}}
Aug 03 06:37:56.255626 np0000006323 devstack@c-api.service[97081]: INFO cinder.volume.api [None req-b2b3eac1-ab1b-4acf-837b-304fa4b4f4f5 tempest-GroupSnapshotsTest-1657764601 tempest-GroupSnapshotsTest-1657764601-project-member] Get all snapshots completed successfully.
