Aug 03 06:33:30.184853 np0000006323 nova-scheduler[93429]: DEBUG cotyledon.oslo_config_glue [-] oslo_messaging_rabbit.rabbit_quorum_delivery_limit = 0 {{(pid=93429) log_opt_values /opt/stack/data/venv/lib/python3.12/site-packages/oslo_config/cfg.py:3253}}
Aug 03 06:33:30.184929 np0000006323 nova-scheduler[93429]: DEBUG cotyledon.oslo_config_glue [-] oslo_messaging_rabbit.rabbit_quorum_max_memory_bytes = 0 {{(pid=93429) log_opt_values /opt/stack/data/venv/lib/python3.12/site-packages/oslo_config/cfg.py:3253}}
Aug 03 06:33:30.184971 np0000006323 nova-scheduler[93429]: DEBUG cotyledon.oslo_config_glue [-] oslo_messaging_rabbit.rabbit_quorum_max_memory_length = 0 {{(pid=93429) log_opt_values /opt/stack/data/venv/lib/python3.12/site-packages/oslo_config/cfg.py:3253}}
Aug 03 06:33:30.185002 np0000006323 nova-scheduler[93429]: DEBUG cotyledon.oslo_config_glue [-] oslo_messaging_rabbit.rabbit_quorum_queue = False {{(pid=93429) log_opt_values /opt/stack/data/venv/lib/python3.12/site-packages/oslo_config/cfg.py:3253}}
Aug 03 06:33:30.185047 np0000006323 nova-scheduler[93429]: DEBUG cotyledon.oslo_config_glue [-] oslo_messaging_rabbit.rabbit_retry_backoff = 2 {{(pid=93429) log_opt_values /opt/stack/data/venv/lib/python3.12/site-packages/oslo_config/cfg.py:3253}}
Aug 03 06:33:30.185093 np0000006323 nova-scheduler[93429]: DEBUG cotyledon.oslo_config_glue [-] oslo_messaging_rabbit.rabbit_retry_interval = 1 {{(pid=93429) log_opt_values /opt/stack/data/venv/lib/python3.12/site-packages/oslo_config/cfg.py:3253}}
Aug 03 06:33:30.185139 np0000006323 nova-scheduler[93429]: DEBUG cotyledon.oslo_config_glue [-] oslo_messaging_rabbit.rabbit_stream_fanout = False {{(pid=93429) log_opt_values /opt/stack/data/venv/lib/python3.12/site-packages/oslo_config/cfg.py:3253}}
Aug 03 06:33:30.185220 np0000006323 nova-scheduler[93429]: DEBUG cotyledon.oslo_config_glue [-] oslo_messaging_rabbit.rabbit_transient_queues_ttl = 1800 {{(pid=93429) log_opt_values /opt/stack/data/venv/lib/python3.12/site-packages/oslo_config/cfg.py:3253}}
Aug 03 06:33:30.185268 np0000006323 nova-scheduler[93429]: DEBUG cotyledon.oslo_config_glue [-] oslo_messaging_rabbit.rabbit_transient_quorum_queue = False {{(pid=93429) log_opt_values /opt/stack/data/venv/lib/python3.12/site-packages/oslo_config/cfg.py:3253}}
Aug 03 06:33:30.185318 np0000006323 nova-scheduler[93429]: DEBUG cotyledon.oslo_config_glue [-] oslo_messaging_rabbit.rpc_conn_pool_size = 30 {{(pid=93429) log_opt_values /opt/stack/data/venv/lib/python3.12/site-packages/oslo_config/cfg.py:3253}}
Aug 03 06:33:30.185377 np0000006323 nova-scheduler[93429]: DEBUG cotyledon.oslo_config_glue [-] oslo_messaging_rabbit.ssl = False {{(pid=93429) log_opt_values /opt/stack/data/venv/lib/python3.12/site-packages/oslo_config/cfg.py:3253}}
Aug 03 06:33:30.185412 np0000006323 nova-scheduler[93429]: DEBUG cotyledon.oslo_config_glue [-] oslo_messaging_rabbit.ssl_ca_file = {{(pid=93429) log_opt_values /opt/stack/data/venv/lib/python3.12/site-packages/oslo_config/cfg.py:3253}}
Aug 03 06:33:30.185459 np0000006323 nova-scheduler[93429]: DEBUG cotyledon.oslo_config_glue [-] oslo_messaging_rabbit.ssl_cert_file = {{(pid=93429) log_opt_values /opt/stack/data/venv/lib/python3.12/site-packages/oslo_config/cfg.py:3253}}
Aug 03 06:33:30.185504 np0000006323 nova-scheduler[93429]: DEBUG cotyledon.oslo_config_glue [-] oslo_messaging_rabbit.ssl_enforce_fips_mode = False {{(pid=93429) log_opt_values /opt/stack/data/venv/lib/python3.12/site-packages/oslo_config/cfg.py:3253}}
Aug 03 06:33:30.185552 np0000006323 nova-scheduler[93429]: DEBUG cotyledon.oslo_config_glue [-] oslo_messaging_rabbit.ssl_enforce_hostname_verification = True {{(pid=93429) log_opt_values /opt/stack/data/venv/lib/python3.12/site-packages/oslo_config/cfg.py:3253}}
Aug 03 06:33:30.185606 np0000006323 nova-scheduler[93429]: DEBUG cotyledon.oslo_config_glue [-] oslo_messaging_rabbit.ssl_key_file = {{(pid=93429) log_opt_values /opt/stack/data/venv/lib/python3.12/site-packages/oslo_config/cfg.py:3253}}
Aug 03 06:33:30.185678 np0000006323 nova-scheduler[93429]: DEBUG cotyledon.oslo_config_glue [-] oslo_messaging_rabbit.ssl_version = {{(pid=93429) log_opt_values /opt/stack/data/venv/lib/python3.12/site-packages/oslo_config/cfg.py:3253}}
Aug 03 06:33:30.185730 np0000006323 nova-scheduler[93429]: DEBUG cotyledon.oslo_config_glue [-] oslo_messaging_rabbit.use_queue_manager = False {{(pid=93429) log_opt_values /opt/stack/data/venv/lib/python3.12/site-packages/oslo_config/cfg.py:3253}}
Aug 03 06:33:30.185815 np0000006323 nova-scheduler[93429]: DEBUG cotyledon.oslo_config_glue [-] oslo_messaging_notifications.driver = ['messagingv2'] {{(pid=93429) log_opt_values /opt/stack/data/venv/lib/python3.12/site-packages/oslo_config/cfg.py:3253}}
Aug 03 06:33:30.185876 np0000006323 nova-scheduler[93429]: DEBUG cotyledon.oslo_config_glue [-] oslo_messaging_notifications.retry = -1 {{(pid=93429) log_opt_values /opt/stack/data/venv/lib/python3.12/site-packages/oslo_config/cfg.py:3253}}
Aug 03 06:33:30.185919 np0000006323 nova-scheduler[93429]: DEBUG cotyledon.oslo_config_glue [-] oslo_messaging_notifications.topics = ['notifications'] {{(pid=93429) log_opt_values /opt/stack/data/venv/lib/python3.12/site-packages/oslo_config/cfg.py:3253}}
Aug 03 06:33:30.185965 np0000006323 nova-scheduler[93429]: DEBUG cotyledon.oslo_config_glue [-] oslo_messaging_notifications.transport_url = **** {{(pid=93429) log_opt_values /opt/stack/data/venv/lib/python3.12/site-packages/oslo_config/cfg.py:3253}}
Aug 03 06:33:30.186032 np0000006323 nova-scheduler[93429]: DEBUG cotyledon.oslo_config_glue [-] oslo_limit.auth_section = None {{(pid=93429) log_opt_values /opt/stack/data/venv/lib/python3.12/site-packages/oslo_config/cfg.py:3253}}
Aug 03 06:33:30.186070 np0000006323 nova-scheduler[93429]: DEBUG cotyledon.oslo_config_glue [-] oslo_limit.auth_type = None {{(pid=93429) log_opt_values /opt/stack/data/venv/lib/python3.12/site-packages/oslo_config/cfg.py:3253}}
Aug 03 06:33:30.186109 np0000006323 nova-scheduler[93429]: DEBUG cotyledon.oslo_config_glue [-] oslo_limit.cafile = None {{(pid=93429) log_opt_values /opt/stack/data/venv/lib/python3.12/site-packages/oslo_config/cfg.py:3253}}
Aug 03 06:33:30.186164 np0000006323 nova-scheduler[93429]: DEBUG cotyledon.oslo_config_glue [-] oslo_limit.certfile = None {{(pid=93429) log_opt_values /opt/stack/data/venv/lib/python3.12/site-packages/oslo_config/cfg.py:3253}}
Aug 03 06:33:30.186204 np0000006323 nova-scheduler[93429]: DEBUG cotyledon.oslo_config_glue [-] oslo_limit.collect_timing = False {{(pid=93429) log_opt_values /opt/stack/data/venv/lib/python3.12/site-packages/oslo_config/cfg.py:3253}}
Aug 03 06:33:30.186242 np0000006323 nova-scheduler[93429]: DEBUG cotyledon.oslo_config_glue [-] oslo_limit.connect_retries = None {{(pid=93429) log_opt_values /opt/stack/data/venv/lib/python3.12/site-packages/oslo_config/cfg.py:3253}}
Aug 03 06:33:30.186287 np0000006323 nova-scheduler[93429]: DEBUG cotyledon.oslo_config_glue [-] oslo_limit.connect_retry_delay = None {{(pid=93429) log_opt_values /opt/stack/data/venv/lib/python3.12/site-packages/oslo_config/cfg.py:3253}}
Aug 03 06:33:30.186326 np0000006323 nova-scheduler[93429]: DEBUG cotyledon.oslo_config_glue [-] oslo_limit.endpoint_id = None {{(pid=93429) log_opt_values /opt/stack/data/venv/lib/python3.12/site-packages/oslo_config/cfg.py:3253}}
Aug 03 06:33:30.186362 np0000006323 nova-scheduler[93429]: DEBUG cotyledon.oslo_config_glue [-] oslo_limit.endpoint_interface = public {{(pid=93429) log_opt_values /opt/stack/data/venv/lib/python3.12/site-packages/oslo_config/cfg.py:3253}}
Aug 03 06:33:30.186393 np0000006323 nova-scheduler[93429]: DEBUG cotyledon.oslo_config_glue [-] oslo_limit.endpoint_override = None {{(pid=93429) log_opt_values /opt/stack/data/venv/lib/python3.12/site-packages/oslo_config/cfg.py:3253}}
Aug 03 06:33:30.186427 np0000006323 nova-scheduler[93429]: DEBUG cotyledon.oslo_config_glue [-] oslo_limit.endpoint_region_name = None {{(pid=93429) log_opt_values /opt/stack/data/venv/lib/python3.12/site-packages/oslo_config/cfg.py:3253}}
Aug 03 06:33:30.186473 np0000006323 nova-scheduler[93429]: DEBUG cotyledon.oslo_config_glue [-] oslo_limit.endpoint_service_name = None {{(pid=93429) log_opt_values /opt/stack/data/venv/lib/python3.12/site-packages/oslo_config/cfg.py:3253}}
Aug 03 06:33:30.186508 np0000006323 nova-scheduler[93429]: DEBUG cotyledon.oslo_config_glue [-] oslo_limit.endpoint_service_type = None {{(pid=93429) log_opt_values /opt/stack/data/venv/lib/python3.12/site-packages/oslo_config/cfg.py:3253}}
Aug 03 06:33:30.186543 np0000006323 nova-scheduler[93429]: DEBUG cotyledon.oslo_config_glue [-] oslo_limit.insecure = False {{(pid=93429) log_opt_values /opt/stack/data/venv/lib/python3.12/site-packages/oslo_config/cfg.py:3253}}
Aug 03 06:33:30.186581 np0000006323 nova-scheduler[93429]: DEBUG cotyledon.oslo_config_glue [-] oslo_limit.keyfile = None {{(pid=93429) log_opt_values /opt/stack/data/venv/lib/python3.12/site-packages/oslo_config/cfg.py:3253}}
Aug 03 06:33:30.186607 np0000006323 nova-scheduler[93429]: DEBUG cotyledon.oslo_config_glue [-] oslo_limit.max_version = None {{(pid=93429) log_opt_values /opt/stack/data/venv/lib/python3.12/site-packages/oslo_config/cfg.py:3253}}
Aug 03 06:33:30.186645 np0000006323 nova-scheduler[93429]: DEBUG cotyledon.oslo_config_glue [-] oslo_limit.min_version = None {{(pid=93429) log_opt_values /opt/stack/data/venv/lib/python3.12/site-packages/oslo_config/cfg.py:3253}}
Aug 03 06:33:30.186710 np0000006323 nova-scheduler[93429]: DEBUG cotyledon.oslo_config_glue [-] oslo_limit.region_name = None {{(pid=93429) log_opt_values /opt/stack/data/venv/lib/python3.12/site-packages/oslo_config/cfg.py:3253}}
Aug 03 06:33:30.186754 np0000006323 nova-scheduler[93429]: DEBUG cotyledon.oslo_config_glue [-] oslo_limit.retriable_status_codes = None {{(pid=93429) log_opt_values /opt/stack/data/venv/lib/python3.12/site-packages/oslo_config/cfg.py:3253}}
Aug 03 06:33:30.186787 np0000006323 nova-scheduler[93429]: DEBUG cotyledon.oslo_config_glue [-] oslo_limit.service_name = None {{(pid=93429) log_opt_values /opt/stack/data/venv/lib/python3.12/site-packages/oslo_config/cfg.py:3253}}
Aug 03 06:33:30.186832 np0000006323 nova-scheduler[93429]: DEBUG cotyledon.oslo_config_glue [-] oslo_limit.service_type = None {{(pid=93429) log_opt_values /opt/stack/data/venv/lib/python3.12/site-packages/oslo_config/cfg.py:3253}}
Aug 03 06:33:30.186869 np0000006323 nova-scheduler[93429]: DEBUG cotyledon.oslo_config_glue [-] oslo_limit.split_loggers = False {{(pid=93429) log_opt_values /opt/stack/data/venv/lib/python3.12/site-packages/oslo_config/cfg.py:3253}}
Aug 03 06:33:30.186906 np0000006323 nova-scheduler[93429]: DEBUG cotyledon.oslo_config_glue [-] oslo_limit.status_code_retries = None {{(pid=93429) log_opt_values /opt/stack/data/venv/lib/python3.12/site-packages/oslo_config/cfg.py:3253}}
Aug 03 06:33:30.186948 np0000006323 nova-scheduler[93429]: DEBUG cotyledon.oslo_config_glue [-] oslo_limit.status_code_retry_delay = None {{(pid=93429) log_opt_values /opt/stack/data/venv/lib/python3.12/site-packages/oslo_config/cfg.py:3253}}
Aug 03 06:33:30.186977 np0000006323 nova-scheduler[93429]: DEBUG cotyledon.oslo_config_glue [-] oslo_limit.timeout = None {{(pid=93429) log_opt_values /opt/stack/data/venv/lib/python3.12/site-packages/oslo_config/cfg.py:3253}}
Aug 03 06:33:30.187009 np0000006323 nova-scheduler[93429]: DEBUG cotyledon.oslo_config_glue [-] oslo_limit.valid_interfaces = None {{(pid=93429) log_opt_values /opt/stack/data/venv/lib/python3.12/site-packages/oslo_config/cfg.py:3253}}
Aug 03 06:33:30.187044 np0000006323 nova-scheduler[93429]: DEBUG cotyledon.oslo_config_glue [-] oslo_limit.version = None {{(pid=93429) log_opt_values /opt/stack/data/venv/lib/python3.12/site-packages/oslo_config/cfg.py:3253}}
Aug 03 06:33:30.187094 np0000006323 nova-scheduler[93429]: DEBUG cotyledon.oslo_config_glue [-] oslo_reports.file_event_handler = None {{(pid=93429) log_opt_values /opt/stack/data/venv/lib/python3.12/site-packages/oslo_config/cfg.py:3253}}
Aug 03 06:33:30.187139 np0000006323 nova-scheduler[93429]: DEBUG cotyledon.oslo_config_glue [-] oslo_reports.file_event_handler_interval = 1 {{(pid=93429) log_opt_values /opt/stack/data/venv/lib/python3.12/site-packages/oslo_config/cfg.py:3253}}
Aug 03 06:33:30.187200 np0000006323 nova-scheduler[93429]: DEBUG cotyledon.oslo_config_glue [-] oslo_reports.log_dir = None {{(pid=93429) log_opt_values /opt/stack/data/venv/lib/python3.12/site-packages/oslo_config/cfg.py:3253}}
Aug 03 06:33:30.187239 np0000006323 nova-scheduler[93429]: DEBUG cotyledon.oslo_config_glue [-] ******************************************************************************** {{(pid=93429) log_opt_values /opt/stack/data/venv/lib/python3.12/site-packages/oslo_config/cfg.py:3260}}
Aug 03 06:33:30.187417 np0000006323 nova-scheduler[93429]: DEBUG cotyledon._service_worker [-] Run service ServiceWrapper(2) [93429] {{(pid=93429) wait_forever /opt/stack/data/venv/lib/python3.12/site-packages/cotyledon/_service_worker.py:218}}
Aug 03 06:33:30.188684 np0000006323 nova-scheduler[93429]: INFO nova.service [-] Starting scheduler node (version 33.1.0)
Aug 03 06:33:30.194264 np0000006323 nova-scheduler[93429]: INFO dbcounter [None req-f1de103a-5334-453d-8a9f-d3da1f18c19b None None] Registered counter for database nova_cell0
Aug 03 06:33:30.200967 np0000006323 nova-scheduler[93425]: DEBUG oslo_db.sqlalchemy.engines [None req-6e2cba87-5799-40fa-bd68-1af0df3c6c74 None None] MySQL server mode set to STRICT_TRANS_TABLES,STRICT_ALL_TABLES,NO_ZERO_IN_DATE,NO_ZERO_DATE,ERROR_FOR_DIVISION_BY_ZERO,TRADITIONAL,NO_ENGINE_SUBSTITUTION {{(pid=93425) _check_effective_sql_mode /opt/stack/data/venv/lib/python3.12/site-packages/oslo_db/sqlalchemy/engines.py:325}}
Aug 03 06:33:30.211918 np0000006323 nova-scheduler[93425]: DEBUG dbcounter [-] [93425] Writer thread running {{(pid=93425) stat_writer /opt/stack/data/venv/lib/python3.12/site-packages/dbcounter.py:102}}
Aug 03 06:33:30.212751 np0000006323 nova-scheduler[93427]: DEBUG oslo_db.sqlalchemy.engines [None req-28a3eb06-0649-4d10-9587-9b0e5dcae289 None None] MySQL server mode set to STRICT_TRANS_TABLES,STRICT_ALL_TABLES,NO_ZERO_IN_DATE,NO_ZERO_DATE,ERROR_FOR_DIVISION_BY_ZERO,TRADITIONAL,NO_ENGINE_SUBSTITUTION {{(pid=93427) _check_effective_sql_mode /opt/stack/data/venv/lib/python3.12/site-packages/oslo_db/sqlalchemy/engines.py:325}}
Aug 03 06:33:30.223123 np0000006323 nova-scheduler[93427]: DEBUG dbcounter [-] [93427] Writer thread running {{(pid=93427) stat_writer /opt/stack/data/venv/lib/python3.12/site-packages/dbcounter.py:102}}
Aug 03 06:33:30.227608 np0000006323 nova-scheduler[93425]: DEBUG nova.service [None req-6e2cba87-5799-40fa-bd68-1af0df3c6c74 None None] Creating RPC server for service: nova-scheduler on topic: scheduler {{(pid=93425) start /opt/stack/nova/nova/service.py:196}}
Aug 03 06:33:30.237539 np0000006323 nova-scheduler[93427]: DEBUG nova.service [None req-28a3eb06-0649-4d10-9587-9b0e5dcae289 None None] Creating RPC server for service: nova-scheduler on topic: scheduler {{(pid=93427) start /opt/stack/nova/nova/service.py:196}}
Aug 03 06:33:30.250067 np0000006323 nova-scheduler[93429]: DEBUG oslo_db.sqlalchemy.engines [None req-f1de103a-5334-453d-8a9f-d3da1f18c19b None None] MySQL server mode set to STRICT_TRANS_TABLES,STRICT_ALL_TABLES,NO_ZERO_IN_DATE,NO_ZERO_DATE,ERROR_FOR_DIVISION_BY_ZERO,TRADITIONAL,NO_ENGINE_SUBSTITUTION {{(pid=93429) _check_effective_sql_mode /opt/stack/data/venv/lib/python3.12/site-packages/oslo_db/sqlalchemy/engines.py:325}}
Aug 03 06:33:30.255471 np0000006323 nova-scheduler[93425]: DEBUG nova.service [None req-6e2cba87-5799-40fa-bd68-1af0df3c6c74 None None] Join ServiceGroup membership for this service scheduler {{(pid=93425) start /opt/stack/nova/nova/service.py:222}}
Aug 03 06:33:30.255818 np0000006323 nova-scheduler[93425]: DEBUG nova.servicegroup.drivers.db [None req-6e2cba87-5799-40fa-bd68-1af0df3c6c74 None None] DB_Driver: join new ServiceGroup member np0000006323 to the scheduler group, service = {{(pid=93425) join /opt/stack/nova/nova/servicegroup/drivers/db.py:44}}
Aug 03 06:33:30.257035 np0000006323 nova-scheduler[93427]: DEBUG nova.service [None req-28a3eb06-0649-4d10-9587-9b0e5dcae289 None None] Join ServiceGroup membership for this service scheduler {{(pid=93427) start /opt/stack/nova/nova/service.py:222}}
Aug 03 06:33:30.257603 np0000006323 nova-scheduler[93427]: DEBUG nova.servicegroup.drivers.db [None req-28a3eb06-0649-4d10-9587-9b0e5dcae289 None None] DB_Driver: join new ServiceGroup member np0000006323 to the scheduler group, service = {{(pid=93427) join /opt/stack/nova/nova/servicegroup/drivers/db.py:44}}
Aug 03 06:33:30.261633 np0000006323 nova-scheduler[93429]: DEBUG dbcounter [-] [93429] Writer thread running {{(pid=93429) stat_writer /opt/stack/data/venv/lib/python3.12/site-packages/dbcounter.py:102}}
Aug 03 06:33:30.265108 np0000006323 nova-scheduler[93429]: DEBUG nova.service [None req-f1de103a-5334-453d-8a9f-d3da1f18c19b None None] Creating RPC server for service: nova-scheduler on topic: scheduler {{(pid=93429) start /opt/stack/nova/nova/service.py:196}}
Aug 03 06:33:30.283523 np0000006323 nova-scheduler[93429]: DEBUG nova.service [None req-f1de103a-5334-453d-8a9f-d3da1f18c19b None None] Join ServiceGroup membership for this service scheduler {{(pid=93429) start /opt/stack/nova/nova/service.py:222}}
Aug 03 06:33:30.283811 np0000006323 nova-scheduler[93429]: DEBUG nova.servicegroup.drivers.db [None req-f1de103a-5334-453d-8a9f-d3da1f18c19b None None] DB_Driver: join new ServiceGroup member np0000006323 to the scheduler group, service = {{(pid=93429) join /opt/stack/nova/nova/servicegroup/drivers/db.py:44}}
Aug 03 06:33:35.268329 np0000006323 nova-scheduler[93425]: DEBUG oslo.service.backend._threading.loopingcall [-] Fixed interval looping call 'nova.servicegroup.drivers.db.DbDriver._report_state' sleeping for 119.99 seconds {{(pid=93425) _run_loop /opt/stack/data/venv/lib/python3.12/site-packages/oslo_service/backend/_threading/loopingcall.py:125}}
Aug 03 06:33:35.269442 np0000006323 nova-scheduler[93427]: DEBUG oslo.service.backend._threading.loopingcall [-] Fixed interval looping call 'nova.servicegroup.drivers.db.DbDriver._report_state' sleeping for 119.99 seconds {{(pid=93427) _run_loop /opt/stack/data/venv/lib/python3.12/site-packages/oslo_service/backend/_threading/loopingcall.py:125}}
Aug 03 06:33:35.297052 np0000006323 nova-scheduler[93429]: DEBUG oslo.service.backend._threading.loopingcall [-] Fixed interval looping call 'nova.servicegroup.drivers.db.DbDriver._report_state' sleeping for 119.99 seconds {{(pid=93429) _run_loop /opt/stack/data/venv/lib/python3.12/site-packages/oslo_service/backend/_threading/loopingcall.py:125}}
Aug 03 06:33:38.852754 np0000006323 nova-scheduler[92221]: DEBUG dbcounter [-] [92221] Writing DB stats nova_api:SELECT=3 {{(pid=92221) stat_writer /opt/stack/data/venv/lib/python3.12/site-packages/dbcounter.py:115}}
Aug 03 06:33:38.963259 np0000006323 nova-scheduler[92221]: DEBUG dbcounter [-] [92221] Writing DB stats nova_cell0:SELECT=1 {{(pid=92221) stat_writer /opt/stack/data/venv/lib/python3.12/site-packages/dbcounter.py:115}}
Aug 03 06:33:38.973255 np0000006323 nova-scheduler[92221]: DEBUG dbcounter [-] [92221] Writing DB stats nova_cell1:SELECT=1 {{(pid=92221) stat_writer /opt/stack/data/venv/lib/python3.12/site-packages/dbcounter.py:115}}
Aug 03 06:33:45.264781 np0000006323 nova-scheduler[93425]: DEBUG dbcounter [-] [93425] Writing DB stats nova_cell0:SELECT=4,nova_cell0:INSERT=1,nova_cell0:UPDATE=1 {{(pid=93425) stat_writer /opt/stack/data/venv/lib/python3.12/site-packages/dbcounter.py:115}}
Aug 03 06:33:45.266060 np0000006323 nova-scheduler[93427]: DEBUG dbcounter [-] [93427] Writing DB stats nova_cell0:SELECT=4,nova_cell0:INSERT=1,nova_cell0:UPDATE=1 {{(pid=93427) stat_writer /opt/stack/data/venv/lib/python3.12/site-packages/dbcounter.py:115}}
Aug 03 06:33:45.294768 np0000006323 nova-scheduler[93429]: DEBUG dbcounter [-] [93429] Writing DB stats nova_cell0:SELECT=3 {{(pid=93429) stat_writer /opt/stack/data/venv/lib/python3.12/site-packages/dbcounter.py:115}}
Aug 03 06:33:49.258120 np0000006323 nova-scheduler[93425]: DEBUG oslo.service.backend._threading.loopingcall [None req-06d67ad7-3688-4e7c-b1db-5c383c1b9856 None None] Dynamic interval looping call 'nova.service.Service.periodic_tasks' sleeping for 60.00 seconds {{(pid=93425) _run_loop /opt/stack/data/venv/lib/python3.12/site-packages/oslo_service/backend/_threading/loopingcall.py:125}}
Aug 03 06:33:49.260264 np0000006323 nova-scheduler[93427]: DEBUG oslo.service.backend._threading.loopingcall [None req-649b8c56-a77c-46a7-881e-6e407d2ea963 None None] Dynamic interval looping call 'nova.service.Service.periodic_tasks' sleeping for 60.00 seconds {{(pid=93427) _run_loop /opt/stack/data/venv/lib/python3.12/site-packages/oslo_service/backend/_threading/loopingcall.py:125}}
Aug 03 06:34:13.288789 np0000006323 nova-scheduler[93429]: DEBUG oslo.service.backend._threading.loopingcall [None req-30141f65-b419-4594-a340-58ceea766f73 None None] Dynamic interval looping call 'nova.service.Service.periodic_tasks' sleeping for 60.00 seconds {{(pid=93429) _run_loop /opt/stack/data/venv/lib/python3.12/site-packages/oslo_service/backend/_threading/loopingcall.py:125}}
Aug 03 06:34:49.258773 np0000006323 nova-scheduler[93425]: DEBUG oslo.service.backend._threading.loopingcall [None req-06d67ad7-3688-4e7c-b1db-5c383c1b9856 None None] Dynamic interval looping call 'nova.service.Service.periodic_tasks' sleeping for 60.00 seconds {{(pid=93425) _run_loop /opt/stack/data/venv/lib/python3.12/site-packages/oslo_service/backend/_threading/loopingcall.py:125}}
Aug 03 06:34:49.260875 np0000006323 nova-scheduler[93427]: DEBUG oslo.service.backend._threading.loopingcall [None req-649b8c56-a77c-46a7-881e-6e407d2ea963 None None] Dynamic interval looping call 'nova.service.Service.periodic_tasks' sleeping for 60.00 seconds {{(pid=93427) _run_loop /opt/stack/data/venv/lib/python3.12/site-packages/oslo_service/backend/_threading/loopingcall.py:125}}
Aug 03 06:35:13.289330 np0000006323 nova-scheduler[93429]: DEBUG oslo.service.backend._threading.loopingcall [None req-30141f65-b419-4594-a340-58ceea766f73 None None] Dynamic interval looping call 'nova.service.Service.periodic_tasks' sleeping for 60.00 seconds {{(pid=93429) _run_loop /opt/stack/data/venv/lib/python3.12/site-packages/oslo_service/backend/_threading/loopingcall.py:125}}
Aug 03 06:35:35.265427 np0000006323 nova-scheduler[93425]: DEBUG oslo.service.backend._threading.loopingcall [-] Fixed interval looping call 'nova.servicegroup.drivers.db.DbDriver._report_state' sleeping for 119.99 seconds {{(pid=93425) _run_loop /opt/stack/data/venv/lib/python3.12/site-packages/oslo_service/backend/_threading/loopingcall.py:125}}
Aug 03 06:35:35.266436 np0000006323 nova-scheduler[93427]: DEBUG oslo.service.backend._threading.loopingcall [-] Fixed interval looping call 'nova.servicegroup.drivers.db.DbDriver._report_state' sleeping for 119.99 seconds {{(pid=93427) _run_loop /opt/stack/data/venv/lib/python3.12/site-packages/oslo_service/backend/_threading/loopingcall.py:125}}
Aug 03 06:35:35.296050 np0000006323 nova-scheduler[93429]: DEBUG oslo.service.backend._threading.loopingcall [-] Fixed interval looping call 'nova.servicegroup.drivers.db.DbDriver._report_state' sleeping for 119.99 seconds {{(pid=93429) _run_loop /opt/stack/data/venv/lib/python3.12/site-packages/oslo_service/backend/_threading/loopingcall.py:125}}
Aug 03 06:35:42.875255 np0000006323 nova-scheduler[93425]: DEBUG nova.scheduler.manager [None req-f6653341-7e81-43b7-8208-ad1e5d0e726e tempest-DeleteServersTestJSON-2125795193 tempest-DeleteServersTestJSON-2125795193-project-member] Starting to schedule for instances: ['6f52766a-35bc-4fd8-a101-2cee68cd35d7'] {{(pid=93425) select_destinations /opt/stack/nova/nova/scheduler/manager.py:209}}
Aug 03 06:35:42.879268 np0000006323 nova-scheduler[93425]: DEBUG nova.scheduler.request_filter [None req-f6653341-7e81-43b7-8208-ad1e5d0e726e tempest-DeleteServersTestJSON-2125795193 tempest-DeleteServersTestJSON-2125795193-project-member] compute_status_filter request filter added forbidden trait COMPUTE_STATUS_DISABLED {{(pid=93425) compute_status_filter /opt/stack/nova/nova/scheduler/request_filter.py:253}}
Aug 03 06:35:42.880317 np0000006323 nova-scheduler[93425]: DEBUG nova.scheduler.request_filter [None req-f6653341-7e81-43b7-8208-ad1e5d0e726e tempest-DeleteServersTestJSON-2125795193 tempest-DeleteServersTestJSON-2125795193-project-member] Request filter 'compute_status_filter' took 0.0 seconds {{(pid=93425) wrapper /opt/stack/nova/nova/scheduler/request_filter.py:46}}
Aug 03 06:35:42.880759 np0000006323 nova-scheduler[93425]: DEBUG nova.scheduler.request_filter [None req-f6653341-7e81-43b7-8208-ad1e5d0e726e tempest-DeleteServersTestJSON-2125795193 tempest-DeleteServersTestJSON-2125795193-project-member] Request filter 'accelerators_filter' took 0.0 seconds {{(pid=93425) wrapper /opt/stack/nova/nova/scheduler/request_filter.py:46}}
Aug 03 06:35:42.880962 np0000006323 nova-scheduler[93425]: DEBUG nova.scheduler.request_filter [None req-f6653341-7e81-43b7-8208-ad1e5d0e726e tempest-DeleteServersTestJSON-2125795193 tempest-DeleteServersTestJSON-2125795193-project-member] Request filter 'packed_virtqueue_filter' took 0.0 seconds {{(pid=93425) wrapper /opt/stack/nova/nova/scheduler/request_filter.py:46}}
Aug 03 06:35:42.881216 np0000006323 nova-scheduler[93425]: DEBUG nova.scheduler.request_filter [None req-f6653341-7e81-43b7-8208-ad1e5d0e726e tempest-DeleteServersTestJSON-2125795193 tempest-DeleteServersTestJSON-2125795193-project-member] Request filter 'remote_managed_ports_filter' took 0.0 seconds {{(pid=93425) wrapper /opt/stack/nova/nova/scheduler/request_filter.py:46}}
Aug 03 06:35:42.881384 np0000006323 nova-scheduler[93425]: DEBUG nova.scheduler.request_filter [None req-f6653341-7e81-43b7-8208-ad1e5d0e726e tempest-DeleteServersTestJSON-2125795193 tempest-DeleteServersTestJSON-2125795193-project-member] ephemeral_encryption_filter skipped {{(pid=93425) ephemeral_encryption_filter /opt/stack/nova/nova/scheduler/request_filter.py:426}}
Aug 03 06:35:42.881525 np0000006323 nova-scheduler[93425]: DEBUG nova.scheduler.request_filter [None req-f6653341-7e81-43b7-8208-ad1e5d0e726e tempest-DeleteServersTestJSON-2125795193 tempest-DeleteServersTestJSON-2125795193-project-member] virtio_sound_filter skipped {{(pid=93425) virtio_sound_filter /opt/stack/nova/nova/scheduler/request_filter.py:460}}
Aug 03 06:35:42.881970 np0000006323 nova-scheduler[93425]: DEBUG nova.scheduler.request_filter [None req-f6653341-7e81-43b7-8208-ad1e5d0e726e tempest-DeleteServersTestJSON-2125795193 tempest-DeleteServersTestJSON-2125795193-project-member] tpm_secret_security_filter skipped {{(pid=93425) tpm_secret_security_filter /opt/stack/nova/nova/scheduler/request_filter.py:477}}
Aug 03 06:35:43.447787 np0000006323 nova-scheduler[93427]: DEBUG nova.scheduler.manager [None req-b5ce6263-a171-47a9-a80b-c7ab861ab6cb tempest-ServerRescueNegativeTestJSON-667404809 tempest-ServerRescueNegativeTestJSON-667404809-project-member] Starting to schedule for instances: ['4d0018fb-4d24-4bba-9bdf-d3bcadebb2ce'] {{(pid=93427) select_destinations /opt/stack/nova/nova/scheduler/manager.py:209}}
Aug 03 06:35:43.448430 np0000006323 nova-scheduler[93427]: DEBUG nova.scheduler.request_filter [None req-b5ce6263-a171-47a9-a80b-c7ab861ab6cb tempest-ServerRescueNegativeTestJSON-667404809 tempest-ServerRescueNegativeTestJSON-667404809-project-member] compute_status_filter request filter added forbidden trait COMPUTE_STATUS_DISABLED {{(pid=93427) compute_status_filter /opt/stack/nova/nova/scheduler/request_filter.py:253}}
Aug 03 06:35:43.448584 np0000006323 nova-scheduler[93427]: DEBUG nova.scheduler.request_filter [None req-b5ce6263-a171-47a9-a80b-c7ab861ab6cb tempest-ServerRescueNegativeTestJSON-667404809 tempest-ServerRescueNegativeTestJSON-667404809-project-member] Request filter 'compute_status_filter' took 0.0 seconds {{(pid=93427) wrapper /opt/stack/nova/nova/scheduler/request_filter.py:46}}
Aug 03 06:35:43.448890 np0000006323 nova-scheduler[93427]: DEBUG nova.scheduler.request_filter [None req-b5ce6263-a171-47a9-a80b-c7ab861ab6cb tempest-ServerRescueNegativeTestJSON-667404809 tempest-ServerRescueNegativeTestJSON-667404809-project-member] Request filter 'accelerators_filter' took 0.0 seconds {{(pid=93427) wrapper /opt/stack/nova/nova/scheduler/request_filter.py:46}}
Aug 03 06:35:43.449452 np0000006323 nova-scheduler[93427]: DEBUG nova.scheduler.request_filter [None req-b5ce6263-a171-47a9-a80b-c7ab861ab6cb tempest-ServerRescueNegativeTestJSON-667404809 tempest-ServerRescueNegativeTestJSON-667404809-project-member] Request filter 'packed_virtqueue_filter' took 0.0 seconds {{(pid=93427) wrapper /opt/stack/nova/nova/scheduler/request_filter.py:46}}
Aug 03 06:35:43.449802 np0000006323 nova-scheduler[93427]: DEBUG nova.scheduler.request_filter [None req-b5ce6263-a171-47a9-a80b-c7ab861ab6cb tempest-ServerRescueNegativeTestJSON-667404809 tempest-ServerRescueNegativeTestJSON-667404809-project-member] Request filter 'remote_managed_ports_filter' took 0.0 seconds {{(pid=93427) wrapper /opt/stack/nova/nova/scheduler/request_filter.py:46}}
Aug 03 06:35:43.450003 np0000006323 nova-scheduler[93427]: DEBUG nova.scheduler.request_filter [None req-b5ce6263-a171-47a9-a80b-c7ab861ab6cb tempest-ServerRescueNegativeTestJSON-667404809 tempest-ServerRescueNegativeTestJSON-667404809-project-member] ephemeral_encryption_filter skipped {{(pid=93427) ephemeral_encryption_filter /opt/stack/nova/nova/scheduler/request_filter.py:426}}
Aug 03 06:35:43.450200 np0000006323 nova-scheduler[93427]: DEBUG nova.scheduler.request_filter [None req-b5ce6263-a171-47a9-a80b-c7ab861ab6cb tempest-ServerRescueNegativeTestJSON-667404809 tempest-ServerRescueNegativeTestJSON-667404809-project-member] virtio_sound_filter skipped {{(pid=93427) virtio_sound_filter /opt/stack/nova/nova/scheduler/request_filter.py:460}}
Aug 03 06:35:43.450391 np0000006323 nova-scheduler[93427]: DEBUG nova.scheduler.request_filter [None req-b5ce6263-a171-47a9-a80b-c7ab861ab6cb tempest-ServerRescueNegativeTestJSON-667404809 tempest-ServerRescueNegativeTestJSON-667404809-project-member] tpm_secret_security_filter skipped {{(pid=93427) tpm_secret_security_filter /opt/stack/nova/nova/scheduler/request_filter.py:477}}
Aug 03 06:35:43.480132 np0000006323 nova-scheduler[93425]: INFO nova.utils [None req-f6653341-7e81-43b7-8208-ad1e5d0e726e tempest-DeleteServersTestJSON-2125795193 tempest-DeleteServersTestJSON-2125795193-project-member] The cell worker thread pool ForkProcess-1.cell_worker is initialized
Aug 03 06:35:43.480665 np0000006323 nova-scheduler[93425]: DEBUG oslo_concurrency.lockutils [None req-f6653341-7e81-43b7-8208-ad1e5d0e726e tempest-DeleteServersTestJSON-2125795193 tempest-DeleteServersTestJSON-2125795193-project-member] Acquiring lock "d7118260-a98a-413a-9090-32085d3de07a" by "nova.context.set_target_cell..get_or_set_cached_cell_and_set_connections" {{(pid=93425) inner /opt/stack/data/venv/lib/python3.12/site-packages/oslo_concurrency/lockutils.py:512}}
Aug 03 06:35:43.481134 np0000006323 nova-scheduler[93425]: DEBUG oslo_concurrency.lockutils [None req-f6653341-7e81-43b7-8208-ad1e5d0e726e tempest-DeleteServersTestJSON-2125795193 tempest-DeleteServersTestJSON-2125795193-project-member] Lock "d7118260-a98a-413a-9090-32085d3de07a" acquired by "nova.context.set_target_cell..get_or_set_cached_cell_and_set_connections" :: waited 0.000s {{(pid=93425) inner /opt/stack/data/venv/lib/python3.12/site-packages/oslo_concurrency/lockutils.py:525}}
Aug 03 06:35:43.484765 np0000006323 nova-scheduler[93425]: DEBUG oslo_concurrency.lockutils [None req-f6653341-7e81-43b7-8208-ad1e5d0e726e tempest-DeleteServersTestJSON-2125795193 tempest-DeleteServersTestJSON-2125795193-project-member] Lock "d7118260-a98a-413a-9090-32085d3de07a" "released" by "nova.context.set_target_cell..get_or_set_cached_cell_and_set_connections" :: held 0.002s {{(pid=93425) inner /opt/stack/data/venv/lib/python3.12/site-packages/oslo_concurrency/lockutils.py:544}}
Aug 03 06:35:43.485017 np0000006323 nova-scheduler[93425]: INFO dbcounter [None req-f6653341-7e81-43b7-8208-ad1e5d0e726e tempest-DeleteServersTestJSON-2125795193 tempest-DeleteServersTestJSON-2125795193-project-member] Registered counter for database nova_cell1
Aug 03 06:35:43.525280 np0000006323 nova-scheduler[93425]: DEBUG oslo_db.sqlalchemy.engines [None req-f6653341-7e81-43b7-8208-ad1e5d0e726e tempest-DeleteServersTestJSON-2125795193 tempest-DeleteServersTestJSON-2125795193-project-member] MySQL server mode set to STRICT_TRANS_TABLES,STRICT_ALL_TABLES,NO_ZERO_IN_DATE,NO_ZERO_DATE,ERROR_FOR_DIVISION_BY_ZERO,TRADITIONAL,NO_ENGINE_SUBSTITUTION {{(pid=93425) _check_effective_sql_mode /opt/stack/data/venv/lib/python3.12/site-packages/oslo_db/sqlalchemy/engines.py:325}}
Aug 03 06:35:43.531063 np0000006323 nova-scheduler[93425]: DEBUG dbcounter [-] [93425] Writer thread running {{(pid=93425) stat_writer /opt/stack/data/venv/lib/python3.12/site-packages/dbcounter.py:102}}
Aug 03 06:35:43.542835 np0000006323 nova-scheduler[93425]: DEBUG oslo_db.sqlalchemy.engines [None req-f6653341-7e81-43b7-8208-ad1e5d0e726e tempest-DeleteServersTestJSON-2125795193 tempest-DeleteServersTestJSON-2125795193-project-member] Parent process 92221 forked (93425) with an open database connection, which is being discarded and recreated. {{(pid=93425) checkout /opt/stack/data/venv/lib/python3.12/site-packages/oslo_db/sqlalchemy/engines.py:402}}
Aug 03 06:35:43.553623 np0000006323 nova-scheduler[93427]: INFO nova.utils [None req-b5ce6263-a171-47a9-a80b-c7ab861ab6cb tempest-ServerRescueNegativeTestJSON-667404809 tempest-ServerRescueNegativeTestJSON-667404809-project-member] The cell worker thread pool ForkProcess-2.cell_worker is initialized
Aug 03 06:35:43.554004 np0000006323 nova-scheduler[93427]: DEBUG oslo_concurrency.lockutils [None req-b5ce6263-a171-47a9-a80b-c7ab861ab6cb tempest-ServerRescueNegativeTestJSON-667404809 tempest-ServerRescueNegativeTestJSON-667404809-project-member] Acquiring lock "d7118260-a98a-413a-9090-32085d3de07a" by "nova.context.set_target_cell..get_or_set_cached_cell_and_set_connections" {{(pid=93427) inner /opt/stack/data/venv/lib/python3.12/site-packages/oslo_concurrency/lockutils.py:512}}
Aug 03 06:35:43.554823 np0000006323 nova-scheduler[93427]: DEBUG oslo_concurrency.lockutils [None req-b5ce6263-a171-47a9-a80b-c7ab861ab6cb tempest-ServerRescueNegativeTestJSON-667404809 tempest-ServerRescueNegativeTestJSON-667404809-project-member] Lock "d7118260-a98a-413a-9090-32085d3de07a" acquired by "nova.context.set_target_cell..get_or_set_cached_cell_and_set_connections" :: waited 0.000s {{(pid=93427) inner /opt/stack/data/venv/lib/python3.12/site-packages/oslo_concurrency/lockutils.py:525}}
Aug 03 06:35:43.555611 np0000006323 nova-scheduler[93427]: DEBUG oslo_concurrency.lockutils [None req-b5ce6263-a171-47a9-a80b-c7ab861ab6cb tempest-ServerRescueNegativeTestJSON-667404809 tempest-ServerRescueNegativeTestJSON-667404809-project-member] Lock "d7118260-a98a-413a-9090-32085d3de07a" "released" by "nova.context.set_target_cell..get_or_set_cached_cell_and_set_connections" :: held 0.001s {{(pid=93427) inner /opt/stack/data/venv/lib/python3.12/site-packages/oslo_concurrency/lockutils.py:544}}
Aug 03 06:35:43.558041 np0000006323 nova-scheduler[93427]: INFO dbcounter [None req-b5ce6263-a171-47a9-a80b-c7ab861ab6cb tempest-ServerRescueNegativeTestJSON-667404809 tempest-ServerRescueNegativeTestJSON-667404809-project-member] Registered counter for database nova_cell1
Aug 03 06:35:43.592777 np0000006323 nova-scheduler[93427]: DEBUG oslo_db.sqlalchemy.engines [None req-b5ce6263-a171-47a9-a80b-c7ab861ab6cb tempest-ServerRescueNegativeTestJSON-667404809 tempest-ServerRescueNegativeTestJSON-667404809-project-member] MySQL server mode set to STRICT_TRANS_TABLES,STRICT_ALL_TABLES,NO_ZERO_IN_DATE,NO_ZERO_DATE,ERROR_FOR_DIVISION_BY_ZERO,TRADITIONAL,NO_ENGINE_SUBSTITUTION {{(pid=93427) _check_effective_sql_mode /opt/stack/data/venv/lib/python3.12/site-packages/oslo_db/sqlalchemy/engines.py:325}}
Aug 03 06:35:43.594867 np0000006323 nova-scheduler[93425]: DEBUG dbcounter [-] [93425] Writer thread running {{(pid=93425) stat_writer /opt/stack/data/venv/lib/python3.12/site-packages/dbcounter.py:102}}
Aug 03 06:35:43.597454 np0000006323 nova-scheduler[93427]: DEBUG dbcounter [-] [93427] Writer thread running {{(pid=93427) stat_writer /opt/stack/data/venv/lib/python3.12/site-packages/dbcounter.py:102}}
Aug 03 06:35:43.598558 np0000006323 nova-scheduler[93425]: DEBUG oslo_concurrency.lockutils [None req-f6653341-7e81-43b7-8208-ad1e5d0e726e tempest-DeleteServersTestJSON-2125795193 tempest-DeleteServersTestJSON-2125795193-project-member] Acquiring lock "d7118260-a98a-413a-9090-32085d3de07a" by "nova.context.set_target_cell..get_or_set_cached_cell_and_set_connections" {{(pid=93425) inner /opt/stack/data/venv/lib/python3.12/site-packages/oslo_concurrency/lockutils.py:512}}
Aug 03 06:35:43.598699 np0000006323 nova-scheduler[93425]: DEBUG oslo_concurrency.lockutils [None req-f6653341-7e81-43b7-8208-ad1e5d0e726e tempest-DeleteServersTestJSON-2125795193 tempest-DeleteServersTestJSON-2125795193-project-member] Lock "d7118260-a98a-413a-9090-32085d3de07a" acquired by "nova.context.set_target_cell..get_or_set_cached_cell_and_set_connections" :: waited 0.000s {{(pid=93425) inner /opt/stack/data/venv/lib/python3.12/site-packages/oslo_concurrency/lockutils.py:525}}
Aug 03 06:35:43.598820 np0000006323 nova-scheduler[93425]: DEBUG oslo_concurrency.lockutils [None req-f6653341-7e81-43b7-8208-ad1e5d0e726e tempest-DeleteServersTestJSON-2125795193 tempest-DeleteServersTestJSON-2125795193-project-member] Lock "d7118260-a98a-413a-9090-32085d3de07a" "released" by "nova.context.set_target_cell..get_or_set_cached_cell_and_set_connections" :: held 0.000s {{(pid=93425) inner /opt/stack/data/venv/lib/python3.12/site-packages/oslo_concurrency/lockutils.py:544}}
Aug 03 06:35:43.603429 np0000006323 nova-scheduler[93425]: DEBUG oslo_concurrency.lockutils [None req-f6653341-7e81-43b7-8208-ad1e5d0e726e tempest-DeleteServersTestJSON-2125795193 tempest-DeleteServersTestJSON-2125795193-project-member] Acquiring lock "np0000006323-np0000006323" by "nova.scheduler.host_manager.HostState.update.._locked_update" {{(pid=93425) inner /opt/stack/data/venv/lib/python3.12/site-packages/oslo_concurrency/lockutils.py:512}}
Aug 03 06:35:43.603557 np0000006323 nova-scheduler[93425]: DEBUG oslo_concurrency.lockutils [None req-f6653341-7e81-43b7-8208-ad1e5d0e726e tempest-DeleteServersTestJSON-2125795193 tempest-DeleteServersTestJSON-2125795193-project-member] Lock "np0000006323-np0000006323" acquired by "nova.scheduler.host_manager.HostState.update.._locked_update" :: waited 0.000s {{(pid=93425) inner /opt/stack/data/venv/lib/python3.12/site-packages/oslo_concurrency/lockutils.py:525}}
Aug 03 06:35:43.605680 np0000006323 nova-scheduler[93425]: DEBUG nova.scheduler.host_manager [None req-f6653341-7e81-43b7-8208-ad1e5d0e726e tempest-DeleteServersTestJSON-2125795193 tempest-DeleteServersTestJSON-2125795193-project-member] Update host state from compute node: ComputeNode(cpu_allocation_ratio=4.0,cpu_info='{"arch": "x86_64", "model": "EPYC-Milan", "vendor": "AMD", "topology": {"cells": 1, "sockets": 16, "cores": 1, "threads": 1}, "maxphysaddr": {"mode": "emulate", "bits": 40}, "features": ["pause-filter", "msr", "fxsr_opt", "vgif", "npt", "umip", "topoext", "mce", "rdrand", "fsgsbase", "tsc-deadline", "xsave", "hypervisor", "f16c", "pse", "spec-ctrl", "syscall", "pni", "cx8", "fpu", "osvw", "xgetbv1", "stibp", "fma", "aes", "ssse3", "apic", "amd-ssbd", "fsrm", "sep", "virt-ssbd", "vmcb-clean", "3dnowprefetch", "invpcid", "sha-ni", "pschange-mc-no", "pcid", "svme-addr-chk", "popcnt", "vpclmulqdq", "bmi2", "smap", "cmov", "sse2", "lahf_lm", "bmi1", "amd-psfd", "sse", "pfthreshold", "erms", "lbrv", "rdctl-no", "stibp-always-on", "clflush", "de", "sse4.1", "sse4.2", "tsc-scale", "xsavec", "arat", "avx2", "skip-l1dfl-vmentry", "nx", "nrip-save", "adx", "amd-stibp", "fxsr", "rdseed", "xsaves", "pae", "ibrs", "mmxext", "pge", "mtrr", "null-sel-clr-base", "clflushopt", "vaes", "cx16", "clwb", "misalignsse", "rdpid", "cmp_legacy", "rdtscp", "perfctr_core", "pat", "gds-no", "tsc_adjust", "abm", "mca", "ibpb", "clzero", "mmx", "svm", "movbe", "smep", "flushbyasid", "pclmuldq", "arch-capabilities", "lm", "vme", "xsaveerptr", "xsaveopt", "wbnoinvd", "ssbd", "no-nested-data-bp", "pku", "pdpe1gb", "mds-no", "sse4a", "tsc", "v-vmsave-vmload", "cr8legacy", "pse36", "avx", "x2apic", "lfence-always-serializing"]}',created_at=2026-08-03T06:33:51Z,current_workload=0,deleted=False,deleted_at=None,disk_allocation_ratio=1.0,disk_available_least=73,free_disk_gb=95,free_ram_mb=62765,host='np0000006323',host_ip=10.4.3.71,hypervisor_hostname='np0000006323',hypervisor_type='QEMU',hypervisor_version=8002002,id=1,local_gb=95,local_gb_used=0,mapped=1,memory_mb=63277,memory_mb_used=512,metrics='[]',numa_topology='{"nova_object.name": "NUMATopology", "nova_object.namespace": "nova", "nova_object.version": "1.2", "nova_object.data": {"cells": [{"nova_object.name": "NUMACell", "nova_object.namespace": "nova", "nova_object.version": "1.5", "nova_object.data": {"id": 0, "cpuset": [0, 1, 2, 3, 4, 5, 6, 7, 8, 9, 10, 11, 12, 13, 14, 15], "pcpuset": [0, 1, 2, 3, 4, 5, 6, 7, 8, 9, 10, 11, 12, 13, 14, 15], "memory": 63277, "cpu_usage": 0, "memory_usage": 0, "pinned_cpus": [], "siblings": [[6], [12], [2], [15], [5], [11], [8], [14], [4], [1], [7], [10], [0], [13], [3], [9]], "mempages": [{"nova_object.name": "NUMAPagesTopology", "nova_object.namespace": "nova", "nova_object.version": "1.1", "nova_object.data": {"size_kb": 4, "total": 16177930, "used": 0, "reserved": 0}, "nova_object.changes": ["reserved", "size_kb", "total", "used"]}, {"nova_object.name": "NUMAPagesTopology", "nova_object.namespace": "nova", "nova_object.version": "1.1", "nova_object.data": {"size_kb": 2048, "total": 41, "used": 0, "reserved": 0}, "nova_object.changes": ["reserved", "size_kb", "total", "used"]}, {"nova_object.name": "NUMAPagesTopology", "nova_object.namespace": "nova", "nova_object.version": "1.1", "nova_object.data": {"size_kb": 1048576, "total": 0, "used": 0, "reserved": 0}, "nova_object.changes": ["reserved", "size_kb", "total", "used"]}], "network_metadata": {"nova_object.name": "NetworkMetadata", "nova_object.namespace": "nova", "nova_object.version": "1.0", "nova_object.data": {"physnets": [], "tunneled": false}, "nova_object.changes": ["physnets", "tunneled"]}, "socket": null}, "nova_object.changes": ["siblings", "mempages", "cpu_usage", "memory", "pcpuset", "network_metadata", "socket", "id", "cpuset", "pinned_cpus", "memory_usage"]}]}, "nova_object.changes": ["cells"]}',pci_device_pools=PciDevicePoolList,ram_allocation_ratio=1.0,running_vms=0,service_id=2,stats={failed_builds='0',uptime=' 06:35:38 up 15 min, 2 users, load average: 3.69, 1.93, 0.99
Aug 03 06:35:43.605680 np0000006323 nova-scheduler[93425]: '},supported_hv_specs=[HVSpec,HVSpec,HVSpec,HVSpec,HVSpec,HVSpec,HVSpec,HVSpec,HVSpec,HVSpec,HVSpec,HVSpec,HVSpec,HVSpec,HVSpec,HVSpec,HVSpec,HVSpec,HVSpec,HVSpec,HVSpec,HVSpec,HVSpec,HVSpec,HVSpec],updated_at=2026-08-03T06:35:39Z,uuid=8879c251-7487-4d79-a5c8-1a74df5172d6,vcpus=16,vcpus_used=0) {{(pid=93425) _locked_update /opt/stack/nova/nova/scheduler/host_manager.py:168}}
Aug 03 06:35:43.606741 np0000006323 nova-scheduler[93425]: DEBUG nova.scheduler.host_manager [None req-f6653341-7e81-43b7-8208-ad1e5d0e726e tempest-DeleteServersTestJSON-2125795193 tempest-DeleteServersTestJSON-2125795193-project-member] Update host state with aggregates: [] {{(pid=93425) _locked_update /opt/stack/nova/nova/scheduler/host_manager.py:171}}
Aug 03 06:35:43.606985 np0000006323 nova-scheduler[93425]: DEBUG nova.scheduler.host_manager [None req-f6653341-7e81-43b7-8208-ad1e5d0e726e tempest-DeleteServersTestJSON-2125795193 tempest-DeleteServersTestJSON-2125795193-project-member] Update host state with service dict: {'id': 2, 'uuid': '39b83ef6-9a9a-4c87-bebd-4309704bebbc', 'host': 'np0000006323', 'binary': 'nova-compute', 'topic': 'compute', 'report_count': 1, 'disabled': False, 'disabled_reason': None, 'last_seen_up': datetime.datetime(2026, 8, 3, 6, 33, 58, tzinfo=datetime.timezone.utc), 'forced_down': False, 'version': 72, 'created_at': datetime.datetime(2026, 8, 3, 6, 33, 51, tzinfo=datetime.timezone.utc), 'updated_at': datetime.datetime(2026, 8, 3, 6, 33, 58, tzinfo=datetime.timezone.utc), 'deleted_at': None, 'deleted': False} {{(pid=93425) _locked_update /opt/stack/nova/nova/scheduler/host_manager.py:174}}
Aug 03 06:35:43.607112 np0000006323 nova-scheduler[93425]: DEBUG nova.scheduler.host_manager [None req-f6653341-7e81-43b7-8208-ad1e5d0e726e tempest-DeleteServersTestJSON-2125795193 tempest-DeleteServersTestJSON-2125795193-project-member] Update host state with instances: [] {{(pid=93425) _locked_update /opt/stack/nova/nova/scheduler/host_manager.py:177}}
Aug 03 06:35:43.607220 np0000006323 nova-scheduler[93425]: DEBUG oslo_concurrency.lockutils [None req-f6653341-7e81-43b7-8208-ad1e5d0e726e tempest-DeleteServersTestJSON-2125795193 tempest-DeleteServersTestJSON-2125795193-project-member] Lock "np0000006323-np0000006323" "released" by "nova.scheduler.host_manager.HostState.update.._locked_update" :: held 0.004s {{(pid=93425) inner /opt/stack/data/venv/lib/python3.12/site-packages/oslo_concurrency/lockutils.py:544}}
Aug 03 06:35:43.607726 np0000006323 nova-scheduler[93425]: DEBUG nova.filters [None req-f6653341-7e81-43b7-8208-ad1e5d0e726e tempest-DeleteServersTestJSON-2125795193 tempest-DeleteServersTestJSON-2125795193-project-member] Starting with 1 host(s) {{(pid=93425) get_filtered_objects /opt/stack/nova/nova/filters.py:70}}
Aug 03 06:35:43.608191 np0000006323 nova-scheduler[93425]: DEBUG nova.filters [None req-f6653341-7e81-43b7-8208-ad1e5d0e726e tempest-DeleteServersTestJSON-2125795193 tempest-DeleteServersTestJSON-2125795193-project-member] Filter ComputeFilter returned 1 host(s) {{(pid=93425) get_filtered_objects /opt/stack/nova/nova/filters.py:102}}
Aug 03 06:35:43.608389 np0000006323 nova-scheduler[93425]: DEBUG nova.filters [None req-f6653341-7e81-43b7-8208-ad1e5d0e726e tempest-DeleteServersTestJSON-2125795193 tempest-DeleteServersTestJSON-2125795193-project-member] Filter ComputeCapabilitiesFilter returned 1 host(s) {{(pid=93425) get_filtered_objects /opt/stack/nova/nova/filters.py:102}}
Aug 03 06:35:43.608802 np0000006323 nova-scheduler[93425]: DEBUG nova.filters [None req-f6653341-7e81-43b7-8208-ad1e5d0e726e tempest-DeleteServersTestJSON-2125795193 tempest-DeleteServersTestJSON-2125795193-project-member] Filter ImagePropertiesFilter returned 1 host(s) {{(pid=93425) get_filtered_objects /opt/stack/nova/nova/filters.py:102}}
Aug 03 06:35:43.608944 np0000006323 nova-scheduler[93425]: DEBUG nova.filters [None req-f6653341-7e81-43b7-8208-ad1e5d0e726e tempest-DeleteServersTestJSON-2125795193 tempest-DeleteServersTestJSON-2125795193-project-member] Filter ServerGroupAntiAffinityFilter returned 1 host(s) {{(pid=93425) get_filtered_objects /opt/stack/nova/nova/filters.py:102}}
Aug 03 06:35:43.609134 np0000006323 nova-scheduler[93425]: DEBUG nova.filters [None req-f6653341-7e81-43b7-8208-ad1e5d0e726e tempest-DeleteServersTestJSON-2125795193 tempest-DeleteServersTestJSON-2125795193-project-member] Filter ServerGroupAffinityFilter returned 1 host(s) {{(pid=93425) get_filtered_objects /opt/stack/nova/nova/filters.py:102}}
Aug 03 06:35:43.609246 np0000006323 nova-scheduler[93425]: DEBUG nova.filters [None req-f6653341-7e81-43b7-8208-ad1e5d0e726e tempest-DeleteServersTestJSON-2125795193 tempest-DeleteServersTestJSON-2125795193-project-member] Filter SameHostFilter returned 1 host(s) {{(pid=93425) get_filtered_objects /opt/stack/nova/nova/filters.py:102}}
Aug 03 06:35:43.609368 np0000006323 nova-scheduler[93425]: DEBUG nova.filters [None req-f6653341-7e81-43b7-8208-ad1e5d0e726e tempest-DeleteServersTestJSON-2125795193 tempest-DeleteServersTestJSON-2125795193-project-member] Filter DifferentHostFilter returned 1 host(s) {{(pid=93425) get_filtered_objects /opt/stack/nova/nova/filters.py:102}}
Aug 03 06:35:43.609499 np0000006323 nova-scheduler[93425]: DEBUG nova.scheduler.manager [None req-f6653341-7e81-43b7-8208-ad1e5d0e726e tempest-DeleteServersTestJSON-2125795193 tempest-DeleteServersTestJSON-2125795193-project-member] Filtered [(np0000006323, np0000006323) ram: 62765MB disk: 74752MB io_ops: 0 instances: 0, allocation_candidates: 1] {{(pid=93425) _get_sorted_hosts /opt/stack/nova/nova/scheduler/manager.py:742}}
Aug 03 06:35:43.609715 np0000006323 nova-scheduler[93425]: DEBUG nova.scheduler.manager [None req-f6653341-7e81-43b7-8208-ad1e5d0e726e tempest-DeleteServersTestJSON-2125795193 tempest-DeleteServersTestJSON-2125795193-project-member] Weighed [WeighedHost [host: (np0000006323, np0000006323) ram: 62765MB disk: 74752MB io_ops: 0 instances: 0, allocation_candidates: 1, weight: 0.0]] {{(pid=93425) _get_sorted_hosts /opt/stack/nova/nova/scheduler/manager.py:764}}
Aug 03 06:35:43.609879 np0000006323 nova-scheduler[93425]: DEBUG nova.scheduler.utils [None req-f6653341-7e81-43b7-8208-ad1e5d0e726e tempest-DeleteServersTestJSON-2125795193 tempest-DeleteServersTestJSON-2125795193-project-member] Attempting to claim resources in the placement API for instance 6f52766a-35bc-4fd8-a101-2cee68cd35d7 {{(pid=93425) claim_resources /opt/stack/nova/nova/scheduler/utils.py:1345}}
Aug 03 06:35:43.665636 np0000006323 nova-scheduler[93427]: DEBUG dbcounter [-] [93427] Writer thread running {{(pid=93427) stat_writer /opt/stack/data/venv/lib/python3.12/site-packages/dbcounter.py:102}}
