Aug 03 06:33:35.574985 np0000006323 nova-conductor[95932]: DEBUG cotyledon.oslo_config_glue [-] oslo_messaging_rabbit.rabbit_quorum_delivery_limit = 0 {{(pid=95932) log_opt_values /opt/stack/data/venv/lib/python3.12/site-packages/oslo_config/cfg.py:3253}}
Aug 03 06:33:35.575014 np0000006323 nova-conductor[95932]: DEBUG cotyledon.oslo_config_glue [-] oslo_messaging_rabbit.rabbit_quorum_max_memory_bytes = 0 {{(pid=95932) log_opt_values /opt/stack/data/venv/lib/python3.12/site-packages/oslo_config/cfg.py:3253}}
Aug 03 06:33:35.575054 np0000006323 nova-conductor[95932]: DEBUG cotyledon.oslo_config_glue [-] oslo_messaging_rabbit.rabbit_quorum_max_memory_length = 0 {{(pid=95932) log_opt_values /opt/stack/data/venv/lib/python3.12/site-packages/oslo_config/cfg.py:3253}}
Aug 03 06:33:35.575086 np0000006323 nova-conductor[95932]: DEBUG cotyledon.oslo_config_glue [-] oslo_messaging_rabbit.rabbit_quorum_queue = False {{(pid=95932) log_opt_values /opt/stack/data/venv/lib/python3.12/site-packages/oslo_config/cfg.py:3253}}
Aug 03 06:33:35.575129 np0000006323 nova-conductor[95932]: DEBUG cotyledon.oslo_config_glue [-] oslo_messaging_rabbit.rabbit_retry_backoff = 2 {{(pid=95932) log_opt_values /opt/stack/data/venv/lib/python3.12/site-packages/oslo_config/cfg.py:3253}}
Aug 03 06:33:35.575186 np0000006323 nova-conductor[95932]: DEBUG cotyledon.oslo_config_glue [-] oslo_messaging_rabbit.rabbit_retry_interval = 1 {{(pid=95932) log_opt_values /opt/stack/data/venv/lib/python3.12/site-packages/oslo_config/cfg.py:3253}}
Aug 03 06:33:35.575223 np0000006323 nova-conductor[95932]: DEBUG cotyledon.oslo_config_glue [-] oslo_messaging_rabbit.rabbit_stream_fanout = False {{(pid=95932) log_opt_values /opt/stack/data/venv/lib/python3.12/site-packages/oslo_config/cfg.py:3253}}
Aug 03 06:33:35.575266 np0000006323 nova-conductor[95932]: DEBUG cotyledon.oslo_config_glue [-] oslo_messaging_rabbit.rabbit_transient_queues_ttl = 1800 {{(pid=95932) log_opt_values /opt/stack/data/venv/lib/python3.12/site-packages/oslo_config/cfg.py:3253}}
Aug 03 06:33:35.575304 np0000006323 nova-conductor[95932]: DEBUG cotyledon.oslo_config_glue [-] oslo_messaging_rabbit.rabbit_transient_quorum_queue = False {{(pid=95932) log_opt_values /opt/stack/data/venv/lib/python3.12/site-packages/oslo_config/cfg.py:3253}}
Aug 03 06:33:35.575342 np0000006323 nova-conductor[95932]: DEBUG cotyledon.oslo_config_glue [-] oslo_messaging_rabbit.rpc_conn_pool_size = 30 {{(pid=95932) log_opt_values /opt/stack/data/venv/lib/python3.12/site-packages/oslo_config/cfg.py:3253}}
Aug 03 06:33:35.575388 np0000006323 nova-conductor[95932]: DEBUG cotyledon.oslo_config_glue [-] oslo_messaging_rabbit.ssl = False {{(pid=95932) log_opt_values /opt/stack/data/venv/lib/python3.12/site-packages/oslo_config/cfg.py:3253}}
Aug 03 06:33:35.575427 np0000006323 nova-conductor[95932]: DEBUG cotyledon.oslo_config_glue [-] oslo_messaging_rabbit.ssl_ca_file = {{(pid=95932) log_opt_values /opt/stack/data/venv/lib/python3.12/site-packages/oslo_config/cfg.py:3253}}
Aug 03 06:33:35.575463 np0000006323 nova-conductor[95932]: DEBUG cotyledon.oslo_config_glue [-] oslo_messaging_rabbit.ssl_cert_file = {{(pid=95932) log_opt_values /opt/stack/data/venv/lib/python3.12/site-packages/oslo_config/cfg.py:3253}}
Aug 03 06:33:35.575499 np0000006323 nova-conductor[95932]: DEBUG cotyledon.oslo_config_glue [-] oslo_messaging_rabbit.ssl_enforce_fips_mode = False {{(pid=95932) log_opt_values /opt/stack/data/venv/lib/python3.12/site-packages/oslo_config/cfg.py:3253}}
Aug 03 06:33:35.575535 np0000006323 nova-conductor[95932]: DEBUG cotyledon.oslo_config_glue [-] oslo_messaging_rabbit.ssl_enforce_hostname_verification = True {{(pid=95932) log_opt_values /opt/stack/data/venv/lib/python3.12/site-packages/oslo_config/cfg.py:3253}}
Aug 03 06:33:35.575571 np0000006323 nova-conductor[95932]: DEBUG cotyledon.oslo_config_glue [-] oslo_messaging_rabbit.ssl_key_file = {{(pid=95932) log_opt_values /opt/stack/data/venv/lib/python3.12/site-packages/oslo_config/cfg.py:3253}}
Aug 03 06:33:35.575614 np0000006323 nova-conductor[95932]: DEBUG cotyledon.oslo_config_glue [-] oslo_messaging_rabbit.ssl_version = {{(pid=95932) log_opt_values /opt/stack/data/venv/lib/python3.12/site-packages/oslo_config/cfg.py:3253}}
Aug 03 06:33:35.575664 np0000006323 nova-conductor[95932]: DEBUG cotyledon.oslo_config_glue [-] oslo_messaging_rabbit.use_queue_manager = False {{(pid=95932) log_opt_values /opt/stack/data/venv/lib/python3.12/site-packages/oslo_config/cfg.py:3253}}
Aug 03 06:33:35.575723 np0000006323 nova-conductor[95932]: DEBUG cotyledon.oslo_config_glue [-] oslo_messaging_notifications.driver = ['messagingv2'] {{(pid=95932) log_opt_values /opt/stack/data/venv/lib/python3.12/site-packages/oslo_config/cfg.py:3253}}
Aug 03 06:33:35.575764 np0000006323 nova-conductor[95932]: DEBUG cotyledon.oslo_config_glue [-] oslo_messaging_notifications.retry = -1 {{(pid=95932) log_opt_values /opt/stack/data/venv/lib/python3.12/site-packages/oslo_config/cfg.py:3253}}
Aug 03 06:33:35.575807 np0000006323 nova-conductor[95932]: DEBUG cotyledon.oslo_config_glue [-] oslo_messaging_notifications.topics = ['notifications'] {{(pid=95932) log_opt_values /opt/stack/data/venv/lib/python3.12/site-packages/oslo_config/cfg.py:3253}}
Aug 03 06:33:35.575846 np0000006323 nova-conductor[95932]: DEBUG cotyledon.oslo_config_glue [-] oslo_messaging_notifications.transport_url = **** {{(pid=95932) log_opt_values /opt/stack/data/venv/lib/python3.12/site-packages/oslo_config/cfg.py:3253}}
Aug 03 06:33:35.575907 np0000006323 nova-conductor[95932]: DEBUG cotyledon.oslo_config_glue [-] oslo_limit.auth_section = None {{(pid=95932) log_opt_values /opt/stack/data/venv/lib/python3.12/site-packages/oslo_config/cfg.py:3253}}
Aug 03 06:33:35.575945 np0000006323 nova-conductor[95932]: DEBUG cotyledon.oslo_config_glue [-] oslo_limit.auth_type = None {{(pid=95932) log_opt_values /opt/stack/data/venv/lib/python3.12/site-packages/oslo_config/cfg.py:3253}}
Aug 03 06:33:35.575988 np0000006323 nova-conductor[95932]: DEBUG cotyledon.oslo_config_glue [-] oslo_limit.cafile = None {{(pid=95932) log_opt_values /opt/stack/data/venv/lib/python3.12/site-packages/oslo_config/cfg.py:3253}}
Aug 03 06:33:35.576029 np0000006323 nova-conductor[95932]: DEBUG cotyledon.oslo_config_glue [-] oslo_limit.certfile = None {{(pid=95932) log_opt_values /opt/stack/data/venv/lib/python3.12/site-packages/oslo_config/cfg.py:3253}}
Aug 03 06:33:35.576061 np0000006323 nova-conductor[95932]: DEBUG cotyledon.oslo_config_glue [-] oslo_limit.collect_timing = False {{(pid=95932) log_opt_values /opt/stack/data/venv/lib/python3.12/site-packages/oslo_config/cfg.py:3253}}
Aug 03 06:33:35.576087 np0000006323 nova-conductor[95932]: DEBUG cotyledon.oslo_config_glue [-] oslo_limit.connect_retries = None {{(pid=95932) log_opt_values /opt/stack/data/venv/lib/python3.12/site-packages/oslo_config/cfg.py:3253}}
Aug 03 06:33:35.576117 np0000006323 nova-conductor[95932]: DEBUG cotyledon.oslo_config_glue [-] oslo_limit.connect_retry_delay = None {{(pid=95932) log_opt_values /opt/stack/data/venv/lib/python3.12/site-packages/oslo_config/cfg.py:3253}}
Aug 03 06:33:35.576157 np0000006323 nova-conductor[95932]: DEBUG cotyledon.oslo_config_glue [-] oslo_limit.endpoint_id = None {{(pid=95932) log_opt_values /opt/stack/data/venv/lib/python3.12/site-packages/oslo_config/cfg.py:3253}}
Aug 03 06:33:35.576212 np0000006323 nova-conductor[95932]: DEBUG cotyledon.oslo_config_glue [-] oslo_limit.endpoint_interface = public {{(pid=95932) log_opt_values /opt/stack/data/venv/lib/python3.12/site-packages/oslo_config/cfg.py:3253}}
Aug 03 06:33:35.576249 np0000006323 nova-conductor[95932]: DEBUG cotyledon.oslo_config_glue [-] oslo_limit.endpoint_override = None {{(pid=95932) log_opt_values /opt/stack/data/venv/lib/python3.12/site-packages/oslo_config/cfg.py:3253}}
Aug 03 06:33:35.576279 np0000006323 nova-conductor[95932]: DEBUG cotyledon.oslo_config_glue [-] oslo_limit.endpoint_region_name = None {{(pid=95932) log_opt_values /opt/stack/data/venv/lib/python3.12/site-packages/oslo_config/cfg.py:3253}}
Aug 03 06:33:35.576329 np0000006323 nova-conductor[95932]: DEBUG cotyledon.oslo_config_glue [-] oslo_limit.endpoint_service_name = None {{(pid=95932) log_opt_values /opt/stack/data/venv/lib/python3.12/site-packages/oslo_config/cfg.py:3253}}
Aug 03 06:33:35.576367 np0000006323 nova-conductor[95932]: DEBUG cotyledon.oslo_config_glue [-] oslo_limit.endpoint_service_type = None {{(pid=95932) log_opt_values /opt/stack/data/venv/lib/python3.12/site-packages/oslo_config/cfg.py:3253}}
Aug 03 06:33:35.576402 np0000006323 nova-conductor[95932]: DEBUG cotyledon.oslo_config_glue [-] oslo_limit.insecure = False {{(pid=95932) log_opt_values /opt/stack/data/venv/lib/python3.12/site-packages/oslo_config/cfg.py:3253}}
Aug 03 06:33:35.576435 np0000006323 nova-conductor[95932]: DEBUG cotyledon.oslo_config_glue [-] oslo_limit.keyfile = None {{(pid=95932) log_opt_values /opt/stack/data/venv/lib/python3.12/site-packages/oslo_config/cfg.py:3253}}
Aug 03 06:33:35.576467 np0000006323 nova-conductor[95932]: DEBUG cotyledon.oslo_config_glue [-] oslo_limit.max_version = None {{(pid=95932) log_opt_values /opt/stack/data/venv/lib/python3.12/site-packages/oslo_config/cfg.py:3253}}
Aug 03 06:33:35.576497 np0000006323 nova-conductor[95932]: DEBUG cotyledon.oslo_config_glue [-] oslo_limit.min_version = None {{(pid=95932) log_opt_values /opt/stack/data/venv/lib/python3.12/site-packages/oslo_config/cfg.py:3253}}
Aug 03 06:33:35.576536 np0000006323 nova-conductor[95932]: DEBUG cotyledon.oslo_config_glue [-] oslo_limit.region_name = None {{(pid=95932) log_opt_values /opt/stack/data/venv/lib/python3.12/site-packages/oslo_config/cfg.py:3253}}
Aug 03 06:33:35.576567 np0000006323 nova-conductor[95932]: DEBUG cotyledon.oslo_config_glue [-] oslo_limit.retriable_status_codes = None {{(pid=95932) log_opt_values /opt/stack/data/venv/lib/python3.12/site-packages/oslo_config/cfg.py:3253}}
Aug 03 06:33:35.576612 np0000006323 nova-conductor[95932]: DEBUG cotyledon.oslo_config_glue [-] oslo_limit.service_name = None {{(pid=95932) log_opt_values /opt/stack/data/venv/lib/python3.12/site-packages/oslo_config/cfg.py:3253}}
Aug 03 06:33:35.576642 np0000006323 nova-conductor[95932]: DEBUG cotyledon.oslo_config_glue [-] oslo_limit.service_type = None {{(pid=95932) log_opt_values /opt/stack/data/venv/lib/python3.12/site-packages/oslo_config/cfg.py:3253}}
Aug 03 06:33:35.576700 np0000006323 nova-conductor[95932]: DEBUG cotyledon.oslo_config_glue [-] oslo_limit.split_loggers = False {{(pid=95932) log_opt_values /opt/stack/data/venv/lib/python3.12/site-packages/oslo_config/cfg.py:3253}}
Aug 03 06:33:35.576730 np0000006323 nova-conductor[95932]: DEBUG cotyledon.oslo_config_glue [-] oslo_limit.status_code_retries = None {{(pid=95932) log_opt_values /opt/stack/data/venv/lib/python3.12/site-packages/oslo_config/cfg.py:3253}}
Aug 03 06:33:35.576772 np0000006323 nova-conductor[95932]: DEBUG cotyledon.oslo_config_glue [-] oslo_limit.status_code_retry_delay = None {{(pid=95932) log_opt_values /opt/stack/data/venv/lib/python3.12/site-packages/oslo_config/cfg.py:3253}}
Aug 03 06:33:35.576810 np0000006323 nova-conductor[95932]: DEBUG cotyledon.oslo_config_glue [-] oslo_limit.timeout = None {{(pid=95932) log_opt_values /opt/stack/data/venv/lib/python3.12/site-packages/oslo_config/cfg.py:3253}}
Aug 03 06:33:35.576845 np0000006323 nova-conductor[95932]: DEBUG cotyledon.oslo_config_glue [-] oslo_limit.valid_interfaces = None {{(pid=95932) log_opt_values /opt/stack/data/venv/lib/python3.12/site-packages/oslo_config/cfg.py:3253}}
Aug 03 06:33:35.576880 np0000006323 nova-conductor[95932]: DEBUG cotyledon.oslo_config_glue [-] oslo_limit.version = None {{(pid=95932) log_opt_values /opt/stack/data/venv/lib/python3.12/site-packages/oslo_config/cfg.py:3253}}
Aug 03 06:33:35.576935 np0000006323 nova-conductor[95932]: DEBUG cotyledon.oslo_config_glue [-] oslo_reports.file_event_handler = None {{(pid=95932) log_opt_values /opt/stack/data/venv/lib/python3.12/site-packages/oslo_config/cfg.py:3253}}
Aug 03 06:33:35.576971 np0000006323 nova-conductor[95932]: DEBUG cotyledon.oslo_config_glue [-] oslo_reports.file_event_handler_interval = 1 {{(pid=95932) log_opt_values /opt/stack/data/venv/lib/python3.12/site-packages/oslo_config/cfg.py:3253}}
Aug 03 06:33:35.577017 np0000006323 nova-conductor[95932]: DEBUG cotyledon.oslo_config_glue [-] oslo_reports.log_dir = None {{(pid=95932) log_opt_values /opt/stack/data/venv/lib/python3.12/site-packages/oslo_config/cfg.py:3253}}
Aug 03 06:33:35.577047 np0000006323 nova-conductor[95932]: DEBUG cotyledon.oslo_config_glue [-] ******************************************************************************** {{(pid=95932) log_opt_values /opt/stack/data/venv/lib/python3.12/site-packages/oslo_config/cfg.py:3260}}
Aug 03 06:33:35.577175 np0000006323 nova-conductor[95937]: INFO dbcounter [None req-da23d963-741c-4640-b113-02666acee7cd None None] Registered counter for database nova_cell0
Aug 03 06:33:35.577208 np0000006323 nova-conductor[95932]: DEBUG cotyledon._service_worker [-] Run service ServiceWrapper(1) [95932] {{(pid=95932) wait_forever /opt/stack/data/venv/lib/python3.12/site-packages/cotyledon/_service_worker.py:218}}
Aug 03 06:33:35.578437 np0000006323 nova-conductor[95932]: INFO nova.service [-] Starting conductor node (version 33.1.0)
Aug 03 06:33:35.582079 np0000006323 nova-conductor[95926]: DEBUG oslo_db.sqlalchemy.engines [None req-e48a7849-05f2-4792-8fc9-b1c78a9e38e2 None None] MySQL server mode set to STRICT_TRANS_TABLES,STRICT_ALL_TABLES,NO_ZERO_IN_DATE,NO_ZERO_DATE,ERROR_FOR_DIVISION_BY_ZERO,TRADITIONAL,NO_ENGINE_SUBSTITUTION {{(pid=95926) _check_effective_sql_mode /opt/stack/data/venv/lib/python3.12/site-packages/oslo_db/sqlalchemy/engines.py:325}}
Aug 03 06:33:35.582704 np0000006323 nova-conductor[95932]: INFO dbcounter [None req-5cceaf82-4371-4fca-ac62-fdb318870b8a None None] Registered counter for database nova_cell0
Aug 03 06:33:35.593109 np0000006323 nova-conductor[95926]: DEBUG dbcounter [-] [95926] Writer thread running {{(pid=95926) stat_writer /opt/stack/data/venv/lib/python3.12/site-packages/dbcounter.py:102}}
Aug 03 06:33:35.608985 np0000006323 nova-conductor[95926]: DEBUG nova.service [None req-e48a7849-05f2-4792-8fc9-b1c78a9e38e2 None None] Creating RPC server for service: nova-conductor on topic: conductor {{(pid=95926) start /opt/stack/nova/nova/service.py:196}}
Aug 03 06:33:35.620829 np0000006323 nova-conductor[95932]: DEBUG oslo_db.sqlalchemy.engines [None req-5cceaf82-4371-4fca-ac62-fdb318870b8a None None] MySQL server mode set to STRICT_TRANS_TABLES,STRICT_ALL_TABLES,NO_ZERO_IN_DATE,NO_ZERO_DATE,ERROR_FOR_DIVISION_BY_ZERO,TRADITIONAL,NO_ENGINE_SUBSTITUTION {{(pid=95932) _check_effective_sql_mode /opt/stack/data/venv/lib/python3.12/site-packages/oslo_db/sqlalchemy/engines.py:325}}
Aug 03 06:33:35.626785 np0000006323 nova-conductor[95937]: DEBUG oslo_db.sqlalchemy.engines [None req-da23d963-741c-4640-b113-02666acee7cd None None] MySQL server mode set to STRICT_TRANS_TABLES,STRICT_ALL_TABLES,NO_ZERO_IN_DATE,NO_ZERO_DATE,ERROR_FOR_DIVISION_BY_ZERO,TRADITIONAL,NO_ENGINE_SUBSTITUTION {{(pid=95937) _check_effective_sql_mode /opt/stack/data/venv/lib/python3.12/site-packages/oslo_db/sqlalchemy/engines.py:325}}
Aug 03 06:33:35.632749 np0000006323 nova-conductor[95932]: DEBUG dbcounter [-] [95932] Writer thread running {{(pid=95932) stat_writer /opt/stack/data/venv/lib/python3.12/site-packages/dbcounter.py:102}}
Aug 03 06:33:35.636748 np0000006323 nova-conductor[95937]: DEBUG dbcounter [-] [95937] Writer thread running {{(pid=95937) stat_writer /opt/stack/data/venv/lib/python3.12/site-packages/dbcounter.py:102}}
Aug 03 06:33:35.638085 np0000006323 nova-conductor[95932]: DEBUG nova.service [None req-5cceaf82-4371-4fca-ac62-fdb318870b8a None None] Creating RPC server for service: nova-conductor on topic: conductor {{(pid=95932) start /opt/stack/nova/nova/service.py:196}}
Aug 03 06:33:35.639664 np0000006323 nova-conductor[95937]: DEBUG nova.service [None req-da23d963-741c-4640-b113-02666acee7cd None None] Creating RPC server for service: nova-conductor on topic: conductor {{(pid=95937) start /opt/stack/nova/nova/service.py:196}}
Aug 03 06:33:35.640235 np0000006323 nova-conductor[95926]: DEBUG nova.service [None req-e48a7849-05f2-4792-8fc9-b1c78a9e38e2 None None] Join ServiceGroup membership for this service conductor {{(pid=95926) start /opt/stack/nova/nova/service.py:222}}
Aug 03 06:33:35.640431 np0000006323 nova-conductor[95926]: DEBUG nova.servicegroup.drivers.db [None req-e48a7849-05f2-4792-8fc9-b1c78a9e38e2 None None] DB_Driver: join new ServiceGroup member np0000006323 to the conductor group, service = {{(pid=95926) join /opt/stack/nova/nova/servicegroup/drivers/db.py:44}}
Aug 03 06:33:35.658603 np0000006323 nova-conductor[95932]: DEBUG nova.service [None req-5cceaf82-4371-4fca-ac62-fdb318870b8a None None] Join ServiceGroup membership for this service conductor {{(pid=95932) start /opt/stack/nova/nova/service.py:222}}
Aug 03 06:33:35.658860 np0000006323 nova-conductor[95932]: DEBUG nova.servicegroup.drivers.db [None req-5cceaf82-4371-4fca-ac62-fdb318870b8a None None] DB_Driver: join new ServiceGroup member np0000006323 to the conductor group, service = {{(pid=95932) join /opt/stack/nova/nova/servicegroup/drivers/db.py:44}}
Aug 03 06:33:35.659303 np0000006323 nova-conductor[95937]: DEBUG nova.service [None req-da23d963-741c-4640-b113-02666acee7cd None None] Join ServiceGroup membership for this service conductor {{(pid=95937) start /opt/stack/nova/nova/service.py:222}}
Aug 03 06:33:35.659965 np0000006323 nova-conductor[95937]: DEBUG nova.servicegroup.drivers.db [None req-da23d963-741c-4640-b113-02666acee7cd None None] DB_Driver: join new ServiceGroup member np0000006323 to the conductor group, service = {{(pid=95937) join /opt/stack/nova/nova/servicegroup/drivers/db.py:44}}
Aug 03 06:33:40.655374 np0000006323 nova-conductor[95926]: DEBUG oslo.service.backend._threading.loopingcall [-] Fixed interval looping call 'nova.servicegroup.drivers.db.DbDriver._report_state' sleeping for 119.99 seconds {{(pid=95926) _run_loop /opt/stack/data/venv/lib/python3.12/site-packages/oslo_service/backend/_threading/loopingcall.py:125}}
Aug 03 06:33:40.667462 np0000006323 nova-conductor[95932]: DEBUG oslo.service.backend._threading.loopingcall [-] Fixed interval looping call 'nova.servicegroup.drivers.db.DbDriver._report_state' sleeping for 119.99 seconds {{(pid=95932) _run_loop /opt/stack/data/venv/lib/python3.12/site-packages/oslo_service/backend/_threading/loopingcall.py:125}}
Aug 03 06:33:40.681620 np0000006323 nova-conductor[95937]: DEBUG oslo.service.backend._threading.loopingcall [-] Fixed interval looping call 'nova.servicegroup.drivers.db.DbDriver._report_state' sleeping for 119.98 seconds {{(pid=95937) _run_loop /opt/stack/data/venv/lib/python3.12/site-packages/oslo_service/backend/_threading/loopingcall.py:125}}
Aug 03 06:33:44.241331 np0000006323 nova-conductor[94425]: DEBUG dbcounter [-] [94425] Writing DB stats nova_api:SELECT=1 {{(pid=94425) stat_writer /opt/stack/data/venv/lib/python3.12/site-packages/dbcounter.py:115}}
Aug 03 06:33:44.361740 np0000006323 nova-conductor[94425]: DEBUG dbcounter [-] [94425] Writing DB stats nova_cell0:SELECT=1 {{(pid=94425) stat_writer /opt/stack/data/venv/lib/python3.12/site-packages/dbcounter.py:115}}
Aug 03 06:33:44.371913 np0000006323 nova-conductor[94425]: DEBUG dbcounter [-] [94425] Writing DB stats nova_cell1:SELECT=1 {{(pid=94425) stat_writer /opt/stack/data/venv/lib/python3.12/site-packages/dbcounter.py:115}}
Aug 03 06:33:50.654956 np0000006323 nova-conductor[95926]: DEBUG dbcounter [-] [95926] Writing DB stats nova_cell0:SELECT=4,nova_cell0:INSERT=1,nova_cell0:UPDATE=1 {{(pid=95926) stat_writer /opt/stack/data/venv/lib/python3.12/site-packages/dbcounter.py:115}}
Aug 03 06:33:50.665357 np0000006323 nova-conductor[95932]: DEBUG dbcounter [-] [95932] Writing DB stats nova_cell0:SELECT=3 {{(pid=95932) stat_writer /opt/stack/data/venv/lib/python3.12/site-packages/dbcounter.py:115}}
Aug 03 06:33:50.673669 np0000006323 nova-conductor[95937]: DEBUG dbcounter [-] [95937] Writing DB stats nova_cell0:SELECT=3 {{(pid=95937) stat_writer /opt/stack/data/venv/lib/python3.12/site-packages/dbcounter.py:115}}
Aug 03 06:33:57.662495 np0000006323 nova-conductor[95937]: DEBUG oslo.service.backend._threading.loopingcall [None req-2ae00cca-b17d-4918-9cce-7732b5853ccc None None] Dynamic interval looping call 'nova.service.Service.periodic_tasks' sleeping for 60.00 seconds {{(pid=95937) _run_loop /opt/stack/data/venv/lib/python3.12/site-packages/oslo_service/backend/_threading/loopingcall.py:125}}
Aug 03 06:33:59.642406 np0000006323 nova-conductor[95926]: DEBUG oslo.service.backend._threading.loopingcall [None req-d11a5824-9203-4e6d-8bb3-d6a51a4577de None None] Dynamic interval looping call 'nova.service.Service.periodic_tasks' sleeping for 60.00 seconds {{(pid=95926) _run_loop /opt/stack/data/venv/lib/python3.12/site-packages/oslo_service/backend/_threading/loopingcall.py:125}}
Aug 03 06:34:27.660618 np0000006323 nova-conductor[95932]: DEBUG oslo.service.backend._threading.loopingcall [None req-9122850a-d8cf-48f4-b342-44bbf0c56f82 None None] Dynamic interval looping call 'nova.service.Service.periodic_tasks' sleeping for 60.00 seconds {{(pid=95932) _run_loop /opt/stack/data/venv/lib/python3.12/site-packages/oslo_service/backend/_threading/loopingcall.py:125}}
Aug 03 06:34:57.662978 np0000006323 nova-conductor[95937]: DEBUG oslo.service.backend._threading.loopingcall [None req-2ae00cca-b17d-4918-9cce-7732b5853ccc None None] Dynamic interval looping call 'nova.service.Service.periodic_tasks' sleeping for 60.00 seconds {{(pid=95937) _run_loop /opt/stack/data/venv/lib/python3.12/site-packages/oslo_service/backend/_threading/loopingcall.py:125}}
Aug 03 06:34:59.642882 np0000006323 nova-conductor[95926]: DEBUG oslo.service.backend._threading.loopingcall [None req-d11a5824-9203-4e6d-8bb3-d6a51a4577de None None] Dynamic interval looping call 'nova.service.Service.periodic_tasks' sleeping for 60.00 seconds {{(pid=95926) _run_loop /opt/stack/data/venv/lib/python3.12/site-packages/oslo_service/backend/_threading/loopingcall.py:125}}
Aug 03 06:35:27.661409 np0000006323 nova-conductor[95932]: DEBUG oslo.service.backend._threading.loopingcall [None req-9122850a-d8cf-48f4-b342-44bbf0c56f82 None None] Dynamic interval looping call 'nova.service.Service.periodic_tasks' sleeping for 60.00 seconds {{(pid=95932) _run_loop /opt/stack/data/venv/lib/python3.12/site-packages/oslo_service/backend/_threading/loopingcall.py:125}}
Aug 03 06:35:40.653100 np0000006323 nova-conductor[95926]: DEBUG oslo.service.backend._threading.loopingcall [-] Fixed interval looping call 'nova.servicegroup.drivers.db.DbDriver._report_state' sleeping for 119.99 seconds {{(pid=95926) _run_loop /opt/stack/data/venv/lib/python3.12/site-packages/oslo_service/backend/_threading/loopingcall.py:125}}
Aug 03 06:35:40.661510 np0000006323 nova-conductor[95932]: DEBUG oslo.service.backend._threading.loopingcall [-] Fixed interval looping call 'nova.servicegroup.drivers.db.DbDriver._report_state' sleeping for 120.00 seconds {{(pid=95932) _run_loop /opt/stack/data/venv/lib/python3.12/site-packages/oslo_service/backend/_threading/loopingcall.py:125}}
Aug 03 06:35:40.667042 np0000006323 nova-conductor[95937]: DEBUG oslo.service.backend._threading.loopingcall [-] Fixed interval looping call 'nova.servicegroup.drivers.db.DbDriver._report_state' sleeping for 119.99 seconds {{(pid=95937) _run_loop /opt/stack/data/venv/lib/python3.12/site-packages/oslo_service/backend/_threading/loopingcall.py:125}}
Aug 03 06:35:42.804979 np0000006323 nova-conductor[95926]: DEBUG oslo_db.sqlalchemy.engines [None req-f6653341-7e81-43b7-8208-ad1e5d0e726e tempest-DeleteServersTestJSON-2125795193 tempest-DeleteServersTestJSON-2125795193-project-member] Parent process 94425 forked (95926) with an open database connection, which is being discarded and recreated. {{(pid=95926) checkout /opt/stack/data/venv/lib/python3.12/site-packages/oslo_db/sqlalchemy/engines.py:402}}
Aug 03 06:35:42.847106 np0000006323 nova-conductor[95926]: DEBUG dbcounter [-] [95926] Writer thread running {{(pid=95926) stat_writer /opt/stack/data/venv/lib/python3.12/site-packages/dbcounter.py:102}}
Aug 03 06:35:43.416371 np0000006323 nova-conductor[95932]: DEBUG dbcounter [-] [95932] Writer thread running {{(pid=95932) stat_writer /opt/stack/data/venv/lib/python3.12/site-packages/dbcounter.py:102}}
Aug 03 06:35:43.799199 np0000006323 nova-conductor[95926]: DEBUG nova.conductor.manager [None req-f6653341-7e81-43b7-8208-ad1e5d0e726e tempest-DeleteServersTestJSON-2125795193 tempest-DeleteServersTestJSON-2125795193-project-member] Took 0.95 seconds to select destinations for 1 instance(s). {{(pid=95926) _schedule_instances /opt/stack/nova/nova/conductor/manager.py:968}}
Aug 03 06:35:43.824958 np0000006323 nova-conductor[95926]: DEBUG oslo_concurrency.lockutils [None req-f6653341-7e81-43b7-8208-ad1e5d0e726e tempest-DeleteServersTestJSON-2125795193 tempest-DeleteServersTestJSON-2125795193-project-member] Acquiring lock "d7118260-a98a-413a-9090-32085d3de07a" by "nova.context.set_target_cell..get_or_set_cached_cell_and_set_connections" {{(pid=95926) inner /opt/stack/data/venv/lib/python3.12/site-packages/oslo_concurrency/lockutils.py:512}}
Aug 03 06:35:43.825399 np0000006323 nova-conductor[95926]: DEBUG oslo_concurrency.lockutils [None req-f6653341-7e81-43b7-8208-ad1e5d0e726e tempest-DeleteServersTestJSON-2125795193 tempest-DeleteServersTestJSON-2125795193-project-member] Lock "d7118260-a98a-413a-9090-32085d3de07a" acquired by "nova.context.set_target_cell..get_or_set_cached_cell_and_set_connections" :: waited 0.000s {{(pid=95926) inner /opt/stack/data/venv/lib/python3.12/site-packages/oslo_concurrency/lockutils.py:525}}
Aug 03 06:35:43.826711 np0000006323 nova-conductor[95926]: DEBUG oslo_concurrency.lockutils [None req-f6653341-7e81-43b7-8208-ad1e5d0e726e tempest-DeleteServersTestJSON-2125795193 tempest-DeleteServersTestJSON-2125795193-project-member] Lock "d7118260-a98a-413a-9090-32085d3de07a" "released" by "nova.context.set_target_cell..get_or_set_cached_cell_and_set_connections" :: held 0.001s {{(pid=95926) inner /opt/stack/data/venv/lib/python3.12/site-packages/oslo_concurrency/lockutils.py:544}}
Aug 03 06:35:43.828719 np0000006323 nova-conductor[95926]: INFO dbcounter [None req-f6653341-7e81-43b7-8208-ad1e5d0e726e tempest-DeleteServersTestJSON-2125795193 tempest-DeleteServersTestJSON-2125795193-project-member] Registered counter for database nova_cell1
Aug 03 06:35:43.867252 np0000006323 nova-conductor[95926]: DEBUG oslo_db.sqlalchemy.engines [None req-f6653341-7e81-43b7-8208-ad1e5d0e726e tempest-DeleteServersTestJSON-2125795193 tempest-DeleteServersTestJSON-2125795193-project-member] MySQL server mode set to STRICT_TRANS_TABLES,STRICT_ALL_TABLES,NO_ZERO_IN_DATE,NO_ZERO_DATE,ERROR_FOR_DIVISION_BY_ZERO,TRADITIONAL,NO_ENGINE_SUBSTITUTION {{(pid=95926) _check_effective_sql_mode /opt/stack/data/venv/lib/python3.12/site-packages/oslo_db/sqlalchemy/engines.py:325}}
Aug 03 06:35:43.872491 np0000006323 nova-conductor[95926]: DEBUG dbcounter [-] [95926] Writer thread running {{(pid=95926) stat_writer /opt/stack/data/venv/lib/python3.12/site-packages/dbcounter.py:102}}
Aug 03 06:35:43.875414 np0000006323 nova-conductor[95932]: DEBUG nova.conductor.manager [None req-b5ce6263-a171-47a9-a80b-c7ab861ab6cb tempest-ServerRescueNegativeTestJSON-667404809 tempest-ServerRescueNegativeTestJSON-667404809-project-member] Took 0.46 seconds to select destinations for 1 instance(s). {{(pid=95932) _schedule_instances /opt/stack/nova/nova/conductor/manager.py:968}}
Aug 03 06:35:43.901647 np0000006323 nova-conductor[95932]: DEBUG oslo_concurrency.lockutils [None req-b5ce6263-a171-47a9-a80b-c7ab861ab6cb tempest-ServerRescueNegativeTestJSON-667404809 tempest-ServerRescueNegativeTestJSON-667404809-project-member] Acquiring lock "d7118260-a98a-413a-9090-32085d3de07a" by "nova.context.set_target_cell..get_or_set_cached_cell_and_set_connections" {{(pid=95932) inner /opt/stack/data/venv/lib/python3.12/site-packages/oslo_concurrency/lockutils.py:512}}
Aug 03 06:35:43.901858 np0000006323 nova-conductor[95932]: DEBUG oslo_concurrency.lockutils [None req-b5ce6263-a171-47a9-a80b-c7ab861ab6cb tempest-ServerRescueNegativeTestJSON-667404809 tempest-ServerRescueNegativeTestJSON-667404809-project-member] Lock "d7118260-a98a-413a-9090-32085d3de07a" acquired by "nova.context.set_target_cell..get_or_set_cached_cell_and_set_connections" :: waited 0.000s {{(pid=95932) inner /opt/stack/data/venv/lib/python3.12/site-packages/oslo_concurrency/lockutils.py:525}}
Aug 03 06:35:43.903449 np0000006323 nova-conductor[95932]: DEBUG oslo_concurrency.lockutils [None req-b5ce6263-a171-47a9-a80b-c7ab861ab6cb tempest-ServerRescueNegativeTestJSON-667404809 tempest-ServerRescueNegativeTestJSON-667404809-project-member] Lock "d7118260-a98a-413a-9090-32085d3de07a" "released" by "nova.context.set_target_cell..get_or_set_cached_cell_and_set_connections" :: held 0.001s {{(pid=95932) inner /opt/stack/data/venv/lib/python3.12/site-packages/oslo_concurrency/lockutils.py:544}}
Aug 03 06:35:43.905237 np0000006323 nova-conductor[95932]: INFO dbcounter [None req-b5ce6263-a171-47a9-a80b-c7ab861ab6cb tempest-ServerRescueNegativeTestJSON-667404809 tempest-ServerRescueNegativeTestJSON-667404809-project-member] Registered counter for database nova_cell1
Aug 03 06:35:43.936434 np0000006323 nova-conductor[95926]: INFO nova.utils [None req-f6653341-7e81-43b7-8208-ad1e5d0e726e tempest-DeleteServersTestJSON-2125795193 tempest-DeleteServersTestJSON-2125795193-project-member] The cell worker thread pool ForkProcess-1.cell_worker is initialized
Aug 03 06:35:43.936434 np0000006323 nova-conductor[95926]: DEBUG oslo_concurrency.lockutils [None req-f6653341-7e81-43b7-8208-ad1e5d0e726e tempest-DeleteServersTestJSON-2125795193 tempest-DeleteServersTestJSON-2125795193-project-member] Acquiring lock "00000000-0000-0000-0000-000000000000" by "nova.context.set_target_cell..get_or_set_cached_cell_and_set_connections" {{(pid=95926) inner /opt/stack/data/venv/lib/python3.12/site-packages/oslo_concurrency/lockutils.py:512}}
Aug 03 06:35:43.936595 np0000006323 nova-conductor[95926]: DEBUG oslo_concurrency.lockutils [None req-f6653341-7e81-43b7-8208-ad1e5d0e726e tempest-DeleteServersTestJSON-2125795193 tempest-DeleteServersTestJSON-2125795193-project-member] Lock "00000000-0000-0000-0000-000000000000" acquired by "nova.context.set_target_cell..get_or_set_cached_cell_and_set_connections" :: waited 0.000s {{(pid=95926) inner /opt/stack/data/venv/lib/python3.12/site-packages/oslo_concurrency/lockutils.py:525}}
Aug 03 06:35:43.937196 np0000006323 nova-conductor[95926]: DEBUG oslo_concurrency.lockutils [None req-f6653341-7e81-43b7-8208-ad1e5d0e726e tempest-DeleteServersTestJSON-2125795193 tempest-DeleteServersTestJSON-2125795193-project-member] Lock "00000000-0000-0000-0000-000000000000" "released" by "nova.context.set_target_cell..get_or_set_cached_cell_and_set_connections" :: held 0.001s {{(pid=95926) inner /opt/stack/data/venv/lib/python3.12/site-packages/oslo_concurrency/lockutils.py:544}}
Aug 03 06:35:43.938192 np0000006323 nova-conductor[95926]: DEBUG oslo_concurrency.lockutils [None req-f6653341-7e81-43b7-8208-ad1e5d0e726e tempest-DeleteServersTestJSON-2125795193 tempest-DeleteServersTestJSON-2125795193-project-member] Acquiring lock "d7118260-a98a-413a-9090-32085d3de07a" by "nova.context.set_target_cell..get_or_set_cached_cell_and_set_connections" {{(pid=95926) inner /opt/stack/data/venv/lib/python3.12/site-packages/oslo_concurrency/lockutils.py:512}}
Aug 03 06:35:43.938192 np0000006323 nova-conductor[95926]: DEBUG oslo_concurrency.lockutils [None req-f6653341-7e81-43b7-8208-ad1e5d0e726e tempest-DeleteServersTestJSON-2125795193 tempest-DeleteServersTestJSON-2125795193-project-member] Lock "d7118260-a98a-413a-9090-32085d3de07a" acquired by "nova.context.set_target_cell..get_or_set_cached_cell_and_set_connections" :: waited 0.000s {{(pid=95926) inner /opt/stack/data/venv/lib/python3.12/site-packages/oslo_concurrency/lockutils.py:525}}
Aug 03 06:35:43.938664 np0000006323 nova-conductor[95926]: DEBUG oslo_concurrency.lockutils [None req-f6653341-7e81-43b7-8208-ad1e5d0e726e tempest-DeleteServersTestJSON-2125795193 tempest-DeleteServersTestJSON-2125795193-project-member] Lock "d7118260-a98a-413a-9090-32085d3de07a" "released" by "nova.context.set_target_cell..get_or_set_cached_cell_and_set_connections" :: held 0.000s {{(pid=95926) inner /opt/stack/data/venv/lib/python3.12/site-packages/oslo_concurrency/lockutils.py:544}}
Aug 03 06:35:43.940728 np0000006323 nova-conductor[95926]: INFO dbcounter [None req-f6653341-7e81-43b7-8208-ad1e5d0e726e tempest-DeleteServersTestJSON-2125795193 tempest-DeleteServersTestJSON-2125795193-project-member] Registered counter for database nova_cell0
Aug 03 06:35:43.941370 np0000006323 nova-conductor[95932]: DEBUG oslo_db.sqlalchemy.engines [None req-b5ce6263-a171-47a9-a80b-c7ab861ab6cb tempest-ServerRescueNegativeTestJSON-667404809 tempest-ServerRescueNegativeTestJSON-667404809-project-member] MySQL server mode set to STRICT_TRANS_TABLES,STRICT_ALL_TABLES,NO_ZERO_IN_DATE,NO_ZERO_DATE,ERROR_FOR_DIVISION_BY_ZERO,TRADITIONAL,NO_ENGINE_SUBSTITUTION {{(pid=95932) _check_effective_sql_mode /opt/stack/data/venv/lib/python3.12/site-packages/oslo_db/sqlalchemy/engines.py:325}}
Aug 03 06:35:43.947911 np0000006323 nova-conductor[95932]: DEBUG dbcounter [-] [95932] Writer thread running {{(pid=95932) stat_writer /opt/stack/data/venv/lib/python3.12/site-packages/dbcounter.py:102}}
Aug 03 06:35:43.978036 np0000006323 nova-conductor[95926]: DEBUG oslo_db.sqlalchemy.engines [None req-f6653341-7e81-43b7-8208-ad1e5d0e726e tempest-DeleteServersTestJSON-2125795193 tempest-DeleteServersTestJSON-2125795193-project-member] MySQL server mode set to STRICT_TRANS_TABLES,STRICT_ALL_TABLES,NO_ZERO_IN_DATE,NO_ZERO_DATE,ERROR_FOR_DIVISION_BY_ZERO,TRADITIONAL,NO_ENGINE_SUBSTITUTION {{(pid=95926) _check_effective_sql_mode /opt/stack/data/venv/lib/python3.12/site-packages/oslo_db/sqlalchemy/engines.py:325}}
Aug 03 06:35:43.984019 np0000006323 nova-conductor[95926]: DEBUG dbcounter [-] [95926] Writer thread running {{(pid=95926) stat_writer /opt/stack/data/venv/lib/python3.12/site-packages/dbcounter.py:102}}
Aug 03 06:35:43.994609 np0000006323 nova-conductor[95926]: DEBUG nova.quota [None req-f6653341-7e81-43b7-8208-ad1e5d0e726e tempest-DeleteServersTestJSON-2125795193 tempest-DeleteServersTestJSON-2125795193-project-member] Getting quotas for project 948219064d254a93bcd642b024b391b3. Resources: {'cores', 'instances', 'ram'} {{(pid=95926) _get_quotas /opt/stack/nova/nova/quota.py:389}}
Aug 03 06:35:43.998443 np0000006323 nova-conductor[95926]: DEBUG nova.quota [None req-f6653341-7e81-43b7-8208-ad1e5d0e726e tempest-DeleteServersTestJSON-2125795193 tempest-DeleteServersTestJSON-2125795193-project-member] Getting quotas for user 8e962965f6bf49d89d59fc6f7d939272 and project 948219064d254a93bcd642b024b391b3. Resources: {'cores', 'instances', 'ram'} {{(pid=95926) _get_quotas /opt/stack/nova/nova/quota.py:379}}
Aug 03 06:35:43.999573 np0000006323 nova-conductor[95932]: INFO nova.utils [None req-b5ce6263-a171-47a9-a80b-c7ab861ab6cb tempest-ServerRescueNegativeTestJSON-667404809 tempest-ServerRescueNegativeTestJSON-667404809-project-member] The cell worker thread pool ForkProcess-2.cell_worker is initialized
Aug 03 06:35:43.999860 np0000006323 nova-conductor[95932]: DEBUG oslo_concurrency.lockutils [None req-b5ce6263-a171-47a9-a80b-c7ab861ab6cb tempest-ServerRescueNegativeTestJSON-667404809 tempest-ServerRescueNegativeTestJSON-667404809-project-member] Acquiring lock "00000000-0000-0000-0000-000000000000" by "nova.context.set_target_cell..get_or_set_cached_cell_and_set_connections" {{(pid=95932) inner /opt/stack/data/venv/lib/python3.12/site-packages/oslo_concurrency/lockutils.py:512}}
Aug 03 06:35:44.000009 np0000006323 nova-conductor[95932]: DEBUG oslo_concurrency.lockutils [None req-b5ce6263-a171-47a9-a80b-c7ab861ab6cb tempest-ServerRescueNegativeTestJSON-667404809 tempest-ServerRescueNegativeTestJSON-667404809-project-member] Lock "00000000-0000-0000-0000-000000000000" acquired by "nova.context.set_target_cell..get_or_set_cached_cell_and_set_connections" :: waited 0.000s {{(pid=95932) inner /opt/stack/data/venv/lib/python3.12/site-packages/oslo_concurrency/lockutils.py:525}}
Aug 03 06:35:44.000332 np0000006323 nova-conductor[95932]: DEBUG oslo_concurrency.lockutils [None req-b5ce6263-a171-47a9-a80b-c7ab861ab6cb tempest-ServerRescueNegativeTestJSON-667404809 tempest-ServerRescueNegativeTestJSON-667404809-project-member] Lock "00000000-0000-0000-0000-000000000000" "released" by "nova.context.set_target_cell..get_or_set_cached_cell_and_set_connections" :: held 0.000s {{(pid=95932) inner /opt/stack/data/venv/lib/python3.12/site-packages/oslo_concurrency/lockutils.py:544}}
Aug 03 06:35:44.000959 np0000006323 nova-conductor[95932]: DEBUG oslo_concurrency.lockutils [None req-b5ce6263-a171-47a9-a80b-c7ab861ab6cb tempest-ServerRescueNegativeTestJSON-667404809 tempest-ServerRescueNegativeTestJSON-667404809-project-member] Acquiring lock "d7118260-a98a-413a-9090-32085d3de07a" by "nova.context.set_target_cell..get_or_set_cached_cell_and_set_connections" {{(pid=95932) inner /opt/stack/data/venv/lib/python3.12/site-packages/oslo_concurrency/lockutils.py:512}}
Aug 03 06:35:44.001084 np0000006323 nova-conductor[95932]: DEBUG oslo_concurrency.lockutils [None req-b5ce6263-a171-47a9-a80b-c7ab861ab6cb tempest-ServerRescueNegativeTestJSON-667404809 tempest-ServerRescueNegativeTestJSON-667404809-project-member] Lock "d7118260-a98a-413a-9090-32085d3de07a" acquired by "nova.context.set_target_cell..get_or_set_cached_cell_and_set_connections" :: waited 0.000s {{(pid=95932) inner /opt/stack/data/venv/lib/python3.12/site-packages/oslo_concurrency/lockutils.py:525}}
Aug 03 06:35:44.001202 np0000006323 nova-conductor[95932]: DEBUG oslo_concurrency.lockutils [None req-b5ce6263-a171-47a9-a80b-c7ab861ab6cb tempest-ServerRescueNegativeTestJSON-667404809 tempest-ServerRescueNegativeTestJSON-667404809-project-member] Lock "d7118260-a98a-413a-9090-32085d3de07a" "released" by "nova.context.set_target_cell..get_or_set_cached_cell_and_set_connections" :: held 0.000s {{(pid=95932) inner /opt/stack/data/venv/lib/python3.12/site-packages/oslo_concurrency/lockutils.py:544}}
Aug 03 06:35:44.002860 np0000006323 nova-conductor[95932]: INFO dbcounter [None req-b5ce6263-a171-47a9-a80b-c7ab861ab6cb tempest-ServerRescueNegativeTestJSON-667404809 tempest-ServerRescueNegativeTestJSON-667404809-project-member] Registered counter for database nova_cell0
Aug 03 06:35:44.005875 np0000006323 nova-conductor[95926]: DEBUG nova.conductor.manager [None req-f6653341-7e81-43b7-8208-ad1e5d0e726e tempest-DeleteServersTestJSON-2125795193 tempest-DeleteServersTestJSON-2125795193-project-member] [instance: 6f52766a-35bc-4fd8-a101-2cee68cd35d7] Selected host: np0000006323; Selected node: np0000006323; Alternates: [] {{(pid=95926) schedule_and_build_instances /opt/stack/nova/nova/conductor/manager.py:1784}}
Aug 03 06:35:44.006264 np0000006323 nova-conductor[95926]: DEBUG oslo_concurrency.lockutils [None req-f6653341-7e81-43b7-8208-ad1e5d0e726e tempest-DeleteServersTestJSON-2125795193 tempest-DeleteServersTestJSON-2125795193-project-member] Acquiring lock "d7118260-a98a-413a-9090-32085d3de07a" by "nova.context.set_target_cell..get_or_set_cached_cell_and_set_connections" {{(pid=95926) inner /opt/stack/data/venv/lib/python3.12/site-packages/oslo_concurrency/lockutils.py:512}}
Aug 03 06:35:44.006414 np0000006323 nova-conductor[95926]: DEBUG oslo_concurrency.lockutils [None req-f6653341-7e81-43b7-8208-ad1e5d0e726e tempest-DeleteServersTestJSON-2125795193 tempest-DeleteServersTestJSON-2125795193-project-member] Lock "d7118260-a98a-413a-9090-32085d3de07a" acquired by "nova.context.set_target_cell..get_or_set_cached_cell_and_set_connections" :: waited 0.000s {{(pid=95926) inner /opt/stack/data/venv/lib/python3.12/site-packages/oslo_concurrency/lockutils.py:525}}
Aug 03 06:35:44.006512 np0000006323 nova-conductor[95926]: DEBUG oslo_concurrency.lockutils [None req-f6653341-7e81-43b7-8208-ad1e5d0e726e tempest-DeleteServersTestJSON-2125795193 tempest-DeleteServersTestJSON-2125795193-project-member] Lock "d7118260-a98a-413a-9090-32085d3de07a" "released" by "nova.context.set_target_cell..get_or_set_cached_cell_and_set_connections" :: held 0.000s {{(pid=95926) inner /opt/stack/data/venv/lib/python3.12/site-packages/oslo_concurrency/lockutils.py:544}}
Aug 03 06:35:44.014157 np0000006323 nova-conductor[95926]: DEBUG nova.conductor.manager [None req-f6653341-7e81-43b7-8208-ad1e5d0e726e tempest-DeleteServersTestJSON-2125795193 tempest-DeleteServersTestJSON-2125795193-project-member] [instance: 6f52766a-35bc-4fd8-a101-2cee68cd35d7] block_device_mapping [BlockDeviceMapping(attachment_id=,boot_index=0,connection_info=None,created_at=,delete_on_termination=True,deleted=,deleted_at=,destination_type='local',device_name=None,device_type='disk',disk_bus=None,encrypted=False,encryption_format=None,encryption_options=None,encryption_secret_uuid=None,guest_format=None,id=,image_id='0c5961cc-ae26-4f12-b61f-08f0083468cc',instance=,instance_uuid=,no_device=False,snapshot_id=None,source_type='image',tag=None,updated_at=,uuid=,volume_id=None,volume_size=None,volume_type=None)] {{(pid=95926) _create_block_device_mapping /opt/stack/nova/nova/conductor/manager.py:1529}}
Aug 03 06:35:44.015381 np0000006323 nova-conductor[95926]: DEBUG oslo_concurrency.lockutils [None req-f6653341-7e81-43b7-8208-ad1e5d0e726e tempest-DeleteServersTestJSON-2125795193 tempest-DeleteServersTestJSON-2125795193-project-member] Acquiring lock "d7118260-a98a-413a-9090-32085d3de07a" by "nova.context.set_target_cell..get_or_set_cached_cell_and_set_connections" {{(pid=95926) inner /opt/stack/data/venv/lib/python3.12/site-packages/oslo_concurrency/lockutils.py:512}}
Aug 03 06:35:44.015525 np0000006323 nova-conductor[95926]: DEBUG oslo_concurrency.lockutils [None req-f6653341-7e81-43b7-8208-ad1e5d0e726e tempest-DeleteServersTestJSON-2125795193 tempest-DeleteServersTestJSON-2125795193-project-member] Lock "d7118260-a98a-413a-9090-32085d3de07a" acquired by "nova.context.set_target_cell..get_or_set_cached_cell_and_set_connections" :: waited 0.000s {{(pid=95926) inner /opt/stack/data/venv/lib/python3.12/site-packages/oslo_concurrency/lockutils.py:525}}
Aug 03 06:35:44.015625 np0000006323 nova-conductor[95926]: DEBUG oslo_concurrency.lockutils [None req-f6653341-7e81-43b7-8208-ad1e5d0e726e tempest-DeleteServersTestJSON-2125795193 tempest-DeleteServersTestJSON-2125795193-project-member] Lock "d7118260-a98a-413a-9090-32085d3de07a" "released" by "nova.context.set_target_cell..get_or_set_cached_cell_and_set_connections" :: held 0.000s {{(pid=95926) inner /opt/stack/data/venv/lib/python3.12/site-packages/oslo_concurrency/lockutils.py:544}}
Aug 03 06:35:44.044666 np0000006323 nova-conductor[95932]: DEBUG oslo_db.sqlalchemy.engines [None req-b5ce6263-a171-47a9-a80b-c7ab861ab6cb tempest-ServerRescueNegativeTestJSON-667404809 tempest-ServerRescueNegativeTestJSON-667404809-project-member] MySQL server mode set to STRICT_TRANS_TABLES,STRICT_ALL_TABLES,NO_ZERO_IN_DATE,NO_ZERO_DATE,ERROR_FOR_DIVISION_BY_ZERO,TRADITIONAL,NO_ENGINE_SUBSTITUTION {{(pid=95932) _check_effective_sql_mode /opt/stack/data/venv/lib/python3.12/site-packages/oslo_db/sqlalchemy/engines.py:325}}
Aug 03 06:35:44.049804 np0000006323 nova-conductor[95932]: DEBUG dbcounter [-] [95932] Writer thread running {{(pid=95932) stat_writer /opt/stack/data/venv/lib/python3.12/site-packages/dbcounter.py:102}}
Aug 03 06:35:44.058095 np0000006323 nova-conductor[95926]: DEBUG oslo_concurrency.lockutils [None req-f6653341-7e81-43b7-8208-ad1e5d0e726e tempest-DeleteServersTestJSON-2125795193 tempest-DeleteServersTestJSON-2125795193-project-member] Acquiring lock "d7118260-a98a-413a-9090-32085d3de07a" by "nova.context.set_target_cell..get_or_set_cached_cell_and_set_connections" {{(pid=95926) inner /opt/stack/data/venv/lib/python3.12/site-packages/oslo_concurrency/lockutils.py:512}}
Aug 03 06:35:44.058281 np0000006323 nova-conductor[95926]: DEBUG oslo_concurrency.lockutils [None req-f6653341-7e81-43b7-8208-ad1e5d0e726e tempest-DeleteServersTestJSON-2125795193 tempest-DeleteServersTestJSON-2125795193-project-member] Lock "d7118260-a98a-413a-9090-32085d3de07a" acquired by "nova.context.set_target_cell..get_or_set_cached_cell_and_set_connections" :: waited 0.000s {{(pid=95926) inner /opt/stack/data/venv/lib/python3.12/site-packages/oslo_concurrency/lockutils.py:525}}
Aug 03 06:35:44.058455 np0000006323 nova-conductor[95926]: DEBUG oslo_concurrency.lockutils [None req-f6653341-7e81-43b7-8208-ad1e5d0e726e tempest-DeleteServersTestJSON-2125795193 tempest-DeleteServersTestJSON-2125795193-project-member] Lock "d7118260-a98a-413a-9090-32085d3de07a" "released" by "nova.context.set_target_cell..get_or_set_cached_cell_and_set_connections" :: held 0.000s {{(pid=95926) inner /opt/stack/data/venv/lib/python3.12/site-packages/oslo_concurrency/lockutils.py:544}}
Aug 03 06:35:44.058757 np0000006323 nova-conductor[95926]: DEBUG oslo_concurrency.lockutils [None req-f6653341-7e81-43b7-8208-ad1e5d0e726e tempest-DeleteServersTestJSON-2125795193 tempest-DeleteServersTestJSON-2125795193-project-member] Acquiring lock "compute-rpcapi-router" {{(pid=95926) lock /opt/stack/data/venv/lib/python3.12/site-packages/oslo_concurrency/lockutils.py:396}}
Aug 03 06:35:44.058903 np0000006323 nova-conductor[95926]: DEBUG oslo_concurrency.lockutils [None req-f6653341-7e81-43b7-8208-ad1e5d0e726e tempest-DeleteServersTestJSON-2125795193 tempest-DeleteServersTestJSON-2125795193-project-member] Acquired lock "compute-rpcapi-router" {{(pid=95926) lock /opt/stack/data/venv/lib/python3.12/site-packages/oslo_concurrency/lockutils.py:399}}
Aug 03 06:35:44.059375 np0000006323 nova-conductor[95926]: DEBUG oslo_concurrency.lockutils [None req-f8d05912-2fb0-416a-939d-5a010d74cc78 None None] Acquiring lock "00000000-0000-0000-0000-000000000000" by "nova.context.set_target_cell..get_or_set_cached_cell_and_set_connections" {{(pid=95926) inner /opt/stack/data/venv/lib/python3.12/site-packages/oslo_concurrency/lockutils.py:512}}
Aug 03 06:35:44.059550 np0000006323 nova-conductor[95926]: DEBUG oslo_concurrency.lockutils [None req-f8d05912-2fb0-416a-939d-5a010d74cc78 None None] Lock "00000000-0000-0000-0000-000000000000" acquired by "nova.context.set_target_cell..get_or_set_cached_cell_and_set_connections" :: waited 0.000s {{(pid=95926) inner /opt/stack/data/venv/lib/python3.12/site-packages/oslo_concurrency/lockutils.py:525}}
Aug 03 06:35:44.059730 np0000006323 nova-conductor[95926]: DEBUG oslo_concurrency.lockutils [None req-f8d05912-2fb0-416a-939d-5a010d74cc78 None None] Lock "00000000-0000-0000-0000-000000000000" "released" by "nova.context.set_target_cell..get_or_set_cached_cell_and_set_connections" :: held 0.000s {{(pid=95926) inner /opt/stack/data/venv/lib/python3.12/site-packages/oslo_concurrency/lockutils.py:544}}
Aug 03 06:35:44.060448 np0000006323 nova-conductor[95926]: DEBUG oslo_concurrency.lockutils [None req-f8d05912-2fb0-416a-939d-5a010d74cc78 None None] Acquiring lock "d7118260-a98a-413a-9090-32085d3de07a" by "nova.context.set_target_cell..get_or_set_cached_cell_and_set_connections" {{(pid=95926) inner /opt/stack/data/venv/lib/python3.12/site-packages/oslo_concurrency/lockutils.py:512}}
Aug 03 06:35:44.060541 np0000006323 nova-conductor[95926]: DEBUG oslo_concurrency.lockutils [None req-f8d05912-2fb0-416a-939d-5a010d74cc78 None None] Lock "d7118260-a98a-413a-9090-32085d3de07a" acquired by "nova.context.set_target_cell..get_or_set_cached_cell_and_set_connections" :: waited 0.000s {{(pid=95926) inner /opt/stack/data/venv/lib/python3.12/site-packages/oslo_concurrency/lockutils.py:525}}
Aug 03 06:35:44.060614 np0000006323 nova-conductor[95926]: DEBUG oslo_concurrency.lockutils [None req-f8d05912-2fb0-416a-939d-5a010d74cc78 None None] Lock "d7118260-a98a-413a-9090-32085d3de07a" "released" by "nova.context.set_target_cell..get_or_set_cached_cell_and_set_connections" :: held 0.000s {{(pid=95926) inner /opt/stack/data/venv/lib/python3.12/site-packages/oslo_concurrency/lockutils.py:544}}
Aug 03 06:35:44.063340 np0000006323 nova-conductor[95932]: DEBUG nova.quota [None req-b5ce6263-a171-47a9-a80b-c7ab861ab6cb tempest-ServerRescueNegativeTestJSON-667404809 tempest-ServerRescueNegativeTestJSON-667404809-project-member] Getting quotas for project 26331e5ebeb94be4ad46b4470931a595. Resources: {'cores', 'instances', 'ram'} {{(pid=95932) _get_quotas /opt/stack/nova/nova/quota.py:389}}
Aug 03 06:35:44.066858 np0000006323 nova-conductor[95932]: DEBUG nova.quota [None req-b5ce6263-a171-47a9-a80b-c7ab861ab6cb tempest-ServerRescueNegativeTestJSON-667404809 tempest-ServerRescueNegativeTestJSON-667404809-project-member] Getting quotas for user 9def80f44e6d4e999f034ac98ca34860 and project 26331e5ebeb94be4ad46b4470931a595. Resources: {'cores', 'instances', 'ram'} {{(pid=95932) _get_quotas /opt/stack/nova/nova/quota.py:379}}
Aug 03 06:35:44.068067 np0000006323 nova-conductor[95926]: INFO nova.compute.rpcapi [None req-f8d05912-2fb0-416a-939d-5a010d74cc78 None None] Automatically selected compute RPC version 6.5 from minimum service version 72
Aug 03 06:35:44.068508 np0000006323 nova-conductor[95926]: DEBUG oslo_concurrency.lockutils [None req-f8d05912-2fb0-416a-939d-5a010d74cc78 None None] Releasing lock "compute-rpcapi-router" {{(pid=95926) lock /opt/stack/data/venv/lib/python3.12/site-packages/oslo_concurrency/lockutils.py:419}}
