Jul 21 20:34:39.931137 np0000005600 devstack@g-api.service[102967]: DEBUG glance.common.config [None req-867b5237-0e40-42e7-9c66-80052f84743c None None] database.max_overflow = 50 {{(pid=102967) log_opt_values /opt/stack/data/venv/lib/python3.12/site-packages/oslo_config/cfg.py:3253}}
Jul 21 20:34:39.931166 np0000005600 devstack@g-api.service[102966]: DEBUG glance.common.config [None req-d244815d-eb0f-4ac6-908f-cdf96cd63e73 None None] database.db_inc_retry_interval = True {{(pid=102966) log_opt_values /opt/stack/data/venv/lib/python3.12/site-packages/oslo_config/cfg.py:3253}}
Jul 21 20:34:39.931203 np0000005600 devstack@g-api.service[102967]: DEBUG glance.common.config [None req-867b5237-0e40-42e7-9c66-80052f84743c None None] database.max_pool_size = 5 {{(pid=102967) log_opt_values /opt/stack/data/venv/lib/python3.12/site-packages/oslo_config/cfg.py:3253}}
Jul 21 20:34:39.931229 np0000005600 devstack@g-api.service[102966]: DEBUG glance.common.config [None req-d244815d-eb0f-4ac6-908f-cdf96cd63e73 None None] database.db_max_retries = 20 {{(pid=102966) log_opt_values /opt/stack/data/venv/lib/python3.12/site-packages/oslo_config/cfg.py:3253}}
Jul 21 20:34:39.931254 np0000005600 devstack@g-api.service[102964]: WSGI app 0 (mountpoint='') ready in 2 seconds on interpreter 0x766dd4ea4668 pid: 102964 (default app)
Jul 21 20:34:39.931298 np0000005600 devstack@g-api.service[102966]: DEBUG glance.common.config [None req-d244815d-eb0f-4ac6-908f-cdf96cd63e73 None None] database.db_max_retry_interval = 10 {{(pid=102966) log_opt_values /opt/stack/data/venv/lib/python3.12/site-packages/oslo_config/cfg.py:3253}}
Jul 21 20:34:39.931334 np0000005600 devstack@g-api.service[102967]: DEBUG glance.common.config [None req-867b5237-0e40-42e7-9c66-80052f84743c None None] database.max_retries = 10 {{(pid=102967) log_opt_values /opt/stack/data/venv/lib/python3.12/site-packages/oslo_config/cfg.py:3253}}
Jul 21 20:34:39.931359 np0000005600 devstack@g-api.service[102966]: DEBUG glance.common.config [None req-d244815d-eb0f-4ac6-908f-cdf96cd63e73 None None] database.db_retry_interval = 1 {{(pid=102966) log_opt_values /opt/stack/data/venv/lib/python3.12/site-packages/oslo_config/cfg.py:3253}}
Jul 21 20:34:39.931391 np0000005600 devstack@g-api.service[102967]: DEBUG glance.common.config [None req-867b5237-0e40-42e7-9c66-80052f84743c None None] database.mysql_sql_mode = TRADITIONAL {{(pid=102967) log_opt_values /opt/stack/data/venv/lib/python3.12/site-packages/oslo_config/cfg.py:3253}}
Jul 21 20:34:39.931418 np0000005600 devstack@g-api.service[102966]: DEBUG glance.common.config [None req-d244815d-eb0f-4ac6-908f-cdf96cd63e73 None None] database.max_overflow = 50 {{(pid=102966) log_opt_values /opt/stack/data/venv/lib/python3.12/site-packages/oslo_config/cfg.py:3253}}
Jul 21 20:34:39.931439 np0000005600 devstack@g-api.service[102967]: DEBUG glance.common.config [None req-867b5237-0e40-42e7-9c66-80052f84743c None None] database.mysql_wsrep_sync_wait = None {{(pid=102967) log_opt_values /opt/stack/data/venv/lib/python3.12/site-packages/oslo_config/cfg.py:3253}}
Jul 21 20:34:39.931475 np0000005600 devstack@g-api.service[102966]: DEBUG glance.common.config [None req-d244815d-eb0f-4ac6-908f-cdf96cd63e73 None None] database.max_pool_size = 5 {{(pid=102966) log_opt_values /opt/stack/data/venv/lib/python3.12/site-packages/oslo_config/cfg.py:3253}}
Jul 21 20:34:39.931500 np0000005600 devstack@g-api.service[102967]: DEBUG glance.common.config [None req-867b5237-0e40-42e7-9c66-80052f84743c None None] database.pool_timeout = None {{(pid=102967) log_opt_values /opt/stack/data/venv/lib/python3.12/site-packages/oslo_config/cfg.py:3253}}
Jul 21 20:34:39.931521 np0000005600 devstack@g-api.service[102966]: DEBUG glance.common.config [None req-d244815d-eb0f-4ac6-908f-cdf96cd63e73 None None] database.max_retries = 10 {{(pid=102966) log_opt_values /opt/stack/data/venv/lib/python3.12/site-packages/oslo_config/cfg.py:3253}}
Jul 21 20:34:39.931542 np0000005600 devstack@g-api.service[102967]: DEBUG glance.common.config [None req-867b5237-0e40-42e7-9c66-80052f84743c None None] database.retry_interval = 10 {{(pid=102967) log_opt_values /opt/stack/data/venv/lib/python3.12/site-packages/oslo_config/cfg.py:3253}}
Jul 21 20:34:39.931565 np0000005600 devstack@g-api.service[102966]: DEBUG glance.common.config [None req-d244815d-eb0f-4ac6-908f-cdf96cd63e73 None None] database.mysql_sql_mode = TRADITIONAL {{(pid=102966) log_opt_values /opt/stack/data/venv/lib/python3.12/site-packages/oslo_config/cfg.py:3253}}
Jul 21 20:34:39.931597 np0000005600 devstack@g-api.service[102967]: DEBUG glance.common.config [None req-867b5237-0e40-42e7-9c66-80052f84743c None None] database.slave_connection = **** {{(pid=102967) log_opt_values /opt/stack/data/venv/lib/python3.12/site-packages/oslo_config/cfg.py:3253}}
Jul 21 20:34:39.931621 np0000005600 devstack@g-api.service[102965]: [pid: 102965|app: 0|req: 1/1] 127.0.0.1 () {34 vars in 455 bytes} [Tue Jul 21 20:34:39 2026] GET / => generated 1515 bytes in 1 msecs (HTTP/1.1 300) 3 headers in 106 bytes (1 switches on core 0)
Jul 21 20:34:39.931645 np0000005600 devstack@g-api.service[102966]: DEBUG glance.common.config [None req-d244815d-eb0f-4ac6-908f-cdf96cd63e73 None None] database.mysql_wsrep_sync_wait = None {{(pid=102966) log_opt_values /opt/stack/data/venv/lib/python3.12/site-packages/oslo_config/cfg.py:3253}}
Jul 21 20:34:39.931669 np0000005600 devstack@g-api.service[102967]: DEBUG glance.common.config [None req-867b5237-0e40-42e7-9c66-80052f84743c None None] database.sqlite_synchronous = True {{(pid=102967) log_opt_values /opt/stack/data/venv/lib/python3.12/site-packages/oslo_config/cfg.py:3253}}
Jul 21 20:34:39.931691 np0000005600 devstack@g-api.service[102966]: DEBUG glance.common.config [None req-d244815d-eb0f-4ac6-908f-cdf96cd63e73 None None] database.pool_timeout = None {{(pid=102966) log_opt_values /opt/stack/data/venv/lib/python3.12/site-packages/oslo_config/cfg.py:3253}}
Jul 21 20:34:39.931712 np0000005600 devstack@g-api.service[102967]: DEBUG glance.common.config [None req-867b5237-0e40-42e7-9c66-80052f84743c None None] database.synchronous_reader = True {{(pid=102967) log_opt_values /opt/stack/data/venv/lib/python3.12/site-packages/oslo_config/cfg.py:3253}}
Jul 21 20:34:39.931733 np0000005600 devstack@g-api.service[102966]: DEBUG glance.common.config [None req-d244815d-eb0f-4ac6-908f-cdf96cd63e73 None None] database.retry_interval = 10 {{(pid=102966) log_opt_values /opt/stack/data/venv/lib/python3.12/site-packages/oslo_config/cfg.py:3253}}
Jul 21 20:34:39.931762 np0000005600 devstack@g-api.service[102967]: DEBUG glance.common.config [None req-867b5237-0e40-42e7-9c66-80052f84743c None None] database.use_db_reconnect = False {{(pid=102967) log_opt_values /opt/stack/data/venv/lib/python3.12/site-packages/oslo_config/cfg.py:3253}}
Jul 21 20:34:39.931837 np0000005600 devstack@g-api.service[102966]: DEBUG glance.common.config [None req-d244815d-eb0f-4ac6-908f-cdf96cd63e73 None None] database.slave_connection = **** {{(pid=102966) log_opt_values /opt/stack/data/venv/lib/python3.12/site-packages/oslo_config/cfg.py:3253}}
Jul 21 20:34:39.931865 np0000005600 devstack@g-api.service[102967]: DEBUG glance.common.config [None req-867b5237-0e40-42e7-9c66-80052f84743c None None] healthcheck.allowed_source_ranges = [] {{(pid=102967) log_opt_values /opt/stack/data/venv/lib/python3.12/site-packages/oslo_config/cfg.py:3253}}
Jul 21 20:34:39.931888 np0000005600 devstack@g-api.service[102966]: DEBUG glance.common.config [None req-d244815d-eb0f-4ac6-908f-cdf96cd63e73 None None] database.sqlite_synchronous = True {{(pid=102966) log_opt_values /opt/stack/data/venv/lib/python3.12/site-packages/oslo_config/cfg.py:3253}}
Jul 21 20:34:39.931910 np0000005600 devstack@g-api.service[102967]: DEBUG glance.common.config [None req-867b5237-0e40-42e7-9c66-80052f84743c None None] healthcheck.backends = ['disable_by_file'] {{(pid=102967) log_opt_values /opt/stack/data/venv/lib/python3.12/site-packages/oslo_config/cfg.py:3253}}
Jul 21 20:34:39.931934 np0000005600 devstack@g-api.service[102966]: DEBUG glance.common.config [None req-d244815d-eb0f-4ac6-908f-cdf96cd63e73 None None] database.synchronous_reader = True {{(pid=102966) log_opt_values /opt/stack/data/venv/lib/python3.12/site-packages/oslo_config/cfg.py:3253}}
Jul 21 20:34:39.931934 np0000005600 devstack@g-api.service[102966]: DEBUG glance.common.config [None req-d244815d-eb0f-4ac6-908f-cdf96cd63e73 None None] database.use_db_reconnect = False {{(pid=102966) log_opt_values /opt/stack/data/venv/lib/python3.12/site-packages/oslo_config/cfg.py:3253}}
Jul 21 20:34:39.931974 np0000005600 devstack@g-api.service[102967]: DEBUG glance.common.config [None req-867b5237-0e40-42e7-9c66-80052f84743c None None] healthcheck.detailed = False {{(pid=102967) log_opt_values /opt/stack/data/venv/lib/python3.12/site-packages/oslo_config/cfg.py:3253}}
Jul 21 20:34:39.931996 np0000005600 devstack@g-api.service[102966]: DEBUG glance.common.config [None req-d244815d-eb0f-4ac6-908f-cdf96cd63e73 None None] healthcheck.allowed_source_ranges = [] {{(pid=102966) log_opt_values /opt/stack/data/venv/lib/python3.12/site-packages/oslo_config/cfg.py:3253}}
Jul 21 20:34:39.932021 np0000005600 devstack@g-api.service[102967]: DEBUG glance.common.config [None req-867b5237-0e40-42e7-9c66-80052f84743c None None] healthcheck.disable_by_file_path = None {{(pid=102967) log_opt_values /opt/stack/data/venv/lib/python3.12/site-packages/oslo_config/cfg.py:3253}}
Jul 21 20:34:39.932052 np0000005600 devstack@g-api.service[102966]: DEBUG glance.common.config [None req-d244815d-eb0f-4ac6-908f-cdf96cd63e73 None None] healthcheck.backends = ['disable_by_file'] {{(pid=102966) log_opt_values /opt/stack/data/venv/lib/python3.12/site-packages/oslo_config/cfg.py:3253}}
Jul 21 20:34:39.932052 np0000005600 devstack@g-api.service[102966]: DEBUG glance.common.config [None req-d244815d-eb0f-4ac6-908f-cdf96cd63e73 None None] healthcheck.detailed = False {{(pid=102966) log_opt_values /opt/stack/data/venv/lib/python3.12/site-packages/oslo_config/cfg.py:3253}}
Jul 21 20:34:39.932093 np0000005600 devstack@g-api.service[102967]: DEBUG glance.common.config [None req-867b5237-0e40-42e7-9c66-80052f84743c None None] healthcheck.ignore_proxied_requests = False {{(pid=102967) log_opt_values /opt/stack/data/venv/lib/python3.12/site-packages/oslo_config/cfg.py:3253}}
Jul 21 20:34:39.932118 np0000005600 devstack@g-api.service[102966]: DEBUG glance.common.config [None req-d244815d-eb0f-4ac6-908f-cdf96cd63e73 None None] healthcheck.disable_by_file_path = None {{(pid=102966) log_opt_values /opt/stack/data/venv/lib/python3.12/site-packages/oslo_config/cfg.py:3253}}
Jul 21 20:34:39.932140 np0000005600 devstack@g-api.service[102967]: DEBUG glance.common.config [None req-867b5237-0e40-42e7-9c66-80052f84743c None None] ******************************************************************************** {{(pid=102967) log_opt_values /opt/stack/data/venv/lib/python3.12/site-packages/oslo_config/cfg.py:3260}}
Jul 21 20:34:39.932165 np0000005600 devstack@g-api.service[102966]: DEBUG glance.common.config [None req-d244815d-eb0f-4ac6-908f-cdf96cd63e73 None None] healthcheck.ignore_proxied_requests = False {{(pid=102966) log_opt_values /opt/stack/data/venv/lib/python3.12/site-packages/oslo_config/cfg.py:3253}}
Jul 21 20:34:39.932199 np0000005600 devstack@g-api.service[102967]: WSGI app 0 (mountpoint='') ready in 2 seconds on interpreter 0x766dd4ea4668 pid: 102967 (default app)
Jul 21 20:34:39.932228 np0000005600 devstack@g-api.service[102966]: DEBUG glance.common.config [None req-d244815d-eb0f-4ac6-908f-cdf96cd63e73 None None] ******************************************************************************** {{(pid=102966) log_opt_values /opt/stack/data/venv/lib/python3.12/site-packages/oslo_config/cfg.py:3260}}
Jul 21 20:34:39.932228 np0000005600 devstack@g-api.service[102966]: WSGI app 0 (mountpoint='') ready in 2 seconds on interpreter 0x766dd4ea4668 pid: 102966 (default app)
Jul 21 20:34:41.161435 np0000005600 devstack@g-api.service[102964]: DEBUG glance.api.middleware.version_negotiation [None req-8f0a286b-b6ca-4dcc-bfc3-2ca208e156bc None None] Determining version of request: GET / Accept: application/json {{(pid=102964) process_request /opt/stack/glance/glance/api/middleware/version_negotiation.py:44}}
Jul 21 20:34:41.161769 np0000005600 devstack@g-api.service[102964]: DEBUG glance.api.middleware.version_negotiation [None req-8f0a286b-b6ca-4dcc-bfc3-2ca208e156bc None None] Using url versioning {{(pid=102964) process_request /opt/stack/glance/glance/api/middleware/version_negotiation.py:57}}
Jul 21 20:34:41.161769 np0000005600 devstack@g-api.service[102964]: DEBUG glance.api.middleware.version_negotiation [None req-8f0a286b-b6ca-4dcc-bfc3-2ca208e156bc None None] Unknown version. Returning version choices. {{(pid=102964) process_request /opt/stack/glance/glance/api/middleware/version_negotiation.py:64}}
Jul 21 20:34:41.162540 np0000005600 devstack@g-api.service[102964]: [pid: 102964|app: 0|req: 1/2] 127.0.0.1 () {36 vars in 573 bytes} [Tue Jul 21 20:34:41 2026] GET / => generated 1515 bytes in 1 msecs (HTTP/1.1 300) 3 headers in 106 bytes (1 switches on core 0)
Jul 21 20:34:41.174295 np0000005600 devstack@g-api.service[102965]: DEBUG glance.api.middleware.version_negotiation [None req-638a5e6d-200f-48f7-944f-8ca6af61ddf2 None None] Determining version of request: POST /v2/images Accept: */* {{(pid=102965) process_request /opt/stack/glance/glance/api/middleware/version_negotiation.py:44}}
Jul 21 20:34:41.174581 np0000005600 devstack@g-api.service[102965]: DEBUG glance.api.middleware.version_negotiation [None req-638a5e6d-200f-48f7-944f-8ca6af61ddf2 None None] Using url versioning {{(pid=102965) process_request /opt/stack/glance/glance/api/middleware/version_negotiation.py:57}}
Jul 21 20:34:41.174968 np0000005600 devstack@g-api.service[102965]: DEBUG glance.api.middleware.version_negotiation [None req-638a5e6d-200f-48f7-944f-8ca6af61ddf2 None None] Matched version: v2 {{(pid=102965) process_request /opt/stack/glance/glance/api/middleware/version_negotiation.py:69}}
Jul 21 20:34:41.175093 np0000005600 devstack@g-api.service[102965]: DEBUG glance.api.middleware.version_negotiation [None req-638a5e6d-200f-48f7-944f-8ca6af61ddf2 None None] new path /v2/images {{(pid=102965) process_request /opt/stack/glance/glance/api/middleware/version_negotiation.py:70}}
Jul 21 20:34:42.114805 np0000005600 devstack@g-api.service[102965]: [pid: 102965|app: 0|req: 2/3] 127.0.0.1 () {42 vars in 836 bytes} [Tue Jul 21 20:34:41 2026] POST /v2/images => generated 807 bytes in 941 msecs (HTTP/1.1 201) 6 headers in 315 bytes (1 switches on core 0)
Jul 21 20:34:42.123187 np0000005600 devstack@g-api.service[102967]: DEBUG glance.api.middleware.version_negotiation [None req-867b5237-0e40-42e7-9c66-80052f84743c None None] Determining version of request: PUT /v2/images/12592d27-8496-433d-823b-7ecbb8a48319/stage Accept: {{(pid=102967) process_request /opt/stack/glance/glance/api/middleware/version_negotiation.py:44}}
Jul 21 20:34:42.123582 np0000005600 devstack@g-api.service[102967]: DEBUG glance.api.middleware.version_negotiation [None req-867b5237-0e40-42e7-9c66-80052f84743c None None] Using url versioning {{(pid=102967) process_request /opt/stack/glance/glance/api/middleware/version_negotiation.py:57}}
Jul 21 20:34:42.123751 np0000005600 devstack@g-api.service[102967]: DEBUG glance.api.middleware.version_negotiation [None req-867b5237-0e40-42e7-9c66-80052f84743c None None] Matched version: v2 {{(pid=102967) process_request /opt/stack/glance/glance/api/middleware/version_negotiation.py:69}}
Jul 21 20:34:42.123852 np0000005600 devstack@g-api.service[102967]: DEBUG glance.api.middleware.version_negotiation [None req-867b5237-0e40-42e7-9c66-80052f84743c None None] new path /v2/images/12592d27-8496-433d-823b-7ecbb8a48319/stage {{(pid=102967) process_request /opt/stack/glance/glance/api/middleware/version_negotiation.py:70}}
Jul 21 20:34:42.727860 np0000005600 devstack@g-api.service[102967]: DEBUG glance_store.backend [None req-13eba841-59f4-4c57-9b98-d72afa67d703 admin admin] Attempting to import store cinder {{(pid=102967) _load_store /opt/stack/data/venv/lib/python3.12/site-packages/glance_store/backend.py:215}}
Jul 21 20:34:42.727988 np0000005600 devstack@g-api.service[102967]: DEBUG glance_store.backend [None req-13eba841-59f4-4c57-9b98-d72afa67d703 admin admin] Attempting to import store file {{(pid=102967) _load_store /opt/stack/data/venv/lib/python3.12/site-packages/glance_store/backend.py:215}}
Jul 21 20:34:42.728098 np0000005600 devstack@g-api.service[102967]: DEBUG glance_store.backend [None req-13eba841-59f4-4c57-9b98-d72afa67d703 admin admin] Attempting to import store glance.store.cinder.Store {{(pid=102967) _load_store /opt/stack/data/venv/lib/python3.12/site-packages/glance_store/backend.py:215}}
Jul 21 20:34:42.728191 np0000005600 devstack@g-api.service[102967]: DEBUG glance_store.backend [None req-13eba841-59f4-4c57-9b98-d72afa67d703 admin admin] Attempting to import store glance.store.filesystem.Store {{(pid=102967) _load_store /opt/stack/data/venv/lib/python3.12/site-packages/glance_store/backend.py:215}}
Jul 21 20:34:42.728284 np0000005600 devstack@g-api.service[102967]: DEBUG glance_store.backend [None req-13eba841-59f4-4c57-9b98-d72afa67d703 admin admin] Attempting to import store glance.store.http.Store {{(pid=102967) _load_store /opt/stack/data/venv/lib/python3.12/site-packages/glance_store/backend.py:215}}
Jul 21 20:34:42.728412 np0000005600 devstack@g-api.service[102967]: DEBUG glance_store.backend [None req-13eba841-59f4-4c57-9b98-d72afa67d703 admin admin] Attempting to import store glance.store.rbd.Store {{(pid=102967) _load_store /opt/stack/data/venv/lib/python3.12/site-packages/glance_store/backend.py:215}}
Jul 21 20:34:42.728513 np0000005600 devstack@g-api.service[102967]: DEBUG glance_store.backend [None req-13eba841-59f4-4c57-9b98-d72afa67d703 admin admin] Attempting to import store glance.store.s3.Store {{(pid=102967) _load_store /opt/stack/data/venv/lib/python3.12/site-packages/glance_store/backend.py:215}}
Jul 21 20:34:42.728611 np0000005600 devstack@g-api.service[102967]: DEBUG glance_store.backend [None req-13eba841-59f4-4c57-9b98-d72afa67d703 admin admin] Attempting to import store glance.store.swift.Store {{(pid=102967) _load_store /opt/stack/data/venv/lib/python3.12/site-packages/glance_store/backend.py:215}}
Jul 21 20:34:42.728695 np0000005600 devstack@g-api.service[102967]: DEBUG glance_store.backend [None req-13eba841-59f4-4c57-9b98-d72afa67d703 admin admin] Attempting to import store glance.store.vmware_datastore.Store {{(pid=102967) _load_store /opt/stack/data/venv/lib/python3.12/site-packages/glance_store/backend.py:215}}
Jul 21 20:34:42.728784 np0000005600 devstack@g-api.service[102967]: DEBUG glance_store.backend [None req-13eba841-59f4-4c57-9b98-d72afa67d703 admin admin] Attempting to import store http {{(pid=102967) _load_store /opt/stack/data/venv/lib/python3.12/site-packages/glance_store/backend.py:215}}
Jul 21 20:34:42.728872 np0000005600 devstack@g-api.service[102967]: DEBUG glance_store.backend [None req-13eba841-59f4-4c57-9b98-d72afa67d703 admin admin] Attempting to import store no_conf {{(pid=102967) _load_store /opt/stack/data/venv/lib/python3.12/site-packages/glance_store/backend.py:215}}
Jul 21 20:34:42.728960 np0000005600 devstack@g-api.service[102967]: DEBUG glance_store.backend [None req-13eba841-59f4-4c57-9b98-d72afa67d703 admin admin] Attempting to import store rbd {{(pid=102967) _load_store /opt/stack/data/venv/lib/python3.12/site-packages/glance_store/backend.py:215}}
Jul 21 20:34:42.729045 np0000005600 devstack@g-api.service[102967]: DEBUG glance_store.backend [None req-13eba841-59f4-4c57-9b98-d72afa67d703 admin admin] Attempting to import store s3 {{(pid=102967) _load_store /opt/stack/data/venv/lib/python3.12/site-packages/glance_store/backend.py:215}}
Jul 21 20:34:42.729129 np0000005600 devstack@g-api.service[102967]: DEBUG glance_store.backend [None req-13eba841-59f4-4c57-9b98-d72afa67d703 admin admin] Attempting to import store swift {{(pid=102967) _load_store /opt/stack/data/venv/lib/python3.12/site-packages/glance_store/backend.py:215}}
Jul 21 20:34:42.729225 np0000005600 devstack@g-api.service[102967]: DEBUG glance_store.backend [None req-13eba841-59f4-4c57-9b98-d72afa67d703 admin admin] Attempting to import store vmware {{(pid=102967) _load_store /opt/stack/data/venv/lib/python3.12/site-packages/glance_store/backend.py:215}}
Jul 21 20:34:42.729379 np0000005600 devstack@g-api.service[102967]: DEBUG glance_store.backend [None req-13eba841-59f4-4c57-9b98-d72afa67d703 admin admin] Registering options for group glance_store {{(pid=102967) register_opts /opt/stack/data/venv/lib/python3.12/site-packages/glance_store/backend.py:144}}
Jul 21 20:34:42.729494 np0000005600 devstack@g-api.service[102967]: DEBUG glance_store.backend [None req-13eba841-59f4-4c57-9b98-d72afa67d703 admin admin] Registering options for group glance_store {{(pid=102967) register_opts /opt/stack/data/venv/lib/python3.12/site-packages/glance_store/backend.py:144}}
Jul 21 20:34:42.729906 np0000005600 devstack@g-api.service[102967]: DEBUG glance_store.backend [None req-13eba841-59f4-4c57-9b98-d72afa67d703 admin admin] Attempting to import store file {{(pid=102967) _load_store /opt/stack/data/venv/lib/python3.12/site-packages/glance_store/backend.py:215}}
Jul 21 20:34:42.730234 np0000005600 devstack@g-api.service[102967]: INFO glance_store._drivers.filesystem [None req-13eba841-59f4-4c57-9b98-d72afa67d703 admin admin] Directory to write image files does not exist (/tmp/staging/). Creating.
Jul 21 20:34:42.730480 np0000005600 devstack@g-api.service[102967]: DEBUG glance_store.capabilities [None req-13eba841-59f4-4c57-9b98-d72afa67d703 admin admin] Store glance_store._drivers.filesystem.Store doesn't support updating dynamic storage capabilities. Please overwrite 'update_capabilities' method of the store to implement updating logics if needed. {{(pid=102967) update_capabilities /opt/stack/data/venv/lib/python3.12/site-packages/glance_store/capabilities.py:91}}
Jul 21 20:34:43.301226 np0000005600 devstack@g-api.service[102967]: DEBUG glance_store._drivers.filesystem [None req-13eba841-59f4-4c57-9b98-d72afa67d703 admin admin] Wrote 21430272 bytes to /tmp/staging/12592d27-8496-433d-823b-7ecbb8a48319 with checksum c8fc807773e5354afe61636071771906 and multihash c8fc807773e5354afe61636071771906 {{(pid=102967) add /opt/stack/data/venv/lib/python3.12/site-packages/glance_store/_drivers/filesystem.py:899}}
Jul 21 20:34:43.318778 np0000005600 devstack@g-api.service[102967]: [pid: 102967|app: 0|req: 1/4] 127.0.0.1 () {42 vars in 931 bytes} [Tue Jul 21 20:34:42 2026] PUT /v2/images/12592d27-8496-433d-823b-7ecbb8a48319/stage => generated 0 bytes in 1196 msecs (HTTP/1.1 204) 4 headers in 171 bytes (1 switches on core 0)
Jul 21 20:34:43.327460 np0000005600 devstack@g-api.service[102966]: DEBUG glance.api.middleware.version_negotiation [None req-d244815d-eb0f-4ac6-908f-cdf96cd63e73 None None] Determining version of request: POST /v2/images/12592d27-8496-433d-823b-7ecbb8a48319/import Accept: */* {{(pid=102966) process_request /opt/stack/glance/glance/api/middleware/version_negotiation.py:44}}
Jul 21 20:34:43.327824 np0000005600 devstack@g-api.service[102966]: DEBUG glance.api.middleware.version_negotiation [None req-d244815d-eb0f-4ac6-908f-cdf96cd63e73 None None] Using url versioning {{(pid=102966) process_request /opt/stack/glance/glance/api/middleware/version_negotiation.py:57}}
Jul 21 20:34:43.328068 np0000005600 devstack@g-api.service[102966]: DEBUG glance.api.middleware.version_negotiation [None req-d244815d-eb0f-4ac6-908f-cdf96cd63e73 None None] Matched version: v2 {{(pid=102966) process_request /opt/stack/glance/glance/api/middleware/version_negotiation.py:69}}
Jul 21 20:34:43.328160 np0000005600 devstack@g-api.service[102966]: DEBUG glance.api.middleware.version_negotiation [None req-d244815d-eb0f-4ac6-908f-cdf96cd63e73 None None] new path /v2/images/12592d27-8496-433d-823b-7ecbb8a48319/import {{(pid=102966) process_request /opt/stack/glance/glance/api/middleware/version_negotiation.py:70}}
Jul 21 20:34:43.946016 np0000005600 devstack@g-api.service[102966]: DEBUG glance.domain [None req-0e04118d-abfd-4485-8e66-0a9612f2dec6 admin admin] Loading taskflow executor {{(pid=102966) new_task_executor /opt/stack/glance/glance/domain/__init__.py:515}}
Jul 21 20:34:44.121862 np0000005600 devstack@g-api.service[102966]: DEBUG oslo_concurrency.lockutils [None req-0e04118d-abfd-4485-8e66-0a9612f2dec6 admin admin] Acquiring lock "tasks_pool" by "glance.api.common.memoize..memoizer_wrapper..memoizer" {{(pid=102966) inner /opt/stack/data/venv/lib/python3.12/site-packages/oslo_concurrency/lockutils.py:512}}
Jul 21 20:34:44.122054 np0000005600 devstack@g-api.service[102966]: DEBUG oslo_concurrency.lockutils [None req-0e04118d-abfd-4485-8e66-0a9612f2dec6 admin admin] Lock "tasks_pool" acquired by "glance.api.common.memoize..memoizer_wrapper..memoizer" :: waited 0.000s {{(pid=102966) inner /opt/stack/data/venv/lib/python3.12/site-packages/oslo_concurrency/lockutils.py:525}}
Jul 21 20:34:44.122418 np0000005600 devstack@g-api.service[102966]: DEBUG glance.api.common [None req-0e04118d-abfd-4485-8e66-0a9612f2dec6 admin admin] Initializing named threadpool 'tasks_pool' {{(pid=102966) _get_thread_pool /opt/stack/glance/glance/api/common.py:242}}
Jul 21 20:34:44.122870 np0000005600 devstack@g-api.service[102966]: DEBUG glance.async_ [None req-0e04118d-abfd-4485-8e66-0a9612f2dec6 admin admin] Creating threadpool model 'ThreadPoolExecutor' with size 16 {{(pid=102966) __init__ /opt/stack/glance/glance/async_/__init__.py:100}}
Jul 21 20:34:44.122984 np0000005600 devstack@g-api.service[102966]: DEBUG oslo_concurrency.lockutils [None req-0e04118d-abfd-4485-8e66-0a9612f2dec6 admin admin] Lock "tasks_pool" "released" by "glance.api.common.memoize..memoizer_wrapper..memoizer" :: held 0.001s {{(pid=102966) inner /opt/stack/data/venv/lib/python3.12/site-packages/oslo_concurrency/lockutils.py:544}}
Jul 21 20:34:44.123080 np0000005600 devstack@g-api.service[102966]: DEBUG glance.async_ [None req-0e04118d-abfd-4485-8e66-0a9612f2dec6 admin admin] Spawning with ThreadPoolExecutor: >((,), {}) {{(pid=102966) spawn /opt/stack/glance/glance/async_/__init__.py:106}}
Jul 21 20:34:44.124616 np0000005600 devstack@g-api.service[102966]: [pid: 102966|app: 0|req: 1/5] 127.0.0.1 () {42 vars in 923 bytes} [Tue Jul 21 20:34:43 2026] POST /v2/images/12592d27-8496-433d-823b-7ecbb8a48319/import => generated 0 bytes in 797 msecs (HTTP/1.1 202) 4 headers in 169 bytes (1 switches on core 0)
Jul 21 20:34:44.127007 np0000005600 devstack@g-api.service[102966]: INFO glance.domain [-] Task [4c9f54cb-828f-4ab9-8012-db77cae5756d] status changing from pending to processing
Jul 21 20:34:44.134108 np0000005600 devstack@g-api.service[102964]: DEBUG glance.api.middleware.version_negotiation [None req-8f0a286b-b6ca-4dcc-bfc3-2ca208e156bc None None] Determining version of request: GET /v2/images/12592d27-8496-433d-823b-7ecbb8a48319 Accept: */* {{(pid=102964) process_request /opt/stack/glance/glance/api/middleware/version_negotiation.py:44}}
Jul 21 20:34:44.134493 np0000005600 devstack@g-api.service[102964]: DEBUG glance.api.middleware.version_negotiation [None req-8f0a286b-b6ca-4dcc-bfc3-2ca208e156bc None None] Using url versioning {{(pid=102964) process_request /opt/stack/glance/glance/api/middleware/version_negotiation.py:57}}
Jul 21 20:34:44.134662 np0000005600 devstack@g-api.service[102964]: DEBUG glance.api.middleware.version_negotiation [None req-8f0a286b-b6ca-4dcc-bfc3-2ca208e156bc None None] Matched version: v2 {{(pid=102964) process_request /opt/stack/glance/glance/api/middleware/version_negotiation.py:69}}
Jul 21 20:34:44.134776 np0000005600 devstack@g-api.service[102964]: DEBUG glance.api.middleware.version_negotiation [None req-8f0a286b-b6ca-4dcc-bfc3-2ca208e156bc None None] new path /v2/images/12592d27-8496-433d-823b-7ecbb8a48319 {{(pid=102964) process_request /opt/stack/glance/glance/api/middleware/version_negotiation.py:70}}
Jul 21 20:34:44.138751 np0000005600 devstack@g-api.service[102966]: DEBUG glance.async_.taskflow_executor [-] Taskflow executor picked up the execution of task ID 4c9f54cb-828f-4ab9-8012-db77cae5756d of task type api_image_import {{(pid=102966) _run /opt/stack/glance/glance/async_/taskflow_executor.py:175}}
Jul 21 20:34:44.158251 np0000005600 devstack@g-api.service[102966]: DEBUG glance_store.backend [-] Attempting to import store cinder {{(pid=102966) _load_store /opt/stack/data/venv/lib/python3.12/site-packages/glance_store/backend.py:215}}
Jul 21 20:34:44.158370 np0000005600 devstack@g-api.service[102966]: DEBUG glance_store.backend [-] Attempting to import store file {{(pid=102966) _load_store /opt/stack/data/venv/lib/python3.12/site-packages/glance_store/backend.py:215}}
Jul 21 20:34:44.158461 np0000005600 devstack@g-api.service[102966]: DEBUG glance_store.backend [-] Attempting to import store glance.store.cinder.Store {{(pid=102966) _load_store /opt/stack/data/venv/lib/python3.12/site-packages/glance_store/backend.py:215}}
Jul 21 20:34:44.158548 np0000005600 devstack@g-api.service[102966]: DEBUG glance_store.backend [-] Attempting to import store glance.store.filesystem.Store {{(pid=102966) _load_store /opt/stack/data/venv/lib/python3.12/site-packages/glance_store/backend.py:215}}
Jul 21 20:34:44.158615 np0000005600 devstack@g-api.service[102966]: DEBUG glance_store.backend [-] Attempting to import store glance.store.http.Store {{(pid=102966) _load_store /opt/stack/data/venv/lib/python3.12/site-packages/glance_store/backend.py:215}}
Jul 21 20:34:44.158665 np0000005600 devstack@g-api.service[102966]: DEBUG glance_store.backend [-] Attempting to import store glance.store.rbd.Store {{(pid=102966) _load_store /opt/stack/data/venv/lib/python3.12/site-packages/glance_store/backend.py:215}}
Jul 21 20:34:44.158773 np0000005600 devstack@g-api.service[102966]: DEBUG glance_store.backend [-] Attempting to import store glance.store.s3.Store {{(pid=102966) _load_store /opt/stack/data/venv/lib/python3.12/site-packages/glance_store/backend.py:215}}
Jul 21 20:34:44.158847 np0000005600 devstack@g-api.service[102966]: DEBUG glance_store.backend [-] Attempting to import store glance.store.swift.Store {{(pid=102966) _load_store /opt/stack/data/venv/lib/python3.12/site-packages/glance_store/backend.py:215}}
Jul 21 20:34:44.158922 np0000005600 devstack@g-api.service[102966]: DEBUG glance_store.backend [-] Attempting to import store glance.store.vmware_datastore.Store {{(pid=102966) _load_store /opt/stack/data/venv/lib/python3.12/site-packages/glance_store/backend.py:215}}
Jul 21 20:34:44.158987 np0000005600 devstack@g-api.service[102966]: DEBUG glance_store.backend [-] Attempting to import store http {{(pid=102966) _load_store /opt/stack/data/venv/lib/python3.12/site-packages/glance_store/backend.py:215}}
Jul 21 20:34:44.159085 np0000005600 devstack@g-api.service[102966]: DEBUG glance_store.backend [-] Attempting to import store no_conf {{(pid=102966) _load_store /opt/stack/data/venv/lib/python3.12/site-packages/glance_store/backend.py:215}}
Jul 21 20:34:44.159156 np0000005600 devstack@g-api.service[102966]: DEBUG glance_store.backend [-] Attempting to import store rbd {{(pid=102966) _load_store /opt/stack/data/venv/lib/python3.12/site-packages/glance_store/backend.py:215}}
Jul 21 20:34:44.159242 np0000005600 devstack@g-api.service[102966]: DEBUG glance_store.backend [-] Attempting to import store s3 {{(pid=102966) _load_store /opt/stack/data/venv/lib/python3.12/site-packages/glance_store/backend.py:215}}
Jul 21 20:34:44.159297 np0000005600 devstack@g-api.service[102966]: DEBUG glance_store.backend [-] Attempting to import store swift {{(pid=102966) _load_store /opt/stack/data/venv/lib/python3.12/site-packages/glance_store/backend.py:215}}
Jul 21 20:34:44.159375 np0000005600 devstack@g-api.service[102966]: DEBUG glance_store.backend [-] Attempting to import store vmware {{(pid=102966) _load_store /opt/stack/data/venv/lib/python3.12/site-packages/glance_store/backend.py:215}}
Jul 21 20:34:44.159459 np0000005600 devstack@g-api.service[102966]: DEBUG glance_store.backend [-] Registering options for group glance_store {{(pid=102966) register_opts /opt/stack/data/venv/lib/python3.12/site-packages/glance_store/backend.py:144}}
Jul 21 20:34:44.159538 np0000005600 devstack@g-api.service[102966]: DEBUG glance_store.backend [-] Registering options for group glance_store {{(pid=102966) register_opts /opt/stack/data/venv/lib/python3.12/site-packages/glance_store/backend.py:144}}
Jul 21 20:34:44.159778 np0000005600 devstack@g-api.service[102966]: DEBUG glance_store.backend [-] Attempting to import store file {{(pid=102966) _load_store /opt/stack/data/venv/lib/python3.12/site-packages/glance_store/backend.py:215}}
Jul 21 20:34:44.160096 np0000005600 devstack@g-api.service[102966]: DEBUG glance_store.capabilities [-] Store glance_store._drivers.filesystem.Store doesn't support updating dynamic storage capabilities. Please overwrite 'update_capabilities' method of the store to implement updating logics if needed. {{(pid=102966) update_capabilities /opt/stack/data/venv/lib/python3.12/site-packages/glance_store/capabilities.py:91}}
Jul 21 20:34:44.166051 np0000005600 devstack@g-api.service[102966]: DEBUG glance.async_.flows.api_image_import [-] Image 12592d27-8496-433d-823b-7ecbb8a48319 os_glance_importing_to_stores= {{(pid=102966) merge_store_list /opt/stack/glance/glance/async_/flows/api_image_import.py:297}}
Jul 21 20:34:44.166153 np0000005600 devstack@g-api.service[102966]: DEBUG glance.async_.flows.api_image_import [-] Image 12592d27-8496-433d-823b-7ecbb8a48319 os_glance_failed_import= {{(pid=102966) merge_store_list /opt/stack/glance/glance/async_/flows/api_image_import.py:297}}
Jul 21 20:34:44.168356 np0000005600 devstack@g-api.service[102964]: [pid: 102964|app: 0|req: 2/6] 127.0.0.1 () {38 vars in 856 bytes} [Tue Jul 21 20:34:44 2026] GET /v2/images/12592d27-8496-433d-823b-7ecbb8a48319 => generated 879 bytes in 34 msecs (HTTP/1.1 200) 4 headers in 157 bytes (1 switches on core 0)
Jul 21 20:34:44.170103 np0000005600 devstack@g-api.service[102966]: DEBUG glance.async_.flows.api_image_import [-] Image 12592d27-8496-433d-823b-7ecbb8a48319 status changing from uploading to importing {{(pid=102966) __exit__ /opt/stack/glance/glance/async_/flows/api_image_import.py:184}}
Jul 21 20:34:44.614692 np0000005600 devstack@g-api.service[102966]: DEBUG glance.async_ [-] Creating threadpool model 'ThreadPoolExecutor' with size 10 {{(pid=102966) __init__ /opt/stack/glance/glance/async_/__init__.py:100}}
Jul 21 20:34:44.630297 np0000005600 devstack@g-api.service[102966]: DEBUG glance.async_.taskflow_executor [-] Flow 'api_image_import' (b21c542d-69d7-4522-901c-453068d6741c) transitioned into state 'RUNNING' from state 'PENDING' {{(pid=102966) _flow_receiver /opt/stack/data/venv/lib/python3.12/site-packages/taskflow/listeners/logging.py:160}}
Jul 21 20:34:44.632116 np0000005600 devstack@g-api.service[102966]: DEBUG glance.async_.taskflow_executor [-] Task 'api_image_import-ImageLock-4c9f54cb-828f-4ab9-8012-db77cae5756d' (5decd5ff-59e2-4817-b257-89260eeb69d4) transitioned into state 'RUNNING' from state 'PENDING' {{(pid=102966) _task_receiver /opt/stack/data/venv/lib/python3.12/site-packages/taskflow/listeners/logging.py:242}}
Jul 21 20:34:44.638159 np0000005600 devstack@g-api.service[102966]: DEBUG glance.async_.flows.api_image_import [-] Image 12592d27-8496-433d-823b-7ecbb8a48319 import task 4c9f54cb-828f-4ab9-8012-db77cae5756d lock confirmed {{(pid=102966) execute /opt/stack/glance/glance/async_/flows/api_image_import.py:497}}
Jul 21 20:34:44.638954 np0000005600 devstack@g-api.service[102966]: DEBUG glance.async_.taskflow_executor [-] Task 'api_image_import-ImageLock-4c9f54cb-828f-4ab9-8012-db77cae5756d' (5decd5ff-59e2-4817-b257-89260eeb69d4) transitioned into state 'SUCCESS' from state 'RUNNING' with result 'None' {{(pid=102966) _task_receiver /opt/stack/data/venv/lib/python3.12/site-packages/taskflow/listeners/logging.py:218}}
Jul 21 20:34:44.639729 np0000005600 devstack@g-api.service[102966]: DEBUG glance.async_.taskflow_executor [-] Task 'api_image_import-ConfigureStaging-4c9f54cb-828f-4ab9-8012-db77cae5756d' (ada45a15-8045-4596-9bb3-580413c9aed7) transitioned into state 'RUNNING' from state 'PENDING' {{(pid=102966) _task_receiver /opt/stack/data/venv/lib/python3.12/site-packages/taskflow/listeners/logging.py:242}}
Jul 21 20:34:44.640414 np0000005600 devstack@g-api.service[102966]: DEBUG glance.async_.taskflow_executor [-] Task 'api_image_import-ConfigureStaging-4c9f54cb-828f-4ab9-8012-db77cae5756d' (ada45a15-8045-4596-9bb3-580413c9aed7) transitioned into state 'SUCCESS' from state 'RUNNING' with result 'file:///tmp/staging/12592d27-8496-433d-823b-7ecbb8a48319' {{(pid=102966) _task_receiver /opt/stack/data/venv/lib/python3.12/site-packages/taskflow/listeners/logging.py:218}}
Jul 21 20:34:44.641069 np0000005600 devstack@g-api.service[102966]: DEBUG glance.async_.taskflow_executor [-] Task 'api_image_import--ImportToStore-4c9f54cb-828f-4ab9-8012-db77cae5756d' (4d45bf0c-1369-482f-b049-3e0506910d49) transitioned into state 'RUNNING' from state 'PENDING' {{(pid=102966) _task_receiver /opt/stack/data/venv/lib/python3.12/site-packages/taskflow/listeners/logging.py:242}}
Jul 21 20:34:44.645619 np0000005600 devstack@g-api.service[102966]: INFO glance.common.scripts.image_import.main [-] Task 4c9f54cb-828f-4ab9-8012-db77cae5756d: Got image data uri file:///tmp/staging/12592d27-8496-433d-823b-7ecbb8a48319 to be imported
Jul 21 20:34:44.647011 np0000005600 devstack@g-api.service[102966]: DEBUG glance.location [-] Enabling in-flight format inspection for qcow2 {{(pid=102966) set_data /opt/stack/glance/glance/location.py:596}}
Jul 21 20:34:44.647364 np0000005600 devstack@g-api.service[102966]: DEBUG glance_store.backend [-] Attempting to import store swift {{(pid=102966) _load_store /opt/stack/data/venv/lib/python3.12/site-packages/glance_store/backend.py:215}}
Jul 21 20:34:44.648611 np0000005600 devstack@g-api.service[102966]: DEBUG glance_store.capabilities [-] Store glance_store._drivers.swift.store.SingleTenantStore doesn't support updating dynamic storage capabilities. Please overwrite 'update_capabilities' method of the store to implement updating logics if needed. {{(pid=102966) update_capabilities /opt/stack/data/venv/lib/python3.12/site-packages/glance_store/capabilities.py:91}}
Jul 21 20:34:44.648678 np0000005600 devstack@g-api.service[102966]: DEBUG glance_store.driver [-] Late loading location class glance_store._drivers.swift.store.StoreLocation {{(pid=102966) get_store_location_class /opt/stack/data/venv/lib/python3.12/site-packages/glance_store/driver.py:134}}
Jul 21 20:34:44.648751 np0000005600 devstack@g-api.service[102966]: DEBUG glance_store.location [-] Registering scheme swift+https with {'store': , 'location_class': , 'store_entry': 'swift'} {{(pid=102966) register_scheme_map /opt/stack/data/venv/lib/python3.12/site-packages/glance_store/location.py:146}}
Jul 21 20:34:44.648822 np0000005600 devstack@g-api.service[102966]: DEBUG glance_store.location [-] Registering scheme swift+https with {'store': , 'location_class': , 'store_entry': 'swift'} {{(pid=102966) register_scheme_map /opt/stack/data/venv/lib/python3.12/site-packages/glance_store/location.py:146}}
Jul 21 20:34:44.648852 np0000005600 devstack@g-api.service[102966]: DEBUG glance_store.location [-] Registering scheme swift with {'store': , 'location_class': , 'store_entry': 'swift'} {{(pid=102966) register_scheme_map /opt/stack/data/venv/lib/python3.12/site-packages/glance_store/location.py:146}}
Jul 21 20:34:44.648888 np0000005600 devstack@g-api.service[102966]: DEBUG glance_store.location [-] Registering scheme swift+https with {'store': , 'location_class': , 'store_entry': 'swift'} {{(pid=102966) register_scheme_map /opt/stack/data/venv/lib/python3.12/site-packages/glance_store/location.py:146}}
Jul 21 20:34:44.648954 np0000005600 devstack@g-api.service[102966]: DEBUG glance_store.location [-] Registering scheme swift with {'store': , 'location_class': , 'store_entry': 'swift'} {{(pid=102966) register_scheme_map /opt/stack/data/venv/lib/python3.12/site-packages/glance_store/location.py:146}}
Jul 21 20:34:44.649003 np0000005600 devstack@g-api.service[102966]: DEBUG glance_store.location [-] Registering scheme swift+http with {'store': , 'location_class': , 'store_entry': 'swift'} {{(pid=102966) register_scheme_map /opt/stack/data/venv/lib/python3.12/site-packages/glance_store/location.py:146}}
Jul 21 20:34:44.649048 np0000005600 devstack@g-api.service[102966]: DEBUG glance_store.location [-] Registering scheme swift+https with {'store': , 'location_class': , 'store_entry': 'swift'} {{(pid=102966) register_scheme_map /opt/stack/data/venv/lib/python3.12/site-packages/glance_store/location.py:146}}
Jul 21 20:34:44.649073 np0000005600 devstack@g-api.service[102966]: DEBUG glance_store.location [-] Registering scheme swift with {'store': , 'location_class': , 'store_entry': 'swift'} {{(pid=102966) register_scheme_map /opt/stack/data/venv/lib/python3.12/site-packages/glance_store/location.py:146}}
Jul 21 20:34:44.649104 np0000005600 devstack@g-api.service[102966]: DEBUG glance_store.location [-] Registering scheme swift+http with {'store': , 'location_class': , 'store_entry': 'swift'} {{(pid=102966) register_scheme_map /opt/stack/data/venv/lib/python3.12/site-packages/glance_store/location.py:146}}
Jul 21 20:34:44.649164 np0000005600 devstack@g-api.service[102966]: DEBUG glance_store.location [-] Registering scheme swift+config with {'store': , 'location_class': , 'store_entry': 'swift'} {{(pid=102966) register_scheme_map /opt/stack/data/venv/lib/python3.12/site-packages/glance_store/location.py:146}}
Jul 21 20:34:45.090043 np0000005600 devstack@g-api.service[102966]: INFO swiftclient [-] REQ: curl -i https://10.4.3.232:8080/v1/AUTH_2252b6b4d48041f78eea38be4e18320c/glance -I -H "X-Auth-Token: gAAAAABqX9fkX8i7..."
Jul 21 20:34:45.090129 np0000005600 devstack@g-api.service[102966]: INFO swiftclient [-] RESP STATUS: 404 Not Found
Jul 21 20:34:45.090225 np0000005600 devstack@g-api.service[102966]: INFO swiftclient [-] RESP HEADERS: {'Date': 'Tue, 21 Jul 2026 20:34:45 GMT', 'Server': 'Apache/2.4.58 (Ubuntu)', 'Content-Type': 'text/html; charset=UTF-8', 'X-Trans-Id': 'tx87c8f0431ac44a758af02-006a5fd7e4', 'X-Openstack-Request-Id': 'tx87c8f0431ac44a758af02-006a5fd7e4', 'Connection': 'close'}
Jul 21 20:34:45.090489 np0000005600 devstack@g-api.service[102966]: INFO glance_store._drivers.swift.store [-] Creating swift container glance
Jul 21 20:34:45.146067 np0000005600 devstack@g-api.service[102966]: DEBUG swiftclient [-] REQ: curl -i https://10.4.3.232:8080/v1/AUTH_2252b6b4d48041f78eea38be4e18320c/glance -X PUT -H "X-Auth-Token: gAAAAABqX9fkX8i7..." -H "Content-Length: 0" {{(pid=102966) http_log /opt/stack/data/venv/lib/python3.12/site-packages/swiftclient/client.py:160}}
Jul 21 20:34:45.146149 np0000005600 devstack@g-api.service[102966]: DEBUG swiftclient [-] RESP STATUS: 201 Created {{(pid=102966) http_log /opt/stack/data/venv/lib/python3.12/site-packages/swiftclient/client.py:161}}
Jul 21 20:34:45.146189 np0000005600 devstack@g-api.service[102966]: DEBUG swiftclient [-] RESP HEADERS: {'Date': 'Tue, 21 Jul 2026 20:34:45 GMT', 'Server': 'Apache/2.4.58 (Ubuntu)', 'Content-Type': 'text/html; charset=UTF-8', 'Content-Length': '0', 'X-Trans-Id': 'tx2b240263de4e458fb5224-006a5fd7e5', 'X-Openstack-Request-Id': 'tx2b240263de4e458fb5224-006a5fd7e5', 'Connection': 'close'} {{(pid=102966) http_log /opt/stack/data/venv/lib/python3.12/site-packages/swiftclient/client.py:162}}
Jul 21 20:34:45.146303 np0000005600 devstack@g-api.service[102966]: DEBUG glance_store._drivers.swift.store [-] Adding image object '12592d27-8496-433d-823b-7ecbb8a48319' to Swift {{(pid=102966) add /opt/stack/data/venv/lib/python3.12/site-packages/glance_store/_drivers/swift/store.py:970}}
Jul 21 20:34:45.151282 np0000005600 devstack@g-api.service[102966]: DEBUG oslo_utils.imageutils.format_inspector [-] Format inspector for vmdk does not match, excluding from consideration (Signature KDMV not found: b'QFI\xfb') {{(pid=102966) _process_chunk /opt/stack/data/venv/lib/python3.12/site-packages/oslo_utils/imageutils/format_inspector.py:1758}}
Jul 21 20:34:45.154398 np0000005600 devstack@g-api.service[102966]: DEBUG oslo_utils.imageutils.format_inspector [-] Format inspector for vhdx does not match, excluding from consideration (Region signature not found at 30000) {{(pid=102966) _process_chunk /opt/stack/data/venv/lib/python3.12/site-packages/oslo_utils/imageutils/format_inspector.py:1758}}
Jul 21 20:34:45.397788 np0000005600 devstack@g-api.service[102965]: DEBUG glance.api.middleware.version_negotiation [None req-4f89f19d-cc73-45a2-99f9-e463b3b97c1c admin admin] Determining version of request: POST /v2/images Accept: */* {{(pid=102965) process_request /opt/stack/glance/glance/api/middleware/version_negotiation.py:44}}
Jul 21 20:34:45.397788 np0000005600 devstack@g-api.service[102965]: DEBUG glance.api.middleware.version_negotiation [None req-4f89f19d-cc73-45a2-99f9-e463b3b97c1c admin admin] Using url versioning {{(pid=102965) process_request /opt/stack/glance/glance/api/middleware/version_negotiation.py:57}}
Jul 21 20:34:45.397788 np0000005600 devstack@g-api.service[102965]: DEBUG glance.api.middleware.version_negotiation [None req-4f89f19d-cc73-45a2-99f9-e463b3b97c1c admin admin] Matched version: v2 {{(pid=102965) process_request /opt/stack/glance/glance/api/middleware/version_negotiation.py:69}}
Jul 21 20:34:45.398165 np0000005600 devstack@g-api.service[102965]: DEBUG glance.api.middleware.version_negotiation [None req-4f89f19d-cc73-45a2-99f9-e463b3b97c1c admin admin] new path /v2/images {{(pid=102965) process_request /opt/stack/glance/glance/api/middleware/version_negotiation.py:70}}
Jul 21 20:34:45.498249 np0000005600 devstack@g-api.service[102966]: DEBUG swiftclient [-] REQ: curl -i https://10.4.3.232:8080/v1/AUTH_2252b6b4d48041f78eea38be4e18320c/glance/12592d27-8496-433d-823b-7ecbb8a48319 -X PUT -H "X-Auth-Token: gAAAAABqX9fkX8i7..." -H "Content-Length: 21430272" {{(pid=102966) http_log /opt/stack/data/venv/lib/python3.12/site-packages/swiftclient/client.py:160}}
Jul 21 20:34:45.498339 np0000005600 devstack@g-api.service[102966]: DEBUG swiftclient [-] RESP STATUS: 201 Created {{(pid=102966) http_log /opt/stack/data/venv/lib/python3.12/site-packages/swiftclient/client.py:161}}
Jul 21 20:34:45.498460 np0000005600 devstack@g-api.service[102966]: DEBUG swiftclient [-] RESP HEADERS: {'Date': 'Tue, 21 Jul 2026 20:34:45 GMT', 'Server': 'Apache/2.4.58 (Ubuntu)', 'Content-Type': 'text/html; charset=UTF-8', 'Content-Length': '0', 'Etag': 'c8fc807773e5354afe61636071771906', 'Last-Modified': 'Tue, 21 Jul 2026 20:34:46 GMT', 'X-Trans-Id': 'tx3f5161cc633a4d93bae5a-006a5fd7e5', 'X-Openstack-Request-Id': 'tx3f5161cc633a4d93bae5a-006a5fd7e5', 'Connection': 'close'} {{(pid=102966) http_log /opt/stack/data/venv/lib/python3.12/site-packages/swiftclient/client.py:162}}
Jul 21 20:34:45.511037 np0000005600 devstack@g-api.service[102966]: INFO glance.location [-] Image format matched and virtual size computed: 117440512
Jul 21 20:34:45.517461 np0000005600 devstack@g-api.service[102966]: DEBUG glance.async_.flows.api_image_import [-] Image 12592d27-8496-433d-823b-7ecbb8a48319 status changing from importing to active {{(pid=102966) __exit__ /opt/stack/glance/glance/async_/flows/api_image_import.py:184}}
Jul 21 20:34:45.536796 np0000005600 devstack@g-api.service[102966]: DEBUG glance_store.backend [-] Attempting to import store swift {{(pid=102966) _load_store /opt/stack/data/venv/lib/python3.12/site-packages/glance_store/backend.py:215}}
Jul 21 20:34:45.537960 np0000005600 devstack@g-api.service[102966]: DEBUG glance_store.capabilities [-] Store glance_store._drivers.swift.store.SingleTenantStore doesn't support updating dynamic storage capabilities. Please overwrite 'update_capabilities' method of the store to implement updating logics if needed. {{(pid=102966) update_capabilities /opt/stack/data/venv/lib/python3.12/site-packages/glance_store/capabilities.py:91}}
Jul 21 20:34:45.538036 np0000005600 devstack@g-api.service[102966]: DEBUG glance_store.driver [-] Late loading location class glance_store._drivers.swift.store.StoreLocation {{(pid=102966) get_store_location_class /opt/stack/data/venv/lib/python3.12/site-packages/glance_store/driver.py:134}}
Jul 21 20:34:45.538140 np0000005600 devstack@g-api.service[102966]: DEBUG glance_store.location [-] Registering scheme swift+https with {'store': , 'location_class': , 'store_entry': 'swift'} {{(pid=102966) register_scheme_map /opt/stack/data/venv/lib/python3.12/site-packages/glance_store/location.py:146}}
Jul 21 20:34:45.538219 np0000005600 devstack@g-api.service[102966]: DEBUG glance_store.location [-] Registering scheme swift+https with {'store': , 'location_class': , 'store_entry': 'swift'} {{(pid=102966) register_scheme_map /opt/stack/data/venv/lib/python3.12/site-packages/glance_store/location.py:146}}
Jul 21 20:34:45.538321 np0000005600 devstack@g-api.service[102966]: DEBUG glance_store.location [-] Registering scheme swift with {'store': , 'location_class': , 'store_entry': 'swift'} {{(pid=102966) register_scheme_map /opt/stack/data/venv/lib/python3.12/site-packages/glance_store/location.py:146}}
Jul 21 20:34:45.538400 np0000005600 devstack@g-api.service[102966]: DEBUG glance_store.location [-] Registering scheme swift+https with {'store': , 'location_class': , 'store_entry': 'swift'} {{(pid=102966) register_scheme_map /opt/stack/data/venv/lib/python3.12/site-packages/glance_store/location.py:146}}
