Jun 27 05:19:33.604348 np0000003836 nova-scheduler[96370]: DEBUG cotyledon.oslo_config_glue [-] profiler.es_scroll_time = 2m {{(pid=96370) log_opt_values /opt/stack/data/venv/lib/python3.12/site-packages/oslo_config/cfg.py:3253}}
Jun 27 05:19:33.604348 np0000003836 nova-scheduler[96370]: DEBUG cotyledon.oslo_config_glue [-] profiler.filter_error_trace = False {{(pid=96370) log_opt_values /opt/stack/data/venv/lib/python3.12/site-packages/oslo_config/cfg.py:3253}}
Jun 27 05:19:33.604348 np0000003836 nova-scheduler[96370]: DEBUG cotyledon.oslo_config_glue [-] profiler.hmac_keys = **** {{(pid=96370) log_opt_values /opt/stack/data/venv/lib/python3.12/site-packages/oslo_config/cfg.py:3253}}
Jun 27 05:19:33.604348 np0000003836 nova-scheduler[96370]: DEBUG cotyledon.oslo_config_glue [-] profiler.sentinel_service_name = mymaster {{(pid=96370) log_opt_values /opt/stack/data/venv/lib/python3.12/site-packages/oslo_config/cfg.py:3253}}
Jun 27 05:19:33.604348 np0000003836 nova-scheduler[96370]: DEBUG cotyledon.oslo_config_glue [-] profiler.socket_timeout = 0.1 {{(pid=96370) log_opt_values /opt/stack/data/venv/lib/python3.12/site-packages/oslo_config/cfg.py:3253}}
Jun 27 05:19:33.604348 np0000003836 nova-scheduler[96370]: DEBUG cotyledon.oslo_config_glue [-] profiler.trace_requests = False {{(pid=96370) log_opt_values /opt/stack/data/venv/lib/python3.12/site-packages/oslo_config/cfg.py:3253}}
Jun 27 05:19:33.604348 np0000003836 nova-scheduler[96370]: DEBUG cotyledon.oslo_config_glue [-] profiler.trace_sqlalchemy = False {{(pid=96370) log_opt_values /opt/stack/data/venv/lib/python3.12/site-packages/oslo_config/cfg.py:3253}}
Jun 27 05:19:33.604348 np0000003836 nova-scheduler[96370]: DEBUG cotyledon.oslo_config_glue [-] profiler_jaeger.process_tags = {} {{(pid=96370) log_opt_values /opt/stack/data/venv/lib/python3.12/site-packages/oslo_config/cfg.py:3253}}
Jun 27 05:19:33.604348 np0000003836 nova-scheduler[96370]: DEBUG cotyledon.oslo_config_glue [-] profiler_jaeger.service_name_prefix = None {{(pid=96370) log_opt_values /opt/stack/data/venv/lib/python3.12/site-packages/oslo_config/cfg.py:3253}}
Jun 27 05:19:33.604647 np0000003836 nova-scheduler[96370]: DEBUG cotyledon.oslo_config_glue [-] profiler_otlp.service_name_prefix = None {{(pid=96370) log_opt_values /opt/stack/data/venv/lib/python3.12/site-packages/oslo_config/cfg.py:3253}}
Jun 27 05:19:33.604647 np0000003836 nova-scheduler[96370]: DEBUG cotyledon.oslo_config_glue [-] oslo_messaging_rabbit.amqp_auto_delete = False {{(pid=96370) log_opt_values /opt/stack/data/venv/lib/python3.12/site-packages/oslo_config/cfg.py:3253}}
Jun 27 05:19:33.604647 np0000003836 nova-scheduler[96370]: DEBUG cotyledon.oslo_config_glue [-] oslo_messaging_rabbit.amqp_durable_queues = False {{(pid=96370) log_opt_values /opt/stack/data/venv/lib/python3.12/site-packages/oslo_config/cfg.py:3253}}
Jun 27 05:19:33.604647 np0000003836 nova-scheduler[96370]: DEBUG cotyledon.oslo_config_glue [-] oslo_messaging_rabbit.conn_pool_min_size = 2 {{(pid=96370) log_opt_values /opt/stack/data/venv/lib/python3.12/site-packages/oslo_config/cfg.py:3253}}
Jun 27 05:19:33.604647 np0000003836 nova-scheduler[96370]: DEBUG cotyledon.oslo_config_glue [-] oslo_messaging_rabbit.conn_pool_ttl = 1200 {{(pid=96370) log_opt_values /opt/stack/data/venv/lib/python3.12/site-packages/oslo_config/cfg.py:3253}}
Jun 27 05:19:33.604647 np0000003836 nova-scheduler[96370]: DEBUG cotyledon.oslo_config_glue [-] oslo_messaging_rabbit.direct_mandatory_flag = True {{(pid=96370) log_opt_values /opt/stack/data/venv/lib/python3.12/site-packages/oslo_config/cfg.py:3253}}
Jun 27 05:19:33.604647 np0000003836 nova-scheduler[96370]: DEBUG cotyledon.oslo_config_glue [-] oslo_messaging_rabbit.enable_cancel_on_failover = False {{(pid=96370) log_opt_values /opt/stack/data/venv/lib/python3.12/site-packages/oslo_config/cfg.py:3253}}
Jun 27 05:19:33.604647 np0000003836 nova-scheduler[96370]: DEBUG cotyledon.oslo_config_glue [-] oslo_messaging_rabbit.heartbeat_rate = 3 {{(pid=96370) log_opt_values /opt/stack/data/venv/lib/python3.12/site-packages/oslo_config/cfg.py:3253}}
Jun 27 05:19:33.604647 np0000003836 nova-scheduler[96370]: DEBUG cotyledon.oslo_config_glue [-] oslo_messaging_rabbit.heartbeat_timeout_threshold = 60 {{(pid=96370) log_opt_values /opt/stack/data/venv/lib/python3.12/site-packages/oslo_config/cfg.py:3253}}
Jun 27 05:19:33.605007 np0000003836 nova-scheduler[96370]: DEBUG cotyledon.oslo_config_glue [-] oslo_messaging_rabbit.hostname = np0000003836 {{(pid=96370) log_opt_values /opt/stack/data/venv/lib/python3.12/site-packages/oslo_config/cfg.py:3253}}
Jun 27 05:19:33.605007 np0000003836 nova-scheduler[96370]: DEBUG cotyledon.oslo_config_glue [-] oslo_messaging_rabbit.kombu_compression = None {{(pid=96370) log_opt_values /opt/stack/data/venv/lib/python3.12/site-packages/oslo_config/cfg.py:3253}}
Jun 27 05:19:33.605007 np0000003836 nova-scheduler[96370]: DEBUG cotyledon.oslo_config_glue [-] oslo_messaging_rabbit.kombu_failover_strategy = round-robin {{(pid=96370) log_opt_values /opt/stack/data/venv/lib/python3.12/site-packages/oslo_config/cfg.py:3253}}
Jun 27 05:19:33.605007 np0000003836 nova-scheduler[96370]: DEBUG cotyledon.oslo_config_glue [-] oslo_messaging_rabbit.kombu_missing_consumer_retry_timeout = 60 {{(pid=96370) log_opt_values /opt/stack/data/venv/lib/python3.12/site-packages/oslo_config/cfg.py:3253}}
Jun 27 05:19:33.605007 np0000003836 nova-scheduler[96370]: DEBUG cotyledon.oslo_config_glue [-] oslo_messaging_rabbit.kombu_reconnect_delay = 1.0 {{(pid=96370) log_opt_values /opt/stack/data/venv/lib/python3.12/site-packages/oslo_config/cfg.py:3253}}
Jun 27 05:19:33.605007 np0000003836 nova-scheduler[96370]: DEBUG cotyledon.oslo_config_glue [-] oslo_messaging_rabbit.kombu_reconnect_splay = 0.0 {{(pid=96370) log_opt_values /opt/stack/data/venv/lib/python3.12/site-packages/oslo_config/cfg.py:3253}}
Jun 27 05:19:33.605007 np0000003836 nova-scheduler[96370]: DEBUG cotyledon.oslo_config_glue [-] oslo_messaging_rabbit.processname = nova-scheduler {{(pid=96370) log_opt_values /opt/stack/data/venv/lib/python3.12/site-packages/oslo_config/cfg.py:3253}}
Jun 27 05:19:33.605007 np0000003836 nova-scheduler[96370]: DEBUG cotyledon.oslo_config_glue [-] oslo_messaging_rabbit.rabbit_ha_queues = False {{(pid=96370) log_opt_values /opt/stack/data/venv/lib/python3.12/site-packages/oslo_config/cfg.py:3253}}
Jun 27 05:19:33.605007 np0000003836 nova-scheduler[96370]: DEBUG cotyledon.oslo_config_glue [-] oslo_messaging_rabbit.rabbit_interval_max = 30 {{(pid=96370) log_opt_values /opt/stack/data/venv/lib/python3.12/site-packages/oslo_config/cfg.py:3253}}
Jun 27 05:19:33.605288 np0000003836 nova-scheduler[96370]: DEBUG cotyledon.oslo_config_glue [-] oslo_messaging_rabbit.rabbit_login_method = AMQPLAIN {{(pid=96370) log_opt_values /opt/stack/data/venv/lib/python3.12/site-packages/oslo_config/cfg.py:3253}}
Jun 27 05:19:33.605288 np0000003836 nova-scheduler[96370]: DEBUG cotyledon.oslo_config_glue [-] oslo_messaging_rabbit.rabbit_qos_prefetch_count = 0 {{(pid=96370) log_opt_values /opt/stack/data/venv/lib/python3.12/site-packages/oslo_config/cfg.py:3253}}
Jun 27 05:19:33.605288 np0000003836 nova-scheduler[96370]: DEBUG cotyledon.oslo_config_glue [-] oslo_messaging_rabbit.rabbit_quorum_delivery_limit = 0 {{(pid=96370) log_opt_values /opt/stack/data/venv/lib/python3.12/site-packages/oslo_config/cfg.py:3253}}
Jun 27 05:19:33.605288 np0000003836 nova-scheduler[96370]: DEBUG cotyledon.oslo_config_glue [-] oslo_messaging_rabbit.rabbit_quorum_max_memory_bytes = 0 {{(pid=96370) log_opt_values /opt/stack/data/venv/lib/python3.12/site-packages/oslo_config/cfg.py:3253}}
Jun 27 05:19:33.605288 np0000003836 nova-scheduler[96370]: DEBUG cotyledon.oslo_config_glue [-] oslo_messaging_rabbit.rabbit_quorum_max_memory_length = 0 {{(pid=96370) log_opt_values /opt/stack/data/venv/lib/python3.12/site-packages/oslo_config/cfg.py:3253}}
Jun 27 05:19:33.605288 np0000003836 nova-scheduler[96370]: DEBUG cotyledon.oslo_config_glue [-] oslo_messaging_rabbit.rabbit_quorum_queue = False {{(pid=96370) log_opt_values /opt/stack/data/venv/lib/python3.12/site-packages/oslo_config/cfg.py:3253}}
Jun 27 05:19:33.605288 np0000003836 nova-scheduler[96370]: DEBUG cotyledon.oslo_config_glue [-] oslo_messaging_rabbit.rabbit_retry_backoff = 2 {{(pid=96370) log_opt_values /opt/stack/data/venv/lib/python3.12/site-packages/oslo_config/cfg.py:3253}}
Jun 27 05:19:33.605288 np0000003836 nova-scheduler[96370]: DEBUG cotyledon.oslo_config_glue [-] oslo_messaging_rabbit.rabbit_retry_interval = 1 {{(pid=96370) log_opt_values /opt/stack/data/venv/lib/python3.12/site-packages/oslo_config/cfg.py:3253}}
Jun 27 05:19:33.605288 np0000003836 nova-scheduler[96370]: DEBUG cotyledon.oslo_config_glue [-] oslo_messaging_rabbit.rabbit_stream_fanout = False {{(pid=96370) log_opt_values /opt/stack/data/venv/lib/python3.12/site-packages/oslo_config/cfg.py:3253}}
Jun 27 05:19:33.605584 np0000003836 nova-scheduler[96370]: DEBUG cotyledon.oslo_config_glue [-] oslo_messaging_rabbit.rabbit_transient_queues_ttl = 1800 {{(pid=96370) log_opt_values /opt/stack/data/venv/lib/python3.12/site-packages/oslo_config/cfg.py:3253}}
Jun 27 05:19:33.605584 np0000003836 nova-scheduler[96370]: DEBUG cotyledon.oslo_config_glue [-] oslo_messaging_rabbit.rabbit_transient_quorum_queue = False {{(pid=96370) log_opt_values /opt/stack/data/venv/lib/python3.12/site-packages/oslo_config/cfg.py:3253}}
Jun 27 05:19:33.605584 np0000003836 nova-scheduler[96370]: DEBUG cotyledon.oslo_config_glue [-] oslo_messaging_rabbit.rpc_conn_pool_size = 30 {{(pid=96370) log_opt_values /opt/stack/data/venv/lib/python3.12/site-packages/oslo_config/cfg.py:3253}}
Jun 27 05:19:33.605584 np0000003836 nova-scheduler[96370]: DEBUG cotyledon.oslo_config_glue [-] oslo_messaging_rabbit.ssl = False {{(pid=96370) log_opt_values /opt/stack/data/venv/lib/python3.12/site-packages/oslo_config/cfg.py:3253}}
Jun 27 05:19:33.605584 np0000003836 nova-scheduler[96370]: DEBUG cotyledon.oslo_config_glue [-] oslo_messaging_rabbit.ssl_ca_file = {{(pid=96370) log_opt_values /opt/stack/data/venv/lib/python3.12/site-packages/oslo_config/cfg.py:3253}}
Jun 27 05:19:33.605584 np0000003836 nova-scheduler[96370]: DEBUG cotyledon.oslo_config_glue [-] oslo_messaging_rabbit.ssl_cert_file = {{(pid=96370) log_opt_values /opt/stack/data/venv/lib/python3.12/site-packages/oslo_config/cfg.py:3253}}
Jun 27 05:19:33.605584 np0000003836 nova-scheduler[96370]: DEBUG cotyledon.oslo_config_glue [-] oslo_messaging_rabbit.ssl_enforce_fips_mode = False {{(pid=96370) log_opt_values /opt/stack/data/venv/lib/python3.12/site-packages/oslo_config/cfg.py:3253}}
Jun 27 05:19:33.605584 np0000003836 nova-scheduler[96370]: DEBUG cotyledon.oslo_config_glue [-] oslo_messaging_rabbit.ssl_enforce_hostname_verification = True {{(pid=96370) log_opt_values /opt/stack/data/venv/lib/python3.12/site-packages/oslo_config/cfg.py:3253}}
Jun 27 05:19:33.605584 np0000003836 nova-scheduler[96370]: DEBUG cotyledon.oslo_config_glue [-] oslo_messaging_rabbit.ssl_key_file = {{(pid=96370) log_opt_values /opt/stack/data/venv/lib/python3.12/site-packages/oslo_config/cfg.py:3253}}
Jun 27 05:19:33.605841 np0000003836 nova-scheduler[96370]: DEBUG cotyledon.oslo_config_glue [-] oslo_messaging_rabbit.ssl_version = {{(pid=96370) log_opt_values /opt/stack/data/venv/lib/python3.12/site-packages/oslo_config/cfg.py:3253}}
Jun 27 05:19:33.605841 np0000003836 nova-scheduler[96370]: DEBUG cotyledon.oslo_config_glue [-] oslo_messaging_rabbit.use_queue_manager = False {{(pid=96370) log_opt_values /opt/stack/data/venv/lib/python3.12/site-packages/oslo_config/cfg.py:3253}}
Jun 27 05:19:33.605841 np0000003836 nova-scheduler[96370]: DEBUG cotyledon.oslo_config_glue [-] oslo_messaging_notifications.driver = ['messagingv2'] {{(pid=96370) log_opt_values /opt/stack/data/venv/lib/python3.12/site-packages/oslo_config/cfg.py:3253}}
Jun 27 05:19:33.605841 np0000003836 nova-scheduler[96370]: DEBUG cotyledon.oslo_config_glue [-] oslo_messaging_notifications.retry = -1 {{(pid=96370) log_opt_values /opt/stack/data/venv/lib/python3.12/site-packages/oslo_config/cfg.py:3253}}
Jun 27 05:19:33.605841 np0000003836 nova-scheduler[96370]: DEBUG cotyledon.oslo_config_glue [-] oslo_messaging_notifications.topics = ['notifications'] {{(pid=96370) log_opt_values /opt/stack/data/venv/lib/python3.12/site-packages/oslo_config/cfg.py:3253}}
Jun 27 05:19:33.605841 np0000003836 nova-scheduler[96370]: DEBUG cotyledon.oslo_config_glue [-] oslo_messaging_notifications.transport_url = **** {{(pid=96370) log_opt_values /opt/stack/data/venv/lib/python3.12/site-packages/oslo_config/cfg.py:3253}}
Jun 27 05:19:33.605841 np0000003836 nova-scheduler[96370]: DEBUG cotyledon.oslo_config_glue [-] oslo_limit.auth_section = None {{(pid=96370) log_opt_values /opt/stack/data/venv/lib/python3.12/site-packages/oslo_config/cfg.py:3253}}
Jun 27 05:19:33.605841 np0000003836 nova-scheduler[96370]: DEBUG cotyledon.oslo_config_glue [-] oslo_limit.auth_type = None {{(pid=96370) log_opt_values /opt/stack/data/venv/lib/python3.12/site-packages/oslo_config/cfg.py:3253}}
Jun 27 05:19:33.605841 np0000003836 nova-scheduler[96370]: DEBUG cotyledon.oslo_config_glue [-] oslo_limit.cafile = None {{(pid=96370) log_opt_values /opt/stack/data/venv/lib/python3.12/site-packages/oslo_config/cfg.py:3253}}
Jun 27 05:19:33.606124 np0000003836 nova-scheduler[96370]: DEBUG cotyledon.oslo_config_glue [-] oslo_limit.certfile = None {{(pid=96370) log_opt_values /opt/stack/data/venv/lib/python3.12/site-packages/oslo_config/cfg.py:3253}}
Jun 27 05:19:33.606124 np0000003836 nova-scheduler[96370]: DEBUG cotyledon.oslo_config_glue [-] oslo_limit.collect_timing = False {{(pid=96370) log_opt_values /opt/stack/data/venv/lib/python3.12/site-packages/oslo_config/cfg.py:3253}}
Jun 27 05:19:33.606124 np0000003836 nova-scheduler[96370]: DEBUG cotyledon.oslo_config_glue [-] oslo_limit.connect_retries = None {{(pid=96370) log_opt_values /opt/stack/data/venv/lib/python3.12/site-packages/oslo_config/cfg.py:3253}}
Jun 27 05:19:33.606124 np0000003836 nova-scheduler[96370]: DEBUG cotyledon.oslo_config_glue [-] oslo_limit.connect_retry_delay = None {{(pid=96370) log_opt_values /opt/stack/data/venv/lib/python3.12/site-packages/oslo_config/cfg.py:3253}}
Jun 27 05:19:33.606124 np0000003836 nova-scheduler[96370]: DEBUG cotyledon.oslo_config_glue [-] oslo_limit.endpoint_id = None {{(pid=96370) log_opt_values /opt/stack/data/venv/lib/python3.12/site-packages/oslo_config/cfg.py:3253}}
Jun 27 05:19:33.606124 np0000003836 nova-scheduler[96370]: DEBUG cotyledon.oslo_config_glue [-] oslo_limit.endpoint_interface = public {{(pid=96370) log_opt_values /opt/stack/data/venv/lib/python3.12/site-packages/oslo_config/cfg.py:3253}}
Jun 27 05:19:33.606124 np0000003836 nova-scheduler[96370]: DEBUG cotyledon.oslo_config_glue [-] oslo_limit.endpoint_override = None {{(pid=96370) log_opt_values /opt/stack/data/venv/lib/python3.12/site-packages/oslo_config/cfg.py:3253}}
Jun 27 05:19:33.606124 np0000003836 nova-scheduler[96370]: DEBUG cotyledon.oslo_config_glue [-] oslo_limit.endpoint_region_name = None {{(pid=96370) log_opt_values /opt/stack/data/venv/lib/python3.12/site-packages/oslo_config/cfg.py:3253}}
Jun 27 05:19:33.606124 np0000003836 nova-scheduler[96370]: DEBUG cotyledon.oslo_config_glue [-] oslo_limit.endpoint_service_name = None {{(pid=96370) log_opt_values /opt/stack/data/venv/lib/python3.12/site-packages/oslo_config/cfg.py:3253}}
Jun 27 05:19:33.606512 np0000003836 nova-scheduler[96370]: DEBUG cotyledon.oslo_config_glue [-] oslo_limit.endpoint_service_type = None {{(pid=96370) log_opt_values /opt/stack/data/venv/lib/python3.12/site-packages/oslo_config/cfg.py:3253}}
Jun 27 05:19:33.606512 np0000003836 nova-scheduler[96370]: DEBUG cotyledon.oslo_config_glue [-] oslo_limit.insecure = False {{(pid=96370) log_opt_values /opt/stack/data/venv/lib/python3.12/site-packages/oslo_config/cfg.py:3253}}
Jun 27 05:19:33.606512 np0000003836 nova-scheduler[96370]: DEBUG cotyledon.oslo_config_glue [-] oslo_limit.keyfile = None {{(pid=96370) log_opt_values /opt/stack/data/venv/lib/python3.12/site-packages/oslo_config/cfg.py:3253}}
Jun 27 05:19:33.606512 np0000003836 nova-scheduler[96370]: DEBUG cotyledon.oslo_config_glue [-] oslo_limit.max_version = None {{(pid=96370) log_opt_values /opt/stack/data/venv/lib/python3.12/site-packages/oslo_config/cfg.py:3253}}
Jun 27 05:19:33.606512 np0000003836 nova-scheduler[96370]: DEBUG cotyledon.oslo_config_glue [-] oslo_limit.min_version = None {{(pid=96370) log_opt_values /opt/stack/data/venv/lib/python3.12/site-packages/oslo_config/cfg.py:3253}}
Jun 27 05:19:33.606512 np0000003836 nova-scheduler[96370]: DEBUG cotyledon.oslo_config_glue [-] oslo_limit.region_name = None {{(pid=96370) log_opt_values /opt/stack/data/venv/lib/python3.12/site-packages/oslo_config/cfg.py:3253}}
Jun 27 05:19:33.606512 np0000003836 nova-scheduler[96370]: DEBUG cotyledon.oslo_config_glue [-] oslo_limit.retriable_status_codes = None {{(pid=96370) log_opt_values /opt/stack/data/venv/lib/python3.12/site-packages/oslo_config/cfg.py:3253}}
Jun 27 05:19:33.606512 np0000003836 nova-scheduler[96370]: DEBUG cotyledon.oslo_config_glue [-] oslo_limit.service_name = None {{(pid=96370) log_opt_values /opt/stack/data/venv/lib/python3.12/site-packages/oslo_config/cfg.py:3253}}
Jun 27 05:19:33.606512 np0000003836 nova-scheduler[96370]: DEBUG cotyledon.oslo_config_glue [-] oslo_limit.service_type = None {{(pid=96370) log_opt_values /opt/stack/data/venv/lib/python3.12/site-packages/oslo_config/cfg.py:3253}}
Jun 27 05:19:33.606789 np0000003836 nova-scheduler[96370]: DEBUG cotyledon.oslo_config_glue [-] oslo_limit.split_loggers = False {{(pid=96370) log_opt_values /opt/stack/data/venv/lib/python3.12/site-packages/oslo_config/cfg.py:3253}}
Jun 27 05:19:33.606789 np0000003836 nova-scheduler[96370]: DEBUG cotyledon.oslo_config_glue [-] oslo_limit.status_code_retries = None {{(pid=96370) log_opt_values /opt/stack/data/venv/lib/python3.12/site-packages/oslo_config/cfg.py:3253}}
Jun 27 05:19:33.606789 np0000003836 nova-scheduler[96370]: DEBUG cotyledon.oslo_config_glue [-] oslo_limit.status_code_retry_delay = None {{(pid=96370) log_opt_values /opt/stack/data/venv/lib/python3.12/site-packages/oslo_config/cfg.py:3253}}
Jun 27 05:19:33.606789 np0000003836 nova-scheduler[96370]: DEBUG cotyledon.oslo_config_glue [-] oslo_limit.timeout = None {{(pid=96370) log_opt_values /opt/stack/data/venv/lib/python3.12/site-packages/oslo_config/cfg.py:3253}}
Jun 27 05:19:33.606789 np0000003836 nova-scheduler[96370]: DEBUG cotyledon.oslo_config_glue [-] oslo_limit.valid_interfaces = None {{(pid=96370) log_opt_values /opt/stack/data/venv/lib/python3.12/site-packages/oslo_config/cfg.py:3253}}
Jun 27 05:19:33.606789 np0000003836 nova-scheduler[96370]: DEBUG cotyledon.oslo_config_glue [-] oslo_limit.version = None {{(pid=96370) log_opt_values /opt/stack/data/venv/lib/python3.12/site-packages/oslo_config/cfg.py:3253}}
Jun 27 05:19:33.606789 np0000003836 nova-scheduler[96370]: DEBUG cotyledon.oslo_config_glue [-] oslo_reports.file_event_handler = None {{(pid=96370) log_opt_values /opt/stack/data/venv/lib/python3.12/site-packages/oslo_config/cfg.py:3253}}
Jun 27 05:19:33.606789 np0000003836 nova-scheduler[96370]: DEBUG cotyledon.oslo_config_glue [-] oslo_reports.file_event_handler_interval = 1 {{(pid=96370) log_opt_values /opt/stack/data/venv/lib/python3.12/site-packages/oslo_config/cfg.py:3253}}
Jun 27 05:19:33.606789 np0000003836 nova-scheduler[96370]: DEBUG cotyledon.oslo_config_glue [-] oslo_reports.log_dir = None {{(pid=96370) log_opt_values /opt/stack/data/venv/lib/python3.12/site-packages/oslo_config/cfg.py:3253}}
Jun 27 05:19:33.607038 np0000003836 nova-scheduler[96370]: DEBUG cotyledon.oslo_config_glue [-] ******************************************************************************** {{(pid=96370) log_opt_values /opt/stack/data/venv/lib/python3.12/site-packages/oslo_config/cfg.py:3260}}
Jun 27 05:19:33.607038 np0000003836 nova-scheduler[96370]: DEBUG cotyledon._service_worker [-] Run service ServiceWrapper(3) [96370] {{(pid=96370) wait_forever /opt/stack/data/venv/lib/python3.12/site-packages/cotyledon/_service_worker.py:218}}
Jun 27 05:19:33.607038 np0000003836 nova-scheduler[96370]: INFO nova.service [-] Starting scheduler node (version 33.1.0)
Jun 27 05:19:33.607134 np0000003836 nova-scheduler[96368]: DEBUG oslo_db.sqlalchemy.engines [None req-b5f67702-04a6-493c-a83a-9eca6a841c65 None None] MySQL server mode set to STRICT_TRANS_TABLES,STRICT_ALL_TABLES,NO_ZERO_IN_DATE,NO_ZERO_DATE,ERROR_FOR_DIVISION_BY_ZERO,TRADITIONAL,NO_ENGINE_SUBSTITUTION {{(pid=96368) _check_effective_sql_mode /opt/stack/data/venv/lib/python3.12/site-packages/oslo_db/sqlalchemy/engines.py:325}}
Jun 27 05:19:33.607177 np0000003836 nova-scheduler[96370]: INFO dbcounter [None req-b15ecc1c-5d68-46c0-bed7-6b9007747f9e None None] Registered counter for database nova_cell0
Jun 27 05:19:33.607210 np0000003836 nova-scheduler[96368]: DEBUG dbcounter [-] [96368] Writer thread running {{(pid=96368) stat_writer /opt/stack/data/venv/lib/python3.12/site-packages/dbcounter.py:102}}
Jun 27 05:19:33.622895 np0000003836 nova-scheduler[96368]: DEBUG nova.service [None req-b5f67702-04a6-493c-a83a-9eca6a841c65 None None] Creating RPC server for service: nova-scheduler on topic: scheduler {{(pid=96368) start /opt/stack/nova/nova/service.py:196}}
Jun 27 05:19:33.623434 np0000003836 nova-scheduler[96366]: DEBUG oslo_db.sqlalchemy.engines [None req-831eda45-4d71-49b5-83af-79629a92b774 None None] MySQL server mode set to STRICT_TRANS_TABLES,STRICT_ALL_TABLES,NO_ZERO_IN_DATE,NO_ZERO_DATE,ERROR_FOR_DIVISION_BY_ZERO,TRADITIONAL,NO_ENGINE_SUBSTITUTION {{(pid=96366) _check_effective_sql_mode /opt/stack/data/venv/lib/python3.12/site-packages/oslo_db/sqlalchemy/engines.py:325}}
Jun 27 05:19:33.626253 np0000003836 nova-scheduler[96364]: DEBUG oslo_db.sqlalchemy.engines [None req-9a15dc05-4274-4541-b628-a98be54978b9 None None] MySQL server mode set to STRICT_TRANS_TABLES,STRICT_ALL_TABLES,NO_ZERO_IN_DATE,NO_ZERO_DATE,ERROR_FOR_DIVISION_BY_ZERO,TRADITIONAL,NO_ENGINE_SUBSTITUTION {{(pid=96364) _check_effective_sql_mode /opt/stack/data/venv/lib/python3.12/site-packages/oslo_db/sqlalchemy/engines.py:325}}
Jun 27 05:19:33.634097 np0000003836 nova-scheduler[96366]: DEBUG dbcounter [-] [96366] Writer thread running {{(pid=96366) stat_writer /opt/stack/data/venv/lib/python3.12/site-packages/dbcounter.py:102}}
Jun 27 05:19:33.637332 np0000003836 nova-scheduler[96366]: DEBUG nova.service [None req-831eda45-4d71-49b5-83af-79629a92b774 None None] Creating RPC server for service: nova-scheduler on topic: scheduler {{(pid=96366) start /opt/stack/nova/nova/service.py:196}}
Jun 27 05:19:33.639084 np0000003836 nova-scheduler[96364]: DEBUG dbcounter [-] [96364] Writer thread running {{(pid=96364) stat_writer /opt/stack/data/venv/lib/python3.12/site-packages/dbcounter.py:102}}
Jun 27 05:19:33.642583 np0000003836 nova-scheduler[96364]: DEBUG nova.service [None req-9a15dc05-4274-4541-b628-a98be54978b9 None None] Creating RPC server for service: nova-scheduler on topic: scheduler {{(pid=96364) start /opt/stack/nova/nova/service.py:196}}
Jun 27 05:19:33.659495 np0000003836 nova-scheduler[96366]: DEBUG nova.service [None req-831eda45-4d71-49b5-83af-79629a92b774 None None] Join ServiceGroup membership for this service scheduler {{(pid=96366) start /opt/stack/nova/nova/service.py:222}}
Jun 27 05:19:33.659495 np0000003836 nova-scheduler[96366]: DEBUG nova.servicegroup.drivers.db [None req-831eda45-4d71-49b5-83af-79629a92b774 None None] DB_Driver: join new ServiceGroup member np0000003836 to the scheduler group, service = {{(pid=96366) join /opt/stack/nova/nova/servicegroup/drivers/db.py:44}}
Jun 27 05:19:33.659890 np0000003836 nova-scheduler[96368]: DEBUG nova.service [None req-b5f67702-04a6-493c-a83a-9eca6a841c65 None None] Join ServiceGroup membership for this service scheduler {{(pid=96368) start /opt/stack/nova/nova/service.py:222}}
Jun 27 05:19:33.660093 np0000003836 nova-scheduler[96368]: DEBUG nova.servicegroup.drivers.db [None req-b5f67702-04a6-493c-a83a-9eca6a841c65 None None] DB_Driver: join new ServiceGroup member np0000003836 to the scheduler group, service = {{(pid=96368) join /opt/stack/nova/nova/servicegroup/drivers/db.py:44}}
Jun 27 05:19:33.668380 np0000003836 nova-scheduler[96364]: DEBUG nova.service [None req-9a15dc05-4274-4541-b628-a98be54978b9 None None] Join ServiceGroup membership for this service scheduler {{(pid=96364) start /opt/stack/nova/nova/service.py:222}}
Jun 27 05:19:33.668688 np0000003836 nova-scheduler[96364]: DEBUG nova.servicegroup.drivers.db [None req-9a15dc05-4274-4541-b628-a98be54978b9 None None] DB_Driver: join new ServiceGroup member np0000003836 to the scheduler group, service = {{(pid=96364) join /opt/stack/nova/nova/servicegroup/drivers/db.py:44}}
Jun 27 05:19:33.677211 np0000003836 nova-scheduler[96370]: DEBUG oslo_db.sqlalchemy.engines [None req-b15ecc1c-5d68-46c0-bed7-6b9007747f9e None None] MySQL server mode set to STRICT_TRANS_TABLES,STRICT_ALL_TABLES,NO_ZERO_IN_DATE,NO_ZERO_DATE,ERROR_FOR_DIVISION_BY_ZERO,TRADITIONAL,NO_ENGINE_SUBSTITUTION {{(pid=96370) _check_effective_sql_mode /opt/stack/data/venv/lib/python3.12/site-packages/oslo_db/sqlalchemy/engines.py:325}}
Jun 27 05:19:33.690860 np0000003836 nova-scheduler[96370]: DEBUG dbcounter [-] [96370] Writer thread running {{(pid=96370) stat_writer /opt/stack/data/venv/lib/python3.12/site-packages/dbcounter.py:102}}
Jun 27 05:19:33.694874 np0000003836 nova-scheduler[96370]: DEBUG nova.service [None req-b15ecc1c-5d68-46c0-bed7-6b9007747f9e None None] Creating RPC server for service: nova-scheduler on topic: scheduler {{(pid=96370) start /opt/stack/nova/nova/service.py:196}}
Jun 27 05:19:33.716705 np0000003836 nova-scheduler[96370]: DEBUG nova.service [None req-b15ecc1c-5d68-46c0-bed7-6b9007747f9e None None] Join ServiceGroup membership for this service scheduler {{(pid=96370) start /opt/stack/nova/nova/service.py:222}}
Jun 27 05:19:33.717199 np0000003836 nova-scheduler[96370]: DEBUG nova.servicegroup.drivers.db [None req-b15ecc1c-5d68-46c0-bed7-6b9007747f9e None None] DB_Driver: join new ServiceGroup member np0000003836 to the scheduler group, service = {{(pid=96370) join /opt/stack/nova/nova/servicegroup/drivers/db.py:44}}
Jun 27 05:19:38.672144 np0000003836 nova-scheduler[96368]: DEBUG oslo.service.backend._threading.loopingcall [-] Fixed interval looping call 'nova.servicegroup.drivers.db.DbDriver._report_state' sleeping for 119.99 seconds {{(pid=96368) _run_loop /opt/stack/data/venv/lib/python3.12/site-packages/oslo_service/backend/_threading/loopingcall.py:125}}
Jun 27 05:19:38.673751 np0000003836 nova-scheduler[96366]: DEBUG oslo.service.backend._threading.loopingcall [-] Fixed interval looping call 'nova.servicegroup.drivers.db.DbDriver._report_state' sleeping for 119.99 seconds {{(pid=96366) _run_loop /opt/stack/data/venv/lib/python3.12/site-packages/oslo_service/backend/_threading/loopingcall.py:125}}
Jun 27 05:19:38.680518 np0000003836 nova-scheduler[96364]: DEBUG oslo.service.backend._threading.loopingcall [-] Fixed interval looping call 'nova.servicegroup.drivers.db.DbDriver._report_state' sleeping for 119.99 seconds {{(pid=96364) _run_loop /opt/stack/data/venv/lib/python3.12/site-packages/oslo_service/backend/_threading/loopingcall.py:125}}
Jun 27 05:19:38.728599 np0000003836 nova-scheduler[96370]: DEBUG oslo.service.backend._threading.loopingcall [-] Fixed interval looping call 'nova.servicegroup.drivers.db.DbDriver._report_state' sleeping for 119.99 seconds {{(pid=96370) _run_loop /opt/stack/data/venv/lib/python3.12/site-packages/oslo_service/backend/_threading/loopingcall.py:125}}
Jun 27 05:19:42.214515 np0000003836 nova-scheduler[95173]: DEBUG dbcounter [-] [95173] Writing DB stats nova_api:SELECT=3 {{(pid=95173) stat_writer /opt/stack/data/venv/lib/python3.12/site-packages/dbcounter.py:115}}
Jun 27 05:19:42.341836 np0000003836 nova-scheduler[95173]: DEBUG dbcounter [-] [95173] Writing DB stats nova_cell0:SELECT=1 {{(pid=95173) stat_writer /opt/stack/data/venv/lib/python3.12/site-packages/dbcounter.py:115}}
Jun 27 05:19:42.353262 np0000003836 nova-scheduler[95173]: DEBUG dbcounter [-] [95173] Writing DB stats nova_cell1:SELECT=1 {{(pid=95173) stat_writer /opt/stack/data/venv/lib/python3.12/site-packages/dbcounter.py:115}}
Jun 27 05:19:44.719707 np0000003836 nova-scheduler[96370]: DEBUG oslo.service.backend._threading.loopingcall [None req-9c080c3f-97d1-4bf6-bd16-5a0425673e37 None None] Dynamic interval looping call 'nova.service.Service.periodic_tasks' sleeping for 60.00 seconds {{(pid=96370) _run_loop /opt/stack/data/venv/lib/python3.12/site-packages/oslo_service/backend/_threading/loopingcall.py:125}}
Jun 27 05:19:48.668698 np0000003836 nova-scheduler[96368]: DEBUG dbcounter [-] [96368] Writing DB stats nova_cell0:SELECT=4,nova_cell0:INSERT=1,nova_cell0:UPDATE=1 {{(pid=96368) stat_writer /opt/stack/data/venv/lib/python3.12/site-packages/dbcounter.py:115}}
Jun 27 05:19:48.672409 np0000003836 nova-scheduler[96366]: DEBUG dbcounter [-] [96366] Writing DB stats nova_cell0:SELECT=3,nova_cell0:UPDATE=1 {{(pid=96366) stat_writer /opt/stack/data/venv/lib/python3.12/site-packages/dbcounter.py:115}}
Jun 27 05:19:48.677167 np0000003836 nova-scheduler[96364]: DEBUG dbcounter [-] [96364] Writing DB stats nova_cell0:SELECT=3 {{(pid=96364) stat_writer /opt/stack/data/venv/lib/python3.12/site-packages/dbcounter.py:115}}
Jun 27 05:19:48.725291 np0000003836 nova-scheduler[96370]: DEBUG dbcounter [-] [96370] Writing DB stats nova_cell0:SELECT=3 {{(pid=96370) stat_writer /opt/stack/data/venv/lib/python3.12/site-packages/dbcounter.py:115}}
Jun 27 05:20:08.661252 np0000003836 nova-scheduler[96366]: DEBUG oslo.service.backend._threading.loopingcall [None req-c7a0a255-49c8-44ed-8425-d8ed74b798ea None None] Dynamic interval looping call 'nova.service.Service.periodic_tasks' sleeping for 60.00 seconds {{(pid=96366) _run_loop /opt/stack/data/venv/lib/python3.12/site-packages/oslo_service/backend/_threading/loopingcall.py:125}}
Jun 27 05:20:10.661970 np0000003836 nova-scheduler[96368]: DEBUG oslo.service.backend._threading.loopingcall [None req-e7585ebc-a364-4aca-bc60-893f11ad8221 None None] Dynamic interval looping call 'nova.service.Service.periodic_tasks' sleeping for 60.00 seconds {{(pid=96368) _run_loop /opt/stack/data/venv/lib/python3.12/site-packages/oslo_service/backend/_threading/loopingcall.py:125}}
Jun 27 05:20:24.671184 np0000003836 nova-scheduler[96364]: DEBUG oslo.service.backend._threading.loopingcall [None req-806fb544-44fb-4d26-8c96-b048d45f7d61 None None] Dynamic interval looping call 'nova.service.Service.periodic_tasks' sleeping for 60.00 seconds {{(pid=96364) _run_loop /opt/stack/data/venv/lib/python3.12/site-packages/oslo_service/backend/_threading/loopingcall.py:125}}
Jun 27 05:20:44.720312 np0000003836 nova-scheduler[96370]: DEBUG oslo.service.backend._threading.loopingcall [None req-9c080c3f-97d1-4bf6-bd16-5a0425673e37 None None] Dynamic interval looping call 'nova.service.Service.periodic_tasks' sleeping for 60.00 seconds {{(pid=96370) _run_loop /opt/stack/data/venv/lib/python3.12/site-packages/oslo_service/backend/_threading/loopingcall.py:125}}
Jun 27 05:21:08.662099 np0000003836 nova-scheduler[96366]: DEBUG oslo.service.backend._threading.loopingcall [None req-c7a0a255-49c8-44ed-8425-d8ed74b798ea None None] Dynamic interval looping call 'nova.service.Service.periodic_tasks' sleeping for 60.00 seconds {{(pid=96366) _run_loop /opt/stack/data/venv/lib/python3.12/site-packages/oslo_service/backend/_threading/loopingcall.py:125}}
Jun 27 05:21:10.662542 np0000003836 nova-scheduler[96368]: DEBUG oslo.service.backend._threading.loopingcall [None req-e7585ebc-a364-4aca-bc60-893f11ad8221 None None] Dynamic interval looping call 'nova.service.Service.periodic_tasks' sleeping for 60.00 seconds {{(pid=96368) _run_loop /opt/stack/data/venv/lib/python3.12/site-packages/oslo_service/backend/_threading/loopingcall.py:125}}
Jun 27 05:21:24.672088 np0000003836 nova-scheduler[96364]: DEBUG oslo.service.backend._threading.loopingcall [None req-806fb544-44fb-4d26-8c96-b048d45f7d61 None None] Dynamic interval looping call 'nova.service.Service.periodic_tasks' sleeping for 60.00 seconds {{(pid=96364) _run_loop /opt/stack/data/venv/lib/python3.12/site-packages/oslo_service/backend/_threading/loopingcall.py:125}}
Jun 27 05:21:38.674636 np0000003836 nova-scheduler[96366]: DEBUG oslo.service.backend._threading.loopingcall [-] Fixed interval looping call 'nova.servicegroup.drivers.db.DbDriver._report_state' sleeping for 119.99 seconds {{(pid=96366) _run_loop /opt/stack/data/venv/lib/python3.12/site-packages/oslo_service/backend/_threading/loopingcall.py:125}}
Jun 27 05:21:38.675050 np0000003836 nova-scheduler[96368]: DEBUG oslo.service.backend._threading.loopingcall [-] Fixed interval looping call 'nova.servicegroup.drivers.db.DbDriver._report_state' sleeping for 119.99 seconds {{(pid=96368) _run_loop /opt/stack/data/venv/lib/python3.12/site-packages/oslo_service/backend/_threading/loopingcall.py:125}}
Jun 27 05:21:38.675926 np0000003836 nova-scheduler[96364]: DEBUG oslo.service.backend._threading.loopingcall [-] Fixed interval looping call 'nova.servicegroup.drivers.db.DbDriver._report_state' sleeping for 120.00 seconds {{(pid=96364) _run_loop /opt/stack/data/venv/lib/python3.12/site-packages/oslo_service/backend/_threading/loopingcall.py:125}}
Jun 27 05:21:38.722114 np0000003836 nova-scheduler[96370]: DEBUG oslo.service.backend._threading.loopingcall [-] Fixed interval looping call 'nova.servicegroup.drivers.db.DbDriver._report_state' sleeping for 120.00 seconds {{(pid=96370) _run_loop /opt/stack/data/venv/lib/python3.12/site-packages/oslo_service/backend/_threading/loopingcall.py:125}}
Jun 27 05:21:44.720925 np0000003836 nova-scheduler[96370]: DEBUG oslo.service.backend._threading.loopingcall [None req-9c080c3f-97d1-4bf6-bd16-5a0425673e37 None None] Dynamic interval looping call 'nova.service.Service.periodic_tasks' sleeping for 60.00 seconds {{(pid=96370) _run_loop /opt/stack/data/venv/lib/python3.12/site-packages/oslo_service/backend/_threading/loopingcall.py:125}}
Jun 27 05:21:48.666547 np0000003836 nova-scheduler[96368]: DEBUG dbcounter [-] [96368] Writing DB stats nova_cell0:SELECT=1,nova_cell0:UPDATE=1 {{(pid=96368) stat_writer /opt/stack/data/venv/lib/python3.12/site-packages/dbcounter.py:115}}
Jun 27 05:21:48.667614 np0000003836 nova-scheduler[96366]: DEBUG dbcounter [-] [96366] Writing DB stats nova_cell0:SELECT=1,nova_cell0:UPDATE=1 {{(pid=96366) stat_writer /opt/stack/data/venv/lib/python3.12/site-packages/dbcounter.py:115}}
Jun 27 05:21:48.673684 np0000003836 nova-scheduler[96364]: DEBUG dbcounter [-] [96364] Writing DB stats nova_cell0:SELECT=1 {{(pid=96364) stat_writer /opt/stack/data/venv/lib/python3.12/site-packages/dbcounter.py:115}}
Jun 27 05:21:48.720232 np0000003836 nova-scheduler[96370]: DEBUG dbcounter [-] [96370] Writing DB stats nova_cell0:SELECT=1 {{(pid=96370) stat_writer /opt/stack/data/venv/lib/python3.12/site-packages/dbcounter.py:115}}
Jun 27 05:22:08.662471 np0000003836 nova-scheduler[96366]: DEBUG oslo.service.backend._threading.loopingcall [None req-c7a0a255-49c8-44ed-8425-d8ed74b798ea None None] Dynamic interval looping call 'nova.service.Service.periodic_tasks' sleeping for 60.00 seconds {{(pid=96366) _run_loop /opt/stack/data/venv/lib/python3.12/site-packages/oslo_service/backend/_threading/loopingcall.py:125}}
Jun 27 05:22:10.664070 np0000003836 nova-scheduler[96368]: DEBUG oslo.service.backend._threading.loopingcall [None req-e7585ebc-a364-4aca-bc60-893f11ad8221 None None] Dynamic interval looping call 'nova.service.Service.periodic_tasks' sleeping for 60.00 seconds {{(pid=96368) _run_loop /opt/stack/data/venv/lib/python3.12/site-packages/oslo_service/backend/_threading/loopingcall.py:125}}
Jun 27 05:22:14.692889 np0000003836 nova-scheduler[96366]: DEBUG nova.scheduler.manager [None req-aa07a0ed-705b-4cf9-8965-4ca717a1c49a tempest-DeleteServersTestJSON-424085353 tempest-DeleteServersTestJSON-424085353-project-member] Starting to schedule for instances: ['9c36ffd4-c879-49f1-8139-5b5b3c1d270c'] {{(pid=96366) select_destinations /opt/stack/nova/nova/scheduler/manager.py:210}}
Jun 27 05:22:14.693826 np0000003836 nova-scheduler[96366]: DEBUG nova.scheduler.request_filter [None req-aa07a0ed-705b-4cf9-8965-4ca717a1c49a tempest-DeleteServersTestJSON-424085353 tempest-DeleteServersTestJSON-424085353-project-member] compute_status_filter request filter added forbidden trait COMPUTE_STATUS_DISABLED {{(pid=96366) compute_status_filter /opt/stack/nova/nova/scheduler/request_filter.py:253}}
Jun 27 05:22:14.694021 np0000003836 nova-scheduler[96366]: DEBUG nova.scheduler.request_filter [None req-aa07a0ed-705b-4cf9-8965-4ca717a1c49a tempest-DeleteServersTestJSON-424085353 tempest-DeleteServersTestJSON-424085353-project-member] Request filter 'compute_status_filter' took 0.0 seconds {{(pid=96366) wrapper /opt/stack/nova/nova/scheduler/request_filter.py:46}}
Jun 27 05:22:14.694308 np0000003836 nova-scheduler[96366]: DEBUG nova.scheduler.request_filter [None req-aa07a0ed-705b-4cf9-8965-4ca717a1c49a tempest-DeleteServersTestJSON-424085353 tempest-DeleteServersTestJSON-424085353-project-member] Request filter 'accelerators_filter' took 0.0 seconds {{(pid=96366) wrapper /opt/stack/nova/nova/scheduler/request_filter.py:46}}
Jun 27 05:22:14.694597 np0000003836 nova-scheduler[96366]: DEBUG nova.scheduler.request_filter [None req-aa07a0ed-705b-4cf9-8965-4ca717a1c49a tempest-DeleteServersTestJSON-424085353 tempest-DeleteServersTestJSON-424085353-project-member] Request filter 'packed_virtqueue_filter' took 0.0 seconds {{(pid=96366) wrapper /opt/stack/nova/nova/scheduler/request_filter.py:46}}
Jun 27 05:22:14.695290 np0000003836 nova-scheduler[96366]: DEBUG nova.scheduler.request_filter [None req-aa07a0ed-705b-4cf9-8965-4ca717a1c49a tempest-DeleteServersTestJSON-424085353 tempest-DeleteServersTestJSON-424085353-project-member] Request filter 'remote_managed_ports_filter' took 0.0 seconds {{(pid=96366) wrapper /opt/stack/nova/nova/scheduler/request_filter.py:46}}
Jun 27 05:22:14.695515 np0000003836 nova-scheduler[96366]: DEBUG nova.scheduler.request_filter [None req-aa07a0ed-705b-4cf9-8965-4ca717a1c49a tempest-DeleteServersTestJSON-424085353 tempest-DeleteServersTestJSON-424085353-project-member] ephemeral_encryption_filter skipped {{(pid=96366) ephemeral_encryption_filter /opt/stack/nova/nova/scheduler/request_filter.py:426}}
Jun 27 05:22:14.696356 np0000003836 nova-scheduler[96366]: DEBUG nova.scheduler.request_filter [None req-aa07a0ed-705b-4cf9-8965-4ca717a1c49a tempest-DeleteServersTestJSON-424085353 tempest-DeleteServersTestJSON-424085353-project-member] virtio_sound_filter skipped {{(pid=96366) virtio_sound_filter /opt/stack/nova/nova/scheduler/request_filter.py:460}}
Jun 27 05:22:14.696356 np0000003836 nova-scheduler[96366]: DEBUG nova.scheduler.request_filter [None req-aa07a0ed-705b-4cf9-8965-4ca717a1c49a tempest-DeleteServersTestJSON-424085353 tempest-DeleteServersTestJSON-424085353-project-member] tpm_secret_security_filter skipped {{(pid=96366) tpm_secret_security_filter /opt/stack/nova/nova/scheduler/request_filter.py:477}}
Jun 27 05:22:15.363420 np0000003836 nova-scheduler[96366]: INFO nova.utils [None req-aa07a0ed-705b-4cf9-8965-4ca717a1c49a tempest-DeleteServersTestJSON-424085353 tempest-DeleteServersTestJSON-424085353-project-member] The cell worker thread pool ForkProcess-2.cell_worker is initialized
Jun 27 05:22:15.364003 np0000003836 nova-scheduler[96366]: DEBUG oslo_concurrency.lockutils [None req-aa07a0ed-705b-4cf9-8965-4ca717a1c49a tempest-DeleteServersTestJSON-424085353 tempest-DeleteServersTestJSON-424085353-project-member] Acquiring lock "ef570a02-a159-4e80-b07c-9df462d9793e" by "nova.context.set_target_cell..get_or_set_cached_cell_and_set_connections" {{(pid=96366) inner /opt/stack/data/venv/lib/python3.12/site-packages/oslo_concurrency/lockutils.py:511}}
Jun 27 05:22:15.364209 np0000003836 nova-scheduler[96366]: DEBUG oslo_concurrency.lockutils [None req-aa07a0ed-705b-4cf9-8965-4ca717a1c49a tempest-DeleteServersTestJSON-424085353 tempest-DeleteServersTestJSON-424085353-project-member] Lock "ef570a02-a159-4e80-b07c-9df462d9793e" acquired by "nova.context.set_target_cell..get_or_set_cached_cell_and_set_connections" :: waited 0.000s {{(pid=96366) inner /opt/stack/data/venv/lib/python3.12/site-packages/oslo_concurrency/lockutils.py:524}}
Jun 27 05:22:15.365685 np0000003836 nova-scheduler[96366]: DEBUG oslo_concurrency.lockutils [None req-aa07a0ed-705b-4cf9-8965-4ca717a1c49a tempest-DeleteServersTestJSON-424085353 tempest-DeleteServersTestJSON-424085353-project-member] Lock "ef570a02-a159-4e80-b07c-9df462d9793e" "released" by "nova.context.set_target_cell..get_or_set_cached_cell_and_set_connections" :: held 0.001s {{(pid=96366) inner /opt/stack/data/venv/lib/python3.12/site-packages/oslo_concurrency/lockutils.py:543}}
Jun 27 05:22:15.367280 np0000003836 nova-scheduler[96366]: INFO dbcounter [None req-aa07a0ed-705b-4cf9-8965-4ca717a1c49a tempest-DeleteServersTestJSON-424085353 tempest-DeleteServersTestJSON-424085353-project-member] Registered counter for database nova_cell1
Jun 27 05:22:15.405377 np0000003836 nova-scheduler[96366]: DEBUG oslo_db.sqlalchemy.engines [None req-aa07a0ed-705b-4cf9-8965-4ca717a1c49a tempest-DeleteServersTestJSON-424085353 tempest-DeleteServersTestJSON-424085353-project-member] MySQL server mode set to STRICT_TRANS_TABLES,STRICT_ALL_TABLES,NO_ZERO_IN_DATE,NO_ZERO_DATE,ERROR_FOR_DIVISION_BY_ZERO,TRADITIONAL,NO_ENGINE_SUBSTITUTION {{(pid=96366) _check_effective_sql_mode /opt/stack/data/venv/lib/python3.12/site-packages/oslo_db/sqlalchemy/engines.py:325}}
Jun 27 05:22:15.410945 np0000003836 nova-scheduler[96366]: DEBUG dbcounter [-] [96366] Writer thread running {{(pid=96366) stat_writer /opt/stack/data/venv/lib/python3.12/site-packages/dbcounter.py:102}}
Jun 27 05:22:15.425287 np0000003836 nova-scheduler[96366]: DEBUG oslo_db.sqlalchemy.engines [None req-aa07a0ed-705b-4cf9-8965-4ca717a1c49a tempest-DeleteServersTestJSON-424085353 tempest-DeleteServersTestJSON-424085353-project-member] Parent process 95173 forked (96366) with an open database connection, which is being discarded and recreated. {{(pid=96366) checkout /opt/stack/data/venv/lib/python3.12/site-packages/oslo_db/sqlalchemy/engines.py:402}}
Jun 27 05:22:15.482153 np0000003836 nova-scheduler[96366]: DEBUG dbcounter [-] [96366] Writer thread running {{(pid=96366) stat_writer /opt/stack/data/venv/lib/python3.12/site-packages/dbcounter.py:102}}
Jun 27 05:22:15.486722 np0000003836 nova-scheduler[96366]: DEBUG oslo_concurrency.lockutils [None req-aa07a0ed-705b-4cf9-8965-4ca717a1c49a tempest-DeleteServersTestJSON-424085353 tempest-DeleteServersTestJSON-424085353-project-member] Acquiring lock "ef570a02-a159-4e80-b07c-9df462d9793e" by "nova.context.set_target_cell..get_or_set_cached_cell_and_set_connections" {{(pid=96366) inner /opt/stack/data/venv/lib/python3.12/site-packages/oslo_concurrency/lockutils.py:511}}
Jun 27 05:22:15.486906 np0000003836 nova-scheduler[96366]: DEBUG oslo_concurrency.lockutils [None req-aa07a0ed-705b-4cf9-8965-4ca717a1c49a tempest-DeleteServersTestJSON-424085353 tempest-DeleteServersTestJSON-424085353-project-member] Lock "ef570a02-a159-4e80-b07c-9df462d9793e" acquired by "nova.context.set_target_cell..get_or_set_cached_cell_and_set_connections" :: waited 0.000s {{(pid=96366) inner /opt/stack/data/venv/lib/python3.12/site-packages/oslo_concurrency/lockutils.py:524}}
Jun 27 05:22:15.487112 np0000003836 nova-scheduler[96366]: DEBUG oslo_concurrency.lockutils [None req-aa07a0ed-705b-4cf9-8965-4ca717a1c49a tempest-DeleteServersTestJSON-424085353 tempest-DeleteServersTestJSON-424085353-project-member] Lock "ef570a02-a159-4e80-b07c-9df462d9793e" "released" by "nova.context.set_target_cell..get_or_set_cached_cell_and_set_connections" :: held 0.000s {{(pid=96366) inner /opt/stack/data/venv/lib/python3.12/site-packages/oslo_concurrency/lockutils.py:543}}
Jun 27 05:22:15.490780 np0000003836 nova-scheduler[96366]: DEBUG oslo_concurrency.lockutils [None req-aa07a0ed-705b-4cf9-8965-4ca717a1c49a tempest-DeleteServersTestJSON-424085353 tempest-DeleteServersTestJSON-424085353-project-member] Acquiring lock "('np0000003836', 'np0000003836')" by "nova.scheduler.host_manager.HostState.update.._locked_update" {{(pid=96366) inner /opt/stack/data/venv/lib/python3.12/site-packages/oslo_concurrency/lockutils.py:511}}
Jun 27 05:22:15.491132 np0000003836 nova-scheduler[96366]: DEBUG oslo_concurrency.lockutils [None req-aa07a0ed-705b-4cf9-8965-4ca717a1c49a tempest-DeleteServersTestJSON-424085353 tempest-DeleteServersTestJSON-424085353-project-member] Lock "('np0000003836', 'np0000003836')" acquired by "nova.scheduler.host_manager.HostState.update.._locked_update" :: waited 0.000s {{(pid=96366) inner /opt/stack/data/venv/lib/python3.12/site-packages/oslo_concurrency/lockutils.py:524}}
Jun 27 05:22:15.492134 np0000003836 nova-scheduler[96366]: DEBUG nova.scheduler.host_manager [None req-aa07a0ed-705b-4cf9-8965-4ca717a1c49a tempest-DeleteServersTestJSON-424085353 tempest-DeleteServersTestJSON-424085353-project-member] Update host state from compute node: ComputeNode(cpu_allocation_ratio=4.0,cpu_info='{"arch": "x86_64", "model": "EPYC-Milan", "vendor": "AMD", "topology": {"cells": 1, "sockets": 16, "cores": 1, "threads": 1}, "maxphysaddr": {"mode": "emulate", "bits": 40}, "features": ["clzero", "cmov", "mmxext", "xsavec", "cmp_legacy", "skip-l1dfl-vmentry", "x2apic", "flushbyasid", "avx", "tsc", "clwb", "pschange-mc-no", "fma", "msr", "mtrr", "pause-filter", "sse4.2", "wbnoinvd", "aes", "pcid", "de", "smap", "mds-no", "amd-psfd", "null-sel-clr-base", "mmx", "lm", "apic", "fxsr", "nx", "fxsr_opt", "vaes", "cr8legacy", "invpcid", "pse36", "pdpe1gb", "clflush", "topoext", "arat", "amd-stibp", "ibrs", "lbrv", "sse", "gds-no", "xsave", "abm", "umip", "movbe", "vpclmulqdq", "rdpid", "pni", "rdtscp", "bmi1", "fsrm", "adx", "tsc-deadline", "nrip-save", "stibp-always-on", "mce", "pat", "osvw", "rdctl-no", "sse4.1", "virt-ssbd", "f16c", "lfence-always-serializing", "pclmuldq", "rdseed", "cx8", "spec-ctrl", "vme", "no-nested-data-bp", "fpu", "arch-capabilities", "sse4a", "xsaveopt", "lahf_lm", "syscall", "bmi2", "clflushopt", "ssbd", "xgetbv1", "tsc_adjust", "stibp", "vgif", "v-vmsave-vmload", "avx2", "ibpb", "popcnt", "cx16", "pku", "svme-addr-chk", "erms", "npt", "amd-ssbd", "smep", "misalignsse", "xsaveerptr", "sse2", "xsaves", "3dnowprefetch", "hypervisor", "svm", "tsc-scale", "perfctr_core", "mca", "vmcb-clean", "ssse3", "pfthreshold", "pse", "pge", "fsgsbase", "pae", "sep", "sha-ni", "rdrand"]}',created_at=2026-06-27T05:19:59Z,current_workload=0,deleted=False,deleted_at=None,disk_allocation_ratio=1.0,disk_available_least=74,free_disk_gb=95,free_ram_mb=63789,host='np0000003836',host_ip=10.4.3.14,hypervisor_hostname='np0000003836',hypervisor_type='QEMU',hypervisor_version=8002002,id=1,local_gb=95,local_gb_used=0,mapped=1,memory_mb=64301,memory_mb_used=512,metrics='[]',numa_topology='{"nova_object.name": "NUMATopology", "nova_object.namespace": "nova", "nova_object.version": "1.2", "nova_object.data": {"cells": [{"nova_object.name": "NUMACell", "nova_object.namespace": "nova", "nova_object.version": "1.5", "nova_object.data": {"id": 0, "cpuset": [0, 1, 2, 3, 4, 5, 6, 7, 8, 9, 10, 11, 12, 13, 14, 15], "pcpuset": [0, 1, 2, 3, 4, 5, 6, 7, 8, 9, 10, 11, 12, 13, 14, 15], "memory": 64301, "cpu_usage": 0, "memory_usage": 0, "pinned_cpus": [], "siblings": [[6], [12], [2], [15], [5], [11], [8], [14], [4], [1], [7], [10], [0], [13], [3], [9]], "mempages": [{"nova_object.name": "NUMAPagesTopology", "nova_object.namespace": "nova", "nova_object.version": "1.1", "nova_object.data": {"size_kb": 4, "total": 16461069, "used": 0, "reserved": 0}, "nova_object.changes": ["reserved", "used", "size_kb", "total"]}, {"nova_object.name": "NUMAPagesTopology", "nova_object.namespace": "nova", "nova_object.version": "1.1", "nova_object.data": {"size_kb": 2048, "total": 0, "used": 0, "reserved": 0}, "nova_object.changes": ["reserved", "used", "size_kb", "total"]}, {"nova_object.name": "NUMAPagesTopology", "nova_object.namespace": "nova", "nova_object.version": "1.1", "nova_object.data": {"size_kb": 1048576, "total": 0, "used": 0, "reserved": 0}, "nova_object.changes": ["reserved", "used", "size_kb", "total"]}], "network_metadata": {"nova_object.name": "NetworkMetadata", "nova_object.namespace": "nova", "nova_object.version": "1.0", "nova_object.data": {"physnets": [], "tunneled": false}, "nova_object.changes": ["tunneled", "physnets"]}, "socket": null}, "nova_object.changes": ["network_metadata", "mempages", "id", "pinned_cpus", "memory_usage", "pcpuset", "socket", "memory", "cpuset", "cpu_usage", "siblings"]}]}, "nova_object.changes": ["cells"]}',pci_device_pools=PciDevicePoolList,ram_allocation_ratio=1.0,running_vms=0,service_id=3,stats={failed_builds='0',uptime=' 05:21:45 up 27 min, 2 users, load average: 1.21, 1.45, 0.89
Jun 27 05:22:15.492134 np0000003836 nova-scheduler[96366]: '},supported_hv_specs=[HVSpec,HVSpec,HVSpec,HVSpec,HVSpec,HVSpec,HVSpec,HVSpec,HVSpec,HVSpec,HVSpec,HVSpec,HVSpec,HVSpec,HVSpec,HVSpec,HVSpec,HVSpec,HVSpec,HVSpec,HVSpec,HVSpec,HVSpec,HVSpec,HVSpec],updated_at=2026-06-27T05:21:47Z,uuid=cd29ca78-7911-44e3-9500-053b802b5e7b,vcpus=16,vcpus_used=0) {{(pid=96366) _locked_update /opt/stack/nova/nova/scheduler/host_manager.py:168}}
Jun 27 05:22:15.493317 np0000003836 nova-scheduler[96366]: DEBUG nova.scheduler.host_manager [None req-aa07a0ed-705b-4cf9-8965-4ca717a1c49a tempest-DeleteServersTestJSON-424085353 tempest-DeleteServersTestJSON-424085353-project-member] Update host state with aggregates: [] {{(pid=96366) _locked_update /opt/stack/nova/nova/scheduler/host_manager.py:171}}
