Jun 27 05:19:39.060928 np0000003836 nova-conductor[98812]: DEBUG cotyledon.oslo_config_glue [-] profiler.es_doc_type = notification {{(pid=98812) log_opt_values /opt/stack/data/venv/lib/python3.12/site-packages/oslo_config/cfg.py:3253}}
Jun 27 05:19:39.060928 np0000003836 nova-conductor[98812]: DEBUG cotyledon.oslo_config_glue [-] profiler.es_scroll_size = 10000 {{(pid=98812) log_opt_values /opt/stack/data/venv/lib/python3.12/site-packages/oslo_config/cfg.py:3253}}
Jun 27 05:19:39.060928 np0000003836 nova-conductor[98812]: DEBUG cotyledon.oslo_config_glue [-] profiler.es_scroll_time = 2m {{(pid=98812) log_opt_values /opt/stack/data/venv/lib/python3.12/site-packages/oslo_config/cfg.py:3253}}
Jun 27 05:19:39.060928 np0000003836 nova-conductor[98812]: DEBUG cotyledon.oslo_config_glue [-] profiler.filter_error_trace = False {{(pid=98812) log_opt_values /opt/stack/data/venv/lib/python3.12/site-packages/oslo_config/cfg.py:3253}}
Jun 27 05:19:39.060928 np0000003836 nova-conductor[98812]: DEBUG cotyledon.oslo_config_glue [-] profiler.hmac_keys = **** {{(pid=98812) log_opt_values /opt/stack/data/venv/lib/python3.12/site-packages/oslo_config/cfg.py:3253}}
Jun 27 05:19:39.060928 np0000003836 nova-conductor[98812]: DEBUG cotyledon.oslo_config_glue [-] profiler.sentinel_service_name = mymaster {{(pid=98812) log_opt_values /opt/stack/data/venv/lib/python3.12/site-packages/oslo_config/cfg.py:3253}}
Jun 27 05:19:39.060928 np0000003836 nova-conductor[98812]: DEBUG cotyledon.oslo_config_glue [-] profiler.socket_timeout = 0.1 {{(pid=98812) log_opt_values /opt/stack/data/venv/lib/python3.12/site-packages/oslo_config/cfg.py:3253}}
Jun 27 05:19:39.061411 np0000003836 nova-conductor[98812]: DEBUG cotyledon.oslo_config_glue [-] profiler.trace_requests = False {{(pid=98812) log_opt_values /opt/stack/data/venv/lib/python3.12/site-packages/oslo_config/cfg.py:3253}}
Jun 27 05:19:39.061411 np0000003836 nova-conductor[98812]: DEBUG cotyledon.oslo_config_glue [-] profiler.trace_sqlalchemy = False {{(pid=98812) log_opt_values /opt/stack/data/venv/lib/python3.12/site-packages/oslo_config/cfg.py:3253}}
Jun 27 05:19:39.061411 np0000003836 nova-conductor[98812]: DEBUG cotyledon.oslo_config_glue [-] profiler_jaeger.process_tags = {} {{(pid=98812) log_opt_values /opt/stack/data/venv/lib/python3.12/site-packages/oslo_config/cfg.py:3253}}
Jun 27 05:19:39.061411 np0000003836 nova-conductor[98812]: DEBUG cotyledon.oslo_config_glue [-] profiler_jaeger.service_name_prefix = None {{(pid=98812) log_opt_values /opt/stack/data/venv/lib/python3.12/site-packages/oslo_config/cfg.py:3253}}
Jun 27 05:19:39.061411 np0000003836 nova-conductor[98812]: DEBUG cotyledon.oslo_config_glue [-] profiler_otlp.service_name_prefix = None {{(pid=98812) log_opt_values /opt/stack/data/venv/lib/python3.12/site-packages/oslo_config/cfg.py:3253}}
Jun 27 05:19:39.061411 np0000003836 nova-conductor[98812]: DEBUG cotyledon.oslo_config_glue [-] oslo_messaging_rabbit.amqp_auto_delete = False {{(pid=98812) log_opt_values /opt/stack/data/venv/lib/python3.12/site-packages/oslo_config/cfg.py:3253}}
Jun 27 05:19:39.061411 np0000003836 nova-conductor[98812]: DEBUG cotyledon.oslo_config_glue [-] oslo_messaging_rabbit.amqp_durable_queues = False {{(pid=98812) log_opt_values /opt/stack/data/venv/lib/python3.12/site-packages/oslo_config/cfg.py:3253}}
Jun 27 05:19:39.061411 np0000003836 nova-conductor[98812]: DEBUG cotyledon.oslo_config_glue [-] oslo_messaging_rabbit.conn_pool_min_size = 2 {{(pid=98812) log_opt_values /opt/stack/data/venv/lib/python3.12/site-packages/oslo_config/cfg.py:3253}}
Jun 27 05:19:39.061411 np0000003836 nova-conductor[98812]: DEBUG cotyledon.oslo_config_glue [-] oslo_messaging_rabbit.conn_pool_ttl = 1200 {{(pid=98812) log_opt_values /opt/stack/data/venv/lib/python3.12/site-packages/oslo_config/cfg.py:3253}}
Jun 27 05:19:39.062223 np0000003836 nova-conductor[98812]: DEBUG cotyledon.oslo_config_glue [-] oslo_messaging_rabbit.direct_mandatory_flag = True {{(pid=98812) log_opt_values /opt/stack/data/venv/lib/python3.12/site-packages/oslo_config/cfg.py:3253}}
Jun 27 05:19:39.062223 np0000003836 nova-conductor[98812]: DEBUG cotyledon.oslo_config_glue [-] oslo_messaging_rabbit.enable_cancel_on_failover = False {{(pid=98812) log_opt_values /opt/stack/data/venv/lib/python3.12/site-packages/oslo_config/cfg.py:3253}}
Jun 27 05:19:39.062223 np0000003836 nova-conductor[98812]: DEBUG cotyledon.oslo_config_glue [-] oslo_messaging_rabbit.heartbeat_rate = 3 {{(pid=98812) log_opt_values /opt/stack/data/venv/lib/python3.12/site-packages/oslo_config/cfg.py:3253}}
Jun 27 05:19:39.062223 np0000003836 nova-conductor[98812]: DEBUG cotyledon.oslo_config_glue [-] oslo_messaging_rabbit.heartbeat_timeout_threshold = 60 {{(pid=98812) log_opt_values /opt/stack/data/venv/lib/python3.12/site-packages/oslo_config/cfg.py:3253}}
Jun 27 05:19:39.062223 np0000003836 nova-conductor[98812]: DEBUG cotyledon.oslo_config_glue [-] oslo_messaging_rabbit.hostname = np0000003836 {{(pid=98812) log_opt_values /opt/stack/data/venv/lib/python3.12/site-packages/oslo_config/cfg.py:3253}}
Jun 27 05:19:39.062223 np0000003836 nova-conductor[98812]: DEBUG cotyledon.oslo_config_glue [-] oslo_messaging_rabbit.kombu_compression = None {{(pid=98812) log_opt_values /opt/stack/data/venv/lib/python3.12/site-packages/oslo_config/cfg.py:3253}}
Jun 27 05:19:39.062223 np0000003836 nova-conductor[98812]: DEBUG cotyledon.oslo_config_glue [-] oslo_messaging_rabbit.kombu_failover_strategy = round-robin {{(pid=98812) log_opt_values /opt/stack/data/venv/lib/python3.12/site-packages/oslo_config/cfg.py:3253}}
Jun 27 05:19:39.062223 np0000003836 nova-conductor[98812]: DEBUG cotyledon.oslo_config_glue [-] oslo_messaging_rabbit.kombu_missing_consumer_retry_timeout = 60 {{(pid=98812) log_opt_values /opt/stack/data/venv/lib/python3.12/site-packages/oslo_config/cfg.py:3253}}
Jun 27 05:19:39.062223 np0000003836 nova-conductor[98812]: DEBUG cotyledon.oslo_config_glue [-] oslo_messaging_rabbit.kombu_reconnect_delay = 1.0 {{(pid=98812) log_opt_values /opt/stack/data/venv/lib/python3.12/site-packages/oslo_config/cfg.py:3253}}
Jun 27 05:19:39.062684 np0000003836 nova-conductor[98812]: DEBUG cotyledon.oslo_config_glue [-] oslo_messaging_rabbit.kombu_reconnect_splay = 0.0 {{(pid=98812) log_opt_values /opt/stack/data/venv/lib/python3.12/site-packages/oslo_config/cfg.py:3253}}
Jun 27 05:19:39.062684 np0000003836 nova-conductor[98812]: DEBUG cotyledon.oslo_config_glue [-] oslo_messaging_rabbit.processname = nova-conductor {{(pid=98812) log_opt_values /opt/stack/data/venv/lib/python3.12/site-packages/oslo_config/cfg.py:3253}}
Jun 27 05:19:39.062684 np0000003836 nova-conductor[98812]: DEBUG cotyledon.oslo_config_glue [-] oslo_messaging_rabbit.rabbit_ha_queues = False {{(pid=98812) log_opt_values /opt/stack/data/venv/lib/python3.12/site-packages/oslo_config/cfg.py:3253}}
Jun 27 05:19:39.062684 np0000003836 nova-conductor[98812]: DEBUG cotyledon.oslo_config_glue [-] oslo_messaging_rabbit.rabbit_interval_max = 30 {{(pid=98812) log_opt_values /opt/stack/data/venv/lib/python3.12/site-packages/oslo_config/cfg.py:3253}}
Jun 27 05:19:39.062684 np0000003836 nova-conductor[98812]: DEBUG cotyledon.oslo_config_glue [-] oslo_messaging_rabbit.rabbit_login_method = AMQPLAIN {{(pid=98812) log_opt_values /opt/stack/data/venv/lib/python3.12/site-packages/oslo_config/cfg.py:3253}}
Jun 27 05:19:39.062684 np0000003836 nova-conductor[98812]: DEBUG cotyledon.oslo_config_glue [-] oslo_messaging_rabbit.rabbit_qos_prefetch_count = 0 {{(pid=98812) log_opt_values /opt/stack/data/venv/lib/python3.12/site-packages/oslo_config/cfg.py:3253}}
Jun 27 05:19:39.062684 np0000003836 nova-conductor[98812]: DEBUG cotyledon.oslo_config_glue [-] oslo_messaging_rabbit.rabbit_quorum_delivery_limit = 0 {{(pid=98812) log_opt_values /opt/stack/data/venv/lib/python3.12/site-packages/oslo_config/cfg.py:3253}}
Jun 27 05:19:39.062684 np0000003836 nova-conductor[98812]: DEBUG cotyledon.oslo_config_glue [-] oslo_messaging_rabbit.rabbit_quorum_max_memory_bytes = 0 {{(pid=98812) log_opt_values /opt/stack/data/venv/lib/python3.12/site-packages/oslo_config/cfg.py:3253}}
Jun 27 05:19:39.062684 np0000003836 nova-conductor[98812]: DEBUG cotyledon.oslo_config_glue [-] oslo_messaging_rabbit.rabbit_quorum_max_memory_length = 0 {{(pid=98812) log_opt_values /opt/stack/data/venv/lib/python3.12/site-packages/oslo_config/cfg.py:3253}}
Jun 27 05:19:39.062962 np0000003836 nova-conductor[98812]: DEBUG cotyledon.oslo_config_glue [-] oslo_messaging_rabbit.rabbit_quorum_queue = False {{(pid=98812) log_opt_values /opt/stack/data/venv/lib/python3.12/site-packages/oslo_config/cfg.py:3253}}
Jun 27 05:19:39.062962 np0000003836 nova-conductor[98812]: DEBUG cotyledon.oslo_config_glue [-] oslo_messaging_rabbit.rabbit_retry_backoff = 2 {{(pid=98812) log_opt_values /opt/stack/data/venv/lib/python3.12/site-packages/oslo_config/cfg.py:3253}}
Jun 27 05:19:39.062962 np0000003836 nova-conductor[98812]: DEBUG cotyledon.oslo_config_glue [-] oslo_messaging_rabbit.rabbit_retry_interval = 1 {{(pid=98812) log_opt_values /opt/stack/data/venv/lib/python3.12/site-packages/oslo_config/cfg.py:3253}}
Jun 27 05:19:39.062962 np0000003836 nova-conductor[98812]: DEBUG cotyledon.oslo_config_glue [-] oslo_messaging_rabbit.rabbit_stream_fanout = False {{(pid=98812) log_opt_values /opt/stack/data/venv/lib/python3.12/site-packages/oslo_config/cfg.py:3253}}
Jun 27 05:19:39.062962 np0000003836 nova-conductor[98812]: DEBUG cotyledon.oslo_config_glue [-] oslo_messaging_rabbit.rabbit_transient_queues_ttl = 1800 {{(pid=98812) log_opt_values /opt/stack/data/venv/lib/python3.12/site-packages/oslo_config/cfg.py:3253}}
Jun 27 05:19:39.062962 np0000003836 nova-conductor[98812]: DEBUG cotyledon.oslo_config_glue [-] oslo_messaging_rabbit.rabbit_transient_quorum_queue = False {{(pid=98812) log_opt_values /opt/stack/data/venv/lib/python3.12/site-packages/oslo_config/cfg.py:3253}}
Jun 27 05:19:39.062962 np0000003836 nova-conductor[98812]: DEBUG cotyledon.oslo_config_glue [-] oslo_messaging_rabbit.rpc_conn_pool_size = 30 {{(pid=98812) log_opt_values /opt/stack/data/venv/lib/python3.12/site-packages/oslo_config/cfg.py:3253}}
Jun 27 05:19:39.062962 np0000003836 nova-conductor[98812]: DEBUG cotyledon.oslo_config_glue [-] oslo_messaging_rabbit.ssl = False {{(pid=98812) log_opt_values /opt/stack/data/venv/lib/python3.12/site-packages/oslo_config/cfg.py:3253}}
Jun 27 05:19:39.062962 np0000003836 nova-conductor[98812]: DEBUG cotyledon.oslo_config_glue [-] oslo_messaging_rabbit.ssl_ca_file = {{(pid=98812) log_opt_values /opt/stack/data/venv/lib/python3.12/site-packages/oslo_config/cfg.py:3253}}
Jun 27 05:19:39.063239 np0000003836 nova-conductor[98812]: DEBUG cotyledon.oslo_config_glue [-] oslo_messaging_rabbit.ssl_cert_file = {{(pid=98812) log_opt_values /opt/stack/data/venv/lib/python3.12/site-packages/oslo_config/cfg.py:3253}}
Jun 27 05:19:39.063239 np0000003836 nova-conductor[98812]: DEBUG cotyledon.oslo_config_glue [-] oslo_messaging_rabbit.ssl_enforce_fips_mode = False {{(pid=98812) log_opt_values /opt/stack/data/venv/lib/python3.12/site-packages/oslo_config/cfg.py:3253}}
Jun 27 05:19:39.063239 np0000003836 nova-conductor[98812]: DEBUG cotyledon.oslo_config_glue [-] oslo_messaging_rabbit.ssl_enforce_hostname_verification = True {{(pid=98812) log_opt_values /opt/stack/data/venv/lib/python3.12/site-packages/oslo_config/cfg.py:3253}}
Jun 27 05:19:39.063239 np0000003836 nova-conductor[98812]: DEBUG cotyledon.oslo_config_glue [-] oslo_messaging_rabbit.ssl_key_file = {{(pid=98812) log_opt_values /opt/stack/data/venv/lib/python3.12/site-packages/oslo_config/cfg.py:3253}}
Jun 27 05:19:39.063239 np0000003836 nova-conductor[98812]: DEBUG cotyledon.oslo_config_glue [-] oslo_messaging_rabbit.ssl_version = {{(pid=98812) log_opt_values /opt/stack/data/venv/lib/python3.12/site-packages/oslo_config/cfg.py:3253}}
Jun 27 05:19:39.063239 np0000003836 nova-conductor[98812]: DEBUG cotyledon.oslo_config_glue [-] oslo_messaging_rabbit.use_queue_manager = False {{(pid=98812) log_opt_values /opt/stack/data/venv/lib/python3.12/site-packages/oslo_config/cfg.py:3253}}
Jun 27 05:19:39.063239 np0000003836 nova-conductor[98812]: DEBUG cotyledon.oslo_config_glue [-] oslo_messaging_notifications.driver = ['messagingv2'] {{(pid=98812) log_opt_values /opt/stack/data/venv/lib/python3.12/site-packages/oslo_config/cfg.py:3253}}
Jun 27 05:19:39.063239 np0000003836 nova-conductor[98812]: DEBUG cotyledon.oslo_config_glue [-] oslo_messaging_notifications.retry = -1 {{(pid=98812) log_opt_values /opt/stack/data/venv/lib/python3.12/site-packages/oslo_config/cfg.py:3253}}
Jun 27 05:19:39.063239 np0000003836 nova-conductor[98812]: DEBUG cotyledon.oslo_config_glue [-] oslo_messaging_notifications.topics = ['notifications'] {{(pid=98812) log_opt_values /opt/stack/data/venv/lib/python3.12/site-packages/oslo_config/cfg.py:3253}}
Jun 27 05:19:39.063530 np0000003836 nova-conductor[98812]: DEBUG cotyledon.oslo_config_glue [-] oslo_messaging_notifications.transport_url = **** {{(pid=98812) log_opt_values /opt/stack/data/venv/lib/python3.12/site-packages/oslo_config/cfg.py:3253}}
Jun 27 05:19:39.063530 np0000003836 nova-conductor[98812]: DEBUG cotyledon.oslo_config_glue [-] oslo_limit.auth_section = None {{(pid=98812) log_opt_values /opt/stack/data/venv/lib/python3.12/site-packages/oslo_config/cfg.py:3253}}
Jun 27 05:19:39.063530 np0000003836 nova-conductor[98812]: DEBUG cotyledon.oslo_config_glue [-] oslo_limit.auth_type = None {{(pid=98812) log_opt_values /opt/stack/data/venv/lib/python3.12/site-packages/oslo_config/cfg.py:3253}}
Jun 27 05:19:39.063530 np0000003836 nova-conductor[98812]: DEBUG cotyledon.oslo_config_glue [-] oslo_limit.cafile = None {{(pid=98812) log_opt_values /opt/stack/data/venv/lib/python3.12/site-packages/oslo_config/cfg.py:3253}}
Jun 27 05:19:39.063530 np0000003836 nova-conductor[98812]: DEBUG cotyledon.oslo_config_glue [-] oslo_limit.certfile = None {{(pid=98812) log_opt_values /opt/stack/data/venv/lib/python3.12/site-packages/oslo_config/cfg.py:3253}}
Jun 27 05:19:39.063530 np0000003836 nova-conductor[98812]: DEBUG cotyledon.oslo_config_glue [-] oslo_limit.collect_timing = False {{(pid=98812) log_opt_values /opt/stack/data/venv/lib/python3.12/site-packages/oslo_config/cfg.py:3253}}
Jun 27 05:19:39.063530 np0000003836 nova-conductor[98812]: DEBUG cotyledon.oslo_config_glue [-] oslo_limit.connect_retries = None {{(pid=98812) log_opt_values /opt/stack/data/venv/lib/python3.12/site-packages/oslo_config/cfg.py:3253}}
Jun 27 05:19:39.063530 np0000003836 nova-conductor[98812]: DEBUG cotyledon.oslo_config_glue [-] oslo_limit.connect_retry_delay = None {{(pid=98812) log_opt_values /opt/stack/data/venv/lib/python3.12/site-packages/oslo_config/cfg.py:3253}}
Jun 27 05:19:39.063530 np0000003836 nova-conductor[98812]: DEBUG cotyledon.oslo_config_glue [-] oslo_limit.endpoint_id = None {{(pid=98812) log_opt_values /opt/stack/data/venv/lib/python3.12/site-packages/oslo_config/cfg.py:3253}}
Jun 27 05:19:39.063805 np0000003836 nova-conductor[98812]: DEBUG cotyledon.oslo_config_glue [-] oslo_limit.endpoint_interface = public {{(pid=98812) log_opt_values /opt/stack/data/venv/lib/python3.12/site-packages/oslo_config/cfg.py:3253}}
Jun 27 05:19:39.063805 np0000003836 nova-conductor[98812]: DEBUG cotyledon.oslo_config_glue [-] oslo_limit.endpoint_override = None {{(pid=98812) log_opt_values /opt/stack/data/venv/lib/python3.12/site-packages/oslo_config/cfg.py:3253}}
Jun 27 05:19:39.063805 np0000003836 nova-conductor[98812]: DEBUG cotyledon.oslo_config_glue [-] oslo_limit.endpoint_region_name = None {{(pid=98812) log_opt_values /opt/stack/data/venv/lib/python3.12/site-packages/oslo_config/cfg.py:3253}}
Jun 27 05:19:39.063805 np0000003836 nova-conductor[98812]: DEBUG cotyledon.oslo_config_glue [-] oslo_limit.endpoint_service_name = None {{(pid=98812) log_opt_values /opt/stack/data/venv/lib/python3.12/site-packages/oslo_config/cfg.py:3253}}
Jun 27 05:19:39.063805 np0000003836 nova-conductor[98812]: DEBUG cotyledon.oslo_config_glue [-] oslo_limit.endpoint_service_type = None {{(pid=98812) log_opt_values /opt/stack/data/venv/lib/python3.12/site-packages/oslo_config/cfg.py:3253}}
Jun 27 05:19:39.063805 np0000003836 nova-conductor[98812]: DEBUG cotyledon.oslo_config_glue [-] oslo_limit.insecure = False {{(pid=98812) log_opt_values /opt/stack/data/venv/lib/python3.12/site-packages/oslo_config/cfg.py:3253}}
Jun 27 05:19:39.063805 np0000003836 nova-conductor[98812]: DEBUG cotyledon.oslo_config_glue [-] oslo_limit.keyfile = None {{(pid=98812) log_opt_values /opt/stack/data/venv/lib/python3.12/site-packages/oslo_config/cfg.py:3253}}
Jun 27 05:19:39.063805 np0000003836 nova-conductor[98812]: DEBUG cotyledon.oslo_config_glue [-] oslo_limit.max_version = None {{(pid=98812) log_opt_values /opt/stack/data/venv/lib/python3.12/site-packages/oslo_config/cfg.py:3253}}
Jun 27 05:19:39.063805 np0000003836 nova-conductor[98812]: DEBUG cotyledon.oslo_config_glue [-] oslo_limit.min_version = None {{(pid=98812) log_opt_values /opt/stack/data/venv/lib/python3.12/site-packages/oslo_config/cfg.py:3253}}
Jun 27 05:19:39.064081 np0000003836 nova-conductor[98812]: DEBUG cotyledon.oslo_config_glue [-] oslo_limit.region_name = None {{(pid=98812) log_opt_values /opt/stack/data/venv/lib/python3.12/site-packages/oslo_config/cfg.py:3253}}
Jun 27 05:19:39.064081 np0000003836 nova-conductor[98812]: DEBUG cotyledon.oslo_config_glue [-] oslo_limit.retriable_status_codes = None {{(pid=98812) log_opt_values /opt/stack/data/venv/lib/python3.12/site-packages/oslo_config/cfg.py:3253}}
Jun 27 05:19:39.064081 np0000003836 nova-conductor[98812]: DEBUG cotyledon.oslo_config_glue [-] oslo_limit.service_name = None {{(pid=98812) log_opt_values /opt/stack/data/venv/lib/python3.12/site-packages/oslo_config/cfg.py:3253}}
Jun 27 05:19:39.064081 np0000003836 nova-conductor[98812]: DEBUG cotyledon.oslo_config_glue [-] oslo_limit.service_type = None {{(pid=98812) log_opt_values /opt/stack/data/venv/lib/python3.12/site-packages/oslo_config/cfg.py:3253}}
Jun 27 05:19:39.064081 np0000003836 nova-conductor[98812]: DEBUG cotyledon.oslo_config_glue [-] oslo_limit.split_loggers = False {{(pid=98812) log_opt_values /opt/stack/data/venv/lib/python3.12/site-packages/oslo_config/cfg.py:3253}}
Jun 27 05:19:39.064081 np0000003836 nova-conductor[98812]: DEBUG cotyledon.oslo_config_glue [-] oslo_limit.status_code_retries = None {{(pid=98812) log_opt_values /opt/stack/data/venv/lib/python3.12/site-packages/oslo_config/cfg.py:3253}}
Jun 27 05:19:39.064081 np0000003836 nova-conductor[98812]: DEBUG cotyledon.oslo_config_glue [-] oslo_limit.status_code_retry_delay = None {{(pid=98812) log_opt_values /opt/stack/data/venv/lib/python3.12/site-packages/oslo_config/cfg.py:3253}}
Jun 27 05:19:39.064081 np0000003836 nova-conductor[98812]: DEBUG cotyledon.oslo_config_glue [-] oslo_limit.timeout = None {{(pid=98812) log_opt_values /opt/stack/data/venv/lib/python3.12/site-packages/oslo_config/cfg.py:3253}}
Jun 27 05:19:39.064081 np0000003836 nova-conductor[98812]: DEBUG cotyledon.oslo_config_glue [-] oslo_limit.valid_interfaces = None {{(pid=98812) log_opt_values /opt/stack/data/venv/lib/python3.12/site-packages/oslo_config/cfg.py:3253}}
Jun 27 05:19:39.064354 np0000003836 nova-conductor[98812]: DEBUG cotyledon.oslo_config_glue [-] oslo_limit.version = None {{(pid=98812) log_opt_values /opt/stack/data/venv/lib/python3.12/site-packages/oslo_config/cfg.py:3253}}
Jun 27 05:19:39.064354 np0000003836 nova-conductor[98812]: DEBUG cotyledon.oslo_config_glue [-] oslo_reports.file_event_handler = None {{(pid=98812) log_opt_values /opt/stack/data/venv/lib/python3.12/site-packages/oslo_config/cfg.py:3253}}
Jun 27 05:19:39.064354 np0000003836 nova-conductor[98812]: DEBUG cotyledon.oslo_config_glue [-] oslo_reports.file_event_handler_interval = 1 {{(pid=98812) log_opt_values /opt/stack/data/venv/lib/python3.12/site-packages/oslo_config/cfg.py:3253}}
Jun 27 05:19:39.064354 np0000003836 nova-conductor[98812]: DEBUG cotyledon.oslo_config_glue [-] oslo_reports.log_dir = None {{(pid=98812) log_opt_values /opt/stack/data/venv/lib/python3.12/site-packages/oslo_config/cfg.py:3253}}
Jun 27 05:19:39.064354 np0000003836 nova-conductor[98812]: DEBUG cotyledon.oslo_config_glue [-] ******************************************************************************** {{(pid=98812) log_opt_values /opt/stack/data/venv/lib/python3.12/site-packages/oslo_config/cfg.py:3260}}
Jun 27 05:19:39.064354 np0000003836 nova-conductor[98812]: DEBUG cotyledon._service_worker [-] Run service ServiceWrapper(3) [98812] {{(pid=98812) wait_forever /opt/stack/data/venv/lib/python3.12/site-packages/cotyledon/_service_worker.py:218}}
Jun 27 05:19:39.064354 np0000003836 nova-conductor[98812]: INFO nova.service [-] Starting conductor node (version 33.1.0)
Jun 27 05:19:39.064354 np0000003836 nova-conductor[98812]: INFO dbcounter [None req-f7d58a1e-8c18-4f05-b833-dda8797dd5e3 None None] Registered counter for database nova_cell0
Jun 27 05:19:39.064692 np0000003836 nova-conductor[98787]: DEBUG oslo_db.sqlalchemy.engines [None req-ee539036-5453-47e6-9685-fc40caa62d0c None None] MySQL server mode set to STRICT_TRANS_TABLES,STRICT_ALL_TABLES,NO_ZERO_IN_DATE,NO_ZERO_DATE,ERROR_FOR_DIVISION_BY_ZERO,TRADITIONAL,NO_ENGINE_SUBSTITUTION {{(pid=98787) _check_effective_sql_mode /opt/stack/data/venv/lib/python3.12/site-packages/oslo_db/sqlalchemy/engines.py:325}}
Jun 27 05:19:39.064747 np0000003836 nova-conductor[98806]: DEBUG oslo_db.sqlalchemy.engines [None req-b26df317-a7b1-4b93-9966-ea05ee5e26b0 None None] MySQL server mode set to STRICT_TRANS_TABLES,STRICT_ALL_TABLES,NO_ZERO_IN_DATE,NO_ZERO_DATE,ERROR_FOR_DIVISION_BY_ZERO,TRADITIONAL,NO_ENGINE_SUBSTITUTION {{(pid=98806) _check_effective_sql_mode /opt/stack/data/venv/lib/python3.12/site-packages/oslo_db/sqlalchemy/engines.py:325}}
Jun 27 05:19:39.064787 np0000003836 nova-conductor[98787]: DEBUG dbcounter [-] [98787] Writer thread running {{(pid=98787) stat_writer /opt/stack/data/venv/lib/python3.12/site-packages/dbcounter.py:102}}
Jun 27 05:19:39.064824 np0000003836 nova-conductor[98802]: DEBUG oslo_db.sqlalchemy.engines [None req-8d932e09-ee89-41bc-ac1c-50675df379c7 None None] MySQL server mode set to STRICT_TRANS_TABLES,STRICT_ALL_TABLES,NO_ZERO_IN_DATE,NO_ZERO_DATE,ERROR_FOR_DIVISION_BY_ZERO,TRADITIONAL,NO_ENGINE_SUBSTITUTION {{(pid=98802) _check_effective_sql_mode /opt/stack/data/venv/lib/python3.12/site-packages/oslo_db/sqlalchemy/engines.py:325}}
Jun 27 05:19:39.064876 np0000003836 nova-conductor[98806]: DEBUG dbcounter [-] [98806] Writer thread running {{(pid=98806) stat_writer /opt/stack/data/venv/lib/python3.12/site-packages/dbcounter.py:102}}
Jun 27 05:19:39.064915 np0000003836 nova-conductor[98812]: DEBUG oslo_db.sqlalchemy.engines [None req-f7d58a1e-8c18-4f05-b833-dda8797dd5e3 None None] MySQL server mode set to STRICT_TRANS_TABLES,STRICT_ALL_TABLES,NO_ZERO_IN_DATE,NO_ZERO_DATE,ERROR_FOR_DIVISION_BY_ZERO,TRADITIONAL,NO_ENGINE_SUBSTITUTION {{(pid=98812) _check_effective_sql_mode /opt/stack/data/venv/lib/python3.12/site-packages/oslo_db/sqlalchemy/engines.py:325}}
Jun 27 05:19:39.066406 np0000003836 nova-conductor[98802]: DEBUG dbcounter [-] [98802] Writer thread running {{(pid=98802) stat_writer /opt/stack/data/venv/lib/python3.12/site-packages/dbcounter.py:102}}
Jun 27 05:19:39.074800 np0000003836 nova-conductor[98812]: DEBUG dbcounter [-] [98812] Writer thread running {{(pid=98812) stat_writer /opt/stack/data/venv/lib/python3.12/site-packages/dbcounter.py:102}}
Jun 27 05:19:39.076405 np0000003836 nova-conductor[98787]: DEBUG nova.service [None req-ee539036-5453-47e6-9685-fc40caa62d0c None None] Creating RPC server for service: nova-conductor on topic: conductor {{(pid=98787) start /opt/stack/nova/nova/service.py:196}}
Jun 27 05:19:39.077681 np0000003836 nova-conductor[98812]: DEBUG nova.service [None req-f7d58a1e-8c18-4f05-b833-dda8797dd5e3 None None] Creating RPC server for service: nova-conductor on topic: conductor {{(pid=98812) start /opt/stack/nova/nova/service.py:196}}
Jun 27 05:19:39.084261 np0000003836 nova-conductor[98806]: DEBUG nova.service [None req-b26df317-a7b1-4b93-9966-ea05ee5e26b0 None None] Creating RPC server for service: nova-conductor on topic: conductor {{(pid=98806) start /opt/stack/nova/nova/service.py:196}}
Jun 27 05:19:39.090255 np0000003836 nova-conductor[98802]: DEBUG nova.service [None req-8d932e09-ee89-41bc-ac1c-50675df379c7 None None] Creating RPC server for service: nova-conductor on topic: conductor {{(pid=98802) start /opt/stack/nova/nova/service.py:196}}
Jun 27 05:19:39.105272 np0000003836 nova-conductor[98787]: DEBUG nova.service [None req-ee539036-5453-47e6-9685-fc40caa62d0c None None] Join ServiceGroup membership for this service conductor {{(pid=98787) start /opt/stack/nova/nova/service.py:222}}
Jun 27 05:19:39.105614 np0000003836 nova-conductor[98787]: DEBUG nova.servicegroup.drivers.db [None req-ee539036-5453-47e6-9685-fc40caa62d0c None None] DB_Driver: join new ServiceGroup member np0000003836 to the conductor group, service = {{(pid=98787) join /opt/stack/nova/nova/servicegroup/drivers/db.py:44}}
Jun 27 05:19:39.109149 np0000003836 nova-conductor[98806]: DEBUG nova.service [None req-b26df317-a7b1-4b93-9966-ea05ee5e26b0 None None] Join ServiceGroup membership for this service conductor {{(pid=98806) start /opt/stack/nova/nova/service.py:222}}
Jun 27 05:19:39.109281 np0000003836 nova-conductor[98806]: DEBUG nova.servicegroup.drivers.db [None req-b26df317-a7b1-4b93-9966-ea05ee5e26b0 None None] DB_Driver: join new ServiceGroup member np0000003836 to the conductor group, service = {{(pid=98806) join /opt/stack/nova/nova/servicegroup/drivers/db.py:44}}
Jun 27 05:19:39.110412 np0000003836 nova-conductor[98802]: DEBUG nova.service [None req-8d932e09-ee89-41bc-ac1c-50675df379c7 None None] Join ServiceGroup membership for this service conductor {{(pid=98802) start /opt/stack/nova/nova/service.py:222}}
Jun 27 05:19:39.110703 np0000003836 nova-conductor[98802]: DEBUG nova.servicegroup.drivers.db [None req-8d932e09-ee89-41bc-ac1c-50675df379c7 None None] DB_Driver: join new ServiceGroup member np0000003836 to the conductor group, service = {{(pid=98802) join /opt/stack/nova/nova/servicegroup/drivers/db.py:44}}
Jun 27 05:19:39.114142 np0000003836 nova-conductor[98812]: DEBUG nova.service [None req-f7d58a1e-8c18-4f05-b833-dda8797dd5e3 None None] Join ServiceGroup membership for this service conductor {{(pid=98812) start /opt/stack/nova/nova/service.py:222}}
Jun 27 05:19:39.114331 np0000003836 nova-conductor[98812]: DEBUG nova.servicegroup.drivers.db [None req-f7d58a1e-8c18-4f05-b833-dda8797dd5e3 None None] DB_Driver: join new ServiceGroup member np0000003836 to the conductor group, service = {{(pid=98812) join /opt/stack/nova/nova/servicegroup/drivers/db.py:44}}
Jun 27 05:19:44.128234 np0000003836 nova-conductor[98806]: DEBUG oslo.service.backend._threading.loopingcall [-] Fixed interval looping call 'nova.servicegroup.drivers.db.DbDriver._report_state' sleeping for 119.98 seconds {{(pid=98806) _run_loop /opt/stack/data/venv/lib/python3.12/site-packages/oslo_service/backend/_threading/loopingcall.py:125}}
Jun 27 05:19:44.128640 np0000003836 nova-conductor[98787]: DEBUG oslo.service.backend._threading.loopingcall [-] Fixed interval looping call 'nova.servicegroup.drivers.db.DbDriver._report_state' sleeping for 119.98 seconds {{(pid=98787) _run_loop /opt/stack/data/venv/lib/python3.12/site-packages/oslo_service/backend/_threading/loopingcall.py:125}}
Jun 27 05:19:44.128986 np0000003836 nova-conductor[98812]: DEBUG oslo.service.backend._threading.loopingcall [-] Fixed interval looping call 'nova.servicegroup.drivers.db.DbDriver._report_state' sleeping for 119.99 seconds {{(pid=98812) _run_loop /opt/stack/data/venv/lib/python3.12/site-packages/oslo_service/backend/_threading/loopingcall.py:125}}
Jun 27 05:19:44.137482 np0000003836 nova-conductor[98802]: DEBUG oslo.service.backend._threading.loopingcall [-] Fixed interval looping call 'nova.servicegroup.drivers.db.DbDriver._report_state' sleeping for 119.98 seconds {{(pid=98802) _run_loop /opt/stack/data/venv/lib/python3.12/site-packages/oslo_service/backend/_threading/loopingcall.py:125}}
Jun 27 05:19:46.112462 np0000003836 nova-conductor[98802]: DEBUG oslo.service.backend._threading.loopingcall [None req-f975db88-7582-4283-828e-450f30e11d4b None None] Dynamic interval looping call 'nova.service.Service.periodic_tasks' sleeping for 60.00 seconds {{(pid=98802) _run_loop /opt/stack/data/venv/lib/python3.12/site-packages/oslo_service/backend/_threading/loopingcall.py:125}}
Jun 27 05:19:47.671197 np0000003836 nova-conductor[97308]: DEBUG dbcounter [-] [97308] Writing DB stats nova_api:SELECT=1 {{(pid=97308) stat_writer /opt/stack/data/venv/lib/python3.12/site-packages/dbcounter.py:115}}
Jun 27 05:19:47.797157 np0000003836 nova-conductor[97308]: DEBUG dbcounter [-] [97308] Writing DB stats nova_cell0:SELECT=1 {{(pid=97308) stat_writer /opt/stack/data/venv/lib/python3.12/site-packages/dbcounter.py:115}}
Jun 27 05:19:47.802434 np0000003836 nova-conductor[97308]: DEBUG dbcounter [-] [97308] Writing DB stats nova_cell1:SELECT=1 {{(pid=97308) stat_writer /opt/stack/data/venv/lib/python3.12/site-packages/dbcounter.py:115}}
Jun 27 05:19:54.120068 np0000003836 nova-conductor[98787]: DEBUG dbcounter [-] [98787] Writing DB stats nova_cell0:SELECT=4,nova_cell0:INSERT=1,nova_cell0:UPDATE=1 {{(pid=98787) stat_writer /opt/stack/data/venv/lib/python3.12/site-packages/dbcounter.py:115}}
Jun 27 05:19:54.123453 np0000003836 nova-conductor[98806]: DEBUG dbcounter [-] [98806] Writing DB stats nova_cell0:SELECT=5,nova_cell0:INSERT=1,nova_cell0:UPDATE=1 {{(pid=98806) stat_writer /opt/stack/data/venv/lib/python3.12/site-packages/dbcounter.py:115}}
Jun 27 05:19:54.124971 np0000003836 nova-conductor[98812]: DEBUG dbcounter [-] [98812] Writing DB stats nova_cell0:SELECT=3,nova_cell0:UPDATE=1 {{(pid=98812) stat_writer /opt/stack/data/venv/lib/python3.12/site-packages/dbcounter.py:115}}
Jun 27 05:19:54.132955 np0000003836 nova-conductor[98802]: DEBUG dbcounter [-] [98802] Writing DB stats nova_cell0:SELECT=5,nova_cell0:INSERT=1,nova_cell0:UPDATE=1 {{(pid=98802) stat_writer /opt/stack/data/venv/lib/python3.12/site-packages/dbcounter.py:115}}
Jun 27 05:20:07.107595 np0000003836 nova-conductor[98787]: DEBUG oslo.service.backend._threading.loopingcall [None req-9885504f-42f0-45eb-9743-64f203d5315c None None] Dynamic interval looping call 'nova.service.Service.periodic_tasks' sleeping for 60.00 seconds {{(pid=98787) _run_loop /opt/stack/data/venv/lib/python3.12/site-packages/oslo_service/backend/_threading/loopingcall.py:125}}
Jun 27 05:20:14.115843 np0000003836 nova-conductor[98812]: DEBUG oslo.service.backend._threading.loopingcall [None req-8dde2cfc-20f4-43ca-84e5-04d40841901a None None] Dynamic interval looping call 'nova.service.Service.periodic_tasks' sleeping for 60.00 seconds {{(pid=98812) _run_loop /opt/stack/data/venv/lib/python3.12/site-packages/oslo_service/backend/_threading/loopingcall.py:125}}
Jun 27 05:20:20.112039 np0000003836 nova-conductor[98806]: DEBUG oslo.service.backend._threading.loopingcall [None req-45c7fecb-7868-411b-88ad-f8c0d0234906 None None] Dynamic interval looping call 'nova.service.Service.periodic_tasks' sleeping for 60.00 seconds {{(pid=98806) _run_loop /opt/stack/data/venv/lib/python3.12/site-packages/oslo_service/backend/_threading/loopingcall.py:125}}
Jun 27 05:20:46.112888 np0000003836 nova-conductor[98802]: DEBUG oslo.service.backend._threading.loopingcall [None req-f975db88-7582-4283-828e-450f30e11d4b None None] Dynamic interval looping call 'nova.service.Service.periodic_tasks' sleeping for 60.00 seconds {{(pid=98802) _run_loop /opt/stack/data/venv/lib/python3.12/site-packages/oslo_service/backend/_threading/loopingcall.py:125}}
Jun 27 05:21:07.108248 np0000003836 nova-conductor[98787]: DEBUG oslo.service.backend._threading.loopingcall [None req-9885504f-42f0-45eb-9743-64f203d5315c None None] Dynamic interval looping call 'nova.service.Service.periodic_tasks' sleeping for 60.00 seconds {{(pid=98787) _run_loop /opt/stack/data/venv/lib/python3.12/site-packages/oslo_service/backend/_threading/loopingcall.py:125}}
Jun 27 05:21:14.116448 np0000003836 nova-conductor[98812]: DEBUG oslo.service.backend._threading.loopingcall [None req-8dde2cfc-20f4-43ca-84e5-04d40841901a None None] Dynamic interval looping call 'nova.service.Service.periodic_tasks' sleeping for 60.00 seconds {{(pid=98812) _run_loop /opt/stack/data/venv/lib/python3.12/site-packages/oslo_service/backend/_threading/loopingcall.py:125}}
Jun 27 05:21:20.112535 np0000003836 nova-conductor[98806]: DEBUG oslo.service.backend._threading.loopingcall [None req-45c7fecb-7868-411b-88ad-f8c0d0234906 None None] Dynamic interval looping call 'nova.service.Service.periodic_tasks' sleeping for 60.00 seconds {{(pid=98806) _run_loop /opt/stack/data/venv/lib/python3.12/site-packages/oslo_service/backend/_threading/loopingcall.py:125}}
Jun 27 05:21:44.121402 np0000003836 nova-conductor[98787]: DEBUG oslo.service.backend._threading.loopingcall [-] Fixed interval looping call 'nova.servicegroup.drivers.db.DbDriver._report_state' sleeping for 119.99 seconds {{(pid=98787) _run_loop /opt/stack/data/venv/lib/python3.12/site-packages/oslo_service/backend/_threading/loopingcall.py:125}}
Jun 27 05:21:44.121876 np0000003836 nova-conductor[98806]: DEBUG oslo.service.backend._threading.loopingcall [-] Fixed interval looping call 'nova.servicegroup.drivers.db.DbDriver._report_state' sleeping for 119.99 seconds {{(pid=98806) _run_loop /opt/stack/data/venv/lib/python3.12/site-packages/oslo_service/backend/_threading/loopingcall.py:125}}
Jun 27 05:21:44.122772 np0000003836 nova-conductor[98802]: DEBUG oslo.service.backend._threading.loopingcall [-] Fixed interval looping call 'nova.servicegroup.drivers.db.DbDriver._report_state' sleeping for 120.00 seconds {{(pid=98802) _run_loop /opt/stack/data/venv/lib/python3.12/site-packages/oslo_service/backend/_threading/loopingcall.py:125}}
Jun 27 05:21:44.123337 np0000003836 nova-conductor[98812]: DEBUG oslo.service.backend._threading.loopingcall [-] Fixed interval looping call 'nova.servicegroup.drivers.db.DbDriver._report_state' sleeping for 120.00 seconds {{(pid=98812) _run_loop /opt/stack/data/venv/lib/python3.12/site-packages/oslo_service/backend/_threading/loopingcall.py:125}}
Jun 27 05:21:46.113354 np0000003836 nova-conductor[98802]: DEBUG oslo.service.backend._threading.loopingcall [None req-f975db88-7582-4283-828e-450f30e11d4b None None] Dynamic interval looping call 'nova.service.Service.periodic_tasks' sleeping for 60.00 seconds {{(pid=98802) _run_loop /opt/stack/data/venv/lib/python3.12/site-packages/oslo_service/backend/_threading/loopingcall.py:125}}
Jun 27 05:21:54.112705 np0000003836 nova-conductor[98806]: DEBUG dbcounter [-] [98806] Writing DB stats nova_cell0:SELECT=1,nova_cell0:UPDATE=1 {{(pid=98806) stat_writer /opt/stack/data/venv/lib/python3.12/site-packages/dbcounter.py:115}}
Jun 27 05:21:54.113216 np0000003836 nova-conductor[98787]: DEBUG dbcounter [-] [98787] Writing DB stats nova_cell0:SELECT=1,nova_cell0:UPDATE=1 {{(pid=98787) stat_writer /opt/stack/data/venv/lib/python3.12/site-packages/dbcounter.py:115}}
Jun 27 05:21:54.121018 np0000003836 nova-conductor[98812]: DEBUG dbcounter [-] [98812] Writing DB stats nova_cell0:SELECT=1 {{(pid=98812) stat_writer /opt/stack/data/venv/lib/python3.12/site-packages/dbcounter.py:115}}
Jun 27 05:21:54.121526 np0000003836 nova-conductor[98802]: DEBUG dbcounter [-] [98802] Writing DB stats nova_cell0:SELECT=1,nova_cell0:UPDATE=1 {{(pid=98802) stat_writer /opt/stack/data/venv/lib/python3.12/site-packages/dbcounter.py:115}}
Jun 27 05:22:07.108910 np0000003836 nova-conductor[98787]: DEBUG oslo.service.backend._threading.loopingcall [None req-9885504f-42f0-45eb-9743-64f203d5315c None None] Dynamic interval looping call 'nova.service.Service.periodic_tasks' sleeping for 60.00 seconds {{(pid=98787) _run_loop /opt/stack/data/venv/lib/python3.12/site-packages/oslo_service/backend/_threading/loopingcall.py:125}}
Jun 27 05:22:14.116965 np0000003836 nova-conductor[98812]: DEBUG oslo.service.backend._threading.loopingcall [None req-8dde2cfc-20f4-43ca-84e5-04d40841901a None None] Dynamic interval looping call 'nova.service.Service.periodic_tasks' sleeping for 60.00 seconds {{(pid=98812) _run_loop /opt/stack/data/venv/lib/python3.12/site-packages/oslo_service/backend/_threading/loopingcall.py:125}}
Jun 27 05:22:14.608483 np0000003836 nova-conductor[98787]: DEBUG oslo_db.sqlalchemy.engines [None req-aa07a0ed-705b-4cf9-8965-4ca717a1c49a tempest-DeleteServersTestJSON-424085353 tempest-DeleteServersTestJSON-424085353-project-member] Parent process 97308 forked (98787) with an open database connection, which is being discarded and recreated. {{(pid=98787) checkout /opt/stack/data/venv/lib/python3.12/site-packages/oslo_db/sqlalchemy/engines.py:402}}
Jun 27 05:22:14.660041 np0000003836 nova-conductor[98787]: DEBUG dbcounter [-] [98787] Writer thread running {{(pid=98787) stat_writer /opt/stack/data/venv/lib/python3.12/site-packages/dbcounter.py:102}}
Jun 27 05:22:15.687515 np0000003836 nova-conductor[98787]: DEBUG nova.conductor.manager [None req-aa07a0ed-705b-4cf9-8965-4ca717a1c49a tempest-DeleteServersTestJSON-424085353 tempest-DeleteServersTestJSON-424085353-project-member] Took 1.02 seconds to select destinations for 1 instance(s). {{(pid=98787) _schedule_instances /opt/stack/nova/nova/conductor/manager.py:968}}
Jun 27 05:22:15.725474 np0000003836 nova-conductor[98787]: DEBUG oslo_concurrency.lockutils [None req-aa07a0ed-705b-4cf9-8965-4ca717a1c49a tempest-DeleteServersTestJSON-424085353 tempest-DeleteServersTestJSON-424085353-project-member] Acquiring lock "ef570a02-a159-4e80-b07c-9df462d9793e" by "nova.context.set_target_cell..get_or_set_cached_cell_and_set_connections" {{(pid=98787) inner /opt/stack/data/venv/lib/python3.12/site-packages/oslo_concurrency/lockutils.py:511}}
Jun 27 05:22:15.725722 np0000003836 nova-conductor[98787]: DEBUG oslo_concurrency.lockutils [None req-aa07a0ed-705b-4cf9-8965-4ca717a1c49a tempest-DeleteServersTestJSON-424085353 tempest-DeleteServersTestJSON-424085353-project-member] Lock "ef570a02-a159-4e80-b07c-9df462d9793e" acquired by "nova.context.set_target_cell..get_or_set_cached_cell_and_set_connections" :: waited 0.000s {{(pid=98787) inner /opt/stack/data/venv/lib/python3.12/site-packages/oslo_concurrency/lockutils.py:524}}
Jun 27 05:22:15.727305 np0000003836 nova-conductor[98787]: DEBUG oslo_concurrency.lockutils [None req-aa07a0ed-705b-4cf9-8965-4ca717a1c49a tempest-DeleteServersTestJSON-424085353 tempest-DeleteServersTestJSON-424085353-project-member] Lock "ef570a02-a159-4e80-b07c-9df462d9793e" "released" by "nova.context.set_target_cell..get_or_set_cached_cell_and_set_connections" :: held 0.002s {{(pid=98787) inner /opt/stack/data/venv/lib/python3.12/site-packages/oslo_concurrency/lockutils.py:543}}
Jun 27 05:22:15.729375 np0000003836 nova-conductor[98787]: INFO dbcounter [None req-aa07a0ed-705b-4cf9-8965-4ca717a1c49a tempest-DeleteServersTestJSON-424085353 tempest-DeleteServersTestJSON-424085353-project-member] Registered counter for database nova_cell1
Jun 27 05:22:15.774955 np0000003836 nova-conductor[98787]: DEBUG oslo_db.sqlalchemy.engines [None req-aa07a0ed-705b-4cf9-8965-4ca717a1c49a tempest-DeleteServersTestJSON-424085353 tempest-DeleteServersTestJSON-424085353-project-member] MySQL server mode set to STRICT_TRANS_TABLES,STRICT_ALL_TABLES,NO_ZERO_IN_DATE,NO_ZERO_DATE,ERROR_FOR_DIVISION_BY_ZERO,TRADITIONAL,NO_ENGINE_SUBSTITUTION {{(pid=98787) _check_effective_sql_mode /opt/stack/data/venv/lib/python3.12/site-packages/oslo_db/sqlalchemy/engines.py:325}}
Jun 27 05:22:15.782152 np0000003836 nova-conductor[98787]: DEBUG dbcounter [-] [98787] Writer thread running {{(pid=98787) stat_writer /opt/stack/data/venv/lib/python3.12/site-packages/dbcounter.py:102}}
Jun 27 05:22:15.844161 np0000003836 nova-conductor[98787]: INFO nova.utils [None req-aa07a0ed-705b-4cf9-8965-4ca717a1c49a tempest-DeleteServersTestJSON-424085353 tempest-DeleteServersTestJSON-424085353-project-member] The cell worker thread pool ForkProcess-1.cell_worker is initialized
Jun 27 05:22:15.844453 np0000003836 nova-conductor[98787]: DEBUG oslo_concurrency.lockutils [None req-aa07a0ed-705b-4cf9-8965-4ca717a1c49a tempest-DeleteServersTestJSON-424085353 tempest-DeleteServersTestJSON-424085353-project-member] Acquiring lock "00000000-0000-0000-0000-000000000000" by "nova.context.set_target_cell..get_or_set_cached_cell_and_set_connections" {{(pid=98787) inner /opt/stack/data/venv/lib/python3.12/site-packages/oslo_concurrency/lockutils.py:511}}
Jun 27 05:22:15.844554 np0000003836 nova-conductor[98787]: DEBUG oslo_concurrency.lockutils [None req-aa07a0ed-705b-4cf9-8965-4ca717a1c49a tempest-DeleteServersTestJSON-424085353 tempest-DeleteServersTestJSON-424085353-project-member] Lock "00000000-0000-0000-0000-000000000000" acquired by "nova.context.set_target_cell..get_or_set_cached_cell_and_set_connections" :: waited 0.000s {{(pid=98787) inner /opt/stack/data/venv/lib/python3.12/site-packages/oslo_concurrency/lockutils.py:524}}
Jun 27 05:22:15.844976 np0000003836 nova-conductor[98787]: DEBUG oslo_concurrency.lockutils [None req-aa07a0ed-705b-4cf9-8965-4ca717a1c49a tempest-DeleteServersTestJSON-424085353 tempest-DeleteServersTestJSON-424085353-project-member] Lock "00000000-0000-0000-0000-000000000000" "released" by "nova.context.set_target_cell..get_or_set_cached_cell_and_set_connections" :: held 0.000s {{(pid=98787) inner /opt/stack/data/venv/lib/python3.12/site-packages/oslo_concurrency/lockutils.py:543}}
Jun 27 05:22:15.845579 np0000003836 nova-conductor[98787]: DEBUG oslo_concurrency.lockutils [None req-aa07a0ed-705b-4cf9-8965-4ca717a1c49a tempest-DeleteServersTestJSON-424085353 tempest-DeleteServersTestJSON-424085353-project-member] Acquiring lock "ef570a02-a159-4e80-b07c-9df462d9793e" by "nova.context.set_target_cell..get_or_set_cached_cell_and_set_connections" {{(pid=98787) inner /opt/stack/data/venv/lib/python3.12/site-packages/oslo_concurrency/lockutils.py:511}}
Jun 27 05:22:15.847173 np0000003836 nova-conductor[98787]: INFO dbcounter [None req-aa07a0ed-705b-4cf9-8965-4ca717a1c49a tempest-DeleteServersTestJSON-424085353 tempest-DeleteServersTestJSON-424085353-project-member] Registered counter for database nova_cell0
Jun 27 05:22:15.848620 np0000003836 nova-conductor[98787]: DEBUG oslo_concurrency.lockutils [None req-aa07a0ed-705b-4cf9-8965-4ca717a1c49a tempest-DeleteServersTestJSON-424085353 tempest-DeleteServersTestJSON-424085353-project-member] Lock "ef570a02-a159-4e80-b07c-9df462d9793e" acquired by "nova.context.set_target_cell..get_or_set_cached_cell_and_set_connections" :: waited 0.001s {{(pid=98787) inner /opt/stack/data/venv/lib/python3.12/site-packages/oslo_concurrency/lockutils.py:524}}
Jun 27 05:22:15.848804 np0000003836 nova-conductor[98787]: DEBUG oslo_concurrency.lockutils [None req-aa07a0ed-705b-4cf9-8965-4ca717a1c49a tempest-DeleteServersTestJSON-424085353 tempest-DeleteServersTestJSON-424085353-project-member] Lock "ef570a02-a159-4e80-b07c-9df462d9793e" "released" by "nova.context.set_target_cell..get_or_set_cached_cell_and_set_connections" :: held 0.002s {{(pid=98787) inner /opt/stack/data/venv/lib/python3.12/site-packages/oslo_concurrency/lockutils.py:543}}
Jun 27 05:22:15.890062 np0000003836 nova-conductor[98787]: DEBUG oslo_db.sqlalchemy.engines [None req-aa07a0ed-705b-4cf9-8965-4ca717a1c49a tempest-DeleteServersTestJSON-424085353 tempest-DeleteServersTestJSON-424085353-project-member] MySQL server mode set to STRICT_TRANS_TABLES,STRICT_ALL_TABLES,NO_ZERO_IN_DATE,NO_ZERO_DATE,ERROR_FOR_DIVISION_BY_ZERO,TRADITIONAL,NO_ENGINE_SUBSTITUTION {{(pid=98787) _check_effective_sql_mode /opt/stack/data/venv/lib/python3.12/site-packages/oslo_db/sqlalchemy/engines.py:325}}
Jun 27 05:22:15.895250 np0000003836 nova-conductor[98787]: DEBUG dbcounter [-] [98787] Writer thread running {{(pid=98787) stat_writer /opt/stack/data/venv/lib/python3.12/site-packages/dbcounter.py:102}}
Jun 27 05:22:15.907738 np0000003836 nova-conductor[98787]: DEBUG nova.quota [None req-aa07a0ed-705b-4cf9-8965-4ca717a1c49a tempest-DeleteServersTestJSON-424085353 tempest-DeleteServersTestJSON-424085353-project-member] Getting quotas for project c64be9318bec4f6ea833e8da6a38b4f4. Resources: {'ram', 'cores', 'instances'} {{(pid=98787) _get_quotas /opt/stack/nova/nova/quota.py:392}}
Jun 27 05:22:15.910851 np0000003836 nova-conductor[98787]: DEBUG nova.quota [None req-aa07a0ed-705b-4cf9-8965-4ca717a1c49a tempest-DeleteServersTestJSON-424085353 tempest-DeleteServersTestJSON-424085353-project-member] Getting quotas for user 96c0509838e343b9b63c474885845f3d and project c64be9318bec4f6ea833e8da6a38b4f4. Resources: {'ram', 'cores', 'instances'} {{(pid=98787) _get_quotas /opt/stack/nova/nova/quota.py:382}}
Jun 27 05:22:15.916203 np0000003836 nova-conductor[98787]: DEBUG nova.conductor.manager [None req-aa07a0ed-705b-4cf9-8965-4ca717a1c49a tempest-DeleteServersTestJSON-424085353 tempest-DeleteServersTestJSON-424085353-project-member] [instance: 9c36ffd4-c879-49f1-8139-5b5b3c1d270c] Selected host: np0000003836; Selected node: np0000003836; Alternates: [] {{(pid=98787) schedule_and_build_instances /opt/stack/nova/nova/conductor/manager.py:1784}}
Jun 27 05:22:15.916672 np0000003836 nova-conductor[98787]: DEBUG oslo_concurrency.lockutils [None req-aa07a0ed-705b-4cf9-8965-4ca717a1c49a tempest-DeleteServersTestJSON-424085353 tempest-DeleteServersTestJSON-424085353-project-member] Acquiring lock "ef570a02-a159-4e80-b07c-9df462d9793e" by "nova.context.set_target_cell..get_or_set_cached_cell_and_set_connections" {{(pid=98787) inner /opt/stack/data/venv/lib/python3.12/site-packages/oslo_concurrency/lockutils.py:511}}
Jun 27 05:22:15.916864 np0000003836 nova-conductor[98787]: DEBUG oslo_concurrency.lockutils [None req-aa07a0ed-705b-4cf9-8965-4ca717a1c49a tempest-DeleteServersTestJSON-424085353 tempest-DeleteServersTestJSON-424085353-project-member] Lock "ef570a02-a159-4e80-b07c-9df462d9793e" acquired by "nova.context.set_target_cell..get_or_set_cached_cell_and_set_connections" :: waited 0.000s {{(pid=98787) inner /opt/stack/data/venv/lib/python3.12/site-packages/oslo_concurrency/lockutils.py:524}}
Jun 27 05:22:15.916995 np0000003836 nova-conductor[98787]: DEBUG oslo_concurrency.lockutils [None req-aa07a0ed-705b-4cf9-8965-4ca717a1c49a tempest-DeleteServersTestJSON-424085353 tempest-DeleteServersTestJSON-424085353-project-member] Lock "ef570a02-a159-4e80-b07c-9df462d9793e" "released" by "nova.context.set_target_cell..get_or_set_cached_cell_and_set_connections" :: held 0.000s {{(pid=98787) inner /opt/stack/data/venv/lib/python3.12/site-packages/oslo_concurrency/lockutils.py:543}}
Jun 27 05:22:15.925949 np0000003836 nova-conductor[98787]: DEBUG nova.conductor.manager [None req-aa07a0ed-705b-4cf9-8965-4ca717a1c49a tempest-DeleteServersTestJSON-424085353 tempest-DeleteServersTestJSON-424085353-project-member] [instance: 9c36ffd4-c879-49f1-8139-5b5b3c1d270c] block_device_mapping [BlockDeviceMapping(attachment_id=,boot_index=0,connection_info=None,created_at=,delete_on_termination=True,deleted=,deleted_at=,destination_type='local',device_name=None,device_type='disk',disk_bus=None,encrypted=False,encryption_format=None,encryption_options=None,encryption_secret_uuid=None,guest_format=None,id=,image_id='e1bb501d-6ded-46e3-a09d-fbb3112a466a',instance=,instance_uuid=,no_device=False,snapshot_id=None,source_type='image',tag=None,updated_at=,uuid=,volume_id=None,volume_size=None,volume_type=None)] {{(pid=98787) _create_block_device_mapping /opt/stack/nova/nova/conductor/manager.py:1529}}
Jun 27 05:22:15.927666 np0000003836 nova-conductor[98787]: DEBUG oslo_concurrency.lockutils [None req-aa07a0ed-705b-4cf9-8965-4ca717a1c49a tempest-DeleteServersTestJSON-424085353 tempest-DeleteServersTestJSON-424085353-project-member] Acquiring lock "ef570a02-a159-4e80-b07c-9df462d9793e" by "nova.context.set_target_cell..get_or_set_cached_cell_and_set_connections" {{(pid=98787) inner /opt/stack/data/venv/lib/python3.12/site-packages/oslo_concurrency/lockutils.py:511}}
Jun 27 05:22:15.927799 np0000003836 nova-conductor[98787]: DEBUG oslo_concurrency.lockutils [None req-aa07a0ed-705b-4cf9-8965-4ca717a1c49a tempest-DeleteServersTestJSON-424085353 tempest-DeleteServersTestJSON-424085353-project-member] Lock "ef570a02-a159-4e80-b07c-9df462d9793e" acquired by "nova.context.set_target_cell..get_or_set_cached_cell_and_set_connections" :: waited 0.000s {{(pid=98787) inner /opt/stack/data/venv/lib/python3.12/site-packages/oslo_concurrency/lockutils.py:524}}
Jun 27 05:22:15.927995 np0000003836 nova-conductor[98787]: DEBUG oslo_concurrency.lockutils [None req-aa07a0ed-705b-4cf9-8965-4ca717a1c49a tempest-DeleteServersTestJSON-424085353 tempest-DeleteServersTestJSON-424085353-project-member] Lock "ef570a02-a159-4e80-b07c-9df462d9793e" "released" by "nova.context.set_target_cell..get_or_set_cached_cell_and_set_connections" :: held 0.000s {{(pid=98787) inner /opt/stack/data/venv/lib/python3.12/site-packages/oslo_concurrency/lockutils.py:543}}
Jun 27 05:22:15.963971 np0000003836 nova-conductor[98787]: DEBUG oslo_concurrency.lockutils [None req-aa07a0ed-705b-4cf9-8965-4ca717a1c49a tempest-DeleteServersTestJSON-424085353 tempest-DeleteServersTestJSON-424085353-project-member] Acquiring lock "ef570a02-a159-4e80-b07c-9df462d9793e" by "nova.context.set_target_cell..get_or_set_cached_cell_and_set_connections" {{(pid=98787) inner /opt/stack/data/venv/lib/python3.12/site-packages/oslo_concurrency/lockutils.py:511}}
