Jun 27 05:19:07.307985 np0000003836 devstack@neutron-api.service[90567]: DEBUG neutron_lib.callbacks.manager [None req-f88af213-0304-4ac3-8ebb-999f1ac52f4a None None] Subscribe: > floatingip after_create 55550000, False {{(pid=90567) subscribe /opt/stack/data/venv/lib/python3.12/site-packages/neutron_lib/callbacks/manager.py:52}}
Jun 27 05:19:07.307985 np0000003836 devstack@neutron-api.service[90567]: DEBUG neutron_lib.callbacks.manager [None req-f88af213-0304-4ac3-8ebb-999f1ac52f4a None None] Subscribe: > floatingip precommit_create 55550000, False {{(pid=90567) subscribe /opt/stack/data/venv/lib/python3.12/site-packages/neutron_lib/callbacks/manager.py:52}}
Jun 27 05:19:07.308096 np0000003836 devstack@neutron-api.service[90564]: INFO neutron.api.extensions [None req-56766c7c-a876-4d5d-9f33-e8769b224086 None None] Loaded extension: external-net
Jun 27 05:19:07.308184 np0000003836 devstack@neutron-api.service[90567]: DEBUG neutron_lib.callbacks.manager [None req-f88af213-0304-4ac3-8ebb-999f1ac52f4a None None] Subscribe: > floatingip precommit_update 55550000, False {{(pid=90567) subscribe /opt/stack/data/venv/lib/python3.12/site-packages/neutron_lib/callbacks/manager.py:52}}
Jun 27 05:19:07.308184 np0000003836 devstack@neutron-api.service[90567]: DEBUG neutron_lib.callbacks.manager [None req-f88af213-0304-4ac3-8ebb-999f1ac52f4a None None] Subscribe: > floatingip after_delete 55550000, False {{(pid=90567) subscribe /opt/stack/data/venv/lib/python3.12/site-packages/neutron_lib/callbacks/manager.py:52}}
Jun 27 05:19:07.308287 np0000003836 devstack@neutron-api.service[90564]: DEBUG neutron.api.extensions [None req-56766c7c-a876-4d5d-9f33-e8769b224086 None None] Loading extension file: extra_dhcp_opt.py {{(pid=90564) _load_all_extensions_from_path /opt/stack/neutron/neutron/api/extensions.py:449}}
Jun 27 05:19:07.308362 np0000003836 devstack@neutron-api.service[90567]: DEBUG neutron_lib.callbacks.manager [None req-f88af213-0304-4ac3-8ebb-999f1ac52f4a None None] Subscribe: > floatingip after_status_update 55550000, False {{(pid=90567) subscribe /opt/stack/data/venv/lib/python3.12/site-packages/neutron_lib/callbacks/manager.py:52}}
Jun 27 05:19:07.308362 np0000003836 devstack@neutron-api.service[90567]: DEBUG neutron_lib.callbacks.manager [None req-f88af213-0304-4ac3-8ebb-999f1ac52f4a None None] Subscribe: > floatingip after_update 55550000, False {{(pid=90567) subscribe /opt/stack/data/venv/lib/python3.12/site-packages/neutron_lib/callbacks/manager.py:52}}
Jun 27 05:19:07.308362 np0000003836 devstack@neutron-api.service[90567]: DEBUG neutron_lib.callbacks.manager [None req-f88af213-0304-4ac3-8ebb-999f1ac52f4a None None] Subscribe: > port_forwarding after_create 55550000, False {{(pid=90567) subscribe /opt/stack/data/venv/lib/python3.12/site-packages/neutron_lib/callbacks/manager.py:52}}
Jun 27 05:19:07.308504 np0000003836 devstack@neutron-api.service[90564]: DEBUG neutron.api.extensions [None req-56766c7c-a876-4d5d-9f33-e8769b224086 None None] Ext name="Neutron Extra DHCP options" alias="extra_dhcp_opt" description="Extra options configuration for DHCP. For example PXE boot options to DHCP clients can be specified (e.g. tftp-server, server-ip-address, bootfile-name)" updated="2013-03-17T12:00:00-00:00" {{(pid=90564) _check_extension /opt/stack/neutron/neutron/api/extensions.py:415}}
Jun 27 05:19:07.308583 np0000003836 devstack@neutron-api.service[90567]: DEBUG neutron_lib.callbacks.manager [None req-f88af213-0304-4ac3-8ebb-999f1ac52f4a None None] Subscribe: > router_interface after_delete 55550000, False {{(pid=90567) subscribe /opt/stack/data/venv/lib/python3.12/site-packages/neutron_lib/callbacks/manager.py:52}}
Jun 27 05:19:07.308583 np0000003836 devstack@neutron-api.service[90567]: DEBUG neutron_lib.callbacks.manager [None req-f88af213-0304-4ac3-8ebb-999f1ac52f4a None None] Subscribe: > router after_create 55550000, False {{(pid=90567) subscribe /opt/stack/data/venv/lib/python3.12/site-packages/neutron_lib/callbacks/manager.py:52}}
Jun 27 05:19:07.308583 np0000003836 devstack@neutron-api.service[90567]: DEBUG neutron_lib.callbacks.manager [None req-f88af213-0304-4ac3-8ebb-999f1ac52f4a None None] Subscribe: > router precommit_create 55550000, False {{(pid=90567) subscribe /opt/stack/data/venv/lib/python3.12/site-packages/neutron_lib/callbacks/manager.py:52}}
Jun 27 05:19:07.308732 np0000003836 devstack@neutron-api.service[90564]: INFO neutron.api.extensions [None req-56766c7c-a876-4d5d-9f33-e8769b224086 None None] Loaded extension: extra_dhcp_opt
Jun 27 05:19:07.308813 np0000003836 devstack@neutron-api.service[90567]: DEBUG neutron_lib.callbacks.manager [None req-f88af213-0304-4ac3-8ebb-999f1ac52f4a None None] Subscribe: > router after_delete 55550000, False {{(pid=90567) subscribe /opt/stack/data/venv/lib/python3.12/site-packages/neutron_lib/callbacks/manager.py:52}}
Jun 27 05:19:07.308949 np0000003836 devstack@neutron-api.service[90564]: DEBUG neutron.api.extensions [None req-56766c7c-a876-4d5d-9f33-e8769b224086 None None] Loading extension file: extraroute.py {{(pid=90564) _load_all_extensions_from_path /opt/stack/neutron/neutron/api/extensions.py:449}}
Jun 27 05:19:07.309036 np0000003836 devstack@neutron-api.service[90567]: DEBUG neutron_lib.callbacks.manager [None req-f88af213-0304-4ac3-8ebb-999f1ac52f4a None None] Subscribe: > router after_update 55550000, False {{(pid=90567) subscribe /opt/stack/data/venv/lib/python3.12/site-packages/neutron_lib/callbacks/manager.py:52}}
Jun 27 05:19:07.309036 np0000003836 devstack@neutron-api.service[90567]: DEBUG neutron.services.service_base [None req-f88af213-0304-4ac3-8ebb-999f1ac52f4a None None] Loaded 'neutron.services.ovn_l3.service_providers.ovn.OvnDriver' provider for service L3_ROUTER_NAT {{(pid=90567) load_drivers /opt/stack/neutron/neutron/services/service_base.py:49}}
Jun 27 05:19:07.309036 np0000003836 devstack@neutron-api.service[90567]: DEBUG neutron_lib.callbacks.manager [None req-f88af213-0304-4ac3-8ebb-999f1ac52f4a None None] Subscribe: > process after_init 55550001, True {{(pid=90567) subscribe /opt/stack/data/venv/lib/python3.12/site-packages/neutron_lib/callbacks/manager.py:52}}
Jun 27 05:19:07.309308 np0000003836 devstack@neutron-api.service[90564]: DEBUG neutron.api.extensions [None req-56766c7c-a876-4d5d-9f33-e8769b224086 None None] Ext name="Neutron Extra Route" alias="extraroute" description="Extra routes configuration for L3 router" updated="2013-02-01T10:00:00-00:00" {{(pid=90564) _check_extension /opt/stack/neutron/neutron/api/extensions.py:415}}
Jun 27 05:19:07.309824 np0000003836 devstack@neutron-api.service[90567]: DEBUG neutron.manager [None req-f88af213-0304-4ac3-8ebb-999f1ac52f4a None None] Successfully loaded L3_ROUTER_NAT plugin. Description: L3 Router Service Plugin for basic L3 forwarding using OVN {{(pid=90567) _create_and_add_service_plugin /opt/stack/neutron/neutron/manager.py:236}}
Jun 27 05:19:07.309824 np0000003836 devstack@neutron-api.service[90567]: INFO neutron.manager [None req-f88af213-0304-4ac3-8ebb-999f1ac52f4a None None] Loading Plugin: auto_allocate
Jun 27 05:19:07.309986 np0000003836 devstack@neutron-api.service[90564]: INFO neutron.api.extensions [None req-56766c7c-a876-4d5d-9f33-e8769b224086 None None] Loaded extension: extraroute
Jun 27 05:19:07.309986 np0000003836 devstack@neutron-api.service[90564]: DEBUG neutron.api.extensions [None req-56766c7c-a876-4d5d-9f33-e8769b224086 None None] Loading extension file: extraroute_atomic.py {{(pid=90564) _load_all_extensions_from_path /opt/stack/neutron/neutron/api/extensions.py:449}}
Jun 27 05:19:07.309986 np0000003836 devstack@neutron-api.service[90564]: DEBUG neutron.api.extensions [None req-56766c7c-a876-4d5d-9f33-e8769b224086 None None] Ext name="Atomically add/remove extra routes" alias="extraroute-atomic" description="Edit extra routes of a router on server side by atomically adding/removing extra routes" updated="2019-07-10T00:00:00+00:00" {{(pid=90564) _check_extension /opt/stack/neutron/neutron/api/extensions.py:415}}
Jun 27 05:19:07.309986 np0000003836 devstack@neutron-api.service[90564]: INFO neutron.api.extensions [None req-56766c7c-a876-4d5d-9f33-e8769b224086 None None] Loaded extension: extraroute-atomic
Jun 27 05:19:07.311247 np0000003836 devstack@neutron-api.service[90567]: DEBUG neutron_lib.callbacks.manager [None req-f88af213-0304-4ac3-8ebb-999f1ac52f4a None None] Subscribe: network precommit_update 55550000, False {{(pid=90567) subscribe /opt/stack/data/venv/lib/python3.12/site-packages/neutron_lib/callbacks/manager.py:52}}
Jun 27 05:19:07.311361 np0000003836 devstack@neutron-api.service[90564]: DEBUG neutron.api.extensions [None req-56766c7c-a876-4d5d-9f33-e8769b224086 None None] Loading extension file: filter_validation.py {{(pid=90564) _load_all_extensions_from_path /opt/stack/neutron/neutron/api/extensions.py:449}}
Jun 27 05:19:07.311470 np0000003836 devstack@neutron-api.service[90567]: DEBUG neutron_lib.callbacks.manager [None req-f88af213-0304-4ac3-8ebb-999f1ac52f4a None None] Subscribe: network precommit_create 55550000, False {{(pid=90567) subscribe /opt/stack/data/venv/lib/python3.12/site-packages/neutron_lib/callbacks/manager.py:52}}
Jun 27 05:19:07.311594 np0000003836 devstack@neutron-api.service[90564]: DEBUG neutron.api.extensions [None req-56766c7c-a876-4d5d-9f33-e8769b224086 None None] Ext name="Filter parameters validation" alias="filter-validation" description="Provides validation on filter parameters." updated="2018-07-04T10:00:00-00:00" {{(pid=90564) _check_extension /opt/stack/neutron/neutron/api/extensions.py:415}}
Jun 27 05:19:07.311678 np0000003836 devstack@neutron-api.service[90567]: DEBUG neutron.manager [None req-f88af213-0304-4ac3-8ebb-999f1ac52f4a None None] Successfully loaded auto-allocated-topology plugin. Description: Auto Allocated Topology - aka get me a network. {{(pid=90567) _create_and_add_service_plugin /opt/stack/neutron/neutron/manager.py:236}}
Jun 27 05:19:07.311833 np0000003836 devstack@neutron-api.service[90564]: INFO neutron.api.extensions [None req-56766c7c-a876-4d5d-9f33-e8769b224086 None None] Loaded extension: filter-validation
Jun 27 05:19:07.312003 np0000003836 devstack@neutron-api.service[90567]: INFO neutron.manager [None req-f88af213-0304-4ac3-8ebb-999f1ac52f4a None None] Loading Plugin: tag
Jun 27 05:19:07.312127 np0000003836 devstack@neutron-api.service[90564]: DEBUG neutron.api.extensions [None req-56766c7c-a876-4d5d-9f33-e8769b224086 None None] Loading extension file: fip_pf_description.py {{(pid=90564) _load_all_extensions_from_path /opt/stack/neutron/neutron/api/extensions.py:449}}
Jun 27 05:19:07.312208 np0000003836 devstack@neutron-api.service[90566]: DEBUG neutron.common.ovn.hash_ring_manager [-] Hash Ring loaded. 1 active nodes. 0 offline nodes {{(pid=90566) _load_hash_ring /opt/stack/neutron/neutron/common/ovn/hash_ring_manager.py:110}}
Jun 27 05:19:07.312596 np0000003836 devstack@neutron-api.service[90564]: DEBUG neutron.api.extensions [None req-56766c7c-a876-4d5d-9f33-e8769b224086 None None] Ext name="Floating IP Port Forwarding new attribute description" alias="floating-ip-port-forwarding-description" description="Add a description field to Port Forwarding rules" updated="2019-11-01T10:00:00-00:00" {{(pid=90564) _check_extension /opt/stack/neutron/neutron/api/extensions.py:415}}
Jun 27 05:19:07.312683 np0000003836 devstack@neutron-api.service[90566]: DEBUG neutron.plugins.ml2.drivers.ovn.mech_driver.ovsdb.ovsdb_monitor [-] Hash Ring: Node a879284e220d53bc860d23514ffa1490 (host: np0000003836) handling event "update" for row 704563c6-46a5-447c-8ce2-ed15f5d135c6 (table: Connection) {{(pid=90566) notify /opt/stack/neutron/neutron/plugins/ml2/drivers/ovn/mech_driver/ovsdb/ovsdb_monitor.py:1015}}
Jun 27 05:19:07.312765 np0000003836 devstack@neutron-api.service[90564]: INFO neutron.api.extensions [None req-56766c7c-a876-4d5d-9f33-e8769b224086 None None] Extension floating-ip-port-forwarding-description not supported by any of loaded plugins
Jun 27 05:19:07.312765 np0000003836 devstack@neutron-api.service[90564]: DEBUG neutron.api.extensions [None req-56766c7c-a876-4d5d-9f33-e8769b224086 None None] Loading extension file: fip_pf_detail.py {{(pid=90564) _load_all_extensions_from_path /opt/stack/neutron/neutron/api/extensions.py:449}}
Jun 27 05:19:07.312765 np0000003836 devstack@neutron-api.service[90564]: DEBUG neutron.api.extensions [None req-56766c7c-a876-4d5d-9f33-e8769b224086 None None] Ext name="Floating IP port forwarding detail" alias="floating-ip-port-forwarding-detail" description="Allow list floating ip return more port forwarding data, include'id' and 'internal_port_id'" updated="2022-05-06T10:00:00-00:00" {{(pid=90564) _check_extension /opt/stack/neutron/neutron/api/extensions.py:415}}
Jun 27 05:19:07.312765 np0000003836 devstack@neutron-api.service[90564]: INFO neutron.api.extensions [None req-56766c7c-a876-4d5d-9f33-e8769b224086 None None] Loaded extension: floating-ip-port-forwarding-detail
Jun 27 05:19:07.312765 np0000003836 devstack@neutron-api.service[90564]: DEBUG neutron.api.extensions [None req-56766c7c-a876-4d5d-9f33-e8769b224086 None None] Loading extension file: fip_pf_port_range.py {{(pid=90564) _load_all_extensions_from_path /opt/stack/neutron/neutron/api/extensions.py:449}}
Jun 27 05:19:07.312765 np0000003836 devstack@neutron-api.service[90564]: DEBUG neutron.api.extensions [None req-56766c7c-a876-4d5d-9f33-e8769b224086 None None] Ext name="Floating IP Port Forwarding support port ranges" alias="floating-ip-port-forwarding-port-ranges" description="Add support to port ranges" updated="2020-07-01T10:00:00-00:00" {{(pid=90564) _check_extension /opt/stack/neutron/neutron/api/extensions.py:415}}
Jun 27 05:19:07.312765 np0000003836 devstack@neutron-api.service[90564]: INFO neutron.api.extensions [None req-56766c7c-a876-4d5d-9f33-e8769b224086 None None] Extension floating-ip-port-forwarding-port-ranges not supported by any of loaded plugins
Jun 27 05:19:07.312973 np0000003836 devstack@neutron-api.service[90564]: DEBUG neutron.api.extensions [None req-56766c7c-a876-4d5d-9f33-e8769b224086 None None] Loading extension file: fip_port_details.py {{(pid=90564) _load_all_extensions_from_path /opt/stack/neutron/neutron/api/extensions.py:449}}
Jun 27 05:19:07.313189 np0000003836 devstack@neutron-api.service[90564]: DEBUG neutron.api.extensions [None req-56766c7c-a876-4d5d-9f33-e8769b224086 None None] Ext name="Floating IP Port Details Extension" alias="fip-port-details" description="Add port_details attribute to Floating IP resource" updated="2018-04-09T10:00:00-00:00" {{(pid=90564) _check_extension /opt/stack/neutron/neutron/api/extensions.py:415}}
Jun 27 05:19:07.313479 np0000003836 devstack@neutron-api.service[90564]: INFO neutron.api.extensions [None req-56766c7c-a876-4d5d-9f33-e8769b224086 None None] Loaded extension: fip-port-details
Jun 27 05:19:07.313611 np0000003836 devstack@neutron-api.service[90564]: DEBUG neutron.api.extensions [None req-56766c7c-a876-4d5d-9f33-e8769b224086 None None] Loading extension file: flavors.py {{(pid=90564) _load_all_extensions_from_path /opt/stack/neutron/neutron/api/extensions.py:449}}
Jun 27 05:19:07.313928 np0000003836 devstack@neutron-api.service[90564]: DEBUG neutron.api.extensions [None req-56766c7c-a876-4d5d-9f33-e8769b224086 None None] Ext name="Neutron Service Flavors" alias="flavors" description="Flavor specification for Neutron advanced services." updated="2015-09-17T10:00:00-00:00" {{(pid=90564) _check_extension /opt/stack/neutron/neutron/api/extensions.py:415}}
Jun 27 05:19:07.314138 np0000003836 devstack@neutron-api.service[90564]: INFO neutron.api.extensions [None req-56766c7c-a876-4d5d-9f33-e8769b224086 None None] Loaded extension: flavors
Jun 27 05:19:07.314264 np0000003836 devstack@neutron-api.service[90564]: DEBUG neutron.api.extensions [None req-56766c7c-a876-4d5d-9f33-e8769b224086 None None] Loading extension file: floating_ip_port_forwarding.py {{(pid=90564) _load_all_extensions_from_path /opt/stack/neutron/neutron/api/extensions.py:449}}
Jun 27 05:19:07.314454 np0000003836 devstack@neutron-api.service[90567]: DEBUG neutron.manager [None req-f88af213-0304-4ac3-8ebb-999f1ac52f4a None None] Successfully loaded TAG plugin. Description: Tag support {{(pid=90567) _create_and_add_service_plugin /opt/stack/neutron/neutron/manager.py:236}}
Jun 27 05:19:07.314601 np0000003836 devstack@neutron-api.service[90567]: INFO neutron.manager [None req-f88af213-0304-4ac3-8ebb-999f1ac52f4a None None] Loading Plugin: timestamp
Jun 27 05:19:07.314793 np0000003836 devstack@neutron-api.service[90564]: DEBUG neutron.api.extensions [None req-56766c7c-a876-4d5d-9f33-e8769b224086 None None] Ext name="Floating IP Port Forwarding" alias="floating-ip-port-forwarding" description="Allow port forwarding from floating IP port to an internal port" updated="2018-01-19T10:00:00-00:00" {{(pid=90564) _check_extension /opt/stack/neutron/neutron/api/extensions.py:415}}
Jun 27 05:19:07.315074 np0000003836 devstack@neutron-api.service[90564]: INFO neutron.api.extensions [None req-56766c7c-a876-4d5d-9f33-e8769b224086 None None] Extension floating-ip-port-forwarding not supported by any of loaded plugins
Jun 27 05:19:07.315153 np0000003836 devstack@neutron-api.service[90564]: DEBUG neutron.api.extensions [None req-56766c7c-a876-4d5d-9f33-e8769b224086 None None] Loading extension file: floatingip_pools.py {{(pid=90564) _load_all_extensions_from_path /opt/stack/neutron/neutron/api/extensions.py:449}}
Jun 27 05:19:07.315569 np0000003836 devstack@neutron-api.service[90564]: DEBUG neutron.api.extensions [None req-56766c7c-a876-4d5d-9f33-e8769b224086 None None] Ext name="Floating IP Pools Extension" alias="floatingip-pools" description="Provides a floating IP pools API." updated="2018-03-21T10:00:00-00:00" {{(pid=90564) _check_extension /opt/stack/neutron/neutron/api/extensions.py:415}}
Jun 27 05:19:07.315881 np0000003836 devstack@neutron-api.service[90564]: INFO neutron.api.extensions [None req-56766c7c-a876-4d5d-9f33-e8769b224086 None None] Loaded extension: floatingip-pools
Jun 27 05:19:07.316011 np0000003836 devstack@neutron-api.service[90564]: DEBUG neutron.api.extensions [None req-56766c7c-a876-4d5d-9f33-e8769b224086 None None] Loading extension file: ip_allocation.py {{(pid=90564) _load_all_extensions_from_path /opt/stack/neutron/neutron/api/extensions.py:449}}
Jun 27 05:19:07.316447 np0000003836 devstack@neutron-api.service[90567]: DEBUG neutron.manager [None req-f88af213-0304-4ac3-8ebb-999f1ac52f4a None None] Successfully loaded timestamp plugin. Description: Adds timestamps to Neutron resources with standard attributes {{(pid=90567) _create_and_add_service_plugin /opt/stack/neutron/neutron/manager.py:236}}
Jun 27 05:19:07.316548 np0000003836 devstack@neutron-api.service[90564]: DEBUG neutron.api.extensions [None req-56766c7c-a876-4d5d-9f33-e8769b224086 None None] Ext name="IP Allocation" alias="ip_allocation" description="IP allocation extension." updated="2016-06-10T23:00:00-00:00" {{(pid=90564) _check_extension /opt/stack/neutron/neutron/api/extensions.py:415}}
Jun 27 05:19:07.316627 np0000003836 devstack@neutron-api.service[90567]: INFO neutron.manager [None req-f88af213-0304-4ac3-8ebb-999f1ac52f4a None None] Loading Plugin: network_ip_availability
Jun 27 05:19:07.316700 np0000003836 devstack@neutron-api.service[90564]: INFO neutron.api.extensions [None req-56766c7c-a876-4d5d-9f33-e8769b224086 None None] Extension ip_allocation not supported by any of loaded plugins
Jun 27 05:19:07.316700 np0000003836 devstack@neutron-api.service[90564]: DEBUG neutron.api.extensions [None req-56766c7c-a876-4d5d-9f33-e8769b224086 None None] Loading extension file: ip_substring_port_filtering.py {{(pid=90564) _load_all_extensions_from_path /opt/stack/neutron/neutron/api/extensions.py:449}}
Jun 27 05:19:07.317113 np0000003836 devstack@neutron-api.service[90564]: DEBUG neutron.api.extensions [None req-56766c7c-a876-4d5d-9f33-e8769b224086 None None] Ext name="IP address substring filtering" alias="ip-substring-filtering" description="Provides IP address substring filtering when listing ports" updated="2017-11-28T09:00:00-00:00" {{(pid=90564) _check_extension /opt/stack/neutron/neutron/api/extensions.py:415}}
Jun 27 05:19:07.317377 np0000003836 devstack@neutron-api.service[90564]: INFO neutron.api.extensions [None req-56766c7c-a876-4d5d-9f33-e8769b224086 None None] Extension ip-substring-filtering not supported by any of loaded plugins
Jun 27 05:19:07.317561 np0000003836 devstack@neutron-api.service[90564]: DEBUG neutron.api.extensions [None req-56766c7c-a876-4d5d-9f33-e8769b224086 None None] Loading extension file: l2_adjacency.py {{(pid=90564) _load_all_extensions_from_path /opt/stack/neutron/neutron/api/extensions.py:449}}
Jun 27 05:19:07.317921 np0000003836 devstack@neutron-api.service[90564]: DEBUG neutron.api.extensions [None req-56766c7c-a876-4d5d-9f33-e8769b224086 None None] Ext name="L2 Adjacency" alias="l2_adjacency" description="Display L2 Adjacency for Neutron Networks." updated="2016-04-12T16:00:00-00:00" {{(pid=90564) _check_extension /opt/stack/neutron/neutron/api/extensions.py:415}}
Jun 27 05:19:07.318118 np0000003836 devstack@neutron-api.service[90564]: INFO neutron.api.extensions [None req-56766c7c-a876-4d5d-9f33-e8769b224086 None None] Extension l2_adjacency not supported by any of loaded plugins
Jun 27 05:19:07.318608 np0000003836 devstack@neutron-api.service[90564]: DEBUG neutron.api.extensions [None req-56766c7c-a876-4d5d-9f33-e8769b224086 None None] Loading extension file: l3.py {{(pid=90564) _load_all_extensions_from_path /opt/stack/neutron/neutron/api/extensions.py:449}}
Jun 27 05:19:07.318735 np0000003836 devstack@neutron-api.service[90567]: DEBUG neutron.manager [None req-f88af213-0304-4ac3-8ebb-999f1ac52f4a None None] Successfully loaded network-ip-availability plugin. Description: Provides IP availability data for each network and subnet. {{(pid=90567) _create_and_add_service_plugin /opt/stack/neutron/neutron/manager.py:236}}
Jun 27 05:19:07.318735 np0000003836 devstack@neutron-api.service[90567]: INFO neutron.manager [None req-f88af213-0304-4ac3-8ebb-999f1ac52f4a None None] Loading Plugin: flavors
Jun 27 05:19:07.318969 np0000003836 devstack@neutron-api.service[90564]: DEBUG neutron.api.extensions [None req-56766c7c-a876-4d5d-9f33-e8769b224086 None None] Ext name="Neutron L3 Router" alias="router" description="Router abstraction for basic L3 forwarding between L2 Neutron networks and access to external networks via a NAT gateway." updated="2012-07-20T10:00:00-00:00" {{(pid=90564) _check_extension /opt/stack/neutron/neutron/api/extensions.py:415}}
Jun 27 05:19:07.319418 np0000003836 devstack@neutron-api.service[90564]: INFO neutron.api.extensions [None req-56766c7c-a876-4d5d-9f33-e8769b224086 None None] Loaded extension: router
Jun 27 05:19:07.319418 np0000003836 devstack@neutron-api.service[90564]: DEBUG neutron.api.extensions [None req-56766c7c-a876-4d5d-9f33-e8769b224086 None None] Loading extension file: l3_agent_scheduler_ha_chassis_priority.py {{(pid=90564) _load_all_extensions_from_path /opt/stack/neutron/neutron/api/extensions.py:449}}
Jun 27 05:19:07.319536 np0000003836 devstack@neutron-api.service[90567]: DEBUG neutron.manager [None req-f88af213-0304-4ac3-8ebb-999f1ac52f4a None None] Successfully loaded FLAVORS plugin. Description: Neutron Flavors and Service Profiles manager plugin {{(pid=90567) _create_and_add_service_plugin /opt/stack/neutron/neutron/manager.py:236}}
Jun 27 05:19:07.319666 np0000003836 devstack@neutron-api.service[90567]: INFO neutron.manager [None req-f88af213-0304-4ac3-8ebb-999f1ac52f4a None None] Loading Plugin: revisions
Jun 27 05:19:07.319746 np0000003836 devstack@neutron-api.service[90564]: DEBUG neutron.api.extensions [None req-56766c7c-a876-4d5d-9f33-e8769b224086 None None] Ext name="L3 Agent Scheduler HA Chassis Priority" alias="l3-agent-scheduler-ha-chassis-priority" description="Exposes the HA_Chassis priority in the L3 Agent Scheduler API responses and allows setting priority when scheduling a router to a chassis." updated="2026-03-31T00:00:00-00:00" {{(pid=90564) _check_extension /opt/stack/neutron/neutron/api/extensions.py:415}}
Jun 27 05:19:07.320145 np0000003836 devstack@neutron-api.service[90564]: INFO neutron.api.extensions [None req-56766c7c-a876-4d5d-9f33-e8769b224086 None None] Loaded extension: l3-agent-scheduler-ha-chassis-priority
Jun 27 05:19:07.320145 np0000003836 devstack@neutron-api.service[90564]: DEBUG neutron.api.extensions [None req-56766c7c-a876-4d5d-9f33-e8769b224086 None None] Loading extension file: l3_conntrack_helper.py {{(pid=90564) _load_all_extensions_from_path /opt/stack/neutron/neutron/api/extensions.py:449}}
Jun 27 05:19:07.320880 np0000003836 devstack@neutron-api.service[90567]: DEBUG neutron.manager [None req-f88af213-0304-4ac3-8ebb-999f1ac52f4a None None] Successfully loaded revision_plugin plugin. Description: Adds revision numbers to resources. {{(pid=90567) _create_and_add_service_plugin /opt/stack/neutron/neutron/manager.py:236}}
Jun 27 05:19:07.321089 np0000003836 devstack@neutron-api.service[90564]: DEBUG neutron.api.extensions [None req-56766c7c-a876-4d5d-9f33-e8769b224086 None None] Ext name="L3 Conntrack helper" alias="l3-conntrack-helper" description="Allow adding CT target rules for conntrack helper" updated="2019-04-04T10:00:00-00:00" {{(pid=90564) _check_extension /opt/stack/neutron/neutron/api/extensions.py:415}}
Jun 27 05:19:07.321169 np0000003836 devstack@neutron-api.service[90567]: DEBUG oslo_concurrency.lockutils [None req-f88af213-0304-4ac3-8ebb-999f1ac52f4a None None] Lock "manager" "released" by "neutron.manager.NeutronManager._create_instance" :: held 4.978s {{(pid=90567) inner /opt/stack/data/venv/lib/python3.12/site-packages/oslo_concurrency/lockutils.py:543}}
Jun 27 05:19:07.322175 np0000003836 devstack@neutron-api.service[90564]: INFO neutron.api.extensions [None req-56766c7c-a876-4d5d-9f33-e8769b224086 None None] Extension l3-conntrack-helper not supported by any of loaded plugins
Jun 27 05:19:07.322355 np0000003836 devstack@neutron-api.service[90567]: DEBUG neutron.api.extensions [None req-f88af213-0304-4ac3-8ebb-999f1ac52f4a None None] get_extension_paths = OrderedDict({'/opt/stack/neutron/neutron/extensions': 1}) {{(pid=90567) get_extensions_path /opt/stack/neutron/neutron/api/extensions.py:640}}
Jun 27 05:19:07.322606 np0000003836 devstack@neutron-api.service[90564]: DEBUG neutron.api.extensions [None req-56766c7c-a876-4d5d-9f33-e8769b224086 None None] Loading extension file: l3_enable_default_route_bfd.py {{(pid=90564) _load_all_extensions_from_path /opt/stack/neutron/neutron/api/extensions.py:449}}
Jun 27 05:19:07.323046 np0000003836 devstack@neutron-api.service[90567]: INFO neutron.api.extensions [None req-f88af213-0304-4ac3-8ebb-999f1ac52f4a None None] Initializing extension manager.
Jun 27 05:19:07.323046 np0000003836 devstack@neutron-api.service[90567]: DEBUG neutron.api.extensions [None req-f88af213-0304-4ac3-8ebb-999f1ac52f4a None None] Loading extension file: __init__.py {{(pid=90567) _load_all_extensions_from_path /opt/stack/neutron/neutron/api/extensions.py:449}}
Jun 27 05:19:07.323199 np0000003836 devstack@neutron-api.service[90564]: DEBUG neutron.api.extensions [None req-56766c7c-a876-4d5d-9f33-e8769b224086 None None] Ext name="Enable Default Route BFD" alias="enable-default-route-bfd" description="Enables configurable BFD behavior for default routes" updated="2023-02-27T00:00:00-00:00" {{(pid=90564) _check_extension /opt/stack/neutron/neutron/api/extensions.py:415}}
Jun 27 05:19:07.323615 np0000003836 devstack@neutron-api.service[90567]: DEBUG neutron.api.extensions [None req-f88af213-0304-4ac3-8ebb-999f1ac52f4a None None] Loading extension file: __pycache__ {{(pid=90567) _load_all_extensions_from_path /opt/stack/neutron/neutron/api/extensions.py:449}}
Jun 27 05:19:07.323615 np0000003836 devstack@neutron-api.service[90567]: DEBUG neutron.api.extensions [None req-f88af213-0304-4ac3-8ebb-999f1ac52f4a None None] Loading extension file: aap_reject_multicast.py {{(pid=90567) _load_all_extensions_from_path /opt/stack/neutron/neutron/api/extensions.py:449}}
Jun 27 05:19:07.323833 np0000003836 devstack@neutron-api.service[90564]: INFO neutron.api.extensions [None req-56766c7c-a876-4d5d-9f33-e8769b224086 None None] Loaded extension: enable-default-route-bfd
Jun 27 05:19:07.323833 np0000003836 devstack@neutron-api.service[90564]: DEBUG neutron.api.extensions [None req-56766c7c-a876-4d5d-9f33-e8769b224086 None None] Loading extension file: l3_enable_default_route_ecmp.py {{(pid=90564) _load_all_extensions_from_path /opt/stack/neutron/neutron/api/extensions.py:449}}
Jun 27 05:19:07.324028 np0000003836 devstack@neutron-api.service[90567]: DEBUG neutron.api.extensions [None req-f88af213-0304-4ac3-8ebb-999f1ac52f4a None None] Ext name="Allowed address pairs reject multicast extension" alias="aap-reject-multicast" description="Reject multicast addresses in Allowed Address Pairs" updated="2026-04-01T00:00:00-00:00" {{(pid=90567) _check_extension /opt/stack/neutron/neutron/api/extensions.py:415}}
Jun 27 05:19:07.324440 np0000003836 devstack@neutron-api.service[90564]: DEBUG neutron.api.extensions [None req-56766c7c-a876-4d5d-9f33-e8769b224086 None None] Ext name="Enable Default Route ECMP" alias="enable-default-route-ecmp" description="Enables configurable ECMP behavior for default routes" updated="2023-02-27T00:00:00-00:00" {{(pid=90564) _check_extension /opt/stack/neutron/neutron/api/extensions.py:415}}
Jun 27 05:19:07.324968 np0000003836 devstack@neutron-api.service[90567]: INFO neutron.api.extensions [None req-f88af213-0304-4ac3-8ebb-999f1ac52f4a None None] Extension aap-reject-multicast not supported by any of loaded plugins
Jun 27 05:19:07.325350 np0000003836 devstack@neutron-api.service[90564]: INFO neutron.api.extensions [None req-56766c7c-a876-4d5d-9f33-e8769b224086 None None] Loaded extension: enable-default-route-ecmp
Jun 27 05:19:07.325728 np0000003836 devstack@neutron-api.service[90567]: DEBUG neutron.api.extensions [None req-f88af213-0304-4ac3-8ebb-999f1ac52f4a None None] Loading extension file: address_group.py {{(pid=90567) _load_all_extensions_from_path /opt/stack/neutron/neutron/api/extensions.py:449}}
Jun 27 05:19:07.326135 np0000003836 devstack@neutron-api.service[90564]: DEBUG neutron.api.extensions [None req-56766c7c-a876-4d5d-9f33-e8769b224086 None None] Loading extension file: l3_ext_gw_mode.py {{(pid=90564) _load_all_extensions_from_path /opt/stack/neutron/neutron/api/extensions.py:449}}
Jun 27 05:19:07.326135 np0000003836 devstack@neutron-api.service[90564]: DEBUG neutron.api.extensions [None req-56766c7c-a876-4d5d-9f33-e8769b224086 None None] Ext name="Neutron L3 Configurable external gateway mode" alias="ext-gw-mode" description="Extension of the router abstraction for specifying whether SNAT should occur on the external gateway" updated="2013-03-28T10:00:00-00:00" {{(pid=90564) _check_extension /opt/stack/neutron/neutron/api/extensions.py:415}}
Jun 27 05:19:07.326644 np0000003836 devstack@neutron-api.service[90567]: DEBUG neutron.api.extensions [None req-f88af213-0304-4ac3-8ebb-999f1ac52f4a None None] Ext name="Address group" alias="address-group" description="Support address group" updated="2020-07-15T10:00:00-00:00" {{(pid=90567) _check_extension /opt/stack/neutron/neutron/api/extensions.py:415}}
Jun 27 05:19:07.327051 np0000003836 devstack@neutron-api.service[90564]: INFO neutron.api.extensions [None req-56766c7c-a876-4d5d-9f33-e8769b224086 None None] Loaded extension: ext-gw-mode
Jun 27 05:19:07.327051 np0000003836 devstack@neutron-api.service[90564]: DEBUG neutron.api.extensions [None req-56766c7c-a876-4d5d-9f33-e8769b224086 None None] Loading extension file: l3_ext_ha_mode.py {{(pid=90564) _load_all_extensions_from_path /opt/stack/neutron/neutron/api/extensions.py:449}}
Jun 27 05:19:07.327547 np0000003836 devstack@neutron-api.service[90567]: INFO neutron.api.extensions [None req-f88af213-0304-4ac3-8ebb-999f1ac52f4a None None] Loaded extension: address-group
Jun 27 05:19:07.327547 np0000003836 devstack@neutron-api.service[90567]: DEBUG neutron.api.extensions [None req-f88af213-0304-4ac3-8ebb-999f1ac52f4a None None] Loading extension file: address_scope.py {{(pid=90567) _load_all_extensions_from_path /opt/stack/neutron/neutron/api/extensions.py:449}}
Jun 27 05:19:07.328000 np0000003836 devstack@neutron-api.service[90564]: DEBUG neutron.api.extensions [None req-56766c7c-a876-4d5d-9f33-e8769b224086 None None] Ext name="HA Router extension" alias="l3-ha" description="Adds HA capability to routers." updated="2014-04-26T00:00:00-00:00" {{(pid=90564) _check_extension /opt/stack/neutron/neutron/api/extensions.py:415}}
Jun 27 05:19:07.328000 np0000003836 devstack@neutron-api.service[90564]: INFO neutron.api.extensions [None req-56766c7c-a876-4d5d-9f33-e8769b224086 None None] Loaded extension: l3-ha
Jun 27 05:19:07.328000 np0000003836 devstack@neutron-api.service[90564]: DEBUG neutron.api.extensions [None req-56766c7c-a876-4d5d-9f33-e8769b224086 None None] Loading extension file: l3_ext_ndp_proxy.py {{(pid=90564) _load_all_extensions_from_path /opt/stack/neutron/neutron/api/extensions.py:449}}
Jun 27 05:19:07.328488 np0000003836 devstack@neutron-api.service[90567]: DEBUG neutron.api.extensions [None req-f88af213-0304-4ac3-8ebb-999f1ac52f4a None None] Ext name="Address scope" alias="address-scope" description="Address scopes extension." updated="2015-07-26T10:00:00-00:00" {{(pid=90567) _check_extension /opt/stack/neutron/neutron/api/extensions.py:415}}
Jun 27 05:19:07.328488 np0000003836 devstack@neutron-api.service[90567]: INFO neutron.api.extensions [None req-f88af213-0304-4ac3-8ebb-999f1ac52f4a None None] Loaded extension: address-scope
Jun 27 05:19:07.328902 np0000003836 devstack@neutron-api.service[90564]: DEBUG neutron.api.extensions [None req-56766c7c-a876-4d5d-9f33-e8769b224086 None None] Ext name="Router support to enable NDP proxy" alias="l3-ext-ndp-proxy" description="Router extension to enable ndp proxy" updated="2020-08-25T00:00:00-00:00" {{(pid=90564) _check_extension /opt/stack/neutron/neutron/api/extensions.py:415}}
Jun 27 05:19:07.329427 np0000003836 devstack@neutron-api.service[90567]: DEBUG neutron.api.extensions [None req-f88af213-0304-4ac3-8ebb-999f1ac52f4a None None] Loading extension file: admin_state_down_before_update.py {{(pid=90567) _load_all_extensions_from_path /opt/stack/neutron/neutron/api/extensions.py:449}}
Jun 27 05:19:07.329824 np0000003836 devstack@neutron-api.service[90564]: INFO neutron.api.extensions [None req-56766c7c-a876-4d5d-9f33-e8769b224086 None None] Extension l3-ext-ndp-proxy not supported by any of loaded plugins
Jun 27 05:19:07.329824 np0000003836 devstack@neutron-api.service[90564]: DEBUG neutron.api.extensions [None req-56766c7c-a876-4d5d-9f33-e8769b224086 None None] Loading extension file: l3_extra_gws.py {{(pid=90564) _load_all_extensions_from_path /opt/stack/neutron/neutron/api/extensions.py:449}}
Jun 27 05:19:07.330197 np0000003836 devstack@neutron-api.service[90567]: DEBUG neutron.api.extensions [None req-f88af213-0304-4ac3-8ebb-999f1ac52f4a None None] Ext name="Enforce Router's Admin State Down Before Update Extension" alias="router-admin-state-down-before-update" description="Ensure that the admin state of a router is DOWN (admin_state_up=False) before updating the distributed attribute" updated="2019-07-02T15:56:00" {{(pid=90567) _check_extension /opt/stack/neutron/neutron/api/extensions.py:415}}
Jun 27 05:19:07.330739 np0000003836 devstack@neutron-api.service[90564]: DEBUG neutron.api.extensions [None req-56766c7c-a876-4d5d-9f33-e8769b224086 None None] Ext name="Neutron L3 External Gateway Multihoming" alias="external-gateway-multihoming" description="Allow multiple external gateway ports per router" updated="2023-01-18T00:00:00-00:00" {{(pid=90564) _check_extension /opt/stack/neutron/neutron/api/extensions.py:415}}
Jun 27 05:19:07.331154 np0000003836 devstack@neutron-api.service[90567]: INFO neutron.api.extensions [None req-f88af213-0304-4ac3-8ebb-999f1ac52f4a None None] Extension router-admin-state-down-before-update not supported by any of loaded plugins
Jun 27 05:19:07.331154 np0000003836 devstack@neutron-api.service[90567]: DEBUG neutron.api.extensions [None req-f88af213-0304-4ac3-8ebb-999f1ac52f4a None None] Loading extension file: agent.py {{(pid=90567) _load_all_extensions_from_path /opt/stack/neutron/neutron/api/extensions.py:449}}
Jun 27 05:19:07.331718 np0000003836 devstack@neutron-api.service[90564]: INFO neutron.api.extensions [None req-56766c7c-a876-4d5d-9f33-e8769b224086 None None] Loaded extension: external-gateway-multihoming
Jun 27 05:19:07.331718 np0000003836 devstack@neutron-api.service[90564]: DEBUG neutron.api.extensions [None req-56766c7c-a876-4d5d-9f33-e8769b224086 None None] Loading extension file: l3_flavors.py {{(pid=90564) _load_all_extensions_from_path /opt/stack/neutron/neutron/api/extensions.py:449}}
Jun 27 05:19:07.332469 np0000003836 devstack@neutron-api.service[90567]: DEBUG neutron.api.extensions [None req-f88af213-0304-4ac3-8ebb-999f1ac52f4a None None] Ext name="agent" alias="agent" description="The agent management extension." updated="2013-02-03T10:00:00-00:00" {{(pid=90567) _check_extension /opt/stack/neutron/neutron/api/extensions.py:415}}
Jun 27 05:19:07.332885 np0000003836 devstack@neutron-api.service[90564]: DEBUG neutron.api.extensions [None req-56766c7c-a876-4d5d-9f33-e8769b224086 None None] Ext name="Router Flavor Extension" alias="l3-flavors" description="Flavor support for routers." updated="2016-05-17T00:00:00-00:00" {{(pid=90564) _check_extension /opt/stack/neutron/neutron/api/extensions.py:415}}
Jun 27 05:19:07.333249 np0000003836 devstack@neutron-api.service[90567]: INFO neutron.api.extensions [None req-f88af213-0304-4ac3-8ebb-999f1ac52f4a None None] Loaded extension: agent
Jun 27 05:19:07.333876 np0000003836 devstack@neutron-api.service[90564]: INFO neutron.api.extensions [None req-56766c7c-a876-4d5d-9f33-e8769b224086 None None] Loaded extension: l3-flavors
Jun 27 05:19:07.334464 np0000003836 devstack@neutron-api.service[90567]: DEBUG neutron.api.extensions [None req-f88af213-0304-4ac3-8ebb-999f1ac52f4a None None] Loading extension file: agent_resources_synced.py {{(pid=90567) _load_all_extensions_from_path /opt/stack/neutron/neutron/api/extensions.py:449}}
Jun 27 05:19:07.334862 np0000003836 devstack@neutron-api.service[90564]: DEBUG neutron.api.extensions [None req-56766c7c-a876-4d5d-9f33-e8769b224086 None None] Loading extension file: l3_ndp_proxy.py {{(pid=90564) _load_all_extensions_from_path /opt/stack/neutron/neutron/api/extensions.py:449}}
Jun 27 05:19:07.335127 np0000003836 devstack@neutron-api.service[90567]: DEBUG neutron.api.extensions [None req-f88af213-0304-4ac3-8ebb-999f1ac52f4a None None] Ext name="Agent's Resource View Synced to Placement" alias="agent-resources-synced" description="Stores success/failure of last sync to Placement" updated="2018-12-19T00:00:00-00:00" {{(pid=90567) _check_extension /opt/stack/neutron/neutron/api/extensions.py:415}}
Jun 27 05:19:07.335127 np0000003836 devstack@neutron-api.service[90567]: INFO neutron.api.extensions [None req-f88af213-0304-4ac3-8ebb-999f1ac52f4a None None] Extension agent-resources-synced not supported by any of loaded plugins
Jun 27 05:19:07.335343 np0000003836 devstack@neutron-api.service[90564]: DEBUG neutron.api.extensions [None req-56766c7c-a876-4d5d-9f33-e8769b224086 None None] Ext name="name" alias="l3-ndp-proxy" description="description" updated="2021-06-29T10:00:00-00:00" {{(pid=90564) _check_extension /opt/stack/neutron/neutron/api/extensions.py:415}}
Jun 27 05:19:07.335557 np0000003836 devstack@neutron-api.service[90567]: DEBUG neutron.api.extensions [None req-f88af213-0304-4ac3-8ebb-999f1ac52f4a None None] Loading extension file: agent_sort_key.py {{(pid=90567) _load_all_extensions_from_path /opt/stack/neutron/neutron/api/extensions.py:449}}
Jun 27 05:19:07.335687 np0000003836 devstack@neutron-api.service[90565]: INFO neutron.plugins.ml2.drivers.type_vlan [None req-092ab8c6-b70a-480e-ac53-0dff1cefd931 None None] VlanTypeDriver initialization complete
Jun 27 05:19:07.336178 np0000003836 devstack@neutron-api.service[90564]: INFO neutron.api.extensions [None req-56766c7c-a876-4d5d-9f33-e8769b224086 None None] Extension l3-ndp-proxy not supported by any of loaded plugins
Jun 27 05:19:07.336456 np0000003836 devstack@neutron-api.service[90565]: INFO neutron.plugins.ml2.managers [None req-092ab8c6-b70a-480e-ac53-0dff1cefd931 None None] Initializing extension driver 'port_security'
Jun 27 05:19:07.336762 np0000003836 devstack@neutron-api.service[90564]: DEBUG neutron.api.extensions [None req-56766c7c-a876-4d5d-9f33-e8769b224086 None None] Loading extension file: l3_port_ip_change_not_allowed.py {{(pid=90564) _load_all_extensions_from_path /opt/stack/neutron/neutron/api/extensions.py:449}}
Jun 27 05:19:07.337042 np0000003836 devstack@neutron-api.service[90567]: DEBUG neutron.api.extensions [None req-f88af213-0304-4ac3-8ebb-999f1ac52f4a None None] Ext name="Agents Sort Key" alias="agent_sort_key" description="Enabling the keyword sort_key for sorting in agents." updated="2013-02-03T10:00:00-00:00" {{(pid=90567) _check_extension /opt/stack/neutron/neutron/api/extensions.py:415}}
Jun 27 05:19:07.337239 np0000003836 devstack@neutron-api.service[90565]: INFO neutron.plugins.ml2.extensions.port_security [None req-092ab8c6-b70a-480e-ac53-0dff1cefd931 None None] PortSecurityExtensionDriver initialization complete
Jun 27 05:19:07.337239 np0000003836 devstack@neutron-api.service[90565]: INFO neutron.plugins.ml2.managers [None req-092ab8c6-b70a-480e-ac53-0dff1cefd931 None None] Initializing extension driver 'qos'
Jun 27 05:19:07.337239 np0000003836 devstack@neutron-api.service[90565]: DEBUG neutron.plugins.ml2.extensions.qos [None req-092ab8c6-b70a-480e-ac53-0dff1cefd931 None None] QosExtensionDriver initialization complete {{(pid=90565) initialize /opt/stack/neutron/neutron/plugins/ml2/extensions/qos.py:31}}
Jun 27 05:19:07.337576 np0000003836 devstack@neutron-api.service[90567]: INFO neutron.api.extensions [None req-f88af213-0304-4ac3-8ebb-999f1ac52f4a None None] Extension agent_sort_key not supported by any of loaded plugins
Jun 27 05:19:07.337805 np0000003836 devstack@neutron-api.service[90564]: DEBUG neutron.api.extensions [None req-56766c7c-a876-4d5d-9f33-e8769b224086 None None] Ext name="Prevent L3 router ports IP address change extension" alias="l3-port-ip-change-not-allowed" description="Prevent change of IP address for some L3 router ports" updated="2018-10-09T10:00:00-00:00" {{(pid=90564) _check_extension /opt/stack/neutron/neutron/api/extensions.py:415}}
Jun 27 05:19:07.337981 np0000003836 devstack@neutron-api.service[90565]: INFO neutron.plugins.ml2.managers [None req-092ab8c6-b70a-480e-ac53-0dff1cefd931 None None] Initializing mechanism driver 'ovn'
Jun 27 05:19:07.338134 np0000003836 devstack@neutron-api.service[90567]: DEBUG neutron.api.extensions [None req-f88af213-0304-4ac3-8ebb-999f1ac52f4a None None] Loading extension file: allowedaddresspairs.py {{(pid=90567) _load_all_extensions_from_path /opt/stack/neutron/neutron/api/extensions.py:449}}
Jun 27 05:19:07.338287 np0000003836 devstack@neutron-api.service[90565]: INFO neutron.plugins.ml2.drivers.ovn.mech_driver.mech_driver [None req-092ab8c6-b70a-480e-ac53-0dff1cefd931 None None] Starting OVNMechanismDriver
Jun 27 05:19:07.338454 np0000003836 devstack@neutron-api.service[90564]: INFO neutron.api.extensions [None req-56766c7c-a876-4d5d-9f33-e8769b224086 None None] Extension l3-port-ip-change-not-allowed not supported by any of loaded plugins
Jun 27 05:19:07.338454 np0000003836 devstack@neutron-api.service[90564]: DEBUG neutron.api.extensions [None req-56766c7c-a876-4d5d-9f33-e8769b224086 None None] Loading extension file: l3agentscheduler.py {{(pid=90564) _load_all_extensions_from_path /opt/stack/neutron/neutron/api/extensions.py:449}}
Jun 27 05:19:07.338655 np0000003836 devstack@neutron-api.service[90567]: DEBUG neutron.api.extensions [None req-f88af213-0304-4ac3-8ebb-999f1ac52f4a None None] Ext name="Allowed Address Pairs" alias="allowed-address-pairs" description="Provides allowed address pairs" updated="2013-07-23T10:00:00-00:00" {{(pid=90567) _check_extension /opt/stack/neutron/neutron/api/extensions.py:415}}
Jun 27 05:19:07.338655 np0000003836 devstack@neutron-api.service[90567]: INFO neutron.api.extensions [None req-f88af213-0304-4ac3-8ebb-999f1ac52f4a None None] Loaded extension: allowed-address-pairs
Jun 27 05:19:07.338655 np0000003836 devstack@neutron-api.service[90567]: DEBUG neutron.api.extensions [None req-f88af213-0304-4ac3-8ebb-999f1ac52f4a None None] Loading extension file: auto_allocated_topology.py {{(pid=90567) _load_all_extensions_from_path /opt/stack/neutron/neutron/api/extensions.py:449}}
Jun 27 05:19:07.338968 np0000003836 devstack@neutron-api.service[90564]: DEBUG neutron.api.extensions [None req-56766c7c-a876-4d5d-9f33-e8769b224086 None None] Ext name="L3 Agent Scheduler" alias="l3_agent_scheduler" description="Schedule routers among l3 agents" updated="2013-02-07T10:00:00-00:00" {{(pid=90564) _check_extension /opt/stack/neutron/neutron/api/extensions.py:415}}
Jun 27 05:19:07.338968 np0000003836 devstack@neutron-api.service[90564]: INFO neutron.api.extensions [None req-56766c7c-a876-4d5d-9f33-e8769b224086 None None] Loaded extension: l3_agent_scheduler
Jun 27 05:19:07.339291 np0000003836 devstack@neutron-api.service[90567]: DEBUG neutron.api.extensions [None req-f88af213-0304-4ac3-8ebb-999f1ac52f4a None None] Ext name="Auto Allocated Topology Services" alias="auto-allocated-topology" description="Auto Allocated Topology Services." updated="2016-01-01T00:00:00-00:00" {{(pid=90567) _check_extension /opt/stack/neutron/neutron/api/extensions.py:415}}
Jun 27 05:19:07.339452 np0000003836 devstack@neutron-api.service[90564]: DEBUG neutron.api.extensions [None req-56766c7c-a876-4d5d-9f33-e8769b224086 None None] Loading extension file: local_ip.py {{(pid=90564) _load_all_extensions_from_path /opt/stack/neutron/neutron/api/extensions.py:449}}
Jun 27 05:19:07.340002 np0000003836 devstack@neutron-api.service[90567]: INFO neutron.api.extensions [None req-f88af213-0304-4ac3-8ebb-999f1ac52f4a None None] Loaded extension: auto-allocated-topology
Jun 27 05:19:07.340428 np0000003836 devstack@neutron-api.service[90565]: DEBUG neutron_lib.callbacks.manager [None req-092ab8c6-b70a-480e-ac53-0dff1cefd931 None None] Subscribe: > process before_spawn 55550000, False {{(pid=90565) subscribe /opt/stack/data/venv/lib/python3.12/site-packages/neutron_lib/callbacks/manager.py:52}}
Jun 27 05:19:07.340791 np0000003836 devstack@neutron-api.service[90567]: DEBUG neutron.api.extensions [None req-f88af213-0304-4ac3-8ebb-999f1ac52f4a None None] Loading extension file: availability_zone.py {{(pid=90567) _load_all_extensions_from_path /opt/stack/neutron/neutron/api/extensions.py:449}}
Jun 27 05:19:07.340980 np0000003836 devstack@neutron-api.service[90565]: DEBUG neutron_lib.callbacks.manager [None req-092ab8c6-b70a-480e-ac53-0dff1cefd931 None None] Subscribe: > process after_init 55550000, True {{(pid=90565) subscribe /opt/stack/data/venv/lib/python3.12/site-packages/neutron_lib/callbacks/manager.py:52}}
Jun 27 05:19:07.341104 np0000003836 devstack@neutron-api.service[90564]: DEBUG neutron.api.extensions [None req-56766c7c-a876-4d5d-9f33-e8769b224086 None None] Ext name="Local IP" alias="local_ip" description="Support Node Local Virtual IP" updated="2021-07-26T10:00:00-00:00" {{(pid=90564) _check_extension /opt/stack/neutron/neutron/api/extensions.py:415}}
Jun 27 05:19:07.341446 np0000003836 devstack@neutron-api.service[90565]: DEBUG neutron_lib.callbacks.manager [None req-092ab8c6-b70a-480e-ac53-0dff1cefd931 None None] Subscribe: > segment after_create 55550000, False {{(pid=90565) subscribe /opt/stack/data/venv/lib/python3.12/site-packages/neutron_lib/callbacks/manager.py:52}}
Jun 27 05:19:07.341778 np0000003836 devstack@neutron-api.service[90567]: DEBUG neutron.api.extensions [None req-f88af213-0304-4ac3-8ebb-999f1ac52f4a None None] Ext name="Availability Zone" alias="availability_zone" description="The availability zone extension." updated="2015-01-01T10:00:00-00:00" {{(pid=90567) _check_extension /opt/stack/neutron/neutron/api/extensions.py:415}}
Jun 27 05:19:07.342100 np0000003836 devstack@neutron-api.service[90565]: DEBUG neutron_lib.callbacks.manager [None req-092ab8c6-b70a-480e-ac53-0dff1cefd931 None None] Subscribe: > segment after_create 55550000, False {{(pid=90565) subscribe /opt/stack/data/venv/lib/python3.12/site-packages/neutron_lib/callbacks/manager.py:52}}
Jun 27 05:19:07.342503 np0000003836 devstack@neutron-api.service[90564]: INFO neutron.api.extensions [None req-56766c7c-a876-4d5d-9f33-e8769b224086 None None] Extension local_ip not supported by any of loaded plugins
Jun 27 05:19:07.342819 np0000003836 devstack@neutron-api.service[90567]: INFO neutron.api.extensions [None req-f88af213-0304-4ac3-8ebb-999f1ac52f4a None None] Loaded extension: availability_zone
Jun 27 05:19:07.343197 np0000003836 devstack@neutron-api.service[90565]: DEBUG neutron_lib.callbacks.manager [None req-092ab8c6-b70a-480e-ac53-0dff1cefd931 None None] Subscribe: > segment after_delete 55550000, False {{(pid=90565) subscribe /opt/stack/data/venv/lib/python3.12/site-packages/neutron_lib/callbacks/manager.py:52}}
Jun 27 05:19:07.343543 np0000003836 devstack@neutron-api.service[90564]: DEBUG neutron.api.extensions [None req-56766c7c-a876-4d5d-9f33-e8769b224086 None None] Loading extension file: logging.py {{(pid=90564) _load_all_extensions_from_path /opt/stack/neutron/neutron/api/extensions.py:449}}
