Jun 24 10:52:15.849199 np0000003533 nova-scheduler[93190]: DEBUG cotyledon.oslo_config_glue [-] oslo_messaging_notifications.transport_url = **** {{(pid=93190) log_opt_values /opt/stack/data/venv/lib/python3.12/site-packages/oslo_config/cfg.py:3253}}
Jun 24 10:52:15.849199 np0000003533 nova-scheduler[93190]: DEBUG cotyledon.oslo_config_glue [-] oslo_limit.auth_section = None {{(pid=93190) log_opt_values /opt/stack/data/venv/lib/python3.12/site-packages/oslo_config/cfg.py:3253}}
Jun 24 10:52:15.849199 np0000003533 nova-scheduler[93190]: DEBUG cotyledon.oslo_config_glue [-] oslo_limit.auth_type = None {{(pid=93190) log_opt_values /opt/stack/data/venv/lib/python3.12/site-packages/oslo_config/cfg.py:3253}}
Jun 24 10:52:15.849199 np0000003533 nova-scheduler[93190]: DEBUG cotyledon.oslo_config_glue [-] oslo_limit.cafile = None {{(pid=93190) log_opt_values /opt/stack/data/venv/lib/python3.12/site-packages/oslo_config/cfg.py:3253}}
Jun 24 10:52:15.849199 np0000003533 nova-scheduler[93190]: DEBUG cotyledon.oslo_config_glue [-] oslo_limit.certfile = None {{(pid=93190) log_opt_values /opt/stack/data/venv/lib/python3.12/site-packages/oslo_config/cfg.py:3253}}
Jun 24 10:52:15.849199 np0000003533 nova-scheduler[93190]: DEBUG cotyledon.oslo_config_glue [-] oslo_limit.collect_timing = False {{(pid=93190) log_opt_values /opt/stack/data/venv/lib/python3.12/site-packages/oslo_config/cfg.py:3253}}
Jun 24 10:52:15.849441 np0000003533 nova-scheduler[93190]: DEBUG cotyledon.oslo_config_glue [-] oslo_limit.connect_retries = None {{(pid=93190) log_opt_values /opt/stack/data/venv/lib/python3.12/site-packages/oslo_config/cfg.py:3253}}
Jun 24 10:52:15.849441 np0000003533 nova-scheduler[93190]: DEBUG cotyledon.oslo_config_glue [-] oslo_limit.connect_retry_delay = None {{(pid=93190) log_opt_values /opt/stack/data/venv/lib/python3.12/site-packages/oslo_config/cfg.py:3253}}
Jun 24 10:52:15.849441 np0000003533 nova-scheduler[93190]: DEBUG cotyledon.oslo_config_glue [-] oslo_limit.endpoint_id = None {{(pid=93190) log_opt_values /opt/stack/data/venv/lib/python3.12/site-packages/oslo_config/cfg.py:3253}}
Jun 24 10:52:15.849441 np0000003533 nova-scheduler[93190]: DEBUG cotyledon.oslo_config_glue [-] oslo_limit.endpoint_interface = public {{(pid=93190) log_opt_values /opt/stack/data/venv/lib/python3.12/site-packages/oslo_config/cfg.py:3253}}
Jun 24 10:52:15.849441 np0000003533 nova-scheduler[93190]: DEBUG cotyledon.oslo_config_glue [-] oslo_limit.endpoint_override = None {{(pid=93190) log_opt_values /opt/stack/data/venv/lib/python3.12/site-packages/oslo_config/cfg.py:3253}}
Jun 24 10:52:15.849441 np0000003533 nova-scheduler[93190]: DEBUG cotyledon.oslo_config_glue [-] oslo_limit.endpoint_region_name = None {{(pid=93190) log_opt_values /opt/stack/data/venv/lib/python3.12/site-packages/oslo_config/cfg.py:3253}}
Jun 24 10:52:15.849441 np0000003533 nova-scheduler[93190]: DEBUG cotyledon.oslo_config_glue [-] oslo_limit.endpoint_service_name = None {{(pid=93190) log_opt_values /opt/stack/data/venv/lib/python3.12/site-packages/oslo_config/cfg.py:3253}}
Jun 24 10:52:15.849441 np0000003533 nova-scheduler[93190]: DEBUG cotyledon.oslo_config_glue [-] oslo_limit.endpoint_service_type = None {{(pid=93190) log_opt_values /opt/stack/data/venv/lib/python3.12/site-packages/oslo_config/cfg.py:3253}}
Jun 24 10:52:15.849441 np0000003533 nova-scheduler[93190]: DEBUG cotyledon.oslo_config_glue [-] oslo_limit.insecure = False {{(pid=93190) log_opt_values /opt/stack/data/venv/lib/python3.12/site-packages/oslo_config/cfg.py:3253}}
Jun 24 10:52:15.849734 np0000003533 nova-scheduler[93190]: DEBUG cotyledon.oslo_config_glue [-] oslo_limit.keyfile = None {{(pid=93190) log_opt_values /opt/stack/data/venv/lib/python3.12/site-packages/oslo_config/cfg.py:3253}}
Jun 24 10:52:15.849734 np0000003533 nova-scheduler[93190]: DEBUG cotyledon.oslo_config_glue [-] oslo_limit.max_version = None {{(pid=93190) log_opt_values /opt/stack/data/venv/lib/python3.12/site-packages/oslo_config/cfg.py:3253}}
Jun 24 10:52:15.849734 np0000003533 nova-scheduler[93190]: DEBUG cotyledon.oslo_config_glue [-] oslo_limit.min_version = None {{(pid=93190) log_opt_values /opt/stack/data/venv/lib/python3.12/site-packages/oslo_config/cfg.py:3253}}
Jun 24 10:52:15.849734 np0000003533 nova-scheduler[93190]: DEBUG cotyledon.oslo_config_glue [-] oslo_limit.region_name = None {{(pid=93190) log_opt_values /opt/stack/data/venv/lib/python3.12/site-packages/oslo_config/cfg.py:3253}}
Jun 24 10:52:15.849734 np0000003533 nova-scheduler[93190]: DEBUG cotyledon.oslo_config_glue [-] oslo_limit.retriable_status_codes = None {{(pid=93190) log_opt_values /opt/stack/data/venv/lib/python3.12/site-packages/oslo_config/cfg.py:3253}}
Jun 24 10:52:15.849734 np0000003533 nova-scheduler[93190]: DEBUG cotyledon.oslo_config_glue [-] oslo_limit.service_name = None {{(pid=93190) log_opt_values /opt/stack/data/venv/lib/python3.12/site-packages/oslo_config/cfg.py:3253}}
Jun 24 10:52:15.849734 np0000003533 nova-scheduler[93190]: DEBUG cotyledon.oslo_config_glue [-] oslo_limit.service_type = None {{(pid=93190) log_opt_values /opt/stack/data/venv/lib/python3.12/site-packages/oslo_config/cfg.py:3253}}
Jun 24 10:52:15.849734 np0000003533 nova-scheduler[93190]: DEBUG cotyledon.oslo_config_glue [-] oslo_limit.split_loggers = False {{(pid=93190) log_opt_values /opt/stack/data/venv/lib/python3.12/site-packages/oslo_config/cfg.py:3253}}
Jun 24 10:52:15.849734 np0000003533 nova-scheduler[93190]: DEBUG cotyledon.oslo_config_glue [-] oslo_limit.status_code_retries = None {{(pid=93190) log_opt_values /opt/stack/data/venv/lib/python3.12/site-packages/oslo_config/cfg.py:3253}}
Jun 24 10:52:15.850026 np0000003533 nova-scheduler[93190]: DEBUG cotyledon.oslo_config_glue [-] oslo_limit.status_code_retry_delay = None {{(pid=93190) log_opt_values /opt/stack/data/venv/lib/python3.12/site-packages/oslo_config/cfg.py:3253}}
Jun 24 10:52:15.850026 np0000003533 nova-scheduler[93190]: DEBUG cotyledon.oslo_config_glue [-] oslo_limit.timeout = None {{(pid=93190) log_opt_values /opt/stack/data/venv/lib/python3.12/site-packages/oslo_config/cfg.py:3253}}
Jun 24 10:52:15.850026 np0000003533 nova-scheduler[93190]: DEBUG cotyledon.oslo_config_glue [-] oslo_limit.valid_interfaces = None {{(pid=93190) log_opt_values /opt/stack/data/venv/lib/python3.12/site-packages/oslo_config/cfg.py:3253}}
Jun 24 10:52:15.850026 np0000003533 nova-scheduler[93190]: DEBUG cotyledon.oslo_config_glue [-] oslo_limit.version = None {{(pid=93190) log_opt_values /opt/stack/data/venv/lib/python3.12/site-packages/oslo_config/cfg.py:3253}}
Jun 24 10:52:15.850026 np0000003533 nova-scheduler[93190]: DEBUG cotyledon.oslo_config_glue [-] oslo_reports.file_event_handler = None {{(pid=93190) log_opt_values /opt/stack/data/venv/lib/python3.12/site-packages/oslo_config/cfg.py:3253}}
Jun 24 10:52:15.850026 np0000003533 nova-scheduler[93190]: DEBUG cotyledon.oslo_config_glue [-] oslo_reports.file_event_handler_interval = 1 {{(pid=93190) log_opt_values /opt/stack/data/venv/lib/python3.12/site-packages/oslo_config/cfg.py:3253}}
Jun 24 10:52:15.850026 np0000003533 nova-scheduler[93190]: DEBUG cotyledon.oslo_config_glue [-] oslo_reports.log_dir = None {{(pid=93190) log_opt_values /opt/stack/data/venv/lib/python3.12/site-packages/oslo_config/cfg.py:3253}}
Jun 24 10:52:15.850026 np0000003533 nova-scheduler[93190]: DEBUG cotyledon.oslo_config_glue [-] ******************************************************************************** {{(pid=93190) log_opt_values /opt/stack/data/venv/lib/python3.12/site-packages/oslo_config/cfg.py:3260}}
Jun 24 10:52:15.850026 np0000003533 nova-scheduler[93190]: DEBUG cotyledon._service_worker [-] Run service ServiceWrapper(2) [93190] {{(pid=93190) wait_forever /opt/stack/data/venv/lib/python3.12/site-packages/cotyledon/_service_worker.py:218}}
Jun 24 10:52:15.850368 np0000003533 nova-scheduler[93190]: INFO nova.service [-] Starting scheduler node (version 33.1.0)
Jun 24 10:52:15.850368 np0000003533 nova-scheduler[93190]: INFO dbcounter [None req-cea23bf7-c988-419f-9f6b-7f0c1aa9f46a None None] Registered counter for database nova_cell0
Jun 24 10:52:15.851398 np0000003533 nova-scheduler[93173]: DEBUG oslo_db.sqlalchemy.engines [None req-8ea13371-719f-49c9-beee-355232e2f5b6 None None] MySQL server mode set to STRICT_TRANS_TABLES,STRICT_ALL_TABLES,NO_ZERO_IN_DATE,NO_ZERO_DATE,ERROR_FOR_DIVISION_BY_ZERO,TRADITIONAL,NO_ENGINE_SUBSTITUTION {{(pid=93173) _check_effective_sql_mode /opt/stack/data/venv/lib/python3.12/site-packages/oslo_db/sqlalchemy/engines.py:325}}
Jun 24 10:52:15.861795 np0000003533 nova-scheduler[93173]: DEBUG dbcounter [-] [93173] Writer thread running {{(pid=93173) stat_writer /opt/stack/data/venv/lib/python3.12/site-packages/dbcounter.py:102}}
Jun 24 10:52:15.875516 np0000003533 nova-scheduler[93173]: DEBUG nova.service [None req-8ea13371-719f-49c9-beee-355232e2f5b6 None None] Creating RPC server for service: nova-scheduler on topic: scheduler {{(pid=93173) start /opt/stack/nova/nova/service.py:196}}
Jun 24 10:52:15.884511 np0000003533 nova-scheduler[93175]: DEBUG oslo_db.sqlalchemy.engines [None req-55561932-e3cd-4937-9ce7-09358610e23d None None] MySQL server mode set to STRICT_TRANS_TABLES,STRICT_ALL_TABLES,NO_ZERO_IN_DATE,NO_ZERO_DATE,ERROR_FOR_DIVISION_BY_ZERO,TRADITIONAL,NO_ENGINE_SUBSTITUTION {{(pid=93175) _check_effective_sql_mode /opt/stack/data/venv/lib/python3.12/site-packages/oslo_db/sqlalchemy/engines.py:325}}
Jun 24 10:52:15.887917 np0000003533 nova-scheduler[93190]: DEBUG oslo_db.sqlalchemy.engines [None req-cea23bf7-c988-419f-9f6b-7f0c1aa9f46a None None] MySQL server mode set to STRICT_TRANS_TABLES,STRICT_ALL_TABLES,NO_ZERO_IN_DATE,NO_ZERO_DATE,ERROR_FOR_DIVISION_BY_ZERO,TRADITIONAL,NO_ENGINE_SUBSTITUTION {{(pid=93190) _check_effective_sql_mode /opt/stack/data/venv/lib/python3.12/site-packages/oslo_db/sqlalchemy/engines.py:325}}
Jun 24 10:52:15.897051 np0000003533 nova-scheduler[93175]: DEBUG dbcounter [-] [93175] Writer thread running {{(pid=93175) stat_writer /opt/stack/data/venv/lib/python3.12/site-packages/dbcounter.py:102}}
Jun 24 10:52:15.897388 np0000003533 nova-scheduler[93173]: DEBUG nova.service [None req-8ea13371-719f-49c9-beee-355232e2f5b6 None None] Join ServiceGroup membership for this service scheduler {{(pid=93173) start /opt/stack/nova/nova/service.py:222}}
Jun 24 10:52:15.897577 np0000003533 nova-scheduler[93173]: DEBUG nova.servicegroup.drivers.db [None req-8ea13371-719f-49c9-beee-355232e2f5b6 None None] DB_Driver: join new ServiceGroup member np0000003533 to the scheduler group, service = {{(pid=93173) join /opt/stack/nova/nova/servicegroup/drivers/db.py:44}}
Jun 24 10:52:15.899645 np0000003533 nova-scheduler[93175]: DEBUG nova.service [None req-55561932-e3cd-4937-9ce7-09358610e23d None None] Creating RPC server for service: nova-scheduler on topic: scheduler {{(pid=93175) start /opt/stack/nova/nova/service.py:196}}
Jun 24 10:52:15.900212 np0000003533 nova-scheduler[93190]: DEBUG dbcounter [-] [93190] Writer thread running {{(pid=93190) stat_writer /opt/stack/data/venv/lib/python3.12/site-packages/dbcounter.py:102}}
Jun 24 10:52:15.903692 np0000003533 nova-scheduler[93190]: DEBUG nova.service [None req-cea23bf7-c988-419f-9f6b-7f0c1aa9f46a None None] Creating RPC server for service: nova-scheduler on topic: scheduler {{(pid=93190) start /opt/stack/nova/nova/service.py:196}}
Jun 24 10:52:15.924242 np0000003533 nova-scheduler[93175]: DEBUG nova.service [None req-55561932-e3cd-4937-9ce7-09358610e23d None None] Join ServiceGroup membership for this service scheduler {{(pid=93175) start /opt/stack/nova/nova/service.py:222}}
Jun 24 10:52:15.924876 np0000003533 nova-scheduler[93175]: DEBUG nova.servicegroup.drivers.db [None req-55561932-e3cd-4937-9ce7-09358610e23d None None] DB_Driver: join new ServiceGroup member np0000003533 to the scheduler group, service = {{(pid=93175) join /opt/stack/nova/nova/servicegroup/drivers/db.py:44}}
Jun 24 10:52:15.925174 np0000003533 nova-scheduler[93190]: DEBUG nova.service [None req-cea23bf7-c988-419f-9f6b-7f0c1aa9f46a None None] Join ServiceGroup membership for this service scheduler {{(pid=93190) start /opt/stack/nova/nova/service.py:222}}
Jun 24 10:52:15.925391 np0000003533 nova-scheduler[93190]: DEBUG nova.servicegroup.drivers.db [None req-cea23bf7-c988-419f-9f6b-7f0c1aa9f46a None None] DB_Driver: join new ServiceGroup member np0000003533 to the scheduler group, service = {{(pid=93190) join /opt/stack/nova/nova/servicegroup/drivers/db.py:44}}
Jun 24 10:52:20.910096 np0000003533 nova-scheduler[93173]: DEBUG oslo.service.backend._threading.loopingcall [-] Fixed interval looping call 'nova.servicegroup.drivers.db.DbDriver._report_state' sleeping for 119.99 seconds {{(pid=93173) _run_loop /opt/stack/data/venv/lib/python3.12/site-packages/oslo_service/backend/_threading/loopingcall.py:125}}
Jun 24 10:52:20.943962 np0000003533 nova-scheduler[93190]: DEBUG oslo.service.backend._threading.loopingcall [-] Fixed interval looping call 'nova.servicegroup.drivers.db.DbDriver._report_state' sleeping for 119.99 seconds {{(pid=93190) _run_loop /opt/stack/data/venv/lib/python3.12/site-packages/oslo_service/backend/_threading/loopingcall.py:125}}
Jun 24 10:52:20.950892 np0000003533 nova-scheduler[93175]: DEBUG oslo.service.backend._threading.loopingcall [-] Fixed interval looping call 'nova.servicegroup.drivers.db.DbDriver._report_state' sleeping for 119.98 seconds {{(pid=93175) _run_loop /opt/stack/data/venv/lib/python3.12/site-packages/oslo_service/backend/_threading/loopingcall.py:125}}
Jun 24 10:52:24.472346 np0000003533 nova-scheduler[91964]: DEBUG dbcounter [-] [91964] Writing DB stats nova_api:SELECT=3 {{(pid=91964) stat_writer /opt/stack/data/venv/lib/python3.12/site-packages/dbcounter.py:115}}
Jun 24 10:52:24.603439 np0000003533 nova-scheduler[91964]: DEBUG dbcounter [-] [91964] Writing DB stats nova_cell1:SELECT=1 {{(pid=91964) stat_writer /opt/stack/data/venv/lib/python3.12/site-packages/dbcounter.py:115}}
Jun 24 10:52:24.606897 np0000003533 nova-scheduler[91964]: DEBUG dbcounter [-] [91964] Writing DB stats nova_cell0:SELECT=1 {{(pid=91964) stat_writer /opt/stack/data/venv/lib/python3.12/site-packages/dbcounter.py:115}}
Jun 24 10:52:28.927594 np0000003533 nova-scheduler[93190]: DEBUG oslo.service.backend._threading.loopingcall [None req-dedd989c-6992-42ad-b29a-8f3bc909ec08 None None] Dynamic interval looping call 'nova.service.Service.periodic_tasks' sleeping for 60.00 seconds {{(pid=93190) _run_loop /opt/stack/data/venv/lib/python3.12/site-packages/oslo_service/backend/_threading/loopingcall.py:125}}
Jun 24 10:52:30.906880 np0000003533 nova-scheduler[93173]: DEBUG dbcounter [-] [93173] Writing DB stats nova_cell0:SELECT=4,nova_cell0:INSERT=1,nova_cell0:UPDATE=1 {{(pid=93173) stat_writer /opt/stack/data/venv/lib/python3.12/site-packages/dbcounter.py:115}}
Jun 24 10:52:30.940561 np0000003533 nova-scheduler[93190]: DEBUG dbcounter [-] [93190] Writing DB stats nova_cell0:SELECT=3 {{(pid=93190) stat_writer /opt/stack/data/venv/lib/python3.12/site-packages/dbcounter.py:115}}
Jun 24 10:52:30.946889 np0000003533 nova-scheduler[93175]: DEBUG dbcounter [-] [93175] Writing DB stats nova_cell0:SELECT=3 {{(pid=93175) stat_writer /opt/stack/data/venv/lib/python3.12/site-packages/dbcounter.py:115}}
Jun 24 10:52:35.927164 np0000003533 nova-scheduler[93175]: DEBUG oslo.service.backend._threading.loopingcall [None req-cb0f4f43-804c-45ee-b609-0b97e2615afa None None] Dynamic interval looping call 'nova.service.Service.periodic_tasks' sleeping for 60.00 seconds {{(pid=93175) _run_loop /opt/stack/data/venv/lib/python3.12/site-packages/oslo_service/backend/_threading/loopingcall.py:125}}
Jun 24 10:53:08.899472 np0000003533 nova-scheduler[93173]: DEBUG oslo.service.backend._threading.loopingcall [None req-f2bbdf72-4da5-4e9e-8331-98b13f71f3c8 None None] Dynamic interval looping call 'nova.service.Service.periodic_tasks' sleeping for 60.00 seconds {{(pid=93173) _run_loop /opt/stack/data/venv/lib/python3.12/site-packages/oslo_service/backend/_threading/loopingcall.py:125}}
Jun 24 10:53:28.928106 np0000003533 nova-scheduler[93190]: DEBUG oslo.service.backend._threading.loopingcall [None req-dedd989c-6992-42ad-b29a-8f3bc909ec08 None None] Dynamic interval looping call 'nova.service.Service.periodic_tasks' sleeping for 60.00 seconds {{(pid=93190) _run_loop /opt/stack/data/venv/lib/python3.12/site-packages/oslo_service/backend/_threading/loopingcall.py:125}}
Jun 24 10:53:35.927699 np0000003533 nova-scheduler[93175]: DEBUG oslo.service.backend._threading.loopingcall [None req-cb0f4f43-804c-45ee-b609-0b97e2615afa None None] Dynamic interval looping call 'nova.service.Service.periodic_tasks' sleeping for 60.00 seconds {{(pid=93175) _run_loop /opt/stack/data/venv/lib/python3.12/site-packages/oslo_service/backend/_threading/loopingcall.py:125}}
Jun 24 10:54:08.900059 np0000003533 nova-scheduler[93173]: DEBUG oslo.service.backend._threading.loopingcall [None req-f2bbdf72-4da5-4e9e-8331-98b13f71f3c8 None None] Dynamic interval looping call 'nova.service.Service.periodic_tasks' sleeping for 60.00 seconds {{(pid=93173) _run_loop /opt/stack/data/venv/lib/python3.12/site-packages/oslo_service/backend/_threading/loopingcall.py:125}}
Jun 24 10:54:20.922098 np0000003533 nova-scheduler[93173]: DEBUG oslo.service.backend._threading.loopingcall [-] Fixed interval looping call 'nova.servicegroup.drivers.db.DbDriver._report_state' sleeping for 119.98 seconds {{(pid=93173) _run_loop /opt/stack/data/venv/lib/python3.12/site-packages/oslo_service/backend/_threading/loopingcall.py:125}}
Jun 24 10:54:20.935130 np0000003533 nova-scheduler[93175]: DEBUG oslo.service.backend._threading.loopingcall [-] Fixed interval looping call 'nova.servicegroup.drivers.db.DbDriver._report_state' sleeping for 120.00 seconds {{(pid=93175) _run_loop /opt/stack/data/venv/lib/python3.12/site-packages/oslo_service/backend/_threading/loopingcall.py:125}}
Jun 24 10:54:20.938455 np0000003533 nova-scheduler[93190]: DEBUG oslo.service.backend._threading.loopingcall [-] Fixed interval looping call 'nova.servicegroup.drivers.db.DbDriver._report_state' sleeping for 120.00 seconds {{(pid=93190) _run_loop /opt/stack/data/venv/lib/python3.12/site-packages/oslo_service/backend/_threading/loopingcall.py:125}}
Jun 24 10:54:28.928559 np0000003533 nova-scheduler[93190]: DEBUG oslo.service.backend._threading.loopingcall [None req-dedd989c-6992-42ad-b29a-8f3bc909ec08 None None] Dynamic interval looping call 'nova.service.Service.periodic_tasks' sleeping for 60.00 seconds {{(pid=93190) _run_loop /opt/stack/data/venv/lib/python3.12/site-packages/oslo_service/backend/_threading/loopingcall.py:125}}
Jun 24 10:54:30.903540 np0000003533 nova-scheduler[93173]: DEBUG dbcounter [-] [93173] Writing DB stats nova_cell0:SELECT=1,nova_cell0:UPDATE=1 {{(pid=93173) stat_writer /opt/stack/data/venv/lib/python3.12/site-packages/dbcounter.py:115}}
Jun 24 10:54:30.932954 np0000003533 nova-scheduler[93175]: DEBUG dbcounter [-] [93175] Writing DB stats nova_cell0:SELECT=1 {{(pid=93175) stat_writer /opt/stack/data/venv/lib/python3.12/site-packages/dbcounter.py:115}}
Jun 24 10:54:30.939619 np0000003533 nova-scheduler[93190]: DEBUG dbcounter [-] [93190] Writing DB stats nova_cell0:SELECT=1 {{(pid=93190) stat_writer /opt/stack/data/venv/lib/python3.12/site-packages/dbcounter.py:115}}
Jun 24 10:54:35.928205 np0000003533 nova-scheduler[93175]: DEBUG oslo.service.backend._threading.loopingcall [None req-cb0f4f43-804c-45ee-b609-0b97e2615afa None None] Dynamic interval looping call 'nova.service.Service.periodic_tasks' sleeping for 60.00 seconds {{(pid=93175) _run_loop /opt/stack/data/venv/lib/python3.12/site-packages/oslo_service/backend/_threading/loopingcall.py:125}}
Jun 24 10:54:47.876017 np0000003533 nova-scheduler[93173]: DEBUG nova.scheduler.manager [None req-42e8b445-797d-4e97-82dc-f3e604aba0e5 tempest-ServersNegativeTestJSON-1941368276 tempest-ServersNegativeTestJSON-1941368276-project-member] Starting to schedule for instances: ['bc6e36a0-9bf5-4dd4-8a6e-2cc568c6849c'] {{(pid=93173) select_destinations /opt/stack/nova/nova/scheduler/manager.py:210}}
Jun 24 10:54:47.876434 np0000003533 nova-scheduler[93173]: DEBUG nova.scheduler.request_filter [None req-42e8b445-797d-4e97-82dc-f3e604aba0e5 tempest-ServersNegativeTestJSON-1941368276 tempest-ServersNegativeTestJSON-1941368276-project-member] compute_status_filter request filter added forbidden trait COMPUTE_STATUS_DISABLED {{(pid=93173) compute_status_filter /opt/stack/nova/nova/scheduler/request_filter.py:253}}
Jun 24 10:54:47.877062 np0000003533 nova-scheduler[93173]: DEBUG nova.scheduler.request_filter [None req-42e8b445-797d-4e97-82dc-f3e604aba0e5 tempest-ServersNegativeTestJSON-1941368276 tempest-ServersNegativeTestJSON-1941368276-project-member] Request filter 'compute_status_filter' took 0.0 seconds {{(pid=93173) wrapper /opt/stack/nova/nova/scheduler/request_filter.py:46}}
Jun 24 10:54:47.877513 np0000003533 nova-scheduler[93173]: DEBUG nova.scheduler.request_filter [None req-42e8b445-797d-4e97-82dc-f3e604aba0e5 tempest-ServersNegativeTestJSON-1941368276 tempest-ServersNegativeTestJSON-1941368276-project-member] Request filter 'accelerators_filter' took 0.0 seconds {{(pid=93173) wrapper /opt/stack/nova/nova/scheduler/request_filter.py:46}}
Jun 24 10:54:47.878047 np0000003533 nova-scheduler[93173]: DEBUG nova.scheduler.request_filter [None req-42e8b445-797d-4e97-82dc-f3e604aba0e5 tempest-ServersNegativeTestJSON-1941368276 tempest-ServersNegativeTestJSON-1941368276-project-member] Request filter 'packed_virtqueue_filter' took 0.0 seconds {{(pid=93173) wrapper /opt/stack/nova/nova/scheduler/request_filter.py:46}}
Jun 24 10:54:47.878047 np0000003533 nova-scheduler[93173]: DEBUG nova.scheduler.request_filter [None req-42e8b445-797d-4e97-82dc-f3e604aba0e5 tempest-ServersNegativeTestJSON-1941368276 tempest-ServersNegativeTestJSON-1941368276-project-member] Request filter 'remote_managed_ports_filter' took 0.0 seconds {{(pid=93173) wrapper /opt/stack/nova/nova/scheduler/request_filter.py:46}}
Jun 24 10:54:47.878047 np0000003533 nova-scheduler[93173]: DEBUG nova.scheduler.request_filter [None req-42e8b445-797d-4e97-82dc-f3e604aba0e5 tempest-ServersNegativeTestJSON-1941368276 tempest-ServersNegativeTestJSON-1941368276-project-member] ephemeral_encryption_filter skipped {{(pid=93173) ephemeral_encryption_filter /opt/stack/nova/nova/scheduler/request_filter.py:426}}
Jun 24 10:54:47.878218 np0000003533 nova-scheduler[93173]: DEBUG nova.scheduler.request_filter [None req-42e8b445-797d-4e97-82dc-f3e604aba0e5 tempest-ServersNegativeTestJSON-1941368276 tempest-ServersNegativeTestJSON-1941368276-project-member] virtio_sound_filter skipped {{(pid=93173) virtio_sound_filter /opt/stack/nova/nova/scheduler/request_filter.py:460}}
Jun 24 10:54:47.878326 np0000003533 nova-scheduler[93173]: DEBUG nova.scheduler.request_filter [None req-42e8b445-797d-4e97-82dc-f3e604aba0e5 tempest-ServersNegativeTestJSON-1941368276 tempest-ServersNegativeTestJSON-1941368276-project-member] tpm_secret_security_filter skipped {{(pid=93173) tpm_secret_security_filter /opt/stack/nova/nova/scheduler/request_filter.py:477}}
Jun 24 10:54:48.321315 np0000003533 nova-scheduler[93173]: INFO nova.utils [None req-42e8b445-797d-4e97-82dc-f3e604aba0e5 tempest-ServersNegativeTestJSON-1941368276 tempest-ServersNegativeTestJSON-1941368276-project-member] The cell worker thread pool ForkProcess-1.cell_worker is initialized
Jun 24 10:54:48.321748 np0000003533 nova-scheduler[93173]: DEBUG oslo_concurrency.lockutils [None req-42e8b445-797d-4e97-82dc-f3e604aba0e5 tempest-ServersNegativeTestJSON-1941368276 tempest-ServersNegativeTestJSON-1941368276-project-member] Acquiring lock "badb958d-b6c5-40f9-b4f8-1462674523e9" by "nova.context.set_target_cell..get_or_set_cached_cell_and_set_connections" {{(pid=93173) inner /opt/stack/data/venv/lib/python3.12/site-packages/oslo_concurrency/lockutils.py:511}}
Jun 24 10:54:48.321993 np0000003533 nova-scheduler[93173]: DEBUG oslo_concurrency.lockutils [None req-42e8b445-797d-4e97-82dc-f3e604aba0e5 tempest-ServersNegativeTestJSON-1941368276 tempest-ServersNegativeTestJSON-1941368276-project-member] Lock "badb958d-b6c5-40f9-b4f8-1462674523e9" acquired by "nova.context.set_target_cell..get_or_set_cached_cell_and_set_connections" :: waited 0.000s {{(pid=93173) inner /opt/stack/data/venv/lib/python3.12/site-packages/oslo_concurrency/lockutils.py:524}}
Jun 24 10:54:48.323727 np0000003533 nova-scheduler[93173]: DEBUG oslo_concurrency.lockutils [None req-42e8b445-797d-4e97-82dc-f3e604aba0e5 tempest-ServersNegativeTestJSON-1941368276 tempest-ServersNegativeTestJSON-1941368276-project-member] Lock "badb958d-b6c5-40f9-b4f8-1462674523e9" "released" by "nova.context.set_target_cell..get_or_set_cached_cell_and_set_connections" :: held 0.002s {{(pid=93173) inner /opt/stack/data/venv/lib/python3.12/site-packages/oslo_concurrency/lockutils.py:543}}
Jun 24 10:54:48.325546 np0000003533 nova-scheduler[93173]: INFO dbcounter [None req-42e8b445-797d-4e97-82dc-f3e604aba0e5 tempest-ServersNegativeTestJSON-1941368276 tempest-ServersNegativeTestJSON-1941368276-project-member] Registered counter for database nova_cell1
Jun 24 10:54:48.359532 np0000003533 nova-scheduler[93173]: DEBUG oslo_db.sqlalchemy.engines [None req-42e8b445-797d-4e97-82dc-f3e604aba0e5 tempest-ServersNegativeTestJSON-1941368276 tempest-ServersNegativeTestJSON-1941368276-project-member] MySQL server mode set to STRICT_TRANS_TABLES,STRICT_ALL_TABLES,NO_ZERO_IN_DATE,NO_ZERO_DATE,ERROR_FOR_DIVISION_BY_ZERO,TRADITIONAL,NO_ENGINE_SUBSTITUTION {{(pid=93173) _check_effective_sql_mode /opt/stack/data/venv/lib/python3.12/site-packages/oslo_db/sqlalchemy/engines.py:325}}
Jun 24 10:54:48.365046 np0000003533 nova-scheduler[93173]: DEBUG dbcounter [-] [93173] Writer thread running {{(pid=93173) stat_writer /opt/stack/data/venv/lib/python3.12/site-packages/dbcounter.py:102}}
Jun 24 10:54:48.377084 np0000003533 nova-scheduler[93173]: DEBUG oslo_db.sqlalchemy.engines [None req-42e8b445-797d-4e97-82dc-f3e604aba0e5 tempest-ServersNegativeTestJSON-1941368276 tempest-ServersNegativeTestJSON-1941368276-project-member] Parent process 91964 forked (93173) with an open database connection, which is being discarded and recreated. {{(pid=93173) checkout /opt/stack/data/venv/lib/python3.12/site-packages/oslo_db/sqlalchemy/engines.py:402}}
Jun 24 10:54:48.412016 np0000003533 nova-scheduler[93173]: DEBUG dbcounter [-] [93173] Writer thread running {{(pid=93173) stat_writer /opt/stack/data/venv/lib/python3.12/site-packages/dbcounter.py:102}}
Jun 24 10:54:48.415485 np0000003533 nova-scheduler[93173]: DEBUG oslo_concurrency.lockutils [None req-42e8b445-797d-4e97-82dc-f3e604aba0e5 tempest-ServersNegativeTestJSON-1941368276 tempest-ServersNegativeTestJSON-1941368276-project-member] Acquiring lock "badb958d-b6c5-40f9-b4f8-1462674523e9" by "nova.context.set_target_cell..get_or_set_cached_cell_and_set_connections" {{(pid=93173) inner /opt/stack/data/venv/lib/python3.12/site-packages/oslo_concurrency/lockutils.py:511}}
Jun 24 10:54:48.415485 np0000003533 nova-scheduler[93173]: DEBUG oslo_concurrency.lockutils [None req-42e8b445-797d-4e97-82dc-f3e604aba0e5 tempest-ServersNegativeTestJSON-1941368276 tempest-ServersNegativeTestJSON-1941368276-project-member] Lock "badb958d-b6c5-40f9-b4f8-1462674523e9" acquired by "nova.context.set_target_cell..get_or_set_cached_cell_and_set_connections" :: waited 0.000s {{(pid=93173) inner /opt/stack/data/venv/lib/python3.12/site-packages/oslo_concurrency/lockutils.py:524}}
Jun 24 10:54:48.415694 np0000003533 nova-scheduler[93173]: DEBUG oslo_concurrency.lockutils [None req-42e8b445-797d-4e97-82dc-f3e604aba0e5 tempest-ServersNegativeTestJSON-1941368276 tempest-ServersNegativeTestJSON-1941368276-project-member] Lock "badb958d-b6c5-40f9-b4f8-1462674523e9" "released" by "nova.context.set_target_cell..get_or_set_cached_cell_and_set_connections" :: held 0.000s {{(pid=93173) inner /opt/stack/data/venv/lib/python3.12/site-packages/oslo_concurrency/lockutils.py:543}}
Jun 24 10:54:48.418731 np0000003533 nova-scheduler[93173]: DEBUG oslo_concurrency.lockutils [None req-42e8b445-797d-4e97-82dc-f3e604aba0e5 tempest-ServersNegativeTestJSON-1941368276 tempest-ServersNegativeTestJSON-1941368276-project-member] Acquiring lock "('np0000003533', 'np0000003533')" by "nova.scheduler.host_manager.HostState.update.._locked_update" {{(pid=93173) inner /opt/stack/data/venv/lib/python3.12/site-packages/oslo_concurrency/lockutils.py:511}}
Jun 24 10:54:48.420649 np0000003533 nova-scheduler[93173]: DEBUG oslo_concurrency.lockutils [None req-42e8b445-797d-4e97-82dc-f3e604aba0e5 tempest-ServersNegativeTestJSON-1941368276 tempest-ServersNegativeTestJSON-1941368276-project-member] Lock "('np0000003533', 'np0000003533')" acquired by "nova.scheduler.host_manager.HostState.update.._locked_update" :: waited 0.000s {{(pid=93173) inner /opt/stack/data/venv/lib/python3.12/site-packages/oslo_concurrency/lockutils.py:524}}
Jun 24 10:54:48.420740 np0000003533 nova-scheduler[93173]: DEBUG nova.scheduler.host_manager [None req-42e8b445-797d-4e97-82dc-f3e604aba0e5 tempest-ServersNegativeTestJSON-1941368276 tempest-ServersNegativeTestJSON-1941368276-project-member] Update host state from compute node: ComputeNode(cpu_allocation_ratio=4.0,cpu_info='{"arch": "x86_64", "model": "EPYC-Milan", "vendor": "AMD", "topology": {"cells": 1, "sockets": 16, "cores": 1, "threads": 1}, "maxphysaddr": {"mode": "emulate", "bits": 40}, "features": ["pause-filter", "rdctl-no", "cmp_legacy", "erms", "pfthreshold", "perfctr_core", "virt-ssbd", "pat", "vmcb-clean", "tsc_adjust", "clwb", "stibp-always-on", "sse4.1", "smep", "msr", "v-vmsave-vmload", "sep", "mds-no", "umip", "3dnowprefetch", "pse36", "arch-capabilities", "sse4a", "ssse3", "invpcid", "fxsr_opt", "abm", "amd-psfd", "fxsr", "sse2", "lm", "rdtscp", "arat", "svme-addr-chk", "pdpe1gb", "ibrs", "lfence-always-serializing", "xgetbv1", "vaes", "f16c", "stibp", "sse", "vgif", "flushbyasid", "adx", "tsc-deadline", "pclmuldq", "ibpb", "mca", "nrip-save", "sse4.2", "avx", "xsave", "xsaveopt", "rdrand", "mmxext", "osvw", "sha-ni", "pku", "fma", "wbnoinvd", "svm", "amd-ssbd", "rdseed", "hypervisor", "nx", "vpclmulqdq", "skip-l1dfl-vmentry", "pse", "cmov", "amd-stibp", "mce", "bmi2", "lbrv", "movbe", "fsgsbase", "ssbd", "de", "syscall", "rdpid", "spec-ctrl", "x2apic", "pschange-mc-no", "no-nested-data-bp", "smap", "bmi1", "clzero", "topoext", "cx16", "pae", "popcnt", "lahf_lm", "pni", "fpu", "mmx", "cx8", "mtrr", "aes", "xsavec", "xsaveerptr", "npt", "null-sel-clr-base", "xsaves", "tsc-scale", "pge", "pcid", "fsrm", "clflushopt", "clflush", "cr8legacy", "avx2", "misalignsse", "tsc", "gds-no", "apic", "vme"]}',created_at=2026-06-24T10:52:41Z,current_workload=0,deleted=False,deleted_at=None,disk_allocation_ratio=1.0,disk_available_least=73,free_disk_gb=95,free_ram_mb=62765,host='np0000003533',host_ip=10.4.3.58,hypervisor_hostname='np0000003533',hypervisor_type='QEMU',hypervisor_version=8002002,id=1,local_gb=95,local_gb_used=0,mapped=1,memory_mb=63277,memory_mb_used=512,metrics='[]',numa_topology='{"nova_object.name": "NUMATopology", "nova_object.namespace": "nova", "nova_object.version": "1.2", "nova_object.data": {"cells": [{"nova_object.name": "NUMACell", "nova_object.namespace": "nova", "nova_object.version": "1.5", "nova_object.data": {"id": 0, "cpuset": [0, 1, 2, 3, 4, 5, 6, 7, 8, 9, 10, 11, 12, 13, 14, 15], "pcpuset": [0, 1, 2, 3, 4, 5, 6, 7, 8, 9, 10, 11, 12, 13, 14, 15], "memory": 63277, "cpu_usage": 0, "memory_usage": 0, "pinned_cpus": [], "siblings": [[6], [12], [2], [15], [5], [11], [8], [14], [4], [1], [7], [10], [0], [13], [3], [9]], "mempages": [{"nova_object.name": "NUMAPagesTopology", "nova_object.namespace": "nova", "nova_object.version": "1.1", "nova_object.data": {"size_kb": 4, "total": 16177930, "used": 0, "reserved": 0}, "nova_object.changes": ["size_kb", "total", "used", "reserved"]}, {"nova_object.name": "NUMAPagesTopology", "nova_object.namespace": "nova", "nova_object.version": "1.1", "nova_object.data": {"size_kb": 2048, "total": 41, "used": 0, "reserved": 0}, "nova_object.changes": ["size_kb", "total", "used", "reserved"]}, {"nova_object.name": "NUMAPagesTopology", "nova_object.namespace": "nova", "nova_object.version": "1.1", "nova_object.data": {"size_kb": 1048576, "total": 0, "used": 0, "reserved": 0}, "nova_object.changes": ["size_kb", "total", "used", "reserved"]}], "network_metadata": {"nova_object.name": "NetworkMetadata", "nova_object.namespace": "nova", "nova_object.version": "1.0", "nova_object.data": {"physnets": [], "tunneled": false}, "nova_object.changes": ["tunneled", "physnets"]}, "socket": null}, "nova_object.changes": ["siblings", "network_metadata", "memory", "pcpuset", "cpu_usage", "mempages", "cpuset", "socket", "memory_usage", "pinned_cpus", "id"]}]}, "nova_object.changes": ["cells"]}',pci_device_pools=PciDevicePoolList,ram_allocation_ratio=1.0,running_vms=0,service_id=2,stats={failed_builds='0',uptime=' 10:54:26 up 13 min, 2 users, load average: 1.74, 1.69, 0.94
Jun 24 10:54:48.420740 np0000003533 nova-scheduler[93173]: '},supported_hv_specs=[HVSpec,HVSpec,HVSpec,HVSpec,HVSpec,HVSpec,HVSpec,HVSpec,HVSpec,HVSpec,HVSpec,HVSpec,HVSpec,HVSpec,HVSpec,HVSpec,HVSpec,HVSpec,HVSpec,HVSpec,HVSpec,HVSpec,HVSpec,HVSpec,HVSpec],updated_at=2026-06-24T10:54:28Z,uuid=62408c58-acec-43d6-8db4-0dd03d589d4c,vcpus=16,vcpus_used=0) {{(pid=93173) _locked_update /opt/stack/nova/nova/scheduler/host_manager.py:168}}
Jun 24 10:54:48.420740 np0000003533 nova-scheduler[93173]: DEBUG nova.scheduler.host_manager [None req-42e8b445-797d-4e97-82dc-f3e604aba0e5 tempest-ServersNegativeTestJSON-1941368276 tempest-ServersNegativeTestJSON-1941368276-project-member] Update host state with aggregates: [] {{(pid=93173) _locked_update /opt/stack/nova/nova/scheduler/host_manager.py:171}}
Jun 24 10:54:48.420984 np0000003533 nova-scheduler[93173]: DEBUG nova.scheduler.host_manager [None req-42e8b445-797d-4e97-82dc-f3e604aba0e5 tempest-ServersNegativeTestJSON-1941368276 tempest-ServersNegativeTestJSON-1941368276-project-member] Update host state with service dict: {'id': 2, 'uuid': '4c767d32-3f15-4934-bd86-d28b47030ce2', 'host': 'np0000003533', 'binary': 'nova-compute', 'topic': 'compute', 'report_count': 1, 'disabled': False, 'disabled_reason': None, 'last_seen_up': datetime.datetime(2026, 6, 24, 10, 52, 50, tzinfo=datetime.timezone.utc), 'forced_down': False, 'version': 72, 'created_at': datetime.datetime(2026, 6, 24, 10, 52, 39, tzinfo=datetime.timezone.utc), 'updated_at': datetime.datetime(2026, 6, 24, 10, 52, 50, tzinfo=datetime.timezone.utc), 'deleted_at': None, 'deleted': False} {{(pid=93173) _locked_update /opt/stack/nova/nova/scheduler/host_manager.py:174}}
Jun 24 10:54:48.420984 np0000003533 nova-scheduler[93173]: DEBUG nova.scheduler.host_manager [None req-42e8b445-797d-4e97-82dc-f3e604aba0e5 tempest-ServersNegativeTestJSON-1941368276 tempest-ServersNegativeTestJSON-1941368276-project-member] Update host state with instances: [] {{(pid=93173) _locked_update /opt/stack/nova/nova/scheduler/host_manager.py:177}}
Jun 24 10:54:48.421089 np0000003533 nova-scheduler[93173]: DEBUG oslo_concurrency.lockutils [None req-42e8b445-797d-4e97-82dc-f3e604aba0e5 tempest-ServersNegativeTestJSON-1941368276 tempest-ServersNegativeTestJSON-1941368276-project-member] Lock "('np0000003533', 'np0000003533')" "released" by "nova.scheduler.host_manager.HostState.update.._locked_update" :: held 0.002s {{(pid=93173) inner /opt/stack/data/venv/lib/python3.12/site-packages/oslo_concurrency/lockutils.py:543}}
Jun 24 10:54:48.421450 np0000003533 nova-scheduler[93173]: DEBUG nova.filters [None req-42e8b445-797d-4e97-82dc-f3e604aba0e5 tempest-ServersNegativeTestJSON-1941368276 tempest-ServersNegativeTestJSON-1941368276-project-member] Starting with 1 host(s) {{(pid=93173) get_filtered_objects /opt/stack/nova/nova/filters.py:70}}
Jun 24 10:54:48.421619 np0000003533 nova-scheduler[93173]: DEBUG nova.filters [None req-42e8b445-797d-4e97-82dc-f3e604aba0e5 tempest-ServersNegativeTestJSON-1941368276 tempest-ServersNegativeTestJSON-1941368276-project-member] Filter ComputeFilter returned 1 host(s) {{(pid=93173) get_filtered_objects /opt/stack/nova/nova/filters.py:102}}
Jun 24 10:54:48.421820 np0000003533 nova-scheduler[93173]: DEBUG nova.filters [None req-42e8b445-797d-4e97-82dc-f3e604aba0e5 tempest-ServersNegativeTestJSON-1941368276 tempest-ServersNegativeTestJSON-1941368276-project-member] Filter ComputeCapabilitiesFilter returned 1 host(s) {{(pid=93173) get_filtered_objects /opt/stack/nova/nova/filters.py:102}}
Jun 24 10:54:48.422044 np0000003533 nova-scheduler[93173]: DEBUG nova.filters [None req-42e8b445-797d-4e97-82dc-f3e604aba0e5 tempest-ServersNegativeTestJSON-1941368276 tempest-ServersNegativeTestJSON-1941368276-project-member] Filter ImagePropertiesFilter returned 1 host(s) {{(pid=93173) get_filtered_objects /opt/stack/nova/nova/filters.py:102}}
Jun 24 10:54:48.422142 np0000003533 nova-scheduler[93173]: DEBUG nova.filters [None req-42e8b445-797d-4e97-82dc-f3e604aba0e5 tempest-ServersNegativeTestJSON-1941368276 tempest-ServersNegativeTestJSON-1941368276-project-member] Filter ServerGroupAntiAffinityFilter returned 1 host(s) {{(pid=93173) get_filtered_objects /opt/stack/nova/nova/filters.py:102}}
Jun 24 10:54:48.422240 np0000003533 nova-scheduler[93173]: DEBUG nova.filters [None req-42e8b445-797d-4e97-82dc-f3e604aba0e5 tempest-ServersNegativeTestJSON-1941368276 tempest-ServersNegativeTestJSON-1941368276-project-member] Filter ServerGroupAffinityFilter returned 1 host(s) {{(pid=93173) get_filtered_objects /opt/stack/nova/nova/filters.py:102}}
Jun 24 10:54:48.422358 np0000003533 nova-scheduler[93173]: DEBUG nova.filters [None req-42e8b445-797d-4e97-82dc-f3e604aba0e5 tempest-ServersNegativeTestJSON-1941368276 tempest-ServersNegativeTestJSON-1941368276-project-member] Filter SameHostFilter returned 1 host(s) {{(pid=93173) get_filtered_objects /opt/stack/nova/nova/filters.py:102}}
Jun 24 10:54:48.422426 np0000003533 nova-scheduler[93173]: DEBUG nova.filters [None req-42e8b445-797d-4e97-82dc-f3e604aba0e5 tempest-ServersNegativeTestJSON-1941368276 tempest-ServersNegativeTestJSON-1941368276-project-member] Filter DifferentHostFilter returned 1 host(s) {{(pid=93173) get_filtered_objects /opt/stack/nova/nova/filters.py:102}}
Jun 24 10:54:48.422546 np0000003533 nova-scheduler[93173]: DEBUG nova.scheduler.manager [None req-42e8b445-797d-4e97-82dc-f3e604aba0e5 tempest-ServersNegativeTestJSON-1941368276 tempest-ServersNegativeTestJSON-1941368276-project-member] Filtered [(np0000003533, np0000003533) ram: 62765MB disk: 74752MB io_ops: 0 instances: 0, allocation_candidates: 1] {{(pid=93173) _get_sorted_hosts /opt/stack/nova/nova/scheduler/manager.py:743}}
Jun 24 10:54:48.422743 np0000003533 nova-scheduler[93173]: DEBUG nova.scheduler.manager [None req-42e8b445-797d-4e97-82dc-f3e604aba0e5 tempest-ServersNegativeTestJSON-1941368276 tempest-ServersNegativeTestJSON-1941368276-project-member] Weighed [WeighedHost [host: (np0000003533, np0000003533) ram: 62765MB disk: 74752MB io_ops: 0 instances: 0, allocation_candidates: 1, weight: 0.0]] {{(pid=93173) _get_sorted_hosts /opt/stack/nova/nova/scheduler/manager.py:765}}
Jun 24 10:54:48.422927 np0000003533 nova-scheduler[93173]: DEBUG nova.scheduler.utils [None req-42e8b445-797d-4e97-82dc-f3e604aba0e5 tempest-ServersNegativeTestJSON-1941368276 tempest-ServersNegativeTestJSON-1941368276-project-member] Attempting to claim resources in the placement API for instance bc6e36a0-9bf5-4dd4-8a6e-2cc568c6849c {{(pid=93173) claim_resources /opt/stack/nova/nova/scheduler/utils.py:1345}}
Jun 24 10:54:48.618476 np0000003533 nova-scheduler[93173]: DEBUG nova.scheduler.manager [None req-42e8b445-797d-4e97-82dc-f3e604aba0e5 tempest-ServersNegativeTestJSON-1941368276 tempest-ServersNegativeTestJSON-1941368276-project-member] [instance: bc6e36a0-9bf5-4dd4-8a6e-2cc568c6849c] Selected host: (np0000003533, np0000003533) ram: 62765MB disk: 74752MB io_ops: 0 instances: 0, allocation_candidates: 1 {{(pid=93173) _consume_selected_host /opt/stack/nova/nova/scheduler/manager.py:625}}
Jun 24 10:54:48.618476 np0000003533 nova-scheduler[93173]: DEBUG oslo_concurrency.lockutils [None req-42e8b445-797d-4e97-82dc-f3e604aba0e5 tempest-ServersNegativeTestJSON-1941368276 tempest-ServersNegativeTestJSON-1941368276-project-member] Acquiring lock "('np0000003533', 'np0000003533')" by "nova.scheduler.host_manager.HostState.consume_from_request.._locked" {{(pid=93173) inner /opt/stack/data/venv/lib/python3.12/site-packages/oslo_concurrency/lockutils.py:511}}
Jun 24 10:54:48.618476 np0000003533 nova-scheduler[93173]: DEBUG oslo_concurrency.lockutils [None req-42e8b445-797d-4e97-82dc-f3e604aba0e5 tempest-ServersNegativeTestJSON-1941368276 tempest-ServersNegativeTestJSON-1941368276-project-member] Lock "('np0000003533', 'np0000003533')" acquired by "nova.scheduler.host_manager.HostState.consume_from_request.._locked" :: waited 0.000s {{(pid=93173) inner /opt/stack/data/venv/lib/python3.12/site-packages/oslo_concurrency/lockutils.py:524}}
Jun 24 10:54:48.618476 np0000003533 nova-scheduler[93173]: DEBUG oslo_concurrency.lockutils [None req-42e8b445-797d-4e97-82dc-f3e604aba0e5 tempest-ServersNegativeTestJSON-1941368276 tempest-ServersNegativeTestJSON-1941368276-project-member] Lock "('np0000003533', 'np0000003533')" "released" by "nova.scheduler.host_manager.HostState.consume_from_request.._locked" :: held 0.000s {{(pid=93173) inner /opt/stack/data/venv/lib/python3.12/site-packages/oslo_concurrency/lockutils.py:543}}
Jun 24 10:54:53.238150 np0000003533 nova-scheduler[93175]: DEBUG nova.scheduler.manager [None req-8f46ddc1-7e9f-4206-ad0b-da905750a288 tempest-DeleteServersTestJSON-2143965739 tempest-DeleteServersTestJSON-2143965739-project-member] Starting to schedule for instances: ['d1078461-42a1-42e6-9254-badac9ebadb8'] {{(pid=93175) select_destinations /opt/stack/nova/nova/scheduler/manager.py:210}}
Jun 24 10:54:53.238702 np0000003533 nova-scheduler[93175]: DEBUG nova.scheduler.request_filter [None req-8f46ddc1-7e9f-4206-ad0b-da905750a288 tempest-DeleteServersTestJSON-2143965739 tempest-DeleteServersTestJSON-2143965739-project-member] compute_status_filter request filter added forbidden trait COMPUTE_STATUS_DISABLED {{(pid=93175) compute_status_filter /opt/stack/nova/nova/scheduler/request_filter.py:253}}
Jun 24 10:54:53.239091 np0000003533 nova-scheduler[93175]: DEBUG nova.scheduler.request_filter [None req-8f46ddc1-7e9f-4206-ad0b-da905750a288 tempest-DeleteServersTestJSON-2143965739 tempest-DeleteServersTestJSON-2143965739-project-member] Request filter 'compute_status_filter' took 0.0 seconds {{(pid=93175) wrapper /opt/stack/nova/nova/scheduler/request_filter.py:46}}
Jun 24 10:54:53.239352 np0000003533 nova-scheduler[93175]: DEBUG nova.scheduler.request_filter [None req-8f46ddc1-7e9f-4206-ad0b-da905750a288 tempest-DeleteServersTestJSON-2143965739 tempest-DeleteServersTestJSON-2143965739-project-member] Request filter 'accelerators_filter' took 0.0 seconds {{(pid=93175) wrapper /opt/stack/nova/nova/scheduler/request_filter.py:46}}
Jun 24 10:54:53.239509 np0000003533 nova-scheduler[93175]: DEBUG nova.scheduler.request_filter [None req-8f46ddc1-7e9f-4206-ad0b-da905750a288 tempest-DeleteServersTestJSON-2143965739 tempest-DeleteServersTestJSON-2143965739-project-member] Request filter 'packed_virtqueue_filter' took 0.0 seconds {{(pid=93175) wrapper /opt/stack/nova/nova/scheduler/request_filter.py:46}}
Jun 24 10:54:53.239805 np0000003533 nova-scheduler[93175]: DEBUG nova.scheduler.request_filter [None req-8f46ddc1-7e9f-4206-ad0b-da905750a288 tempest-DeleteServersTestJSON-2143965739 tempest-DeleteServersTestJSON-2143965739-project-member] Request filter 'remote_managed_ports_filter' took 0.0 seconds {{(pid=93175) wrapper /opt/stack/nova/nova/scheduler/request_filter.py:46}}
Jun 24 10:54:53.239976 np0000003533 nova-scheduler[93175]: DEBUG nova.scheduler.request_filter [None req-8f46ddc1-7e9f-4206-ad0b-da905750a288 tempest-DeleteServersTestJSON-2143965739 tempest-DeleteServersTestJSON-2143965739-project-member] ephemeral_encryption_filter skipped {{(pid=93175) ephemeral_encryption_filter /opt/stack/nova/nova/scheduler/request_filter.py:426}}
Jun 24 10:54:53.240108 np0000003533 nova-scheduler[93175]: DEBUG nova.scheduler.request_filter [None req-8f46ddc1-7e9f-4206-ad0b-da905750a288 tempest-DeleteServersTestJSON-2143965739 tempest-DeleteServersTestJSON-2143965739-project-member] virtio_sound_filter skipped {{(pid=93175) virtio_sound_filter /opt/stack/nova/nova/scheduler/request_filter.py:460}}
Jun 24 10:54:53.240228 np0000003533 nova-scheduler[93175]: DEBUG nova.scheduler.request_filter [None req-8f46ddc1-7e9f-4206-ad0b-da905750a288 tempest-DeleteServersTestJSON-2143965739 tempest-DeleteServersTestJSON-2143965739-project-member] tpm_secret_security_filter skipped {{(pid=93175) tpm_secret_security_filter /opt/stack/nova/nova/scheduler/request_filter.py:477}}
Jun 24 10:54:53.328987 np0000003533 nova-scheduler[93175]: INFO nova.utils [None req-8f46ddc1-7e9f-4206-ad0b-da905750a288 tempest-DeleteServersTestJSON-2143965739 tempest-DeleteServersTestJSON-2143965739-project-member] The cell worker thread pool ForkProcess-2.cell_worker is initialized
Jun 24 10:54:53.329363 np0000003533 nova-scheduler[93175]: DEBUG oslo_concurrency.lockutils [None req-8f46ddc1-7e9f-4206-ad0b-da905750a288 tempest-DeleteServersTestJSON-2143965739 tempest-DeleteServersTestJSON-2143965739-project-member] Acquiring lock "badb958d-b6c5-40f9-b4f8-1462674523e9" by "nova.context.set_target_cell..get_or_set_cached_cell_and_set_connections" {{(pid=93175) inner /opt/stack/data/venv/lib/python3.12/site-packages/oslo_concurrency/lockutils.py:511}}
Jun 24 10:54:53.329577 np0000003533 nova-scheduler[93175]: DEBUG oslo_concurrency.lockutils [None req-8f46ddc1-7e9f-4206-ad0b-da905750a288 tempest-DeleteServersTestJSON-2143965739 tempest-DeleteServersTestJSON-2143965739-project-member] Lock "badb958d-b6c5-40f9-b4f8-1462674523e9" acquired by "nova.context.set_target_cell..get_or_set_cached_cell_and_set_connections" :: waited 0.000s {{(pid=93175) inner /opt/stack/data/venv/lib/python3.12/site-packages/oslo_concurrency/lockutils.py:524}}
Jun 24 10:54:53.331149 np0000003533 nova-scheduler[93175]: DEBUG oslo_concurrency.lockutils [None req-8f46ddc1-7e9f-4206-ad0b-da905750a288 tempest-DeleteServersTestJSON-2143965739 tempest-DeleteServersTestJSON-2143965739-project-member] Lock "badb958d-b6c5-40f9-b4f8-1462674523e9" "released" by "nova.context.set_target_cell..get_or_set_cached_cell_and_set_connections" :: held 0.001s {{(pid=93175) inner /opt/stack/data/venv/lib/python3.12/site-packages/oslo_concurrency/lockutils.py:543}}
Jun 24 10:54:53.334218 np0000003533 nova-scheduler[93175]: INFO dbcounter [None req-8f46ddc1-7e9f-4206-ad0b-da905750a288 tempest-DeleteServersTestJSON-2143965739 tempest-DeleteServersTestJSON-2143965739-project-member] Registered counter for database nova_cell1
Jun 24 10:54:53.365215 np0000003533 nova-scheduler[93175]: DEBUG oslo_db.sqlalchemy.engines [None req-8f46ddc1-7e9f-4206-ad0b-da905750a288 tempest-DeleteServersTestJSON-2143965739 tempest-DeleteServersTestJSON-2143965739-project-member] MySQL server mode set to STRICT_TRANS_TABLES,STRICT_ALL_TABLES,NO_ZERO_IN_DATE,NO_ZERO_DATE,ERROR_FOR_DIVISION_BY_ZERO,TRADITIONAL,NO_ENGINE_SUBSTITUTION {{(pid=93175) _check_effective_sql_mode /opt/stack/data/venv/lib/python3.12/site-packages/oslo_db/sqlalchemy/engines.py:325}}
Jun 24 10:54:53.370831 np0000003533 nova-scheduler[93175]: DEBUG dbcounter [-] [93175] Writer thread running {{(pid=93175) stat_writer /opt/stack/data/venv/lib/python3.12/site-packages/dbcounter.py:102}}
Jun 24 10:54:53.416045 np0000003533 nova-scheduler[93175]: DEBUG dbcounter [-] [93175] Writer thread running {{(pid=93175) stat_writer /opt/stack/data/venv/lib/python3.12/site-packages/dbcounter.py:102}}
Jun 24 10:54:53.418350 np0000003533 nova-scheduler[93175]: DEBUG oslo_concurrency.lockutils [None req-8f46ddc1-7e9f-4206-ad0b-da905750a288 tempest-DeleteServersTestJSON-2143965739 tempest-DeleteServersTestJSON-2143965739-project-member] Acquiring lock "badb958d-b6c5-40f9-b4f8-1462674523e9" by "nova.context.set_target_cell..get_or_set_cached_cell_and_set_connections" {{(pid=93175) inner /opt/stack/data/venv/lib/python3.12/site-packages/oslo_concurrency/lockutils.py:511}}
Jun 24 10:54:53.418517 np0000003533 nova-scheduler[93175]: DEBUG oslo_concurrency.lockutils [None req-8f46ddc1-7e9f-4206-ad0b-da905750a288 tempest-DeleteServersTestJSON-2143965739 tempest-DeleteServersTestJSON-2143965739-project-member] Lock "badb958d-b6c5-40f9-b4f8-1462674523e9" acquired by "nova.context.set_target_cell..get_or_set_cached_cell_and_set_connections" :: waited 0.000s {{(pid=93175) inner /opt/stack/data/venv/lib/python3.12/site-packages/oslo_concurrency/lockutils.py:524}}
Jun 24 10:54:53.418630 np0000003533 nova-scheduler[93175]: DEBUG oslo_concurrency.lockutils [None req-8f46ddc1-7e9f-4206-ad0b-da905750a288 tempest-DeleteServersTestJSON-2143965739 tempest-DeleteServersTestJSON-2143965739-project-member] Lock "badb958d-b6c5-40f9-b4f8-1462674523e9" "released" by "nova.context.set_target_cell..get_or_set_cached_cell_and_set_connections" :: held 0.000s {{(pid=93175) inner /opt/stack/data/venv/lib/python3.12/site-packages/oslo_concurrency/lockutils.py:543}}
Jun 24 10:54:53.422938 np0000003533 nova-scheduler[93175]: DEBUG oslo_concurrency.lockutils [None req-8f46ddc1-7e9f-4206-ad0b-da905750a288 tempest-DeleteServersTestJSON-2143965739 tempest-DeleteServersTestJSON-2143965739-project-member] Acquiring lock "('np0000003533', 'np0000003533')" by "nova.scheduler.host_manager.HostState.update.._locked_update" {{(pid=93175) inner /opt/stack/data/venv/lib/python3.12/site-packages/oslo_concurrency/lockutils.py:511}}
