May 26 09:17:07.156343 np0000001400 nova-scheduler[95660]: DEBUG cotyledon.oslo_config_glue [-] oslo_limit.cafile = None {{(pid=95660) log_opt_values /opt/stack/data/venv/lib/python3.12/site-packages/oslo_config/cfg.py:3256}}
May 26 09:17:07.156343 np0000001400 nova-scheduler[95660]: DEBUG cotyledon.oslo_config_glue [-] oslo_limit.certfile = None {{(pid=95660) log_opt_values /opt/stack/data/venv/lib/python3.12/site-packages/oslo_config/cfg.py:3256}}
May 26 09:17:07.156343 np0000001400 nova-scheduler[95660]: DEBUG cotyledon.oslo_config_glue [-] oslo_limit.collect_timing = False {{(pid=95660) log_opt_values /opt/stack/data/venv/lib/python3.12/site-packages/oslo_config/cfg.py:3256}}
May 26 09:17:07.156343 np0000001400 nova-scheduler[95660]: DEBUG cotyledon.oslo_config_glue [-] oslo_limit.connect_retries = None {{(pid=95660) log_opt_values /opt/stack/data/venv/lib/python3.12/site-packages/oslo_config/cfg.py:3256}}
May 26 09:17:07.156343 np0000001400 nova-scheduler[95660]: DEBUG cotyledon.oslo_config_glue [-] oslo_limit.connect_retry_delay = None {{(pid=95660) log_opt_values /opt/stack/data/venv/lib/python3.12/site-packages/oslo_config/cfg.py:3256}}
May 26 09:17:07.156343 np0000001400 nova-scheduler[95660]: DEBUG cotyledon.oslo_config_glue [-] oslo_limit.endpoint_id = None {{(pid=95660) log_opt_values /opt/stack/data/venv/lib/python3.12/site-packages/oslo_config/cfg.py:3256}}
May 26 09:17:07.156343 np0000001400 nova-scheduler[95660]: DEBUG cotyledon.oslo_config_glue [-] oslo_limit.endpoint_interface = public {{(pid=95660) log_opt_values /opt/stack/data/venv/lib/python3.12/site-packages/oslo_config/cfg.py:3256}}
May 26 09:17:07.156489 np0000001400 nova-scheduler[95660]: DEBUG cotyledon.oslo_config_glue [-] oslo_limit.endpoint_override = None {{(pid=95660) log_opt_values /opt/stack/data/venv/lib/python3.12/site-packages/oslo_config/cfg.py:3256}}
May 26 09:17:07.156489 np0000001400 nova-scheduler[95660]: DEBUG cotyledon.oslo_config_glue [-] oslo_limit.endpoint_region_name = None {{(pid=95660) log_opt_values /opt/stack/data/venv/lib/python3.12/site-packages/oslo_config/cfg.py:3256}}
May 26 09:17:07.156489 np0000001400 nova-scheduler[95660]: DEBUG cotyledon.oslo_config_glue [-] oslo_limit.endpoint_service_name = None {{(pid=95660) log_opt_values /opt/stack/data/venv/lib/python3.12/site-packages/oslo_config/cfg.py:3256}}
May 26 09:17:07.156489 np0000001400 nova-scheduler[95660]: DEBUG cotyledon.oslo_config_glue [-] oslo_limit.endpoint_service_type = None {{(pid=95660) log_opt_values /opt/stack/data/venv/lib/python3.12/site-packages/oslo_config/cfg.py:3256}}
May 26 09:17:07.156489 np0000001400 nova-scheduler[95660]: DEBUG cotyledon.oslo_config_glue [-] oslo_limit.insecure = False {{(pid=95660) log_opt_values /opt/stack/data/venv/lib/python3.12/site-packages/oslo_config/cfg.py:3256}}
May 26 09:17:07.156489 np0000001400 nova-scheduler[95660]: DEBUG cotyledon.oslo_config_glue [-] oslo_limit.keyfile = None {{(pid=95660) log_opt_values /opt/stack/data/venv/lib/python3.12/site-packages/oslo_config/cfg.py:3256}}
May 26 09:17:07.156489 np0000001400 nova-scheduler[95660]: DEBUG cotyledon.oslo_config_glue [-] oslo_limit.max_version = None {{(pid=95660) log_opt_values /opt/stack/data/venv/lib/python3.12/site-packages/oslo_config/cfg.py:3256}}
May 26 09:17:07.156489 np0000001400 nova-scheduler[95660]: DEBUG cotyledon.oslo_config_glue [-] oslo_limit.min_version = None {{(pid=95660) log_opt_values /opt/stack/data/venv/lib/python3.12/site-packages/oslo_config/cfg.py:3256}}
May 26 09:17:07.156489 np0000001400 nova-scheduler[95660]: DEBUG cotyledon.oslo_config_glue [-] oslo_limit.region_name = None {{(pid=95660) log_opt_values /opt/stack/data/venv/lib/python3.12/site-packages/oslo_config/cfg.py:3256}}
May 26 09:17:07.156655 np0000001400 nova-scheduler[95660]: DEBUG cotyledon.oslo_config_glue [-] oslo_limit.retriable_status_codes = None {{(pid=95660) log_opt_values /opt/stack/data/venv/lib/python3.12/site-packages/oslo_config/cfg.py:3256}}
May 26 09:17:07.156655 np0000001400 nova-scheduler[95660]: DEBUG cotyledon.oslo_config_glue [-] oslo_limit.service_name = None {{(pid=95660) log_opt_values /opt/stack/data/venv/lib/python3.12/site-packages/oslo_config/cfg.py:3256}}
May 26 09:17:07.156655 np0000001400 nova-scheduler[95660]: DEBUG cotyledon.oslo_config_glue [-] oslo_limit.service_type = None {{(pid=95660) log_opt_values /opt/stack/data/venv/lib/python3.12/site-packages/oslo_config/cfg.py:3256}}
May 26 09:17:07.156655 np0000001400 nova-scheduler[95660]: DEBUG cotyledon.oslo_config_glue [-] oslo_limit.split_loggers = False {{(pid=95660) log_opt_values /opt/stack/data/venv/lib/python3.12/site-packages/oslo_config/cfg.py:3256}}
May 26 09:17:07.156655 np0000001400 nova-scheduler[95660]: DEBUG cotyledon.oslo_config_glue [-] oslo_limit.status_code_retries = None {{(pid=95660) log_opt_values /opt/stack/data/venv/lib/python3.12/site-packages/oslo_config/cfg.py:3256}}
May 26 09:17:07.156655 np0000001400 nova-scheduler[95660]: DEBUG cotyledon.oslo_config_glue [-] oslo_limit.status_code_retry_delay = None {{(pid=95660) log_opt_values /opt/stack/data/venv/lib/python3.12/site-packages/oslo_config/cfg.py:3256}}
May 26 09:17:07.156655 np0000001400 nova-scheduler[95660]: DEBUG cotyledon.oslo_config_glue [-] oslo_limit.timeout = None {{(pid=95660) log_opt_values /opt/stack/data/venv/lib/python3.12/site-packages/oslo_config/cfg.py:3256}}
May 26 09:17:07.156655 np0000001400 nova-scheduler[95660]: DEBUG cotyledon.oslo_config_glue [-] oslo_limit.valid_interfaces = None {{(pid=95660) log_opt_values /opt/stack/data/venv/lib/python3.12/site-packages/oslo_config/cfg.py:3256}}
May 26 09:17:07.156655 np0000001400 nova-scheduler[95660]: DEBUG cotyledon.oslo_config_glue [-] oslo_limit.version = None {{(pid=95660) log_opt_values /opt/stack/data/venv/lib/python3.12/site-packages/oslo_config/cfg.py:3256}}
May 26 09:17:07.156822 np0000001400 nova-scheduler[95660]: DEBUG cotyledon.oslo_config_glue [-] oslo_reports.file_event_handler = None {{(pid=95660) log_opt_values /opt/stack/data/venv/lib/python3.12/site-packages/oslo_config/cfg.py:3256}}
May 26 09:17:07.156822 np0000001400 nova-scheduler[95660]: DEBUG cotyledon.oslo_config_glue [-] oslo_reports.file_event_handler_interval = 1 {{(pid=95660) log_opt_values /opt/stack/data/venv/lib/python3.12/site-packages/oslo_config/cfg.py:3256}}
May 26 09:17:07.156822 np0000001400 nova-scheduler[95660]: DEBUG cotyledon.oslo_config_glue [-] oslo_reports.log_dir = None {{(pid=95660) log_opt_values /opt/stack/data/venv/lib/python3.12/site-packages/oslo_config/cfg.py:3256}}
May 26 09:17:07.156822 np0000001400 nova-scheduler[95660]: DEBUG cotyledon.oslo_config_glue [-] ******************************************************************************** {{(pid=95660) log_opt_values /opt/stack/data/venv/lib/python3.12/site-packages/oslo_config/cfg.py:3263}}
May 26 09:17:07.156822 np0000001400 nova-scheduler[95660]: DEBUG cotyledon._service_worker [-] Run service ServiceWrapper(1) [95660] {{(pid=95660) wait_forever /opt/stack/data/venv/lib/python3.12/site-packages/cotyledon/_service_worker.py:218}}
May 26 09:17:07.156822 np0000001400 nova-scheduler[95660]: INFO nova.service [-] Starting scheduler node (version 33.1.0)
May 26 09:17:07.156822 np0000001400 nova-scheduler[95660]: INFO dbcounter [None req-77cb98b4-583e-4de8-9a9b-5df420dc6584 None None] Registered counter for database nova_cell0
May 26 09:17:07.156949 np0000001400 nova-scheduler[95662]: DEBUG oslo_db.sqlalchemy.engines [None req-b2486c34-4f57-4627-8bea-ff87102967c5 None None] MySQL server mode set to STRICT_TRANS_TABLES,STRICT_ALL_TABLES,NO_ZERO_IN_DATE,NO_ZERO_DATE,ERROR_FOR_DIVISION_BY_ZERO,TRADITIONAL,NO_ENGINE_SUBSTITUTION {{(pid=95662) _check_effective_sql_mode /opt/stack/data/venv/lib/python3.12/site-packages/oslo_db/sqlalchemy/engines.py:325}}
May 26 09:17:07.157970 np0000001400 nova-scheduler[95660]: DEBUG oslo_db.sqlalchemy.engines [None req-77cb98b4-583e-4de8-9a9b-5df420dc6584 None None] MySQL server mode set to STRICT_TRANS_TABLES,STRICT_ALL_TABLES,NO_ZERO_IN_DATE,NO_ZERO_DATE,ERROR_FOR_DIVISION_BY_ZERO,TRADITIONAL,NO_ENGINE_SUBSTITUTION {{(pid=95660) _check_effective_sql_mode /opt/stack/data/venv/lib/python3.12/site-packages/oslo_db/sqlalchemy/engines.py:325}}
May 26 09:17:07.161134 np0000001400 nova-scheduler[95662]: DEBUG dbcounter [-] [95662] Writer thread running {{(pid=95662) stat_writer /opt/stack/data/venv/lib/python3.12/site-packages/dbcounter.py:102}}
May 26 09:17:07.163881 np0000001400 nova-scheduler[95662]: DEBUG nova.service [None req-b2486c34-4f57-4627-8bea-ff87102967c5 None None] Creating RPC server for service: nova-scheduler on topic: scheduler {{(pid=95662) start /opt/stack/nova/nova/service.py:195}}
May 26 09:17:07.166061 np0000001400 nova-scheduler[95660]: DEBUG dbcounter [-] [95660] Writer thread running {{(pid=95660) stat_writer /opt/stack/data/venv/lib/python3.12/site-packages/dbcounter.py:102}}
May 26 09:17:07.168528 np0000001400 nova-scheduler[95660]: DEBUG nova.service [None req-77cb98b4-583e-4de8-9a9b-5df420dc6584 None None] Creating RPC server for service: nova-scheduler on topic: scheduler {{(pid=95660) start /opt/stack/nova/nova/service.py:195}}
May 26 09:17:07.185087 np0000001400 nova-scheduler[95637]: DEBUG nova.service [None req-31cc4393-9c77-4503-9d4f-27558a068395 None None] Join ServiceGroup membership for this service scheduler {{(pid=95637) start /opt/stack/nova/nova/service.py:221}}
May 26 09:17:07.185324 np0000001400 nova-scheduler[95660]: DEBUG nova.service [None req-77cb98b4-583e-4de8-9a9b-5df420dc6584 None None] Join ServiceGroup membership for this service scheduler {{(pid=95660) start /opt/stack/nova/nova/service.py:221}}
May 26 09:17:07.185372 np0000001400 nova-scheduler[95637]: DEBUG nova.servicegroup.drivers.db [None req-31cc4393-9c77-4503-9d4f-27558a068395 None None] DB_Driver: join new ServiceGroup member np0000001400 to the scheduler group, service = {{(pid=95637) join /opt/stack/nova/nova/servicegroup/drivers/db.py:44}}
May 26 09:17:07.185676 np0000001400 nova-scheduler[95660]: DEBUG nova.servicegroup.drivers.db [None req-77cb98b4-583e-4de8-9a9b-5df420dc6584 None None] DB_Driver: join new ServiceGroup member np0000001400 to the scheduler group, service = {{(pid=95660) join /opt/stack/nova/nova/servicegroup/drivers/db.py:44}}
May 26 09:17:07.191727 np0000001400 nova-scheduler[95662]: DEBUG nova.service [None req-b2486c34-4f57-4627-8bea-ff87102967c5 None None] Join ServiceGroup membership for this service scheduler {{(pid=95662) start /opt/stack/nova/nova/service.py:221}}
May 26 09:17:07.191883 np0000001400 nova-scheduler[95662]: DEBUG nova.servicegroup.drivers.db [None req-b2486c34-4f57-4627-8bea-ff87102967c5 None None] DB_Driver: join new ServiceGroup member np0000001400 to the scheduler group, service = {{(pid=95662) join /opt/stack/nova/nova/servicegroup/drivers/db.py:44}}
May 26 09:17:12.206163 np0000001400 nova-scheduler[95660]: DEBUG oslo.service.backend._threading.loopingcall [-] Fixed interval looping call 'nova.servicegroup.drivers.db.DbDriver._report_state' sleeping for 119.98 seconds {{(pid=95660) _run_loop /opt/stack/data/venv/lib/python3.12/site-packages/oslo_service/backend/_threading/loopingcall.py:125}}
May 26 09:17:12.207054 np0000001400 nova-scheduler[95662]: DEBUG oslo.service.backend._threading.loopingcall [-] Fixed interval looping call 'nova.servicegroup.drivers.db.DbDriver._report_state' sleeping for 119.99 seconds {{(pid=95662) _run_loop /opt/stack/data/venv/lib/python3.12/site-packages/oslo_service/backend/_threading/loopingcall.py:125}}
May 26 09:17:12.207273 np0000001400 nova-scheduler[95637]: DEBUG oslo.service.backend._threading.loopingcall [-] Fixed interval looping call 'nova.servicegroup.drivers.db.DbDriver._report_state' sleeping for 119.98 seconds {{(pid=95637) _run_loop /opt/stack/data/venv/lib/python3.12/site-packages/oslo_service/backend/_threading/loopingcall.py:125}}
May 26 09:17:15.794228 np0000001400 nova-scheduler[94385]: DEBUG dbcounter [-] [94385] Writing DB stats nova_api:SELECT=3 {{(pid=94385) stat_writer /opt/stack/data/venv/lib/python3.12/site-packages/dbcounter.py:115}}
May 26 09:17:15.895109 np0000001400 nova-scheduler[94385]: DEBUG dbcounter [-] [94385] Writing DB stats nova_cell0:SELECT=1 {{(pid=94385) stat_writer /opt/stack/data/venv/lib/python3.12/site-packages/dbcounter.py:115}}
May 26 09:17:15.899057 np0000001400 nova-scheduler[94385]: DEBUG dbcounter [-] [94385] Writing DB stats nova_cell1:SELECT=1 {{(pid=94385) stat_writer /opt/stack/data/venv/lib/python3.12/site-packages/dbcounter.py:115}}
May 26 09:17:22.198449 np0000001400 nova-scheduler[95637]: DEBUG dbcounter [-] [95637] Writing DB stats nova_cell0:SELECT=4,nova_cell0:INSERT=1,nova_cell0:UPDATE=1 {{(pid=95637) stat_writer /opt/stack/data/venv/lib/python3.12/site-packages/dbcounter.py:115}}
May 26 09:17:22.200765 np0000001400 nova-scheduler[95660]: DEBUG dbcounter [-] [95660] Writing DB stats nova_cell0:SELECT=3,nova_cell0:UPDATE=1 {{(pid=95660) stat_writer /opt/stack/data/venv/lib/python3.12/site-packages/dbcounter.py:115}}
May 26 09:17:22.204749 np0000001400 nova-scheduler[95662]: DEBUG dbcounter [-] [95662] Writing DB stats nova_cell0:SELECT=3,nova_cell0:UPDATE=1 {{(pid=95662) stat_writer /opt/stack/data/venv/lib/python3.12/site-packages/dbcounter.py:115}}
May 26 09:17:24.193683 np0000001400 nova-scheduler[95662]: DEBUG oslo.service.backend._threading.loopingcall [None req-cfcaf9a6-0fe2-4a93-92b2-0beaf2a25a67 None None] Dynamic interval looping call 'nova.service.Service.periodic_tasks' sleeping for 60.00 seconds {{(pid=95662) _run_loop /opt/stack/data/venv/lib/python3.12/site-packages/oslo_service/backend/_threading/loopingcall.py:125}}
May 26 09:17:29.187455 np0000001400 nova-scheduler[95660]: DEBUG oslo.service.backend._threading.loopingcall [None req-7cdaaee2-9222-470d-b570-6c22d55764c7 None None] Dynamic interval looping call 'nova.service.Service.periodic_tasks' sleeping for 60.00 seconds {{(pid=95660) _run_loop /opt/stack/data/venv/lib/python3.12/site-packages/oslo_service/backend/_threading/loopingcall.py:125}}
May 26 09:17:36.187473 np0000001400 nova-scheduler[95637]: DEBUG oslo.service.backend._threading.loopingcall [None req-fc25ce41-6c6a-46ca-be3e-1a3667ae388a None None] Dynamic interval looping call 'nova.service.Service.periodic_tasks' sleeping for 60.00 seconds {{(pid=95637) _run_loop /opt/stack/data/venv/lib/python3.12/site-packages/oslo_service/backend/_threading/loopingcall.py:125}}
May 26 09:18:24.194225 np0000001400 nova-scheduler[95662]: DEBUG oslo.service.backend._threading.loopingcall [None req-cfcaf9a6-0fe2-4a93-92b2-0beaf2a25a67 None None] Dynamic interval looping call 'nova.service.Service.periodic_tasks' sleeping for 60.00 seconds {{(pid=95662) _run_loop /opt/stack/data/venv/lib/python3.12/site-packages/oslo_service/backend/_threading/loopingcall.py:125}}
May 26 09:18:29.188026 np0000001400 nova-scheduler[95660]: DEBUG oslo.service.backend._threading.loopingcall [None req-7cdaaee2-9222-470d-b570-6c22d55764c7 None None] Dynamic interval looping call 'nova.service.Service.periodic_tasks' sleeping for 60.00 seconds {{(pid=95660) _run_loop /opt/stack/data/venv/lib/python3.12/site-packages/oslo_service/backend/_threading/loopingcall.py:125}}
May 26 09:18:36.187827 np0000001400 nova-scheduler[95637]: DEBUG oslo.service.backend._threading.loopingcall [None req-fc25ce41-6c6a-46ca-be3e-1a3667ae388a None None] Dynamic interval looping call 'nova.service.Service.periodic_tasks' sleeping for 60.00 seconds {{(pid=95637) _run_loop /opt/stack/data/venv/lib/python3.12/site-packages/oslo_service/backend/_threading/loopingcall.py:125}}
May 26 09:19:12.192403 np0000001400 nova-scheduler[95660]: DEBUG oslo.service.backend._threading.loopingcall [-] Fixed interval looping call 'nova.servicegroup.drivers.db.DbDriver._report_state' sleeping for 119.99 seconds {{(pid=95660) _run_loop /opt/stack/data/venv/lib/python3.12/site-packages/oslo_service/backend/_threading/loopingcall.py:125}}
May 26 09:19:12.193116 np0000001400 nova-scheduler[95637]: DEBUG oslo.service.backend._threading.loopingcall [-] Fixed interval looping call 'nova.servicegroup.drivers.db.DbDriver._report_state' sleeping for 119.99 seconds {{(pid=95637) _run_loop /opt/stack/data/venv/lib/python3.12/site-packages/oslo_service/backend/_threading/loopingcall.py:125}}
May 26 09:19:12.201113 np0000001400 nova-scheduler[95662]: DEBUG oslo.service.backend._threading.loopingcall [-] Fixed interval looping call 'nova.servicegroup.drivers.db.DbDriver._report_state' sleeping for 120.00 seconds {{(pid=95662) _run_loop /opt/stack/data/venv/lib/python3.12/site-packages/oslo_service/backend/_threading/loopingcall.py:125}}
May 26 09:19:22.189503 np0000001400 nova-scheduler[95660]: DEBUG dbcounter [-] [95660] Writing DB stats nova_cell0:SELECT=1,nova_cell0:UPDATE=1 {{(pid=95660) stat_writer /opt/stack/data/venv/lib/python3.12/site-packages/dbcounter.py:115}}
May 26 09:19:22.191101 np0000001400 nova-scheduler[95637]: DEBUG dbcounter [-] [95637] Writing DB stats nova_cell0:SELECT=1,nova_cell0:UPDATE=1 {{(pid=95637) stat_writer /opt/stack/data/venv/lib/python3.12/site-packages/dbcounter.py:115}}
May 26 09:19:22.199220 np0000001400 nova-scheduler[95662]: DEBUG dbcounter [-] [95662] Writing DB stats nova_cell0:SELECT=1 {{(pid=95662) stat_writer /opt/stack/data/venv/lib/python3.12/site-packages/dbcounter.py:115}}
May 26 09:19:24.194721 np0000001400 nova-scheduler[95662]: DEBUG oslo.service.backend._threading.loopingcall [None req-cfcaf9a6-0fe2-4a93-92b2-0beaf2a25a67 None None] Dynamic interval looping call 'nova.service.Service.periodic_tasks' sleeping for 60.00 seconds {{(pid=95662) _run_loop /opt/stack/data/venv/lib/python3.12/site-packages/oslo_service/backend/_threading/loopingcall.py:125}}
May 26 09:19:29.188492 np0000001400 nova-scheduler[95660]: DEBUG oslo.service.backend._threading.loopingcall [None req-7cdaaee2-9222-470d-b570-6c22d55764c7 None None] Dynamic interval looping call 'nova.service.Service.periodic_tasks' sleeping for 60.00 seconds {{(pid=95660) _run_loop /opt/stack/data/venv/lib/python3.12/site-packages/oslo_service/backend/_threading/loopingcall.py:125}}
May 26 09:19:36.188338 np0000001400 nova-scheduler[95637]: DEBUG oslo.service.backend._threading.loopingcall [None req-fc25ce41-6c6a-46ca-be3e-1a3667ae388a None None] Dynamic interval looping call 'nova.service.Service.periodic_tasks' sleeping for 60.00 seconds {{(pid=95637) _run_loop /opt/stack/data/venv/lib/python3.12/site-packages/oslo_service/backend/_threading/loopingcall.py:125}}
May 26 09:19:52.297519 np0000001400 nova-scheduler[95637]: DEBUG nova.scheduler.manager [None req-33584227-46ab-4cb5-9b63-b22d0d3dfab1 tempest-ServersNegativeTestJSON-1885282413 tempest-ServersNegativeTestJSON-1885282413-project-member] Starting to schedule for instances: ['127d4496-4ef5-463a-938a-9babe08dd0ca'] {{(pid=95637) select_destinations /opt/stack/nova/nova/scheduler/manager.py:210}}
May 26 09:19:52.298385 np0000001400 nova-scheduler[95637]: DEBUG nova.scheduler.request_filter [None req-33584227-46ab-4cb5-9b63-b22d0d3dfab1 tempest-ServersNegativeTestJSON-1885282413 tempest-ServersNegativeTestJSON-1885282413-project-member] compute_status_filter request filter added forbidden trait COMPUTE_STATUS_DISABLED {{(pid=95637) compute_status_filter /opt/stack/nova/nova/scheduler/request_filter.py:253}}
May 26 09:19:52.298385 np0000001400 nova-scheduler[95637]: DEBUG nova.scheduler.request_filter [None req-33584227-46ab-4cb5-9b63-b22d0d3dfab1 tempest-ServersNegativeTestJSON-1885282413 tempest-ServersNegativeTestJSON-1885282413-project-member] Request filter 'compute_status_filter' took 0.0 seconds {{(pid=95637) wrapper /opt/stack/nova/nova/scheduler/request_filter.py:46}}
May 26 09:19:52.298551 np0000001400 nova-scheduler[95637]: DEBUG nova.scheduler.request_filter [None req-33584227-46ab-4cb5-9b63-b22d0d3dfab1 tempest-ServersNegativeTestJSON-1885282413 tempest-ServersNegativeTestJSON-1885282413-project-member] Request filter 'accelerators_filter' took 0.0 seconds {{(pid=95637) wrapper /opt/stack/nova/nova/scheduler/request_filter.py:46}}
May 26 09:19:52.298755 np0000001400 nova-scheduler[95637]: DEBUG nova.scheduler.request_filter [None req-33584227-46ab-4cb5-9b63-b22d0d3dfab1 tempest-ServersNegativeTestJSON-1885282413 tempest-ServersNegativeTestJSON-1885282413-project-member] Request filter 'packed_virtqueue_filter' took 0.0 seconds {{(pid=95637) wrapper /opt/stack/nova/nova/scheduler/request_filter.py:46}}
May 26 09:19:52.299050 np0000001400 nova-scheduler[95637]: DEBUG nova.scheduler.request_filter [None req-33584227-46ab-4cb5-9b63-b22d0d3dfab1 tempest-ServersNegativeTestJSON-1885282413 tempest-ServersNegativeTestJSON-1885282413-project-member] Request filter 'remote_managed_ports_filter' took 0.0 seconds {{(pid=95637) wrapper /opt/stack/nova/nova/scheduler/request_filter.py:46}}
May 26 09:19:52.299226 np0000001400 nova-scheduler[95637]: DEBUG nova.scheduler.request_filter [None req-33584227-46ab-4cb5-9b63-b22d0d3dfab1 tempest-ServersNegativeTestJSON-1885282413 tempest-ServersNegativeTestJSON-1885282413-project-member] ephemeral_encryption_filter skipped {{(pid=95637) ephemeral_encryption_filter /opt/stack/nova/nova/scheduler/request_filter.py:426}}
May 26 09:19:52.299380 np0000001400 nova-scheduler[95637]: DEBUG nova.scheduler.request_filter [None req-33584227-46ab-4cb5-9b63-b22d0d3dfab1 tempest-ServersNegativeTestJSON-1885282413 tempest-ServersNegativeTestJSON-1885282413-project-member] virtio_sound_filter skipped {{(pid=95637) virtio_sound_filter /opt/stack/nova/nova/scheduler/request_filter.py:460}}
May 26 09:19:52.299545 np0000001400 nova-scheduler[95637]: DEBUG nova.scheduler.request_filter [None req-33584227-46ab-4cb5-9b63-b22d0d3dfab1 tempest-ServersNegativeTestJSON-1885282413 tempest-ServersNegativeTestJSON-1885282413-project-member] tpm_secret_security_filter skipped {{(pid=95637) tpm_secret_security_filter /opt/stack/nova/nova/scheduler/request_filter.py:477}}
May 26 09:19:52.822569 np0000001400 nova-scheduler[95637]: INFO nova.utils [None req-33584227-46ab-4cb5-9b63-b22d0d3dfab1 tempest-ServersNegativeTestJSON-1885282413 tempest-ServersNegativeTestJSON-1885282413-project-member] The cell worker thread pool ForkProcess-1.cell_worker is initialized
May 26 09:19:52.823058 np0000001400 nova-scheduler[95637]: DEBUG oslo_concurrency.lockutils [None req-33584227-46ab-4cb5-9b63-b22d0d3dfab1 tempest-ServersNegativeTestJSON-1885282413 tempest-ServersNegativeTestJSON-1885282413-project-member] Acquiring lock "f68cc9f3-fa19-4e35-912a-dfdc4897f887" by "nova.context.set_target_cell..get_or_set_cached_cell_and_set_connections" {{(pid=95637) inner /opt/stack/data/venv/lib/python3.12/site-packages/oslo_concurrency/lockutils.py:511}}
May 26 09:19:52.823202 np0000001400 nova-scheduler[95637]: DEBUG oslo_concurrency.lockutils [None req-33584227-46ab-4cb5-9b63-b22d0d3dfab1 tempest-ServersNegativeTestJSON-1885282413 tempest-ServersNegativeTestJSON-1885282413-project-member] Lock "f68cc9f3-fa19-4e35-912a-dfdc4897f887" acquired by "nova.context.set_target_cell..get_or_set_cached_cell_and_set_connections" :: waited 0.000s {{(pid=95637) inner /opt/stack/data/venv/lib/python3.12/site-packages/oslo_concurrency/lockutils.py:524}}
May 26 09:19:52.824889 np0000001400 nova-scheduler[95637]: DEBUG oslo_concurrency.lockutils [None req-33584227-46ab-4cb5-9b63-b22d0d3dfab1 tempest-ServersNegativeTestJSON-1885282413 tempest-ServersNegativeTestJSON-1885282413-project-member] Lock "f68cc9f3-fa19-4e35-912a-dfdc4897f887" "released" by "nova.context.set_target_cell..get_or_set_cached_cell_and_set_connections" :: held 0.002s {{(pid=95637) inner /opt/stack/data/venv/lib/python3.12/site-packages/oslo_concurrency/lockutils.py:543}}
May 26 09:19:52.827040 np0000001400 nova-scheduler[95637]: INFO dbcounter [None req-33584227-46ab-4cb5-9b63-b22d0d3dfab1 tempest-ServersNegativeTestJSON-1885282413 tempest-ServersNegativeTestJSON-1885282413-project-member] Registered counter for database nova_cell1
May 26 09:19:52.831730 np0000001400 nova-scheduler[95637]: DEBUG oslo_db.sqlalchemy.engines [None req-33584227-46ab-4cb5-9b63-b22d0d3dfab1 tempest-ServersNegativeTestJSON-1885282413 tempest-ServersNegativeTestJSON-1885282413-project-member] MySQL server mode set to STRICT_TRANS_TABLES,STRICT_ALL_TABLES,NO_ZERO_IN_DATE,NO_ZERO_DATE,ERROR_FOR_DIVISION_BY_ZERO,TRADITIONAL,NO_ENGINE_SUBSTITUTION {{(pid=95637) _check_effective_sql_mode /opt/stack/data/venv/lib/python3.12/site-packages/oslo_db/sqlalchemy/engines.py:325}}
May 26 09:19:52.838089 np0000001400 nova-scheduler[95637]: DEBUG dbcounter [-] [95637] Writer thread running {{(pid=95637) stat_writer /opt/stack/data/venv/lib/python3.12/site-packages/dbcounter.py:102}}
May 26 09:19:52.853261 np0000001400 nova-scheduler[95637]: DEBUG oslo_db.sqlalchemy.engines [None req-33584227-46ab-4cb5-9b63-b22d0d3dfab1 tempest-ServersNegativeTestJSON-1885282413 tempest-ServersNegativeTestJSON-1885282413-project-member] Parent process 94385 forked (95637) with an open database connection, which is being discarded and recreated. {{(pid=95637) checkout /opt/stack/data/venv/lib/python3.12/site-packages/oslo_db/sqlalchemy/engines.py:402}}
May 26 09:19:52.860495 np0000001400 nova-scheduler[95637]: DEBUG dbcounter [-] [95637] Writer thread running {{(pid=95637) stat_writer /opt/stack/data/venv/lib/python3.12/site-packages/dbcounter.py:102}}
May 26 09:19:52.863486 np0000001400 nova-scheduler[95637]: DEBUG oslo_concurrency.lockutils [None req-33584227-46ab-4cb5-9b63-b22d0d3dfab1 tempest-ServersNegativeTestJSON-1885282413 tempest-ServersNegativeTestJSON-1885282413-project-member] Acquiring lock "f68cc9f3-fa19-4e35-912a-dfdc4897f887" by "nova.context.set_target_cell..get_or_set_cached_cell_and_set_connections" {{(pid=95637) inner /opt/stack/data/venv/lib/python3.12/site-packages/oslo_concurrency/lockutils.py:511}}
May 26 09:19:52.863542 np0000001400 nova-scheduler[95637]: DEBUG oslo_concurrency.lockutils [None req-33584227-46ab-4cb5-9b63-b22d0d3dfab1 tempest-ServersNegativeTestJSON-1885282413 tempest-ServersNegativeTestJSON-1885282413-project-member] Lock "f68cc9f3-fa19-4e35-912a-dfdc4897f887" acquired by "nova.context.set_target_cell..get_or_set_cached_cell_and_set_connections" :: waited 0.000s {{(pid=95637) inner /opt/stack/data/venv/lib/python3.12/site-packages/oslo_concurrency/lockutils.py:524}}
May 26 09:19:52.863703 np0000001400 nova-scheduler[95637]: DEBUG oslo_concurrency.lockutils [None req-33584227-46ab-4cb5-9b63-b22d0d3dfab1 tempest-ServersNegativeTestJSON-1885282413 tempest-ServersNegativeTestJSON-1885282413-project-member] Lock "f68cc9f3-fa19-4e35-912a-dfdc4897f887" "released" by "nova.context.set_target_cell..get_or_set_cached_cell_and_set_connections" :: held 0.000s {{(pid=95637) inner /opt/stack/data/venv/lib/python3.12/site-packages/oslo_concurrency/lockutils.py:543}}
May 26 09:19:52.867208 np0000001400 nova-scheduler[95637]: DEBUG oslo_concurrency.lockutils [None req-33584227-46ab-4cb5-9b63-b22d0d3dfab1 tempest-ServersNegativeTestJSON-1885282413 tempest-ServersNegativeTestJSON-1885282413-project-member] Acquiring lock "('np0000001400', 'np0000001400')" by "nova.scheduler.host_manager.HostState.update.._locked_update" {{(pid=95637) inner /opt/stack/data/venv/lib/python3.12/site-packages/oslo_concurrency/lockutils.py:511}}
May 26 09:19:52.867378 np0000001400 nova-scheduler[95637]: DEBUG oslo_concurrency.lockutils [None req-33584227-46ab-4cb5-9b63-b22d0d3dfab1 tempest-ServersNegativeTestJSON-1885282413 tempest-ServersNegativeTestJSON-1885282413-project-member] Lock "('np0000001400', 'np0000001400')" acquired by "nova.scheduler.host_manager.HostState.update.._locked_update" :: waited 0.000s {{(pid=95637) inner /opt/stack/data/venv/lib/python3.12/site-packages/oslo_concurrency/lockutils.py:524}}
May 26 09:19:52.868383 np0000001400 nova-scheduler[95637]: DEBUG nova.scheduler.host_manager [None req-33584227-46ab-4cb5-9b63-b22d0d3dfab1 tempest-ServersNegativeTestJSON-1885282413 tempest-ServersNegativeTestJSON-1885282413-project-member] Update host state from compute node: ComputeNode(cpu_allocation_ratio=4.0,cpu_info='{"arch": "x86_64", "model": "EPYC-Milan", "vendor": "AMD", "topology": {"cells": 1, "sockets": 12, "cores": 1, "threads": 1}, "maxphysaddr": {"mode": "emulate", "bits": 40}, "features": ["lahf_lm", "rdctl-no", "bmi2", "adx", "spec-ctrl", "aes", "mtrr", "clwb", "x2apic", "abm", "skip-l1dfl-vmentry", "vgif", "stibp-always-on", "smap", "gds-no", "ssbd", "no-nested-data-bp", "xsave", "amd-psfd", "syscall", "f16c", "ssse3", "clzero", "mmxext", "arat", "vpclmulqdq", "bmi1", "misalignsse", "null-sel-clr-base", "clflushopt", "xsaves", "invpcid", "nrip-save", "sse4.2", "stibp", "tsc-deadline", "topoext", "avx", "pse36", "cr8legacy", "3dnowprefetch", "rdtscp", "erms", "rdseed", "flushbyasid", "clflush", "cmov", "fxsr", "mca", "virt-ssbd", "pclmuldq", "vaes", "npt", "fxsr_opt", "pfthreshold", "rdrand", "svm", "amd-stibp", "de", "smep", "pdpe1gb", "fpu", "pschange-mc-no", "v-vmsave-vmload", "wbnoinvd", "ibpb", "mce", "xgetbv1", "umip", "nx", "tsc", "sse4.1", "mmx", "movbe", "fsgsbase", "tsc-scale", "xsaveerptr", "fma", "lfence-always-serializing", "avx2", "cmp_legacy", "xsaveopt", "ibrs", "perfctr_core", "sse4a", "pause-filter", "pni", "sha-ni", "sse", "rdpid", "lm", "msr", "sep", "amd-ssbd", "popcnt", "xsavec", "cx8", "fsrm", "osvw", "pge", "cx16", "sse2", "tsc_adjust", "pat", "pae", "vmcb-clean", "lbrv", "arch-capabilities", "hypervisor", "pku", "vme", "mds-no", "pcid", "pse", "apic", "svme-addr-chk"]}',created_at=2026-05-26T09:17:31Z,current_workload=0,deleted=False,deleted_at=None,disk_allocation_ratio=1.0,disk_available_least=74,free_disk_gb=95,free_ram_mb=23518,host='np0000001400',host_ip=10.4.3.85,hypervisor_hostname='np0000001400',hypervisor_type='QEMU',hypervisor_version=8002002,id=1,local_gb=95,local_gb_used=0,mapped=1,memory_mb=24030,memory_mb_used=512,metrics='[]',numa_topology='{"nova_object.name": "NUMATopology", "nova_object.namespace": "nova", "nova_object.version": "1.2", "nova_object.data": {"cells": [{"nova_object.name": "NUMACell", "nova_object.namespace": "nova", "nova_object.version": "1.5", "nova_object.data": {"id": 0, "cpuset": [0, 1, 2, 3, 4, 5, 6, 7, 8, 9, 10, 11], "pcpuset": [0, 1, 2, 3, 4, 5, 6, 7, 8, 9, 10, 11], "memory": 24030, "cpu_usage": 0, "memory_usage": 0, "pinned_cpus": [], "siblings": [[6], [2], [5], [11], [8], [4], [1], [7], [10], [0], [3], [9]], "mempages": [{"nova_object.name": "NUMAPagesTopology", "nova_object.namespace": "nova", "nova_object.version": "1.1", "nova_object.data": {"size_kb": 4, "total": 6151799, "used": 0, "reserved": 0}, "nova_object.changes": ["reserved", "total", "used", "size_kb"]}, {"nova_object.name": "NUMAPagesTopology", "nova_object.namespace": "nova", "nova_object.version": "1.1", "nova_object.data": {"size_kb": 2048, "total": 0, "used": 0, "reserved": 0}, "nova_object.changes": ["reserved", "total", "used", "size_kb"]}, {"nova_object.name": "NUMAPagesTopology", "nova_object.namespace": "nova", "nova_object.version": "1.1", "nova_object.data": {"size_kb": 1048576, "total": 0, "used": 0, "reserved": 0}, "nova_object.changes": ["reserved", "total", "used", "size_kb"]}], "network_metadata": {"nova_object.name": "NetworkMetadata", "nova_object.namespace": "nova", "nova_object.version": "1.0", "nova_object.data": {"physnets": [], "tunneled": false}, "nova_object.changes": ["physnets", "tunneled"]}, "socket": null}, "nova_object.changes": ["network_metadata", "pcpuset", "memory", "socket", "memory_usage", "siblings", "mempages", "pinned_cpus", "cpu_usage", "id", "cpuset"]}]}, "nova_object.changes": ["cells"]}',pci_device_pools=PciDevicePoolList,ram_allocation_ratio=1.0,running_vms=0,service_id=3,stats={failed_builds='0',uptime=' 09:19:18 up 27 min, 2 users, load average: 1.16, 1.26, 0.75
May 26 09:19:52.868383 np0000001400 nova-scheduler[95637]: '},supported_hv_specs=[HVSpec,HVSpec,HVSpec,HVSpec,HVSpec,HVSpec,HVSpec,HVSpec,HVSpec,HVSpec,HVSpec,HVSpec,HVSpec,HVSpec,HVSpec,HVSpec,HVSpec,HVSpec,HVSpec,HVSpec,HVSpec,HVSpec,HVSpec,HVSpec,HVSpec],updated_at=2026-05-26T09:19:20Z,uuid=d246e286-6f30-4a14-9d20-69d1e3786924,vcpus=12,vcpus_used=0) {{(pid=95637) _locked_update /opt/stack/nova/nova/scheduler/host_manager.py:168}}
May 26 09:19:52.870371 np0000001400 nova-scheduler[95637]: DEBUG nova.scheduler.host_manager [None req-33584227-46ab-4cb5-9b63-b22d0d3dfab1 tempest-ServersNegativeTestJSON-1885282413 tempest-ServersNegativeTestJSON-1885282413-project-member] Update host state with aggregates: [] {{(pid=95637) _locked_update /opt/stack/nova/nova/scheduler/host_manager.py:171}}
May 26 09:19:52.870371 np0000001400 nova-scheduler[95637]: DEBUG nova.scheduler.host_manager [None req-33584227-46ab-4cb5-9b63-b22d0d3dfab1 tempest-ServersNegativeTestJSON-1885282413 tempest-ServersNegativeTestJSON-1885282413-project-member] Update host state with service dict: {'id': 3, 'uuid': 'c61e0fe3-8088-4ac0-9a53-7f6e877b318c', 'host': 'np0000001400', 'binary': 'nova-compute', 'topic': 'compute', 'report_count': 2, 'disabled': False, 'disabled_reason': None, 'last_seen_up': datetime.datetime(2026, 5, 26, 9, 19, 40, tzinfo=datetime.timezone.utc), 'forced_down': False, 'version': 72, 'created_at': datetime.datetime(2026, 5, 26, 9, 17, 30, tzinfo=datetime.timezone.utc), 'updated_at': datetime.datetime(2026, 5, 26, 9, 19, 40, tzinfo=datetime.timezone.utc), 'deleted_at': None, 'deleted': False} {{(pid=95637) _locked_update /opt/stack/nova/nova/scheduler/host_manager.py:174}}
May 26 09:19:52.870371 np0000001400 nova-scheduler[95637]: DEBUG nova.scheduler.host_manager [None req-33584227-46ab-4cb5-9b63-b22d0d3dfab1 tempest-ServersNegativeTestJSON-1885282413 tempest-ServersNegativeTestJSON-1885282413-project-member] Update host state with instances: [] {{(pid=95637) _locked_update /opt/stack/nova/nova/scheduler/host_manager.py:177}}
May 26 09:19:52.870371 np0000001400 nova-scheduler[95637]: DEBUG oslo_concurrency.lockutils [None req-33584227-46ab-4cb5-9b63-b22d0d3dfab1 tempest-ServersNegativeTestJSON-1885282413 tempest-ServersNegativeTestJSON-1885282413-project-member] Lock "('np0000001400', 'np0000001400')" "released" by "nova.scheduler.host_manager.HostState.update.._locked_update" :: held 0.002s {{(pid=95637) inner /opt/stack/data/venv/lib/python3.12/site-packages/oslo_concurrency/lockutils.py:543}}
May 26 09:19:52.870371 np0000001400 nova-scheduler[95637]: DEBUG nova.filters [None req-33584227-46ab-4cb5-9b63-b22d0d3dfab1 tempest-ServersNegativeTestJSON-1885282413 tempest-ServersNegativeTestJSON-1885282413-project-member] Starting with 1 host(s) {{(pid=95637) get_filtered_objects /opt/stack/nova/nova/filters.py:70}}
May 26 09:19:52.870371 np0000001400 nova-scheduler[95637]: DEBUG nova.filters [None req-33584227-46ab-4cb5-9b63-b22d0d3dfab1 tempest-ServersNegativeTestJSON-1885282413 tempest-ServersNegativeTestJSON-1885282413-project-member] Filter ComputeFilter returned 1 host(s) {{(pid=95637) get_filtered_objects /opt/stack/nova/nova/filters.py:102}}
May 26 09:19:52.870371 np0000001400 nova-scheduler[95637]: DEBUG nova.filters [None req-33584227-46ab-4cb5-9b63-b22d0d3dfab1 tempest-ServersNegativeTestJSON-1885282413 tempest-ServersNegativeTestJSON-1885282413-project-member] Filter ComputeCapabilitiesFilter returned 1 host(s) {{(pid=95637) get_filtered_objects /opt/stack/nova/nova/filters.py:102}}
May 26 09:19:52.870733 np0000001400 nova-scheduler[95637]: DEBUG nova.filters [None req-33584227-46ab-4cb5-9b63-b22d0d3dfab1 tempest-ServersNegativeTestJSON-1885282413 tempest-ServersNegativeTestJSON-1885282413-project-member] Filter ImagePropertiesFilter returned 1 host(s) {{(pid=95637) get_filtered_objects /opt/stack/nova/nova/filters.py:102}}
May 26 09:19:52.870893 np0000001400 nova-scheduler[95637]: DEBUG nova.filters [None req-33584227-46ab-4cb5-9b63-b22d0d3dfab1 tempest-ServersNegativeTestJSON-1885282413 tempest-ServersNegativeTestJSON-1885282413-project-member] Filter ServerGroupAntiAffinityFilter returned 1 host(s) {{(pid=95637) get_filtered_objects /opt/stack/nova/nova/filters.py:102}}
May 26 09:19:52.870960 np0000001400 nova-scheduler[95637]: DEBUG nova.filters [None req-33584227-46ab-4cb5-9b63-b22d0d3dfab1 tempest-ServersNegativeTestJSON-1885282413 tempest-ServersNegativeTestJSON-1885282413-project-member] Filter ServerGroupAffinityFilter returned 1 host(s) {{(pid=95637) get_filtered_objects /opt/stack/nova/nova/filters.py:102}}
May 26 09:19:52.871074 np0000001400 nova-scheduler[95637]: DEBUG nova.filters [None req-33584227-46ab-4cb5-9b63-b22d0d3dfab1 tempest-ServersNegativeTestJSON-1885282413 tempest-ServersNegativeTestJSON-1885282413-project-member] Filter SameHostFilter returned 1 host(s) {{(pid=95637) get_filtered_objects /opt/stack/nova/nova/filters.py:102}}
May 26 09:19:52.871246 np0000001400 nova-scheduler[95637]: DEBUG nova.filters [None req-33584227-46ab-4cb5-9b63-b22d0d3dfab1 tempest-ServersNegativeTestJSON-1885282413 tempest-ServersNegativeTestJSON-1885282413-project-member] Filter DifferentHostFilter returned 1 host(s) {{(pid=95637) get_filtered_objects /opt/stack/nova/nova/filters.py:102}}
May 26 09:19:52.871379 np0000001400 nova-scheduler[95637]: DEBUG nova.scheduler.manager [None req-33584227-46ab-4cb5-9b63-b22d0d3dfab1 tempest-ServersNegativeTestJSON-1885282413 tempest-ServersNegativeTestJSON-1885282413-project-member] Filtered [(np0000001400, np0000001400) ram: 23518MB disk: 75776MB io_ops: 0 instances: 0, allocation_candidates: 1] {{(pid=95637) _get_sorted_hosts /opt/stack/nova/nova/scheduler/manager.py:743}}
May 26 09:19:52.871529 np0000001400 nova-scheduler[95637]: DEBUG nova.scheduler.manager [None req-33584227-46ab-4cb5-9b63-b22d0d3dfab1 tempest-ServersNegativeTestJSON-1885282413 tempest-ServersNegativeTestJSON-1885282413-project-member] Weighed [WeighedHost [host: (np0000001400, np0000001400) ram: 23518MB disk: 75776MB io_ops: 0 instances: 0, allocation_candidates: 1, weight: 0.0]] {{(pid=95637) _get_sorted_hosts /opt/stack/nova/nova/scheduler/manager.py:765}}
May 26 09:19:52.871716 np0000001400 nova-scheduler[95637]: DEBUG nova.scheduler.utils [None req-33584227-46ab-4cb5-9b63-b22d0d3dfab1 tempest-ServersNegativeTestJSON-1885282413 tempest-ServersNegativeTestJSON-1885282413-project-member] Attempting to claim resources in the placement API for instance 127d4496-4ef5-463a-938a-9babe08dd0ca {{(pid=95637) claim_resources /opt/stack/nova/nova/scheduler/utils.py:1304}}
May 26 09:19:53.025241 np0000001400 nova-scheduler[95637]: DEBUG nova.scheduler.manager [None req-33584227-46ab-4cb5-9b63-b22d0d3dfab1 tempest-ServersNegativeTestJSON-1885282413 tempest-ServersNegativeTestJSON-1885282413-project-member] [instance: 127d4496-4ef5-463a-938a-9babe08dd0ca] Selected host: (np0000001400, np0000001400) ram: 23518MB disk: 75776MB io_ops: 0 instances: 0, allocation_candidates: 1 {{(pid=95637) _consume_selected_host /opt/stack/nova/nova/scheduler/manager.py:625}}
May 26 09:19:53.025507 np0000001400 nova-scheduler[95637]: DEBUG oslo_concurrency.lockutils [None req-33584227-46ab-4cb5-9b63-b22d0d3dfab1 tempest-ServersNegativeTestJSON-1885282413 tempest-ServersNegativeTestJSON-1885282413-project-member] Acquiring lock "('np0000001400', 'np0000001400')" by "nova.scheduler.host_manager.HostState.consume_from_request.._locked" {{(pid=95637) inner /opt/stack/data/venv/lib/python3.12/site-packages/oslo_concurrency/lockutils.py:511}}
May 26 09:19:53.025668 np0000001400 nova-scheduler[95637]: DEBUG oslo_concurrency.lockutils [None req-33584227-46ab-4cb5-9b63-b22d0d3dfab1 tempest-ServersNegativeTestJSON-1885282413 tempest-ServersNegativeTestJSON-1885282413-project-member] Lock "('np0000001400', 'np0000001400')" acquired by "nova.scheduler.host_manager.HostState.consume_from_request.._locked" :: waited 0.000s {{(pid=95637) inner /opt/stack/data/venv/lib/python3.12/site-packages/oslo_concurrency/lockutils.py:524}}
May 26 09:19:53.025870 np0000001400 nova-scheduler[95637]: DEBUG oslo_concurrency.lockutils [None req-33584227-46ab-4cb5-9b63-b22d0d3dfab1 tempest-ServersNegativeTestJSON-1885282413 tempest-ServersNegativeTestJSON-1885282413-project-member] Lock "('np0000001400', 'np0000001400')" "released" by "nova.scheduler.host_manager.HostState.consume_from_request.._locked" :: held 0.000s {{(pid=95637) inner /opt/stack/data/venv/lib/python3.12/site-packages/oslo_concurrency/lockutils.py:543}}
May 26 09:19:59.627111 np0000001400 nova-scheduler[95660]: DEBUG nova.scheduler.manager [None req-1acd3428-0eef-498d-bb94-a57259f1c4ce tempest-ServerBootFromVolumeStableRescueTest-1085123962 tempest-ServerBootFromVolumeStableRescueTest-1085123962-project-member] Starting to schedule for instances: ['a6fbbd6d-039d-4b7d-9933-f9dc631c288d'] {{(pid=95660) select_destinations /opt/stack/nova/nova/scheduler/manager.py:210}}
May 26 09:19:59.627580 np0000001400 nova-scheduler[95660]: DEBUG nova.scheduler.request_filter [None req-1acd3428-0eef-498d-bb94-a57259f1c4ce tempest-ServerBootFromVolumeStableRescueTest-1085123962 tempest-ServerBootFromVolumeStableRescueTest-1085123962-project-member] compute_status_filter request filter added forbidden trait COMPUTE_STATUS_DISABLED {{(pid=95660) compute_status_filter /opt/stack/nova/nova/scheduler/request_filter.py:253}}
May 26 09:19:59.627634 np0000001400 nova-scheduler[95660]: DEBUG nova.scheduler.request_filter [None req-1acd3428-0eef-498d-bb94-a57259f1c4ce tempest-ServerBootFromVolumeStableRescueTest-1085123962 tempest-ServerBootFromVolumeStableRescueTest-1085123962-project-member] Request filter 'compute_status_filter' took 0.0 seconds {{(pid=95660) wrapper /opt/stack/nova/nova/scheduler/request_filter.py:46}}
May 26 09:19:59.627971 np0000001400 nova-scheduler[95660]: DEBUG nova.scheduler.request_filter [None req-1acd3428-0eef-498d-bb94-a57259f1c4ce tempest-ServerBootFromVolumeStableRescueTest-1085123962 tempest-ServerBootFromVolumeStableRescueTest-1085123962-project-member] Request filter 'accelerators_filter' took 0.0 seconds {{(pid=95660) wrapper /opt/stack/nova/nova/scheduler/request_filter.py:46}}
May 26 09:19:59.628592 np0000001400 nova-scheduler[95660]: DEBUG nova.scheduler.request_filter [None req-1acd3428-0eef-498d-bb94-a57259f1c4ce tempest-ServerBootFromVolumeStableRescueTest-1085123962 tempest-ServerBootFromVolumeStableRescueTest-1085123962-project-member] Request filter 'packed_virtqueue_filter' took 0.0 seconds {{(pid=95660) wrapper /opt/stack/nova/nova/scheduler/request_filter.py:46}}
May 26 09:19:59.628972 np0000001400 nova-scheduler[95660]: DEBUG nova.scheduler.request_filter [None req-1acd3428-0eef-498d-bb94-a57259f1c4ce tempest-ServerBootFromVolumeStableRescueTest-1085123962 tempest-ServerBootFromVolumeStableRescueTest-1085123962-project-member] Request filter 'remote_managed_ports_filter' took 0.0 seconds {{(pid=95660) wrapper /opt/stack/nova/nova/scheduler/request_filter.py:46}}
May 26 09:19:59.629225 np0000001400 nova-scheduler[95660]: DEBUG nova.scheduler.request_filter [None req-1acd3428-0eef-498d-bb94-a57259f1c4ce tempest-ServerBootFromVolumeStableRescueTest-1085123962 tempest-ServerBootFromVolumeStableRescueTest-1085123962-project-member] ephemeral_encryption_filter skipped {{(pid=95660) ephemeral_encryption_filter /opt/stack/nova/nova/scheduler/request_filter.py:426}}
May 26 09:19:59.629335 np0000001400 nova-scheduler[95660]: DEBUG nova.scheduler.request_filter [None req-1acd3428-0eef-498d-bb94-a57259f1c4ce tempest-ServerBootFromVolumeStableRescueTest-1085123962 tempest-ServerBootFromVolumeStableRescueTest-1085123962-project-member] virtio_sound_filter skipped {{(pid=95660) virtio_sound_filter /opt/stack/nova/nova/scheduler/request_filter.py:460}}
May 26 09:19:59.629642 np0000001400 nova-scheduler[95660]: DEBUG nova.scheduler.request_filter [None req-1acd3428-0eef-498d-bb94-a57259f1c4ce tempest-ServerBootFromVolumeStableRescueTest-1085123962 tempest-ServerBootFromVolumeStableRescueTest-1085123962-project-member] tpm_secret_security_filter skipped {{(pid=95660) tpm_secret_security_filter /opt/stack/nova/nova/scheduler/request_filter.py:477}}
May 26 09:19:59.757596 np0000001400 nova-scheduler[95660]: INFO nova.utils [None req-1acd3428-0eef-498d-bb94-a57259f1c4ce tempest-ServerBootFromVolumeStableRescueTest-1085123962 tempest-ServerBootFromVolumeStableRescueTest-1085123962-project-member] The cell worker thread pool ForkProcess-2.cell_worker is initialized
May 26 09:19:59.758273 np0000001400 nova-scheduler[95660]: DEBUG oslo_concurrency.lockutils [None req-1acd3428-0eef-498d-bb94-a57259f1c4ce tempest-ServerBootFromVolumeStableRescueTest-1085123962 tempest-ServerBootFromVolumeStableRescueTest-1085123962-project-member] Acquiring lock "f68cc9f3-fa19-4e35-912a-dfdc4897f887" by "nova.context.set_target_cell..get_or_set_cached_cell_and_set_connections" {{(pid=95660) inner /opt/stack/data/venv/lib/python3.12/site-packages/oslo_concurrency/lockutils.py:511}}
May 26 09:19:59.758665 np0000001400 nova-scheduler[95660]: DEBUG oslo_concurrency.lockutils [None req-1acd3428-0eef-498d-bb94-a57259f1c4ce tempest-ServerBootFromVolumeStableRescueTest-1085123962 tempest-ServerBootFromVolumeStableRescueTest-1085123962-project-member] Lock "f68cc9f3-fa19-4e35-912a-dfdc4897f887" acquired by "nova.context.set_target_cell..get_or_set_cached_cell_and_set_connections" :: waited 0.000s {{(pid=95660) inner /opt/stack/data/venv/lib/python3.12/site-packages/oslo_concurrency/lockutils.py:524}}
May 26 09:19:59.761181 np0000001400 nova-scheduler[95660]: DEBUG oslo_concurrency.lockutils [None req-1acd3428-0eef-498d-bb94-a57259f1c4ce tempest-ServerBootFromVolumeStableRescueTest-1085123962 tempest-ServerBootFromVolumeStableRescueTest-1085123962-project-member] Lock "f68cc9f3-fa19-4e35-912a-dfdc4897f887" "released" by "nova.context.set_target_cell..get_or_set_cached_cell_and_set_connections" :: held 0.002s {{(pid=95660) inner /opt/stack/data/venv/lib/python3.12/site-packages/oslo_concurrency/lockutils.py:543}}
May 26 09:19:59.763967 np0000001400 nova-scheduler[95660]: INFO dbcounter [None req-1acd3428-0eef-498d-bb94-a57259f1c4ce tempest-ServerBootFromVolumeStableRescueTest-1085123962 tempest-ServerBootFromVolumeStableRescueTest-1085123962-project-member] Registered counter for database nova_cell1
May 26 09:19:59.771220 np0000001400 nova-scheduler[95660]: DEBUG oslo_db.sqlalchemy.engines [None req-1acd3428-0eef-498d-bb94-a57259f1c4ce tempest-ServerBootFromVolumeStableRescueTest-1085123962 tempest-ServerBootFromVolumeStableRescueTest-1085123962-project-member] MySQL server mode set to STRICT_TRANS_TABLES,STRICT_ALL_TABLES,NO_ZERO_IN_DATE,NO_ZERO_DATE,ERROR_FOR_DIVISION_BY_ZERO,TRADITIONAL,NO_ENGINE_SUBSTITUTION {{(pid=95660) _check_effective_sql_mode /opt/stack/data/venv/lib/python3.12/site-packages/oslo_db/sqlalchemy/engines.py:325}}
May 26 09:19:59.776647 np0000001400 nova-scheduler[95660]: DEBUG dbcounter [-] [95660] Writer thread running {{(pid=95660) stat_writer /opt/stack/data/venv/lib/python3.12/site-packages/dbcounter.py:102}}
May 26 09:19:59.799042 np0000001400 nova-scheduler[95660]: DEBUG dbcounter [-] [95660] Writer thread running {{(pid=95660) stat_writer /opt/stack/data/venv/lib/python3.12/site-packages/dbcounter.py:102}}
May 26 09:19:59.804050 np0000001400 nova-scheduler[95660]: DEBUG oslo_concurrency.lockutils [None req-1acd3428-0eef-498d-bb94-a57259f1c4ce tempest-ServerBootFromVolumeStableRescueTest-1085123962 tempest-ServerBootFromVolumeStableRescueTest-1085123962-project-member] Acquiring lock "f68cc9f3-fa19-4e35-912a-dfdc4897f887" by "nova.context.set_target_cell..get_or_set_cached_cell_and_set_connections" {{(pid=95660) inner /opt/stack/data/venv/lib/python3.12/site-packages/oslo_concurrency/lockutils.py:511}}
May 26 09:19:59.804050 np0000001400 nova-scheduler[95660]: DEBUG oslo_concurrency.lockutils [None req-1acd3428-0eef-498d-bb94-a57259f1c4ce tempest-ServerBootFromVolumeStableRescueTest-1085123962 tempest-ServerBootFromVolumeStableRescueTest-1085123962-project-member] Lock "f68cc9f3-fa19-4e35-912a-dfdc4897f887" acquired by "nova.context.set_target_cell..get_or_set_cached_cell_and_set_connections" :: waited 0.000s {{(pid=95660) inner /opt/stack/data/venv/lib/python3.12/site-packages/oslo_concurrency/lockutils.py:524}}
May 26 09:19:59.804243 np0000001400 nova-scheduler[95660]: DEBUG oslo_concurrency.lockutils [None req-1acd3428-0eef-498d-bb94-a57259f1c4ce tempest-ServerBootFromVolumeStableRescueTest-1085123962 tempest-ServerBootFromVolumeStableRescueTest-1085123962-project-member] Lock "f68cc9f3-fa19-4e35-912a-dfdc4897f887" "released" by "nova.context.set_target_cell..get_or_set_cached_cell_and_set_connections" :: held 0.000s {{(pid=95660) inner /opt/stack/data/venv/lib/python3.12/site-packages/oslo_concurrency/lockutils.py:543}}
May 26 09:19:59.810060 np0000001400 nova-scheduler[95660]: DEBUG oslo_concurrency.lockutils [None req-1acd3428-0eef-498d-bb94-a57259f1c4ce tempest-ServerBootFromVolumeStableRescueTest-1085123962 tempest-ServerBootFromVolumeStableRescueTest-1085123962-project-member] Acquiring lock "('np0000001400', 'np0000001400')" by "nova.scheduler.host_manager.HostState.update.._locked_update" {{(pid=95660) inner /opt/stack/data/venv/lib/python3.12/site-packages/oslo_concurrency/lockutils.py:511}}
May 26 09:19:59.810060 np0000001400 nova-scheduler[95660]: DEBUG oslo_concurrency.lockutils [None req-1acd3428-0eef-498d-bb94-a57259f1c4ce tempest-ServerBootFromVolumeStableRescueTest-1085123962 tempest-ServerBootFromVolumeStableRescueTest-1085123962-project-member] Lock "('np0000001400', 'np0000001400')" acquired by "nova.scheduler.host_manager.HostState.update.._locked_update" :: waited 0.000s {{(pid=95660) inner /opt/stack/data/venv/lib/python3.12/site-packages/oslo_concurrency/lockutils.py:524}}
