Jul 22 23:32:41.597760 np0000005672 devstack@g-api.service[103038]: DEBUG glance.api.middleware.version_negotiation [None req-a7d5dc4f-52c9-4b7f-b910-112f3d828b1b tempest-VolumesActionsTest-1871096427 tempest-VolumesActionsTest-1871096427-project-member] Using url versioning {{(pid=103038) process_request /opt/stack/glance/glance/api/middleware/version_negotiation.py:57}}
Jul 22 23:32:41.597760 np0000005672 devstack@g-api.service[103038]: DEBUG glance.api.middleware.version_negotiation [None req-a7d5dc4f-52c9-4b7f-b910-112f3d828b1b tempest-VolumesActionsTest-1871096427 tempest-VolumesActionsTest-1871096427-project-member] Matched version: v2 {{(pid=103038) process_request /opt/stack/glance/glance/api/middleware/version_negotiation.py:69}}
Jul 22 23:32:41.597760 np0000005672 devstack@g-api.service[103038]: DEBUG glance.api.middleware.version_negotiation [None req-a7d5dc4f-52c9-4b7f-b910-112f3d828b1b tempest-VolumesActionsTest-1871096427 tempest-VolumesActionsTest-1871096427-project-member] new path /v2/images/72d379f0-076f-4f19-93d2-883c2a196fb6 {{(pid=103038) process_request /opt/stack/glance/glance/api/middleware/version_negotiation.py:70}}
Jul 22 23:32:41.622991 np0000005672 devstack@g-api.service[103038]: [pid: 103038|app: 0|req: 63/270] 127.0.0.1 () {40 vars in 838 bytes} [Wed Jul 22 23:32:41 2026] GET /v2/images/72d379f0-076f-4f19-93d2-883c2a196fb6 => generated 650 bytes in 26 msecs (HTTP/1.1 200) 4 headers in 157 bytes (1 switches on core 0)
Jul 22 23:32:42.634128 np0000005672 devstack@g-api.service[103040]: DEBUG glance.api.middleware.version_negotiation [None req-b7e663de-043f-47b4-aa1e-87e5b9f6df98 tempest-VolumesActionsTest-1871096427 tempest-VolumesActionsTest-1871096427-project-member] Determining version of request: GET /v2/images/72d379f0-076f-4f19-93d2-883c2a196fb6 Accept: application/json {{(pid=103040) process_request /opt/stack/glance/glance/api/middleware/version_negotiation.py:44}}
Jul 22 23:32:42.634128 np0000005672 devstack@g-api.service[103040]: DEBUG glance.api.middleware.version_negotiation [None req-b7e663de-043f-47b4-aa1e-87e5b9f6df98 tempest-VolumesActionsTest-1871096427 tempest-VolumesActionsTest-1871096427-project-member] Using url versioning {{(pid=103040) process_request /opt/stack/glance/glance/api/middleware/version_negotiation.py:57}}
Jul 22 23:32:42.634624 np0000005672 devstack@g-api.service[103040]: DEBUG glance.api.middleware.version_negotiation [None req-b7e663de-043f-47b4-aa1e-87e5b9f6df98 tempest-VolumesActionsTest-1871096427 tempest-VolumesActionsTest-1871096427-project-member] Matched version: v2 {{(pid=103040) process_request /opt/stack/glance/glance/api/middleware/version_negotiation.py:69}}
Jul 22 23:32:42.634624 np0000005672 devstack@g-api.service[103040]: DEBUG glance.api.middleware.version_negotiation [None req-b7e663de-043f-47b4-aa1e-87e5b9f6df98 tempest-VolumesActionsTest-1871096427 tempest-VolumesActionsTest-1871096427-project-member] new path /v2/images/72d379f0-076f-4f19-93d2-883c2a196fb6 {{(pid=103040) process_request /opt/stack/glance/glance/api/middleware/version_negotiation.py:70}}
Jul 22 23:32:42.652775 np0000005672 devstack@g-api.service[103040]: [pid: 103040|app: 0|req: 71/271] 127.0.0.1 () {40 vars in 838 bytes} [Wed Jul 22 23:32:42 2026] GET /v2/images/72d379f0-076f-4f19-93d2-883c2a196fb6 => generated 650 bytes in 19 msecs (HTTP/1.1 200) 4 headers in 157 bytes (1 switches on core 0)
Jul 22 23:32:42.797624 np0000005672 devstack@g-api.service[103039]: DEBUG swiftclient [None req-815033bb-a5b0-4333-89b4-d631ef812416 tempest-VolumesActionsTest-1871096427 tempest-VolumesActionsTest-1871096427-project-member] REQ: curl -i https://10.4.3.157:8080/v1/AUTH_857e2af6f9c04424be9d3e7f33b6913b/glance/72d379f0-076f-4f19-93d2-883c2a196fb6-00003 -X PUT -H "X-Auth-Token: gAAAAABqYVMUrxBj..." {{(pid=103039) http_log /opt/stack/data/venv/lib/python3.12/site-packages/swiftclient/client.py:160}}
Jul 22 23:32:42.797937 np0000005672 devstack@g-api.service[103039]: DEBUG swiftclient [None req-815033bb-a5b0-4333-89b4-d631ef812416 tempest-VolumesActionsTest-1871096427 tempest-VolumesActionsTest-1871096427-project-member] RESP STATUS: 201 Created {{(pid=103039) http_log /opt/stack/data/venv/lib/python3.12/site-packages/swiftclient/client.py:161}}
Jul 22 23:32:42.797937 np0000005672 devstack@g-api.service[103039]: DEBUG swiftclient [None req-815033bb-a5b0-4333-89b4-d631ef812416 tempest-VolumesActionsTest-1871096427 tempest-VolumesActionsTest-1871096427-project-member] RESP HEADERS: {'Date': 'Wed, 22 Jul 2026 23:32:42 GMT', 'Server': 'Apache/2.4.58 (Ubuntu)', 'Content-Type': 'text/html; charset=UTF-8', 'Content-Length': '0', 'Etag': 'eda9a9889837ac4bc81d6387d92c1bec', 'Last-Modified': 'Wed, 22 Jul 2026 23:32:41 GMT', 'X-Trans-Id': 'txcc55eb5929a045aa88290-006a615318', 'X-Openstack-Request-Id': 'txcc55eb5929a045aa88290-006a615318', 'Connection': 'close'} {{(pid=103039) http_log /opt/stack/data/venv/lib/python3.12/site-packages/swiftclient/client.py:162}}
Jul 22 23:32:42.797937 np0000005672 devstack@g-api.service[103039]: DEBUG glance_store._drivers.swift.store [None req-815033bb-a5b0-4333-89b4-d631ef812416 tempest-VolumesActionsTest-1871096427 tempest-VolumesActionsTest-1871096427-project-member] Wrote chunk 72d379f0-076f-4f19-93d2-883c2a196fb6-00003 (3/?) of length 204800000 to Swift returning MD5 of content: eda9a9889837ac4bc81d6387d92c1bec {{(pid=103039) add /opt/stack/data/venv/lib/python3.12/site-packages/glance_store/_drivers/swift/store.py:1059}}
Jul 22 23:32:42.916722 np0000005672 devstack@g-api.service[103037]: DEBUG glance.api.middleware.version_negotiation [None req-c11d96bd-a5bd-43c6-8939-5036fec495b7 tempest-VolumesActionsTest-1871096427 tempest-VolumesActionsTest-1871096427-project-member] Determining version of request: GET /v2/images/56e2da1e-ecb3-45fe-80f7-5fc5e35b2733 Accept: */* {{(pid=103037) process_request /opt/stack/glance/glance/api/middleware/version_negotiation.py:44}}
Jul 22 23:32:42.917162 np0000005672 devstack@g-api.service[103037]: DEBUG glance.api.middleware.version_negotiation [None req-c11d96bd-a5bd-43c6-8939-5036fec495b7 tempest-VolumesActionsTest-1871096427 tempest-VolumesActionsTest-1871096427-project-member] Using url versioning {{(pid=103037) process_request /opt/stack/glance/glance/api/middleware/version_negotiation.py:57}}
Jul 22 23:32:42.917162 np0000005672 devstack@g-api.service[103037]: DEBUG glance.api.middleware.version_negotiation [None req-c11d96bd-a5bd-43c6-8939-5036fec495b7 tempest-VolumesActionsTest-1871096427 tempest-VolumesActionsTest-1871096427-project-member] Matched version: v2 {{(pid=103037) process_request /opt/stack/glance/glance/api/middleware/version_negotiation.py:69}}
Jul 22 23:32:42.917162 np0000005672 devstack@g-api.service[103037]: DEBUG glance.api.middleware.version_negotiation [None req-c11d96bd-a5bd-43c6-8939-5036fec495b7 tempest-VolumesActionsTest-1871096427 tempest-VolumesActionsTest-1871096427-project-member] new path /v2/images/56e2da1e-ecb3-45fe-80f7-5fc5e35b2733 {{(pid=103037) process_request /opt/stack/glance/glance/api/middleware/version_negotiation.py:70}}
Jul 22 23:32:42.927590 np0000005672 devstack@g-api.service[103037]: [pid: 103037|app: 0|req: 70/272] 127.0.0.1 () {44 vars in 1115 bytes} [Wed Jul 22 23:32:42 2026] GET /v2/images/56e2da1e-ecb3-45fe-80f7-5fc5e35b2733 => generated 1044 bytes in 11 msecs (HTTP/1.1 200) 4 headers in 158 bytes (1 switches on core 0)
Jul 22 23:32:42.937510 np0000005672 devstack@g-api.service[103038]: DEBUG glance.api.middleware.version_negotiation [None req-cbe8cba7-eb67-499e-bce1-16dc63139215 tempest-VolumesActionsTest-1871096427 tempest-VolumesActionsTest-1871096427-project-member] Determining version of request: GET /v2/schemas/image Accept: */* {{(pid=103038) process_request /opt/stack/glance/glance/api/middleware/version_negotiation.py:44}}
Jul 22 23:32:42.937986 np0000005672 devstack@g-api.service[103038]: DEBUG glance.api.middleware.version_negotiation [None req-cbe8cba7-eb67-499e-bce1-16dc63139215 tempest-VolumesActionsTest-1871096427 tempest-VolumesActionsTest-1871096427-project-member] Using url versioning {{(pid=103038) process_request /opt/stack/glance/glance/api/middleware/version_negotiation.py:57}}
Jul 22 23:32:42.939707 np0000005672 devstack@g-api.service[103038]: DEBUG glance.api.middleware.version_negotiation [None req-cbe8cba7-eb67-499e-bce1-16dc63139215 tempest-VolumesActionsTest-1871096427 tempest-VolumesActionsTest-1871096427-project-member] Matched version: v2 {{(pid=103038) process_request /opt/stack/glance/glance/api/middleware/version_negotiation.py:69}}
Jul 22 23:32:42.939707 np0000005672 devstack@g-api.service[103038]: DEBUG glance.api.middleware.version_negotiation [None req-cbe8cba7-eb67-499e-bce1-16dc63139215 tempest-VolumesActionsTest-1871096427 tempest-VolumesActionsTest-1871096427-project-member] new path /v2/schemas/image {{(pid=103038) process_request /opt/stack/glance/glance/api/middleware/version_negotiation.py:70}}
Jul 22 23:32:42.944883 np0000005672 devstack@g-api.service[103038]: [pid: 103038|app: 0|req: 64/273] 127.0.0.1 () {44 vars in 1055 bytes} [Wed Jul 22 23:32:42 2026] GET /v2/schemas/image => generated 6083 bytes in 6 msecs (HTTP/1.1 200) 4 headers in 158 bytes (1 switches on core 0)
Jul 22 23:32:42.955572 np0000005672 devstack@g-api.service[103040]: DEBUG glance.api.middleware.version_negotiation [None req-abfd2886-6df7-401b-b3b2-e34d5248925f tempest-VolumesActionsTest-1871096427 tempest-VolumesActionsTest-1871096427-project-member] Determining version of request: GET /v2/schemas/image Accept: */* {{(pid=103040) process_request /opt/stack/glance/glance/api/middleware/version_negotiation.py:44}}
Jul 22 23:32:42.955756 np0000005672 devstack@g-api.service[103040]: DEBUG glance.api.middleware.version_negotiation [None req-abfd2886-6df7-401b-b3b2-e34d5248925f tempest-VolumesActionsTest-1871096427 tempest-VolumesActionsTest-1871096427-project-member] Using url versioning {{(pid=103040) process_request /opt/stack/glance/glance/api/middleware/version_negotiation.py:57}}
Jul 22 23:32:42.956218 np0000005672 devstack@g-api.service[103040]: DEBUG glance.api.middleware.version_negotiation [None req-abfd2886-6df7-401b-b3b2-e34d5248925f tempest-VolumesActionsTest-1871096427 tempest-VolumesActionsTest-1871096427-project-member] Matched version: v2 {{(pid=103040) process_request /opt/stack/glance/glance/api/middleware/version_negotiation.py:69}}
Jul 22 23:32:42.956218 np0000005672 devstack@g-api.service[103040]: DEBUG glance.api.middleware.version_negotiation [None req-abfd2886-6df7-401b-b3b2-e34d5248925f tempest-VolumesActionsTest-1871096427 tempest-VolumesActionsTest-1871096427-project-member] new path /v2/schemas/image {{(pid=103040) process_request /opt/stack/glance/glance/api/middleware/version_negotiation.py:70}}
Jul 22 23:32:42.961340 np0000005672 devstack@g-api.service[103040]: [pid: 103040|app: 0|req: 72/274] 127.0.0.1 () {44 vars in 1055 bytes} [Wed Jul 22 23:32:42 2026] GET /v2/schemas/image => generated 6083 bytes in 6 msecs (HTTP/1.1 200) 4 headers in 158 bytes (1 switches on core 0)
Jul 22 23:32:42.970442 np0000005672 devstack@g-api.service[103037]: DEBUG glance.api.middleware.version_negotiation [None req-42fcdba1-d0ea-4ec9-b046-098c1c15f7ee tempest-TaggedBootDevicesTest_v242-958749788 tempest-TaggedBootDevicesTest_v242-958749788-project-member] Determining version of request: GET /v2/images/56e2da1e-ecb3-45fe-80f7-5fc5e35b2733 Accept: */* {{(pid=103037) process_request /opt/stack/glance/glance/api/middleware/version_negotiation.py:44}}
Jul 22 23:32:42.970643 np0000005672 devstack@g-api.service[103037]: DEBUG glance.api.middleware.version_negotiation [None req-42fcdba1-d0ea-4ec9-b046-098c1c15f7ee tempest-TaggedBootDevicesTest_v242-958749788 tempest-TaggedBootDevicesTest_v242-958749788-project-member] Using url versioning {{(pid=103037) process_request /opt/stack/glance/glance/api/middleware/version_negotiation.py:57}}
Jul 22 23:32:42.970724 np0000005672 devstack@g-api.service[103037]: DEBUG glance.api.middleware.version_negotiation [None req-42fcdba1-d0ea-4ec9-b046-098c1c15f7ee tempest-TaggedBootDevicesTest_v242-958749788 tempest-TaggedBootDevicesTest_v242-958749788-project-member] Matched version: v2 {{(pid=103037) process_request /opt/stack/glance/glance/api/middleware/version_negotiation.py:69}}
Jul 22 23:32:42.970882 np0000005672 devstack@g-api.service[103037]: DEBUG glance.api.middleware.version_negotiation [None req-42fcdba1-d0ea-4ec9-b046-098c1c15f7ee tempest-TaggedBootDevicesTest_v242-958749788 tempest-TaggedBootDevicesTest_v242-958749788-project-member] new path /v2/images/56e2da1e-ecb3-45fe-80f7-5fc5e35b2733 {{(pid=103037) process_request /opt/stack/glance/glance/api/middleware/version_negotiation.py:70}}
Jul 22 23:32:42.980384 np0000005672 devstack@g-api.service[103037]: [pid: 103037|app: 0|req: 71/275] 127.0.0.1 () {44 vars in 1115 bytes} [Wed Jul 22 23:32:42 2026] GET /v2/images/56e2da1e-ecb3-45fe-80f7-5fc5e35b2733 => generated 1044 bytes in 10 msecs (HTTP/1.1 200) 4 headers in 158 bytes (1 switches on core 0)
Jul 22 23:32:42.992039 np0000005672 devstack@g-api.service[103038]: DEBUG glance.api.middleware.version_negotiation [None req-42fcdba1-d0ea-4ec9-b046-098c1c15f7ee tempest-TaggedBootDevicesTest_v242-958749788 tempest-TaggedBootDevicesTest_v242-958749788-project-member] Determining version of request: GET /v2/schemas/image Accept: */* {{(pid=103038) process_request /opt/stack/glance/glance/api/middleware/version_negotiation.py:44}}
Jul 22 23:32:42.992153 np0000005672 devstack@g-api.service[103038]: DEBUG glance.api.middleware.version_negotiation [None req-42fcdba1-d0ea-4ec9-b046-098c1c15f7ee tempest-TaggedBootDevicesTest_v242-958749788 tempest-TaggedBootDevicesTest_v242-958749788-project-member] Using url versioning {{(pid=103038) process_request /opt/stack/glance/glance/api/middleware/version_negotiation.py:57}}
Jul 22 23:32:42.992268 np0000005672 devstack@g-api.service[103038]: DEBUG glance.api.middleware.version_negotiation [None req-42fcdba1-d0ea-4ec9-b046-098c1c15f7ee tempest-TaggedBootDevicesTest_v242-958749788 tempest-TaggedBootDevicesTest_v242-958749788-project-member] Matched version: v2 {{(pid=103038) process_request /opt/stack/glance/glance/api/middleware/version_negotiation.py:69}}
Jul 22 23:32:42.992453 np0000005672 devstack@g-api.service[103038]: DEBUG glance.api.middleware.version_negotiation [None req-42fcdba1-d0ea-4ec9-b046-098c1c15f7ee tempest-TaggedBootDevicesTest_v242-958749788 tempest-TaggedBootDevicesTest_v242-958749788-project-member] new path /v2/schemas/image {{(pid=103038) process_request /opt/stack/glance/glance/api/middleware/version_negotiation.py:70}}
Jul 22 23:32:42.996387 np0000005672 devstack@g-api.service[103038]: [pid: 103038|app: 0|req: 65/276] 127.0.0.1 () {44 vars in 1055 bytes} [Wed Jul 22 23:32:42 2026] GET /v2/schemas/image => generated 6083 bytes in 4 msecs (HTTP/1.1 200) 4 headers in 158 bytes (1 switches on core 0)
Jul 22 23:32:43.006964 np0000005672 devstack@g-api.service[103040]: DEBUG glance.api.middleware.version_negotiation [None req-42fcdba1-d0ea-4ec9-b046-098c1c15f7ee tempest-TaggedBootDevicesTest_v242-958749788 tempest-TaggedBootDevicesTest_v242-958749788-project-member] Determining version of request: GET /v2/schemas/image Accept: */* {{(pid=103040) process_request /opt/stack/glance/glance/api/middleware/version_negotiation.py:44}}
Jul 22 23:32:43.006964 np0000005672 devstack@g-api.service[103040]: DEBUG glance.api.middleware.version_negotiation [None req-42fcdba1-d0ea-4ec9-b046-098c1c15f7ee tempest-TaggedBootDevicesTest_v242-958749788 tempest-TaggedBootDevicesTest_v242-958749788-project-member] Using url versioning {{(pid=103040) process_request /opt/stack/glance/glance/api/middleware/version_negotiation.py:57}}
Jul 22 23:32:43.007281 np0000005672 devstack@g-api.service[103040]: DEBUG glance.api.middleware.version_negotiation [None req-42fcdba1-d0ea-4ec9-b046-098c1c15f7ee tempest-TaggedBootDevicesTest_v242-958749788 tempest-TaggedBootDevicesTest_v242-958749788-project-member] Matched version: v2 {{(pid=103040) process_request /opt/stack/glance/glance/api/middleware/version_negotiation.py:69}}
Jul 22 23:32:43.007437 np0000005672 devstack@g-api.service[103040]: DEBUG glance.api.middleware.version_negotiation [None req-42fcdba1-d0ea-4ec9-b046-098c1c15f7ee tempest-TaggedBootDevicesTest_v242-958749788 tempest-TaggedBootDevicesTest_v242-958749788-project-member] new path /v2/schemas/image {{(pid=103040) process_request /opt/stack/glance/glance/api/middleware/version_negotiation.py:70}}
Jul 22 23:32:43.011880 np0000005672 devstack@g-api.service[103040]: [pid: 103040|app: 0|req: 73/277] 127.0.0.1 () {44 vars in 1055 bytes} [Wed Jul 22 23:32:43 2026] GET /v2/schemas/image => generated 6083 bytes in 6 msecs (HTTP/1.1 200) 4 headers in 158 bytes (1 switches on core 0)
Jul 22 23:32:43.039094 np0000005672 devstack@g-api.service[103037]: DEBUG glance.api.middleware.version_negotiation [None req-42fcdba1-d0ea-4ec9-b046-098c1c15f7ee tempest-TaggedBootDevicesTest_v242-958749788 tempest-TaggedBootDevicesTest_v242-958749788-project-member] Determining version of request: GET /v2/images/56e2da1e-ecb3-45fe-80f7-5fc5e35b2733 Accept: */* {{(pid=103037) process_request /opt/stack/glance/glance/api/middleware/version_negotiation.py:44}}
Jul 22 23:32:43.039382 np0000005672 devstack@g-api.service[103037]: DEBUG glance.api.middleware.version_negotiation [None req-42fcdba1-d0ea-4ec9-b046-098c1c15f7ee tempest-TaggedBootDevicesTest_v242-958749788 tempest-TaggedBootDevicesTest_v242-958749788-project-member] Using url versioning {{(pid=103037) process_request /opt/stack/glance/glance/api/middleware/version_negotiation.py:57}}
Jul 22 23:32:43.039500 np0000005672 devstack@g-api.service[103037]: DEBUG glance.api.middleware.version_negotiation [None req-42fcdba1-d0ea-4ec9-b046-098c1c15f7ee tempest-TaggedBootDevicesTest_v242-958749788 tempest-TaggedBootDevicesTest_v242-958749788-project-member] Matched version: v2 {{(pid=103037) process_request /opt/stack/glance/glance/api/middleware/version_negotiation.py:69}}
Jul 22 23:32:43.039757 np0000005672 devstack@g-api.service[103037]: DEBUG glance.api.middleware.version_negotiation [None req-42fcdba1-d0ea-4ec9-b046-098c1c15f7ee tempest-TaggedBootDevicesTest_v242-958749788 tempest-TaggedBootDevicesTest_v242-958749788-project-member] new path /v2/images/56e2da1e-ecb3-45fe-80f7-5fc5e35b2733 {{(pid=103037) process_request /opt/stack/glance/glance/api/middleware/version_negotiation.py:70}}
Jul 22 23:32:43.049509 np0000005672 devstack@g-api.service[103037]: [pid: 103037|app: 0|req: 72/278] 127.0.0.1 () {44 vars in 1115 bytes} [Wed Jul 22 23:32:43 2026] GET /v2/images/56e2da1e-ecb3-45fe-80f7-5fc5e35b2733 => generated 1044 bytes in 11 msecs (HTTP/1.1 200) 4 headers in 158 bytes (1 switches on core 0)
Jul 22 23:32:43.061429 np0000005672 devstack@g-api.service[103038]: DEBUG glance.api.middleware.version_negotiation [None req-42fcdba1-d0ea-4ec9-b046-098c1c15f7ee tempest-TaggedBootDevicesTest_v242-958749788 tempest-TaggedBootDevicesTest_v242-958749788-project-member] Determining version of request: GET /v2/schemas/image Accept: */* {{(pid=103038) process_request /opt/stack/glance/glance/api/middleware/version_negotiation.py:44}}
Jul 22 23:32:43.063469 np0000005672 devstack@g-api.service[103038]: DEBUG glance.api.middleware.version_negotiation [None req-42fcdba1-d0ea-4ec9-b046-098c1c15f7ee tempest-TaggedBootDevicesTest_v242-958749788 tempest-TaggedBootDevicesTest_v242-958749788-project-member] Using url versioning {{(pid=103038) process_request /opt/stack/glance/glance/api/middleware/version_negotiation.py:57}}
Jul 22 23:32:43.063469 np0000005672 devstack@g-api.service[103038]: DEBUG glance.api.middleware.version_negotiation [None req-42fcdba1-d0ea-4ec9-b046-098c1c15f7ee tempest-TaggedBootDevicesTest_v242-958749788 tempest-TaggedBootDevicesTest_v242-958749788-project-member] Matched version: v2 {{(pid=103038) process_request /opt/stack/glance/glance/api/middleware/version_negotiation.py:69}}
Jul 22 23:32:43.063469 np0000005672 devstack@g-api.service[103038]: DEBUG glance.api.middleware.version_negotiation [None req-42fcdba1-d0ea-4ec9-b046-098c1c15f7ee tempest-TaggedBootDevicesTest_v242-958749788 tempest-TaggedBootDevicesTest_v242-958749788-project-member] new path /v2/schemas/image {{(pid=103038) process_request /opt/stack/glance/glance/api/middleware/version_negotiation.py:70}}
Jul 22 23:32:43.064624 np0000005672 devstack@g-api.service[103038]: [pid: 103038|app: 0|req: 66/279] 127.0.0.1 () {44 vars in 1055 bytes} [Wed Jul 22 23:32:43 2026] GET /v2/schemas/image => generated 6083 bytes in 3 msecs (HTTP/1.1 200) 4 headers in 158 bytes (1 switches on core 0)
Jul 22 23:32:43.501606 np0000005672 devstack@g-api.service[103040]: DEBUG glance.api.middleware.version_negotiation [None req-42fcdba1-d0ea-4ec9-b046-098c1c15f7ee tempest-TaggedBootDevicesTest_v242-958749788 tempest-TaggedBootDevicesTest_v242-958749788-project-member] Determining version of request: GET /versions Accept: */* {{(pid=103040) process_request /opt/stack/glance/glance/api/middleware/version_negotiation.py:44}}
Jul 22 23:32:43.502430 np0000005672 devstack@g-api.service[103040]: [pid: 103040|app: 0|req: 74/280] 127.0.0.1 () {44 vars in 1039 bytes} [Wed Jul 22 23:32:43 2026] GET /versions => generated 1515 bytes in 1 msecs (HTTP/1.1 200) 3 headers in 92 bytes (1 switches on core 0)
Jul 22 23:32:43.513004 np0000005672 devstack@g-api.service[103037]: DEBUG glance.api.middleware.version_negotiation [None req-42fcdba1-d0ea-4ec9-b046-098c1c15f7ee tempest-TaggedBootDevicesTest_v242-958749788 tempest-TaggedBootDevicesTest_v242-958749788-project-member] Determining version of request: GET /v2/images/56e2da1e-ecb3-45fe-80f7-5fc5e35b2733/locations Accept: */* {{(pid=103037) process_request /opt/stack/glance/glance/api/middleware/version_negotiation.py:44}}
Jul 22 23:32:43.513149 np0000005672 devstack@g-api.service[103037]: DEBUG glance.api.middleware.version_negotiation [None req-42fcdba1-d0ea-4ec9-b046-098c1c15f7ee tempest-TaggedBootDevicesTest_v242-958749788 tempest-TaggedBootDevicesTest_v242-958749788-project-member] Using url versioning {{(pid=103037) process_request /opt/stack/glance/glance/api/middleware/version_negotiation.py:57}}
Jul 22 23:32:43.513302 np0000005672 devstack@g-api.service[103037]: DEBUG glance.api.middleware.version_negotiation [None req-42fcdba1-d0ea-4ec9-b046-098c1c15f7ee tempest-TaggedBootDevicesTest_v242-958749788 tempest-TaggedBootDevicesTest_v242-958749788-project-member] Matched version: v2 {{(pid=103037) process_request /opt/stack/glance/glance/api/middleware/version_negotiation.py:69}}
Jul 22 23:32:43.513421 np0000005672 devstack@g-api.service[103037]: DEBUG glance.api.middleware.version_negotiation [None req-42fcdba1-d0ea-4ec9-b046-098c1c15f7ee tempest-TaggedBootDevicesTest_v242-958749788 tempest-TaggedBootDevicesTest_v242-958749788-project-member] new path /v2/images/56e2da1e-ecb3-45fe-80f7-5fc5e35b2733/locations {{(pid=103037) process_request /opt/stack/glance/glance/api/middleware/version_negotiation.py:70}}
Jul 22 23:32:43.652074 np0000005672 devstack@g-api.service[103037]: [pid: 103037|app: 0|req: 73/281] 127.0.0.1 () {44 vars in 1135 bytes} [Wed Jul 22 23:32:43 2026] GET /v2/images/56e2da1e-ecb3-45fe-80f7-5fc5e35b2733/locations => generated 92 bytes in 139 msecs (HTTP/1.1 200) 4 headers in 156 bytes (1 switches on core 0)
Jul 22 23:32:43.664508 np0000005672 devstack@g-api.service[103038]: DEBUG glance.api.middleware.version_negotiation [None req-42fcdba1-d0ea-4ec9-b046-098c1c15f7ee tempest-TaggedBootDevicesTest_v242-958749788 tempest-TaggedBootDevicesTest_v242-958749788-project-member] Determining version of request: GET /v2/images/56e2da1e-ecb3-45fe-80f7-5fc5e35b2733 Accept: */* {{(pid=103038) process_request /opt/stack/glance/glance/api/middleware/version_negotiation.py:44}}
Jul 22 23:32:43.664773 np0000005672 devstack@g-api.service[103038]: DEBUG glance.api.middleware.version_negotiation [None req-42fcdba1-d0ea-4ec9-b046-098c1c15f7ee tempest-TaggedBootDevicesTest_v242-958749788 tempest-TaggedBootDevicesTest_v242-958749788-project-member] Using url versioning {{(pid=103038) process_request /opt/stack/glance/glance/api/middleware/version_negotiation.py:57}}
Jul 22 23:32:43.664911 np0000005672 devstack@g-api.service[103038]: DEBUG glance.api.middleware.version_negotiation [None req-42fcdba1-d0ea-4ec9-b046-098c1c15f7ee tempest-TaggedBootDevicesTest_v242-958749788 tempest-TaggedBootDevicesTest_v242-958749788-project-member] Matched version: v2 {{(pid=103038) process_request /opt/stack/glance/glance/api/middleware/version_negotiation.py:69}}
Jul 22 23:32:43.665041 np0000005672 devstack@g-api.service[103038]: DEBUG glance.api.middleware.version_negotiation [None req-42fcdba1-d0ea-4ec9-b046-098c1c15f7ee tempest-TaggedBootDevicesTest_v242-958749788 tempest-TaggedBootDevicesTest_v242-958749788-project-member] new path /v2/images/56e2da1e-ecb3-45fe-80f7-5fc5e35b2733 {{(pid=103038) process_request /opt/stack/glance/glance/api/middleware/version_negotiation.py:70}}
Jul 22 23:32:43.666134 np0000005672 devstack@g-api.service[103040]: DEBUG glance.api.middleware.version_negotiation [None req-42fcdba1-d0ea-4ec9-b046-098c1c15f7ee tempest-TaggedBootDevicesTest_v242-958749788 tempest-TaggedBootDevicesTest_v242-958749788-project-member] Determining version of request: GET /v2/images/72d379f0-076f-4f19-93d2-883c2a196fb6 Accept: application/json {{(pid=103040) process_request /opt/stack/glance/glance/api/middleware/version_negotiation.py:44}}
Jul 22 23:32:43.666452 np0000005672 devstack@g-api.service[103040]: DEBUG glance.api.middleware.version_negotiation [None req-42fcdba1-d0ea-4ec9-b046-098c1c15f7ee tempest-TaggedBootDevicesTest_v242-958749788 tempest-TaggedBootDevicesTest_v242-958749788-project-member] Using url versioning {{(pid=103040) process_request /opt/stack/glance/glance/api/middleware/version_negotiation.py:57}}
Jul 22 23:32:43.666452 np0000005672 devstack@g-api.service[103040]: DEBUG glance.api.middleware.version_negotiation [None req-42fcdba1-d0ea-4ec9-b046-098c1c15f7ee tempest-TaggedBootDevicesTest_v242-958749788 tempest-TaggedBootDevicesTest_v242-958749788-project-member] Matched version: v2 {{(pid=103040) process_request /opt/stack/glance/glance/api/middleware/version_negotiation.py:69}}
Jul 22 23:32:43.667053 np0000005672 devstack@g-api.service[103040]: DEBUG glance.api.middleware.version_negotiation [None req-42fcdba1-d0ea-4ec9-b046-098c1c15f7ee tempest-TaggedBootDevicesTest_v242-958749788 tempest-TaggedBootDevicesTest_v242-958749788-project-member] new path /v2/images/72d379f0-076f-4f19-93d2-883c2a196fb6 {{(pid=103040) process_request /opt/stack/glance/glance/api/middleware/version_negotiation.py:70}}
Jul 22 23:32:43.682768 np0000005672 devstack@g-api.service[103038]: [pid: 103038|app: 0|req: 67/283] 127.0.0.1 () {44 vars in 1115 bytes} [Wed Jul 22 23:32:43 2026] GET /v2/images/56e2da1e-ecb3-45fe-80f7-5fc5e35b2733 => generated 1044 bytes in 18 msecs (HTTP/1.1 200) 4 headers in 158 bytes (1 switches on core 0)
Jul 22 23:32:43.682931 np0000005672 devstack@g-api.service[103040]: [pid: 103040|app: 0|req: 75/283] 127.0.0.1 () {40 vars in 838 bytes} [Wed Jul 22 23:32:43 2026] GET /v2/images/72d379f0-076f-4f19-93d2-883c2a196fb6 => generated 650 bytes in 15 msecs (HTTP/1.1 200) 4 headers in 157 bytes (1 switches on core 0)
Jul 22 23:32:43.691720 np0000005672 devstack@g-api.service[103037]: DEBUG glance.api.middleware.version_negotiation [None req-42fcdba1-d0ea-4ec9-b046-098c1c15f7ee service glance] Determining version of request: GET /v2/schemas/image Accept: */* {{(pid=103037) process_request /opt/stack/glance/glance/api/middleware/version_negotiation.py:44}}
Jul 22 23:32:43.691889 np0000005672 devstack@g-api.service[103037]: DEBUG glance.api.middleware.version_negotiation [None req-42fcdba1-d0ea-4ec9-b046-098c1c15f7ee service glance] Using url versioning {{(pid=103037) process_request /opt/stack/glance/glance/api/middleware/version_negotiation.py:57}}
Jul 22 23:32:43.692044 np0000005672 devstack@g-api.service[103037]: DEBUG glance.api.middleware.version_negotiation [None req-42fcdba1-d0ea-4ec9-b046-098c1c15f7ee service glance] Matched version: v2 {{(pid=103037) process_request /opt/stack/glance/glance/api/middleware/version_negotiation.py:69}}
Jul 22 23:32:43.692165 np0000005672 devstack@g-api.service[103037]: DEBUG glance.api.middleware.version_negotiation [None req-42fcdba1-d0ea-4ec9-b046-098c1c15f7ee service glance] new path /v2/schemas/image {{(pid=103037) process_request /opt/stack/glance/glance/api/middleware/version_negotiation.py:70}}
Jul 22 23:32:43.696313 np0000005672 devstack@g-api.service[103037]: [pid: 103037|app: 0|req: 74/284] 127.0.0.1 () {44 vars in 1055 bytes} [Wed Jul 22 23:32:43 2026] GET /v2/schemas/image => generated 6083 bytes in 4 msecs (HTTP/1.1 200) 4 headers in 158 bytes (1 switches on core 0)
Jul 22 23:32:43.708361 np0000005672 devstack@g-api.service[103038]: DEBUG glance.api.middleware.version_negotiation [None req-42fcdba1-d0ea-4ec9-b046-098c1c15f7ee tempest-TaggedBootDevicesTest_v242-958749788 tempest-TaggedBootDevicesTest_v242-958749788-project-member] Determining version of request: GET /v2/schemas/image Accept: */* {{(pid=103038) process_request /opt/stack/glance/glance/api/middleware/version_negotiation.py:44}}
Jul 22 23:32:43.708522 np0000005672 devstack@g-api.service[103038]: DEBUG glance.api.middleware.version_negotiation [None req-42fcdba1-d0ea-4ec9-b046-098c1c15f7ee tempest-TaggedBootDevicesTest_v242-958749788 tempest-TaggedBootDevicesTest_v242-958749788-project-member] Using url versioning {{(pid=103038) process_request /opt/stack/glance/glance/api/middleware/version_negotiation.py:57}}
Jul 22 23:32:43.708657 np0000005672 devstack@g-api.service[103038]: DEBUG glance.api.middleware.version_negotiation [None req-42fcdba1-d0ea-4ec9-b046-098c1c15f7ee tempest-TaggedBootDevicesTest_v242-958749788 tempest-TaggedBootDevicesTest_v242-958749788-project-member] Matched version: v2 {{(pid=103038) process_request /opt/stack/glance/glance/api/middleware/version_negotiation.py:69}}
Jul 22 23:32:43.708750 np0000005672 devstack@g-api.service[103038]: DEBUG glance.api.middleware.version_negotiation [None req-42fcdba1-d0ea-4ec9-b046-098c1c15f7ee tempest-TaggedBootDevicesTest_v242-958749788 tempest-TaggedBootDevicesTest_v242-958749788-project-member] new path /v2/schemas/image {{(pid=103038) process_request /opt/stack/glance/glance/api/middleware/version_negotiation.py:70}}
Jul 22 23:32:43.710883 np0000005672 devstack@g-api.service[103038]: [pid: 103038|app: 0|req: 68/285] 127.0.0.1 () {44 vars in 1055 bytes} [Wed Jul 22 23:32:43 2026] GET /v2/schemas/image => generated 6083 bytes in 2 msecs (HTTP/1.1 200) 4 headers in 158 bytes (1 switches on core 0)
Jul 22 23:32:44.691934 np0000005672 devstack@g-api.service[103040]: DEBUG glance.api.middleware.version_negotiation [None req-96dedb17-1b81-4381-8c36-19ceb12eb833 tempest-VolumesActionsTest-1871096427 tempest-VolumesActionsTest-1871096427-project-member] Determining version of request: GET /v2/images/72d379f0-076f-4f19-93d2-883c2a196fb6 Accept: application/json {{(pid=103040) process_request /opt/stack/glance/glance/api/middleware/version_negotiation.py:44}}
Jul 22 23:32:44.692489 np0000005672 devstack@g-api.service[103040]: DEBUG glance.api.middleware.version_negotiation [None req-96dedb17-1b81-4381-8c36-19ceb12eb833 tempest-VolumesActionsTest-1871096427 tempest-VolumesActionsTest-1871096427-project-member] Using url versioning {{(pid=103040) process_request /opt/stack/glance/glance/api/middleware/version_negotiation.py:57}}
Jul 22 23:32:44.692489 np0000005672 devstack@g-api.service[103040]: DEBUG glance.api.middleware.version_negotiation [None req-96dedb17-1b81-4381-8c36-19ceb12eb833 tempest-VolumesActionsTest-1871096427 tempest-VolumesActionsTest-1871096427-project-member] Matched version: v2 {{(pid=103040) process_request /opt/stack/glance/glance/api/middleware/version_negotiation.py:69}}
Jul 22 23:32:44.692489 np0000005672 devstack@g-api.service[103040]: DEBUG glance.api.middleware.version_negotiation [None req-96dedb17-1b81-4381-8c36-19ceb12eb833 tempest-VolumesActionsTest-1871096427 tempest-VolumesActionsTest-1871096427-project-member] new path /v2/images/72d379f0-076f-4f19-93d2-883c2a196fb6 {{(pid=103040) process_request /opt/stack/glance/glance/api/middleware/version_negotiation.py:70}}
Jul 22 23:32:44.703769 np0000005672 devstack@g-api.service[103040]: [pid: 103040|app: 0|req: 76/286] 127.0.0.1 () {40 vars in 838 bytes} [Wed Jul 22 23:32:44 2026] GET /v2/images/72d379f0-076f-4f19-93d2-883c2a196fb6 => generated 650 bytes in 12 msecs (HTTP/1.1 200) 4 headers in 157 bytes (1 switches on core 0)
Jul 22 23:32:45.048801 np0000005672 devstack@g-api.service[103039]: DEBUG swiftclient [None req-815033bb-a5b0-4333-89b4-d631ef812416 tempest-VolumesActionsTest-1871096427 tempest-VolumesActionsTest-1871096427-project-member] REQ: curl -i https://10.4.3.157:8080/v1/AUTH_857e2af6f9c04424be9d3e7f33b6913b/glance/72d379f0-076f-4f19-93d2-883c2a196fb6-00004 -X PUT -H "X-Auth-Token: gAAAAABqYVMUrxBj..." {{(pid=103039) http_log /opt/stack/data/venv/lib/python3.12/site-packages/swiftclient/client.py:160}}
Jul 22 23:32:45.049023 np0000005672 devstack@g-api.service[103039]: DEBUG swiftclient [None req-815033bb-a5b0-4333-89b4-d631ef812416 tempest-VolumesActionsTest-1871096427 tempest-VolumesActionsTest-1871096427-project-member] RESP STATUS: 201 Created {{(pid=103039) http_log /opt/stack/data/venv/lib/python3.12/site-packages/swiftclient/client.py:161}}
Jul 22 23:32:45.049138 np0000005672 devstack@g-api.service[103039]: DEBUG swiftclient [None req-815033bb-a5b0-4333-89b4-d631ef812416 tempest-VolumesActionsTest-1871096427 tempest-VolumesActionsTest-1871096427-project-member] RESP HEADERS: {'Date': 'Wed, 22 Jul 2026 23:32:45 GMT', 'Server': 'Apache/2.4.58 (Ubuntu)', 'Content-Type': 'text/html; charset=UTF-8', 'Content-Length': '0', 'Etag': 'eda9a9889837ac4bc81d6387d92c1bec', 'Last-Modified': 'Wed, 22 Jul 2026 23:32:43 GMT', 'X-Trans-Id': 'txf5e9600a8cba4147b3884-006a61531a', 'X-Openstack-Request-Id': 'txf5e9600a8cba4147b3884-006a61531a', 'Connection': 'close'} {{(pid=103039) http_log /opt/stack/data/venv/lib/python3.12/site-packages/swiftclient/client.py:162}}
Jul 22 23:32:45.049305 np0000005672 devstack@g-api.service[103039]: DEBUG glance_store._drivers.swift.store [None req-815033bb-a5b0-4333-89b4-d631ef812416 tempest-VolumesActionsTest-1871096427 tempest-VolumesActionsTest-1871096427-project-member] Wrote chunk 72d379f0-076f-4f19-93d2-883c2a196fb6-00004 (4/?) of length 204800000 to Swift returning MD5 of content: eda9a9889837ac4bc81d6387d92c1bec {{(pid=103039) add /opt/stack/data/venv/lib/python3.12/site-packages/glance_store/_drivers/swift/store.py:1059}}
Jul 22 23:32:45.712394 np0000005672 devstack@g-api.service[103037]: DEBUG glance.api.middleware.version_negotiation [None req-42fcdba1-d0ea-4ec9-b046-098c1c15f7ee tempest-TaggedBootDevicesTest_v242-958749788 tempest-TaggedBootDevicesTest_v242-958749788-project-member] Determining version of request: GET /v2/images/72d379f0-076f-4f19-93d2-883c2a196fb6 Accept: application/json {{(pid=103037) process_request /opt/stack/glance/glance/api/middleware/version_negotiation.py:44}}
Jul 22 23:32:45.712766 np0000005672 devstack@g-api.service[103037]: DEBUG glance.api.middleware.version_negotiation [None req-42fcdba1-d0ea-4ec9-b046-098c1c15f7ee tempest-TaggedBootDevicesTest_v242-958749788 tempest-TaggedBootDevicesTest_v242-958749788-project-member] Using url versioning {{(pid=103037) process_request /opt/stack/glance/glance/api/middleware/version_negotiation.py:57}}
Jul 22 23:32:45.712766 np0000005672 devstack@g-api.service[103037]: DEBUG glance.api.middleware.version_negotiation [None req-42fcdba1-d0ea-4ec9-b046-098c1c15f7ee tempest-TaggedBootDevicesTest_v242-958749788 tempest-TaggedBootDevicesTest_v242-958749788-project-member] Matched version: v2 {{(pid=103037) process_request /opt/stack/glance/glance/api/middleware/version_negotiation.py:69}}
Jul 22 23:32:45.712766 np0000005672 devstack@g-api.service[103037]: DEBUG glance.api.middleware.version_negotiation [None req-42fcdba1-d0ea-4ec9-b046-098c1c15f7ee tempest-TaggedBootDevicesTest_v242-958749788 tempest-TaggedBootDevicesTest_v242-958749788-project-member] new path /v2/images/72d379f0-076f-4f19-93d2-883c2a196fb6 {{(pid=103037) process_request /opt/stack/glance/glance/api/middleware/version_negotiation.py:70}}
Jul 22 23:32:45.723375 np0000005672 devstack@g-api.service[103037]: [pid: 103037|app: 0|req: 75/287] 127.0.0.1 () {40 vars in 838 bytes} [Wed Jul 22 23:32:45 2026] GET /v2/images/72d379f0-076f-4f19-93d2-883c2a196fb6 => generated 650 bytes in 11 msecs (HTTP/1.1 200) 4 headers in 157 bytes (1 switches on core 0)
Jul 22 23:32:46.425604 np0000005672 devstack@g-api.service[103039]: DEBUG dbcounter [-] [103039] Writing DB stats glance:SELECT=12,glance:UPDATE=1 {{(pid=103039) stat_writer /opt/stack/data/venv/lib/python3.12/site-packages/dbcounter.py:115}}
Jul 22 23:32:46.739017 np0000005672 devstack@g-api.service[103038]: DEBUG glance.api.middleware.version_negotiation [None req-42fcdba1-d0ea-4ec9-b046-098c1c15f7ee tempest-TaggedBootDevicesTest_v242-958749788 tempest-TaggedBootDevicesTest_v242-958749788-project-member] Determining version of request: GET /v2/images/72d379f0-076f-4f19-93d2-883c2a196fb6 Accept: application/json {{(pid=103038) process_request /opt/stack/glance/glance/api/middleware/version_negotiation.py:44}}
Jul 22 23:32:46.739488 np0000005672 devstack@g-api.service[103038]: DEBUG glance.api.middleware.version_negotiation [None req-42fcdba1-d0ea-4ec9-b046-098c1c15f7ee tempest-TaggedBootDevicesTest_v242-958749788 tempest-TaggedBootDevicesTest_v242-958749788-project-member] Using url versioning {{(pid=103038) process_request /opt/stack/glance/glance/api/middleware/version_negotiation.py:57}}
Jul 22 23:32:46.739488 np0000005672 devstack@g-api.service[103038]: DEBUG glance.api.middleware.version_negotiation [None req-42fcdba1-d0ea-4ec9-b046-098c1c15f7ee tempest-TaggedBootDevicesTest_v242-958749788 tempest-TaggedBootDevicesTest_v242-958749788-project-member] Matched version: v2 {{(pid=103038) process_request /opt/stack/glance/glance/api/middleware/version_negotiation.py:69}}
Jul 22 23:32:46.739598 np0000005672 devstack@g-api.service[103038]: DEBUG glance.api.middleware.version_negotiation [None req-42fcdba1-d0ea-4ec9-b046-098c1c15f7ee tempest-TaggedBootDevicesTest_v242-958749788 tempest-TaggedBootDevicesTest_v242-958749788-project-member] new path /v2/images/72d379f0-076f-4f19-93d2-883c2a196fb6 {{(pid=103038) process_request /opt/stack/glance/glance/api/middleware/version_negotiation.py:70}}
Jul 22 23:32:46.754119 np0000005672 devstack@g-api.service[103038]: [pid: 103038|app: 0|req: 69/288] 127.0.0.1 () {40 vars in 838 bytes} [Wed Jul 22 23:32:46 2026] GET /v2/images/72d379f0-076f-4f19-93d2-883c2a196fb6 => generated 650 bytes in 15 msecs (HTTP/1.1 200) 4 headers in 157 bytes (1 switches on core 0)
Jul 22 23:32:47.156625 np0000005672 devstack@g-api.service[103039]: DEBUG swiftclient [None req-815033bb-a5b0-4333-89b4-d631ef812416 tempest-VolumesActionsTest-1871096427 tempest-VolumesActionsTest-1871096427-project-member] REQ: curl -i https://10.4.3.157:8080/v1/AUTH_857e2af6f9c04424be9d3e7f33b6913b/glance/72d379f0-076f-4f19-93d2-883c2a196fb6-00005 -X PUT -H "X-Auth-Token: gAAAAABqYVMUrxBj..." {{(pid=103039) http_log /opt/stack/data/venv/lib/python3.12/site-packages/swiftclient/client.py:160}}
Jul 22 23:32:47.156733 np0000005672 devstack@g-api.service[103039]: DEBUG swiftclient [None req-815033bb-a5b0-4333-89b4-d631ef812416 tempest-VolumesActionsTest-1871096427 tempest-VolumesActionsTest-1871096427-project-member] RESP STATUS: 201 Created {{(pid=103039) http_log /opt/stack/data/venv/lib/python3.12/site-packages/swiftclient/client.py:161}}
Jul 22 23:32:47.156886 np0000005672 devstack@g-api.service[103039]: DEBUG swiftclient [None req-815033bb-a5b0-4333-89b4-d631ef812416 tempest-VolumesActionsTest-1871096427 tempest-VolumesActionsTest-1871096427-project-member] RESP HEADERS: {'Date': 'Wed, 22 Jul 2026 23:32:47 GMT', 'Server': 'Apache/2.4.58 (Ubuntu)', 'Content-Type': 'text/html; charset=UTF-8', 'Content-Length': '0', 'Etag': 'eda9a9889837ac4bc81d6387d92c1bec', 'Last-Modified': 'Wed, 22 Jul 2026 23:32:46 GMT', 'X-Trans-Id': 'tx4c370df7a0964938aa674-006a61531d', 'X-Openstack-Request-Id': 'tx4c370df7a0964938aa674-006a61531d', 'Connection': 'close'} {{(pid=103039) http_log /opt/stack/data/venv/lib/python3.12/site-packages/swiftclient/client.py:162}}
Jul 22 23:32:47.156983 np0000005672 devstack@g-api.service[103039]: DEBUG glance_store._drivers.swift.store [None req-815033bb-a5b0-4333-89b4-d631ef812416 tempest-VolumesActionsTest-1871096427 tempest-VolumesActionsTest-1871096427-project-member] Wrote chunk 72d379f0-076f-4f19-93d2-883c2a196fb6-00005 (5/?) of length 204800000 to Swift returning MD5 of content: eda9a9889837ac4bc81d6387d92c1bec {{(pid=103039) add /opt/stack/data/venv/lib/python3.12/site-packages/glance_store/_drivers/swift/store.py:1059}}
Jul 22 23:32:47.648030 np0000005672 devstack@g-api.service[103039]: DEBUG swiftclient [None req-815033bb-a5b0-4333-89b4-d631ef812416 tempest-VolumesActionsTest-1871096427 tempest-VolumesActionsTest-1871096427-project-member] REQ: curl -i https://10.4.3.157:8080/v1/AUTH_857e2af6f9c04424be9d3e7f33b6913b/glance/72d379f0-076f-4f19-93d2-883c2a196fb6-00006 -X PUT -H "X-Auth-Token: gAAAAABqYVMUrxBj..." {{(pid=103039) http_log /opt/stack/data/venv/lib/python3.12/site-packages/swiftclient/client.py:160}}
Jul 22 23:32:47.648030 np0000005672 devstack@g-api.service[103039]: DEBUG swiftclient [None req-815033bb-a5b0-4333-89b4-d631ef812416 tempest-VolumesActionsTest-1871096427 tempest-VolumesActionsTest-1871096427-project-member] RESP STATUS: 201 Created {{(pid=103039) http_log /opt/stack/data/venv/lib/python3.12/site-packages/swiftclient/client.py:161}}
Jul 22 23:32:47.648030 np0000005672 devstack@g-api.service[103039]: DEBUG swiftclient [None req-815033bb-a5b0-4333-89b4-d631ef812416 tempest-VolumesActionsTest-1871096427 tempest-VolumesActionsTest-1871096427-project-member] RESP HEADERS: {'Date': 'Wed, 22 Jul 2026 23:32:47 GMT', 'Server': 'Apache/2.4.58 (Ubuntu)', 'Content-Type': 'text/html; charset=UTF-8', 'Content-Length': '0', 'Etag': '708761f3b8777ec77058e63da08eeeb6', 'Last-Modified': 'Wed, 22 Jul 2026 23:32:48 GMT', 'X-Trans-Id': 'tx7b99460c71fb4e889912e-006a61531f', 'X-Openstack-Request-Id': 'tx7b99460c71fb4e889912e-006a61531f', 'Connection': 'close'} {{(pid=103039) http_log /opt/stack/data/venv/lib/python3.12/site-packages/swiftclient/client.py:162}}
Jul 22 23:32:47.648969 np0000005672 devstack@g-api.service[103039]: DEBUG glance_store._drivers.swift.store [None req-815033bb-a5b0-4333-89b4-d631ef812416 tempest-VolumesActionsTest-1871096427 tempest-VolumesActionsTest-1871096427-project-member] Wrote chunk 72d379f0-076f-4f19-93d2-883c2a196fb6-00006 (6/?) of length 49741824 to Swift returning MD5 of content: 708761f3b8777ec77058e63da08eeeb6 {{(pid=103039) add /opt/stack/data/venv/lib/python3.12/site-packages/glance_store/_drivers/swift/store.py:1059}}
Jul 22 23:32:47.648969 np0000005672 devstack@g-api.service[103039]: DEBUG glance_store._drivers.swift.store [None req-815033bb-a5b0-4333-89b4-d631ef812416 tempest-VolumesActionsTest-1871096427 tempest-VolumesActionsTest-1871096427-project-member] Not writing zero-length chunk. {{(pid=103039) add /opt/stack/data/venv/lib/python3.12/site-packages/glance_store/_drivers/swift/store.py:1028}}
Jul 22 23:32:47.668742 np0000005672 devstack@g-api.service[103039]: DEBUG swiftclient [None req-815033bb-a5b0-4333-89b4-d631ef812416 tempest-VolumesActionsTest-1871096427 tempest-VolumesActionsTest-1871096427-project-member] REQ: curl -i https://10.4.3.157:8080/v1/AUTH_857e2af6f9c04424be9d3e7f33b6913b/glance/72d379f0-076f-4f19-93d2-883c2a196fb6 -X PUT -H "X-Object-Manifest: glance/72d379f0-076f-4f19-93d2-883c2a196fb6-" -H "X-Auth-Token: gAAAAABqYVMUrxBj..." -H "Content-Length: 0" {{(pid=103039) http_log /opt/stack/data/venv/lib/python3.12/site-packages/swiftclient/client.py:160}}
Jul 22 23:32:47.668883 np0000005672 devstack@g-api.service[103039]: DEBUG swiftclient [None req-815033bb-a5b0-4333-89b4-d631ef812416 tempest-VolumesActionsTest-1871096427 tempest-VolumesActionsTest-1871096427-project-member] RESP STATUS: 201 Created {{(pid=103039) http_log /opt/stack/data/venv/lib/python3.12/site-packages/swiftclient/client.py:161}}
Jul 22 23:32:47.669050 np0000005672 devstack@g-api.service[103039]: DEBUG swiftclient [None req-815033bb-a5b0-4333-89b4-d631ef812416 tempest-VolumesActionsTest-1871096427 tempest-VolumesActionsTest-1871096427-project-member] RESP HEADERS: {'Date': 'Wed, 22 Jul 2026 23:32:47 GMT', 'Server': 'Apache/2.4.58 (Ubuntu)', 'Content-Type': 'text/html; charset=UTF-8', 'Content-Length': '0', 'Etag': 'd41d8cd98f00b204e9800998ecf8427e', 'Last-Modified': 'Wed, 22 Jul 2026 23:32:48 GMT', 'X-Trans-Id': 'txeb7d6541dcea4458ad38d-006a61531f', 'X-Openstack-Request-Id': 'txeb7d6541dcea4458ad38d-006a61531f', 'Connection': 'close'} {{(pid=103039) http_log /opt/stack/data/venv/lib/python3.12/site-packages/swiftclient/client.py:162}}
Jul 22 23:32:47.669756 np0000005672 devstack@g-api.service[103039]: INFO glance.location [None req-815033bb-a5b0-4333-89b4-d631ef812416 tempest-VolumesActionsTest-1871096427 tempest-VolumesActionsTest-1871096427-project-member] Image format matched and virtual size computed: 1073741824
Jul 22 23:32:47.705290 np0000005672 devstack@g-api.service[103039]: DEBUG glance_store.backend [None req-815033bb-a5b0-4333-89b4-d631ef812416 tempest-VolumesActionsTest-1871096427 tempest-VolumesActionsTest-1871096427-project-member] Attempting to import store swift {{(pid=103039) _load_store /opt/stack/data/venv/lib/python3.12/site-packages/glance_store/backend.py:215}}
Jul 22 23:32:47.706799 np0000005672 devstack@g-api.service[103039]: DEBUG glance_store.capabilities [None req-815033bb-a5b0-4333-89b4-d631ef812416 tempest-VolumesActionsTest-1871096427 tempest-VolumesActionsTest-1871096427-project-member] Store glance_store._drivers.swift.store.SingleTenantStore doesn't support updating dynamic storage capabilities. Please overwrite 'update_capabilities' method of the store to implement updating logics if needed. {{(pid=103039) update_capabilities /opt/stack/data/venv/lib/python3.12/site-packages/glance_store/capabilities.py:91}}
Jul 22 23:32:47.706799 np0000005672 devstack@g-api.service[103039]: DEBUG glance_store.driver [None req-815033bb-a5b0-4333-89b4-d631ef812416 tempest-VolumesActionsTest-1871096427 tempest-VolumesActionsTest-1871096427-project-member] Late loading location class glance_store._drivers.swift.store.StoreLocation {{(pid=103039) get_store_location_class /opt/stack/data/venv/lib/python3.12/site-packages/glance_store/driver.py:134}}
Jul 22 23:32:47.706799 np0000005672 devstack@g-api.service[103039]: DEBUG glance_store.location [None req-815033bb-a5b0-4333-89b4-d631ef812416 tempest-VolumesActionsTest-1871096427 tempest-VolumesActionsTest-1871096427-project-member] Registering scheme swift+https with {'store': , 'location_class': , 'store_entry': 'swift'} {{(pid=103039) register_scheme_map /opt/stack/data/venv/lib/python3.12/site-packages/glance_store/location.py:146}}
Jul 22 23:32:47.706991 np0000005672 devstack@g-api.service[103039]: DEBUG glance_store.location [None req-815033bb-a5b0-4333-89b4-d631ef812416 tempest-VolumesActionsTest-1871096427 tempest-VolumesActionsTest-1871096427-project-member] Registering scheme swift+https with {'store': , 'location_class': , 'store_entry': 'swift'} {{(pid=103039) register_scheme_map /opt/stack/data/venv/lib/python3.12/site-packages/glance_store/location.py:146}}
Jul 22 23:32:47.706991 np0000005672 devstack@g-api.service[103039]: DEBUG glance_store.location [None req-815033bb-a5b0-4333-89b4-d631ef812416 tempest-VolumesActionsTest-1871096427 tempest-VolumesActionsTest-1871096427-project-member] Registering scheme swift with {'store': , 'location_class': , 'store_entry': 'swift'} {{(pid=103039) register_scheme_map /opt/stack/data/venv/lib/python3.12/site-packages/glance_store/location.py:146}}
Jul 22 23:32:47.706991 np0000005672 devstack@g-api.service[103039]: DEBUG glance_store.location [None req-815033bb-a5b0-4333-89b4-d631ef812416 tempest-VolumesActionsTest-1871096427 tempest-VolumesActionsTest-1871096427-project-member] Registering scheme swift+https with {'store': , 'location_class': , 'store_entry': 'swift'} {{(pid=103039) register_scheme_map /opt/stack/data/venv/lib/python3.12/site-packages/glance_store/location.py:146}}
Jul 22 23:32:47.707165 np0000005672 devstack@g-api.service[103039]: DEBUG glance_store.location [None req-815033bb-a5b0-4333-89b4-d631ef812416 tempest-VolumesActionsTest-1871096427 tempest-VolumesActionsTest-1871096427-project-member] Registering scheme swift with {'store': , 'location_class': , 'store_entry': 'swift'} {{(pid=103039) register_scheme_map /opt/stack/data/venv/lib/python3.12/site-packages/glance_store/location.py:146}}
Jul 22 23:32:47.707165 np0000005672 devstack@g-api.service[103039]: DEBUG glance_store.location [None req-815033bb-a5b0-4333-89b4-d631ef812416 tempest-VolumesActionsTest-1871096427 tempest-VolumesActionsTest-1871096427-project-member] Registering scheme swift+http with {'store': , 'location_class': , 'store_entry': 'swift'} {{(pid=103039) register_scheme_map /opt/stack/data/venv/lib/python3.12/site-packages/glance_store/location.py:146}}
