Jul 22 23:26:22.703564 np0000005672 nova-scheduler[96735]: DEBUG cotyledon.oslo_config_glue [-] workarounds.handle_virt_lifecycle_events = True {{(pid=96735) log_opt_values /opt/stack/data/venv/lib/python3.12/site-packages/oslo_config/cfg.py:3253}}
Jul 22 23:26:22.703564 np0000005672 nova-scheduler[96735]: DEBUG cotyledon.oslo_config_glue [-] workarounds.libvirt_disable_apic = False {{(pid=96735) log_opt_values /opt/stack/data/venv/lib/python3.12/site-packages/oslo_config/cfg.py:3253}}
Jul 22 23:26:22.703564 np0000005672 nova-scheduler[96735]: DEBUG cotyledon.oslo_config_glue [-] workarounds.never_download_image_if_on_rbd = False {{(pid=96735) log_opt_values /opt/stack/data/venv/lib/python3.12/site-packages/oslo_config/cfg.py:3253}}
Jul 22 23:26:22.703806 np0000005672 nova-scheduler[96735]: DEBUG cotyledon.oslo_config_glue [-] workarounds.qemu_monitor_announce_self_count = 3 {{(pid=96735) log_opt_values /opt/stack/data/venv/lib/python3.12/site-packages/oslo_config/cfg.py:3253}}
Jul 22 23:26:22.703806 np0000005672 nova-scheduler[96735]: DEBUG cotyledon.oslo_config_glue [-] workarounds.qemu_monitor_announce_self_interval = 1 {{(pid=96735) log_opt_values /opt/stack/data/venv/lib/python3.12/site-packages/oslo_config/cfg.py:3253}}
Jul 22 23:26:22.703806 np0000005672 nova-scheduler[96735]: DEBUG cotyledon.oslo_config_glue [-] workarounds.reserve_disk_resource_for_image_cache = False {{(pid=96735) log_opt_values /opt/stack/data/venv/lib/python3.12/site-packages/oslo_config/cfg.py:3253}}
Jul 22 23:26:22.703806 np0000005672 nova-scheduler[96735]: DEBUG cotyledon.oslo_config_glue [-] workarounds.skip_cpu_compare_at_startup = False {{(pid=96735) log_opt_values /opt/stack/data/venv/lib/python3.12/site-packages/oslo_config/cfg.py:3253}}
Jul 22 23:26:22.703806 np0000005672 nova-scheduler[96735]: DEBUG cotyledon.oslo_config_glue [-] workarounds.skip_cpu_compare_on_dest = False {{(pid=96735) log_opt_values /opt/stack/data/venv/lib/python3.12/site-packages/oslo_config/cfg.py:3253}}
Jul 22 23:26:22.703806 np0000005672 nova-scheduler[96735]: DEBUG cotyledon.oslo_config_glue [-] workarounds.skip_hypervisor_version_check_on_lm = False {{(pid=96735) log_opt_values /opt/stack/data/venv/lib/python3.12/site-packages/oslo_config/cfg.py:3253}}
Jul 22 23:26:22.703806 np0000005672 nova-scheduler[96735]: DEBUG cotyledon.oslo_config_glue [-] workarounds.skip_reserve_in_use_ironic_nodes = False {{(pid=96735) log_opt_values /opt/stack/data/venv/lib/python3.12/site-packages/oslo_config/cfg.py:3253}}
Jul 22 23:26:22.703806 np0000005672 nova-scheduler[96735]: DEBUG cotyledon.oslo_config_glue [-] workarounds.unified_limits_count_pcpu_as_vcpu = False {{(pid=96735) log_opt_values /opt/stack/data/venv/lib/python3.12/site-packages/oslo_config/cfg.py:3253}}
Jul 22 23:26:22.703972 np0000005672 nova-scheduler[96735]: DEBUG cotyledon.oslo_config_glue [-] workarounds.wait_for_vif_plugged_event_during_hard_reboot = [] {{(pid=96735) log_opt_values /opt/stack/data/venv/lib/python3.12/site-packages/oslo_config/cfg.py:3253}}
Jul 22 23:26:22.703972 np0000005672 nova-scheduler[96735]: DEBUG cotyledon.oslo_config_glue [-] wsgi.api_paste_config = /etc/nova/api-paste.ini {{(pid=96735) log_opt_values /opt/stack/data/venv/lib/python3.12/site-packages/oslo_config/cfg.py:3253}}
Jul 22 23:26:22.703972 np0000005672 nova-scheduler[96735]: DEBUG cotyledon.oslo_config_glue [-] wsgi.secure_proxy_ssl_header = None {{(pid=96735) log_opt_values /opt/stack/data/venv/lib/python3.12/site-packages/oslo_config/cfg.py:3253}}
Jul 22 23:26:22.703972 np0000005672 nova-scheduler[96735]: DEBUG cotyledon.oslo_config_glue [-] zvm.ca_file = None {{(pid=96735) log_opt_values /opt/stack/data/venv/lib/python3.12/site-packages/oslo_config/cfg.py:3253}}
Jul 22 23:26:22.703972 np0000005672 nova-scheduler[96735]: DEBUG cotyledon.oslo_config_glue [-] zvm.cloud_connector_url = None {{(pid=96735) log_opt_values /opt/stack/data/venv/lib/python3.12/site-packages/oslo_config/cfg.py:3253}}
Jul 22 23:26:22.703972 np0000005672 nova-scheduler[96735]: DEBUG cotyledon.oslo_config_glue [-] zvm.image_tmp_path = /opt/stack/data/nova/images {{(pid=96735) log_opt_values /opt/stack/data/venv/lib/python3.12/site-packages/oslo_config/cfg.py:3253}}
Jul 22 23:26:22.703972 np0000005672 nova-scheduler[96735]: DEBUG cotyledon.oslo_config_glue [-] zvm.reachable_timeout = 300 {{(pid=96735) log_opt_values /opt/stack/data/venv/lib/python3.12/site-packages/oslo_config/cfg.py:3253}}
Jul 22 23:26:22.703972 np0000005672 nova-scheduler[96735]: DEBUG cotyledon.oslo_config_glue [-] oslo_versionedobjects.fatal_exception_format_errors = False {{(pid=96735) log_opt_values /opt/stack/data/venv/lib/python3.12/site-packages/oslo_config/cfg.py:3253}}
Jul 22 23:26:22.703972 np0000005672 nova-scheduler[96735]: DEBUG cotyledon.oslo_config_glue [-] oslo_middleware.http_basic_auth_user_file = /etc/htpasswd {{(pid=96735) log_opt_values /opt/stack/data/venv/lib/python3.12/site-packages/oslo_config/cfg.py:3253}}
Jul 22 23:26:22.704159 np0000005672 nova-scheduler[96735]: DEBUG cotyledon.oslo_config_glue [-] oslo_messaging_metrics.metrics_buffer_size = 1000 {{(pid=96735) log_opt_values /opt/stack/data/venv/lib/python3.12/site-packages/oslo_config/cfg.py:3253}}
Jul 22 23:26:22.704159 np0000005672 nova-scheduler[96735]: DEBUG cotyledon.oslo_config_glue [-] oslo_messaging_metrics.metrics_enabled = False {{(pid=96735) log_opt_values /opt/stack/data/venv/lib/python3.12/site-packages/oslo_config/cfg.py:3253}}
Jul 22 23:26:22.704159 np0000005672 nova-scheduler[96735]: DEBUG cotyledon.oslo_config_glue [-] oslo_messaging_metrics.metrics_process_name = {{(pid=96735) log_opt_values /opt/stack/data/venv/lib/python3.12/site-packages/oslo_config/cfg.py:3253}}
Jul 22 23:26:22.704159 np0000005672 nova-scheduler[96735]: DEBUG cotyledon.oslo_config_glue [-] oslo_messaging_metrics.metrics_socket_file = /var/tmp/metrics_collector.sock {{(pid=96735) log_opt_values /opt/stack/data/venv/lib/python3.12/site-packages/oslo_config/cfg.py:3253}}
Jul 22 23:26:22.704159 np0000005672 nova-scheduler[96735]: DEBUG cotyledon.oslo_config_glue [-] oslo_messaging_metrics.metrics_thread_stop_timeout = 10 {{(pid=96735) log_opt_values /opt/stack/data/venv/lib/python3.12/site-packages/oslo_config/cfg.py:3253}}
Jul 22 23:26:22.704159 np0000005672 nova-scheduler[96735]: DEBUG cotyledon.oslo_config_glue [-] profiler.connection_string = messaging:// {{(pid=96735) log_opt_values /opt/stack/data/venv/lib/python3.12/site-packages/oslo_config/cfg.py:3253}}
Jul 22 23:26:22.704159 np0000005672 nova-scheduler[96735]: DEBUG cotyledon.oslo_config_glue [-] profiler.enabled = False {{(pid=96735) log_opt_values /opt/stack/data/venv/lib/python3.12/site-packages/oslo_config/cfg.py:3253}}
Jul 22 23:26:22.704159 np0000005672 nova-scheduler[96735]: DEBUG cotyledon.oslo_config_glue [-] profiler.es_doc_type = notification {{(pid=96735) log_opt_values /opt/stack/data/venv/lib/python3.12/site-packages/oslo_config/cfg.py:3253}}
Jul 22 23:26:22.704159 np0000005672 nova-scheduler[96735]: DEBUG cotyledon.oslo_config_glue [-] profiler.es_scroll_size = 10000 {{(pid=96735) log_opt_values /opt/stack/data/venv/lib/python3.12/site-packages/oslo_config/cfg.py:3253}}
Jul 22 23:26:22.704323 np0000005672 nova-scheduler[96735]: DEBUG cotyledon.oslo_config_glue [-] profiler.es_scroll_time = 2m {{(pid=96735) log_opt_values /opt/stack/data/venv/lib/python3.12/site-packages/oslo_config/cfg.py:3253}}
Jul 22 23:26:22.704323 np0000005672 nova-scheduler[96735]: DEBUG cotyledon.oslo_config_glue [-] profiler.filter_error_trace = False {{(pid=96735) log_opt_values /opt/stack/data/venv/lib/python3.12/site-packages/oslo_config/cfg.py:3253}}
Jul 22 23:26:22.704323 np0000005672 nova-scheduler[96735]: DEBUG cotyledon.oslo_config_glue [-] profiler.hmac_keys = **** {{(pid=96735) log_opt_values /opt/stack/data/venv/lib/python3.12/site-packages/oslo_config/cfg.py:3253}}
Jul 22 23:26:22.704323 np0000005672 nova-scheduler[96735]: DEBUG cotyledon.oslo_config_glue [-] profiler.sentinel_service_name = mymaster {{(pid=96735) log_opt_values /opt/stack/data/venv/lib/python3.12/site-packages/oslo_config/cfg.py:3253}}
Jul 22 23:26:22.704323 np0000005672 nova-scheduler[96735]: DEBUG cotyledon.oslo_config_glue [-] profiler.socket_timeout = 0.1 {{(pid=96735) log_opt_values /opt/stack/data/venv/lib/python3.12/site-packages/oslo_config/cfg.py:3253}}
Jul 22 23:26:22.704323 np0000005672 nova-scheduler[96735]: DEBUG cotyledon.oslo_config_glue [-] profiler.trace_requests = False {{(pid=96735) log_opt_values /opt/stack/data/venv/lib/python3.12/site-packages/oslo_config/cfg.py:3253}}
Jul 22 23:26:22.704323 np0000005672 nova-scheduler[96735]: DEBUG cotyledon.oslo_config_glue [-] profiler.trace_sqlalchemy = False {{(pid=96735) log_opt_values /opt/stack/data/venv/lib/python3.12/site-packages/oslo_config/cfg.py:3253}}
Jul 22 23:26:22.704323 np0000005672 nova-scheduler[96735]: DEBUG cotyledon.oslo_config_glue [-] profiler_jaeger.process_tags = {} {{(pid=96735) log_opt_values /opt/stack/data/venv/lib/python3.12/site-packages/oslo_config/cfg.py:3253}}
Jul 22 23:26:22.704323 np0000005672 nova-scheduler[96735]: DEBUG cotyledon.oslo_config_glue [-] profiler_jaeger.service_name_prefix = None {{(pid=96735) log_opt_values /opt/stack/data/venv/lib/python3.12/site-packages/oslo_config/cfg.py:3253}}
Jul 22 23:26:22.704501 np0000005672 nova-scheduler[96735]: DEBUG cotyledon.oslo_config_glue [-] profiler_otlp.service_name_prefix = None {{(pid=96735) log_opt_values /opt/stack/data/venv/lib/python3.12/site-packages/oslo_config/cfg.py:3253}}
Jul 22 23:26:22.704501 np0000005672 nova-scheduler[96735]: DEBUG cotyledon.oslo_config_glue [-] oslo_messaging_rabbit.amqp_auto_delete = False {{(pid=96735) log_opt_values /opt/stack/data/venv/lib/python3.12/site-packages/oslo_config/cfg.py:3253}}
Jul 22 23:26:22.704501 np0000005672 nova-scheduler[96735]: DEBUG cotyledon.oslo_config_glue [-] oslo_messaging_rabbit.amqp_durable_queues = False {{(pid=96735) log_opt_values /opt/stack/data/venv/lib/python3.12/site-packages/oslo_config/cfg.py:3253}}
Jul 22 23:26:22.704501 np0000005672 nova-scheduler[96735]: DEBUG cotyledon.oslo_config_glue [-] oslo_messaging_rabbit.conn_pool_min_size = 2 {{(pid=96735) log_opt_values /opt/stack/data/venv/lib/python3.12/site-packages/oslo_config/cfg.py:3253}}
Jul 22 23:26:22.704501 np0000005672 nova-scheduler[96735]: DEBUG cotyledon.oslo_config_glue [-] oslo_messaging_rabbit.conn_pool_ttl = 1200 {{(pid=96735) log_opt_values /opt/stack/data/venv/lib/python3.12/site-packages/oslo_config/cfg.py:3253}}
Jul 22 23:26:22.704501 np0000005672 nova-scheduler[96735]: DEBUG cotyledon.oslo_config_glue [-] oslo_messaging_rabbit.direct_mandatory_flag = True {{(pid=96735) log_opt_values /opt/stack/data/venv/lib/python3.12/site-packages/oslo_config/cfg.py:3253}}
Jul 22 23:26:22.704501 np0000005672 nova-scheduler[96735]: DEBUG cotyledon.oslo_config_glue [-] oslo_messaging_rabbit.enable_cancel_on_failover = False {{(pid=96735) log_opt_values /opt/stack/data/venv/lib/python3.12/site-packages/oslo_config/cfg.py:3253}}
Jul 22 23:26:22.704501 np0000005672 nova-scheduler[96735]: DEBUG cotyledon.oslo_config_glue [-] oslo_messaging_rabbit.heartbeat_rate = 3 {{(pid=96735) log_opt_values /opt/stack/data/venv/lib/python3.12/site-packages/oslo_config/cfg.py:3253}}
Jul 22 23:26:22.704501 np0000005672 nova-scheduler[96735]: DEBUG cotyledon.oslo_config_glue [-] oslo_messaging_rabbit.heartbeat_timeout_threshold = 60 {{(pid=96735) log_opt_values /opt/stack/data/venv/lib/python3.12/site-packages/oslo_config/cfg.py:3253}}
Jul 22 23:26:22.704738 np0000005672 nova-scheduler[96735]: DEBUG cotyledon.oslo_config_glue [-] oslo_messaging_rabbit.hostname = np0000005672 {{(pid=96735) log_opt_values /opt/stack/data/venv/lib/python3.12/site-packages/oslo_config/cfg.py:3253}}
Jul 22 23:26:22.704738 np0000005672 nova-scheduler[96735]: DEBUG cotyledon.oslo_config_glue [-] oslo_messaging_rabbit.kombu_compression = None {{(pid=96735) log_opt_values /opt/stack/data/venv/lib/python3.12/site-packages/oslo_config/cfg.py:3253}}
Jul 22 23:26:22.704738 np0000005672 nova-scheduler[96735]: DEBUG cotyledon.oslo_config_glue [-] oslo_messaging_rabbit.kombu_failover_strategy = round-robin {{(pid=96735) log_opt_values /opt/stack/data/venv/lib/python3.12/site-packages/oslo_config/cfg.py:3253}}
Jul 22 23:26:22.704738 np0000005672 nova-scheduler[96735]: DEBUG cotyledon.oslo_config_glue [-] oslo_messaging_rabbit.kombu_missing_consumer_retry_timeout = 60 {{(pid=96735) log_opt_values /opt/stack/data/venv/lib/python3.12/site-packages/oslo_config/cfg.py:3253}}
Jul 22 23:26:22.704738 np0000005672 nova-scheduler[96735]: DEBUG cotyledon.oslo_config_glue [-] oslo_messaging_rabbit.kombu_reconnect_delay = 1.0 {{(pid=96735) log_opt_values /opt/stack/data/venv/lib/python3.12/site-packages/oslo_config/cfg.py:3253}}
Jul 22 23:26:22.704738 np0000005672 nova-scheduler[96735]: DEBUG cotyledon.oslo_config_glue [-] oslo_messaging_rabbit.kombu_reconnect_splay = 0.0 {{(pid=96735) log_opt_values /opt/stack/data/venv/lib/python3.12/site-packages/oslo_config/cfg.py:3253}}
Jul 22 23:26:22.704738 np0000005672 nova-scheduler[96735]: DEBUG cotyledon.oslo_config_glue [-] oslo_messaging_rabbit.processname = nova-scheduler {{(pid=96735) log_opt_values /opt/stack/data/venv/lib/python3.12/site-packages/oslo_config/cfg.py:3253}}
Jul 22 23:26:22.704738 np0000005672 nova-scheduler[96735]: DEBUG cotyledon.oslo_config_glue [-] oslo_messaging_rabbit.rabbit_ha_queues = False {{(pid=96735) log_opt_values /opt/stack/data/venv/lib/python3.12/site-packages/oslo_config/cfg.py:3253}}
Jul 22 23:26:22.704738 np0000005672 nova-scheduler[96735]: DEBUG cotyledon.oslo_config_glue [-] oslo_messaging_rabbit.rabbit_interval_max = 30 {{(pid=96735) log_opt_values /opt/stack/data/venv/lib/python3.12/site-packages/oslo_config/cfg.py:3253}}
Jul 22 23:26:22.704983 np0000005672 nova-scheduler[96735]: DEBUG cotyledon.oslo_config_glue [-] oslo_messaging_rabbit.rabbit_login_method = AMQPLAIN {{(pid=96735) log_opt_values /opt/stack/data/venv/lib/python3.12/site-packages/oslo_config/cfg.py:3253}}
Jul 22 23:26:22.704983 np0000005672 nova-scheduler[96735]: DEBUG cotyledon.oslo_config_glue [-] oslo_messaging_rabbit.rabbit_qos_prefetch_count = 0 {{(pid=96735) log_opt_values /opt/stack/data/venv/lib/python3.12/site-packages/oslo_config/cfg.py:3253}}
Jul 22 23:26:22.704983 np0000005672 nova-scheduler[96735]: DEBUG cotyledon.oslo_config_glue [-] oslo_messaging_rabbit.rabbit_quorum_delivery_limit = 0 {{(pid=96735) log_opt_values /opt/stack/data/venv/lib/python3.12/site-packages/oslo_config/cfg.py:3253}}
Jul 22 23:26:22.704983 np0000005672 nova-scheduler[96735]: DEBUG cotyledon.oslo_config_glue [-] oslo_messaging_rabbit.rabbit_quorum_max_memory_bytes = 0 {{(pid=96735) log_opt_values /opt/stack/data/venv/lib/python3.12/site-packages/oslo_config/cfg.py:3253}}
Jul 22 23:26:22.704983 np0000005672 nova-scheduler[96735]: DEBUG cotyledon.oslo_config_glue [-] oslo_messaging_rabbit.rabbit_quorum_max_memory_length = 0 {{(pid=96735) log_opt_values /opt/stack/data/venv/lib/python3.12/site-packages/oslo_config/cfg.py:3253}}
Jul 22 23:26:22.704983 np0000005672 nova-scheduler[96735]: DEBUG cotyledon.oslo_config_glue [-] oslo_messaging_rabbit.rabbit_quorum_queue = False {{(pid=96735) log_opt_values /opt/stack/data/venv/lib/python3.12/site-packages/oslo_config/cfg.py:3253}}
Jul 22 23:26:22.704983 np0000005672 nova-scheduler[96735]: DEBUG cotyledon.oslo_config_glue [-] oslo_messaging_rabbit.rabbit_retry_backoff = 2 {{(pid=96735) log_opt_values /opt/stack/data/venv/lib/python3.12/site-packages/oslo_config/cfg.py:3253}}
Jul 22 23:26:22.704983 np0000005672 nova-scheduler[96735]: DEBUG cotyledon.oslo_config_glue [-] oslo_messaging_rabbit.rabbit_retry_interval = 1 {{(pid=96735) log_opt_values /opt/stack/data/venv/lib/python3.12/site-packages/oslo_config/cfg.py:3253}}
Jul 22 23:26:22.704983 np0000005672 nova-scheduler[96735]: DEBUG cotyledon.oslo_config_glue [-] oslo_messaging_rabbit.rabbit_stream_fanout = False {{(pid=96735) log_opt_values /opt/stack/data/venv/lib/python3.12/site-packages/oslo_config/cfg.py:3253}}
Jul 22 23:26:22.705172 np0000005672 nova-scheduler[96735]: DEBUG cotyledon.oslo_config_glue [-] oslo_messaging_rabbit.rabbit_transient_queues_ttl = 1800 {{(pid=96735) log_opt_values /opt/stack/data/venv/lib/python3.12/site-packages/oslo_config/cfg.py:3253}}
Jul 22 23:26:22.705172 np0000005672 nova-scheduler[96735]: DEBUG cotyledon.oslo_config_glue [-] oslo_messaging_rabbit.rabbit_transient_quorum_queue = False {{(pid=96735) log_opt_values /opt/stack/data/venv/lib/python3.12/site-packages/oslo_config/cfg.py:3253}}
Jul 22 23:26:22.705172 np0000005672 nova-scheduler[96735]: DEBUG cotyledon.oslo_config_glue [-] oslo_messaging_rabbit.rpc_conn_pool_size = 30 {{(pid=96735) log_opt_values /opt/stack/data/venv/lib/python3.12/site-packages/oslo_config/cfg.py:3253}}
Jul 22 23:26:22.705172 np0000005672 nova-scheduler[96735]: DEBUG cotyledon.oslo_config_glue [-] oslo_messaging_rabbit.ssl = False {{(pid=96735) log_opt_values /opt/stack/data/venv/lib/python3.12/site-packages/oslo_config/cfg.py:3253}}
Jul 22 23:26:22.705172 np0000005672 nova-scheduler[96735]: DEBUG cotyledon.oslo_config_glue [-] oslo_messaging_rabbit.ssl_ca_file = {{(pid=96735) log_opt_values /opt/stack/data/venv/lib/python3.12/site-packages/oslo_config/cfg.py:3253}}
Jul 22 23:26:22.705172 np0000005672 nova-scheduler[96735]: DEBUG cotyledon.oslo_config_glue [-] oslo_messaging_rabbit.ssl_cert_file = {{(pid=96735) log_opt_values /opt/stack/data/venv/lib/python3.12/site-packages/oslo_config/cfg.py:3253}}
Jul 22 23:26:22.705172 np0000005672 nova-scheduler[96735]: DEBUG cotyledon.oslo_config_glue [-] oslo_messaging_rabbit.ssl_enforce_fips_mode = False {{(pid=96735) log_opt_values /opt/stack/data/venv/lib/python3.12/site-packages/oslo_config/cfg.py:3253}}
Jul 22 23:26:22.705172 np0000005672 nova-scheduler[96735]: DEBUG cotyledon.oslo_config_glue [-] oslo_messaging_rabbit.ssl_enforce_hostname_verification = True {{(pid=96735) log_opt_values /opt/stack/data/venv/lib/python3.12/site-packages/oslo_config/cfg.py:3253}}
Jul 22 23:26:22.705172 np0000005672 nova-scheduler[96735]: DEBUG cotyledon.oslo_config_glue [-] oslo_messaging_rabbit.ssl_key_file = {{(pid=96735) log_opt_values /opt/stack/data/venv/lib/python3.12/site-packages/oslo_config/cfg.py:3253}}
Jul 22 23:26:22.705410 np0000005672 nova-scheduler[96735]: DEBUG cotyledon.oslo_config_glue [-] oslo_messaging_rabbit.ssl_version = {{(pid=96735) log_opt_values /opt/stack/data/venv/lib/python3.12/site-packages/oslo_config/cfg.py:3253}}
Jul 22 23:26:22.705410 np0000005672 nova-scheduler[96735]: DEBUG cotyledon.oslo_config_glue [-] oslo_messaging_rabbit.use_queue_manager = False {{(pid=96735) log_opt_values /opt/stack/data/venv/lib/python3.12/site-packages/oslo_config/cfg.py:3253}}
Jul 22 23:26:22.705410 np0000005672 nova-scheduler[96735]: DEBUG cotyledon.oslo_config_glue [-] oslo_messaging_notifications.driver = ['messagingv2'] {{(pid=96735) log_opt_values /opt/stack/data/venv/lib/python3.12/site-packages/oslo_config/cfg.py:3253}}
Jul 22 23:26:22.705410 np0000005672 nova-scheduler[96735]: DEBUG cotyledon.oslo_config_glue [-] oslo_messaging_notifications.retry = -1 {{(pid=96735) log_opt_values /opt/stack/data/venv/lib/python3.12/site-packages/oslo_config/cfg.py:3253}}
Jul 22 23:26:22.705410 np0000005672 nova-scheduler[96735]: DEBUG cotyledon.oslo_config_glue [-] oslo_messaging_notifications.topics = ['notifications'] {{(pid=96735) log_opt_values /opt/stack/data/venv/lib/python3.12/site-packages/oslo_config/cfg.py:3253}}
Jul 22 23:26:22.705410 np0000005672 nova-scheduler[96735]: DEBUG cotyledon.oslo_config_glue [-] oslo_messaging_notifications.transport_url = **** {{(pid=96735) log_opt_values /opt/stack/data/venv/lib/python3.12/site-packages/oslo_config/cfg.py:3253}}
Jul 22 23:26:22.705410 np0000005672 nova-scheduler[96735]: DEBUG cotyledon.oslo_config_glue [-] oslo_limit.auth_section = None {{(pid=96735) log_opt_values /opt/stack/data/venv/lib/python3.12/site-packages/oslo_config/cfg.py:3253}}
Jul 22 23:26:22.705410 np0000005672 nova-scheduler[96735]: DEBUG cotyledon.oslo_config_glue [-] oslo_limit.auth_type = None {{(pid=96735) log_opt_values /opt/stack/data/venv/lib/python3.12/site-packages/oslo_config/cfg.py:3253}}
Jul 22 23:26:22.705410 np0000005672 nova-scheduler[96735]: DEBUG cotyledon.oslo_config_glue [-] oslo_limit.cafile = None {{(pid=96735) log_opt_values /opt/stack/data/venv/lib/python3.12/site-packages/oslo_config/cfg.py:3253}}
Jul 22 23:26:22.705693 np0000005672 nova-scheduler[96735]: DEBUG cotyledon.oslo_config_glue [-] oslo_limit.certfile = None {{(pid=96735) log_opt_values /opt/stack/data/venv/lib/python3.12/site-packages/oslo_config/cfg.py:3253}}
Jul 22 23:26:22.705693 np0000005672 nova-scheduler[96735]: DEBUG cotyledon.oslo_config_glue [-] oslo_limit.collect_timing = False {{(pid=96735) log_opt_values /opt/stack/data/venv/lib/python3.12/site-packages/oslo_config/cfg.py:3253}}
Jul 22 23:26:22.705693 np0000005672 nova-scheduler[96735]: DEBUG cotyledon.oslo_config_glue [-] oslo_limit.connect_retries = None {{(pid=96735) log_opt_values /opt/stack/data/venv/lib/python3.12/site-packages/oslo_config/cfg.py:3253}}
Jul 22 23:26:22.705693 np0000005672 nova-scheduler[96735]: DEBUG cotyledon.oslo_config_glue [-] oslo_limit.connect_retry_delay = None {{(pid=96735) log_opt_values /opt/stack/data/venv/lib/python3.12/site-packages/oslo_config/cfg.py:3253}}
Jul 22 23:26:22.705693 np0000005672 nova-scheduler[96735]: DEBUG cotyledon.oslo_config_glue [-] oslo_limit.endpoint_id = None {{(pid=96735) log_opt_values /opt/stack/data/venv/lib/python3.12/site-packages/oslo_config/cfg.py:3253}}
Jul 22 23:26:22.705693 np0000005672 nova-scheduler[96735]: DEBUG cotyledon.oslo_config_glue [-] oslo_limit.endpoint_interface = public {{(pid=96735) log_opt_values /opt/stack/data/venv/lib/python3.12/site-packages/oslo_config/cfg.py:3253}}
Jul 22 23:26:22.705693 np0000005672 nova-scheduler[96735]: DEBUG cotyledon.oslo_config_glue [-] oslo_limit.endpoint_override = None {{(pid=96735) log_opt_values /opt/stack/data/venv/lib/python3.12/site-packages/oslo_config/cfg.py:3253}}
Jul 22 23:26:22.705693 np0000005672 nova-scheduler[96735]: DEBUG cotyledon.oslo_config_glue [-] oslo_limit.endpoint_region_name = None {{(pid=96735) log_opt_values /opt/stack/data/venv/lib/python3.12/site-packages/oslo_config/cfg.py:3253}}
Jul 22 23:26:22.705693 np0000005672 nova-scheduler[96735]: DEBUG cotyledon.oslo_config_glue [-] oslo_limit.endpoint_service_name = None {{(pid=96735) log_opt_values /opt/stack/data/venv/lib/python3.12/site-packages/oslo_config/cfg.py:3253}}
Jul 22 23:26:22.705952 np0000005672 nova-scheduler[96735]: DEBUG cotyledon.oslo_config_glue [-] oslo_limit.endpoint_service_type = None {{(pid=96735) log_opt_values /opt/stack/data/venv/lib/python3.12/site-packages/oslo_config/cfg.py:3253}}
Jul 22 23:26:22.705952 np0000005672 nova-scheduler[96735]: DEBUG cotyledon.oslo_config_glue [-] oslo_limit.insecure = False {{(pid=96735) log_opt_values /opt/stack/data/venv/lib/python3.12/site-packages/oslo_config/cfg.py:3253}}
Jul 22 23:26:22.705952 np0000005672 nova-scheduler[96735]: DEBUG cotyledon.oslo_config_glue [-] oslo_limit.keyfile = None {{(pid=96735) log_opt_values /opt/stack/data/venv/lib/python3.12/site-packages/oslo_config/cfg.py:3253}}
Jul 22 23:26:22.705952 np0000005672 nova-scheduler[96735]: DEBUG cotyledon.oslo_config_glue [-] oslo_limit.max_version = None {{(pid=96735) log_opt_values /opt/stack/data/venv/lib/python3.12/site-packages/oslo_config/cfg.py:3253}}
Jul 22 23:26:22.705952 np0000005672 nova-scheduler[96735]: DEBUG cotyledon.oslo_config_glue [-] oslo_limit.min_version = None {{(pid=96735) log_opt_values /opt/stack/data/venv/lib/python3.12/site-packages/oslo_config/cfg.py:3253}}
Jul 22 23:26:22.705952 np0000005672 nova-scheduler[96735]: DEBUG cotyledon.oslo_config_glue [-] oslo_limit.region_name = None {{(pid=96735) log_opt_values /opt/stack/data/venv/lib/python3.12/site-packages/oslo_config/cfg.py:3253}}
Jul 22 23:26:22.705952 np0000005672 nova-scheduler[96735]: DEBUG cotyledon.oslo_config_glue [-] oslo_limit.retriable_status_codes = None {{(pid=96735) log_opt_values /opt/stack/data/venv/lib/python3.12/site-packages/oslo_config/cfg.py:3253}}
Jul 22 23:26:22.705952 np0000005672 nova-scheduler[96735]: DEBUG cotyledon.oslo_config_glue [-] oslo_limit.service_name = None {{(pid=96735) log_opt_values /opt/stack/data/venv/lib/python3.12/site-packages/oslo_config/cfg.py:3253}}
Jul 22 23:26:22.705952 np0000005672 nova-scheduler[96735]: DEBUG cotyledon.oslo_config_glue [-] oslo_limit.service_type = None {{(pid=96735) log_opt_values /opt/stack/data/venv/lib/python3.12/site-packages/oslo_config/cfg.py:3253}}
Jul 22 23:26:22.706142 np0000005672 nova-scheduler[96735]: DEBUG cotyledon.oslo_config_glue [-] oslo_limit.split_loggers = False {{(pid=96735) log_opt_values /opt/stack/data/venv/lib/python3.12/site-packages/oslo_config/cfg.py:3253}}
Jul 22 23:26:22.706142 np0000005672 nova-scheduler[96735]: DEBUG cotyledon.oslo_config_glue [-] oslo_limit.status_code_retries = None {{(pid=96735) log_opt_values /opt/stack/data/venv/lib/python3.12/site-packages/oslo_config/cfg.py:3253}}
Jul 22 23:26:22.706142 np0000005672 nova-scheduler[96735]: DEBUG cotyledon.oslo_config_glue [-] oslo_limit.status_code_retry_delay = None {{(pid=96735) log_opt_values /opt/stack/data/venv/lib/python3.12/site-packages/oslo_config/cfg.py:3253}}
Jul 22 23:26:22.706142 np0000005672 nova-scheduler[96735]: DEBUG cotyledon.oslo_config_glue [-] oslo_limit.timeout = None {{(pid=96735) log_opt_values /opt/stack/data/venv/lib/python3.12/site-packages/oslo_config/cfg.py:3253}}
Jul 22 23:26:22.706142 np0000005672 nova-scheduler[96735]: DEBUG cotyledon.oslo_config_glue [-] oslo_limit.valid_interfaces = None {{(pid=96735) log_opt_values /opt/stack/data/venv/lib/python3.12/site-packages/oslo_config/cfg.py:3253}}
Jul 22 23:26:22.706142 np0000005672 nova-scheduler[96735]: DEBUG cotyledon.oslo_config_glue [-] oslo_limit.version = None {{(pid=96735) log_opt_values /opt/stack/data/venv/lib/python3.12/site-packages/oslo_config/cfg.py:3253}}
Jul 22 23:26:22.706142 np0000005672 nova-scheduler[96735]: DEBUG cotyledon.oslo_config_glue [-] oslo_reports.file_event_handler = None {{(pid=96735) log_opt_values /opt/stack/data/venv/lib/python3.12/site-packages/oslo_config/cfg.py:3253}}
Jul 22 23:26:22.706142 np0000005672 nova-scheduler[96735]: DEBUG cotyledon.oslo_config_glue [-] oslo_reports.file_event_handler_interval = 1 {{(pid=96735) log_opt_values /opt/stack/data/venv/lib/python3.12/site-packages/oslo_config/cfg.py:3253}}
Jul 22 23:26:22.706142 np0000005672 nova-scheduler[96735]: DEBUG cotyledon.oslo_config_glue [-] oslo_reports.log_dir = None {{(pid=96735) log_opt_values /opt/stack/data/venv/lib/python3.12/site-packages/oslo_config/cfg.py:3253}}
Jul 22 23:26:22.706313 np0000005672 nova-scheduler[96735]: DEBUG cotyledon.oslo_config_glue [-] ******************************************************************************** {{(pid=96735) log_opt_values /opt/stack/data/venv/lib/python3.12/site-packages/oslo_config/cfg.py:3260}}
Jul 22 23:26:22.706313 np0000005672 nova-scheduler[96735]: DEBUG cotyledon._service_worker [-] Run service ServiceWrapper(3) [96735] {{(pid=96735) wait_forever /opt/stack/data/venv/lib/python3.12/site-packages/cotyledon/_service_worker.py:218}}
Jul 22 23:26:22.706313 np0000005672 nova-scheduler[96735]: INFO nova.service [-] Starting scheduler node (version 33.1.0)
Jul 22 23:26:22.706381 np0000005672 nova-scheduler[96731]: DEBUG oslo_db.sqlalchemy.engines [None req-6d546bea-8c37-494a-b4e2-9e4d1f43a16e None None] MySQL server mode set to STRICT_TRANS_TABLES,STRICT_ALL_TABLES,NO_ZERO_IN_DATE,NO_ZERO_DATE,ERROR_FOR_DIVISION_BY_ZERO,TRADITIONAL,NO_ENGINE_SUBSTITUTION {{(pid=96731) _check_effective_sql_mode /opt/stack/data/venv/lib/python3.12/site-packages/oslo_db/sqlalchemy/engines.py:325}}
Jul 22 23:26:22.707661 np0000005672 nova-scheduler[96735]: INFO dbcounter [None req-66482cbb-b8b2-4ec9-8c0e-5e933604b7ca None None] Registered counter for database nova_cell0
Jul 22 23:26:22.710796 np0000005672 nova-scheduler[96729]: DEBUG oslo_db.sqlalchemy.engines [None req-b6c91b08-8d21-4c93-8f48-5be12f07ac72 None None] MySQL server mode set to STRICT_TRANS_TABLES,STRICT_ALL_TABLES,NO_ZERO_IN_DATE,NO_ZERO_DATE,ERROR_FOR_DIVISION_BY_ZERO,TRADITIONAL,NO_ENGINE_SUBSTITUTION {{(pid=96729) _check_effective_sql_mode /opt/stack/data/venv/lib/python3.12/site-packages/oslo_db/sqlalchemy/engines.py:325}}
Jul 22 23:26:22.715182 np0000005672 nova-scheduler[96731]: DEBUG dbcounter [-] [96731] Writer thread running {{(pid=96731) stat_writer /opt/stack/data/venv/lib/python3.12/site-packages/dbcounter.py:102}}
Jul 22 23:26:22.720933 np0000005672 nova-scheduler[96729]: DEBUG dbcounter [-] [96729] Writer thread running {{(pid=96729) stat_writer /opt/stack/data/venv/lib/python3.12/site-packages/dbcounter.py:102}}
Jul 22 23:26:22.721075 np0000005672 nova-scheduler[96733]: DEBUG oslo_db.sqlalchemy.engines [None req-a1a4f824-8493-422a-bcd4-37d11e09dc6c None None] MySQL server mode set to STRICT_TRANS_TABLES,STRICT_ALL_TABLES,NO_ZERO_IN_DATE,NO_ZERO_DATE,ERROR_FOR_DIVISION_BY_ZERO,TRADITIONAL,NO_ENGINE_SUBSTITUTION {{(pid=96733) _check_effective_sql_mode /opt/stack/data/venv/lib/python3.12/site-packages/oslo_db/sqlalchemy/engines.py:325}}
Jul 22 23:26:22.729989 np0000005672 nova-scheduler[96731]: DEBUG nova.service [None req-6d546bea-8c37-494a-b4e2-9e4d1f43a16e None None] Creating RPC server for service: nova-scheduler on topic: scheduler {{(pid=96731) start /opt/stack/nova/nova/service.py:196}}
Jul 22 23:26:22.731830 np0000005672 nova-scheduler[96733]: DEBUG dbcounter [-] [96733] Writer thread running {{(pid=96733) stat_writer /opt/stack/data/venv/lib/python3.12/site-packages/dbcounter.py:102}}
Jul 22 23:26:22.734951 np0000005672 nova-scheduler[96733]: DEBUG nova.service [None req-a1a4f824-8493-422a-bcd4-37d11e09dc6c None None] Creating RPC server for service: nova-scheduler on topic: scheduler {{(pid=96733) start /opt/stack/nova/nova/service.py:196}}
Jul 22 23:26:22.735235 np0000005672 nova-scheduler[96729]: DEBUG nova.service [None req-b6c91b08-8d21-4c93-8f48-5be12f07ac72 None None] Creating RPC server for service: nova-scheduler on topic: scheduler {{(pid=96729) start /opt/stack/nova/nova/service.py:196}}
Jul 22 23:26:22.748241 np0000005672 nova-scheduler[96735]: DEBUG oslo_db.sqlalchemy.engines [None req-66482cbb-b8b2-4ec9-8c0e-5e933604b7ca None None] MySQL server mode set to STRICT_TRANS_TABLES,STRICT_ALL_TABLES,NO_ZERO_IN_DATE,NO_ZERO_DATE,ERROR_FOR_DIVISION_BY_ZERO,TRADITIONAL,NO_ENGINE_SUBSTITUTION {{(pid=96735) _check_effective_sql_mode /opt/stack/data/venv/lib/python3.12/site-packages/oslo_db/sqlalchemy/engines.py:325}}
Jul 22 23:26:22.758000 np0000005672 nova-scheduler[96735]: DEBUG dbcounter [-] [96735] Writer thread running {{(pid=96735) stat_writer /opt/stack/data/venv/lib/python3.12/site-packages/dbcounter.py:102}}
Jul 22 23:26:22.761326 np0000005672 nova-scheduler[96735]: DEBUG nova.service [None req-66482cbb-b8b2-4ec9-8c0e-5e933604b7ca None None] Creating RPC server for service: nova-scheduler on topic: scheduler {{(pid=96735) start /opt/stack/nova/nova/service.py:196}}
Jul 22 23:26:22.765593 np0000005672 nova-scheduler[96729]: DEBUG nova.service [None req-b6c91b08-8d21-4c93-8f48-5be12f07ac72 None None] Join ServiceGroup membership for this service scheduler {{(pid=96729) start /opt/stack/nova/nova/service.py:222}}
Jul 22 23:26:22.765886 np0000005672 nova-scheduler[96729]: DEBUG nova.servicegroup.drivers.db [None req-b6c91b08-8d21-4c93-8f48-5be12f07ac72 None None] DB_Driver: join new ServiceGroup member np0000005672 to the scheduler group, service = {{(pid=96729) join /opt/stack/nova/nova/servicegroup/drivers/db.py:44}}
Jul 22 23:26:22.766278 np0000005672 nova-scheduler[96733]: DEBUG nova.service [None req-a1a4f824-8493-422a-bcd4-37d11e09dc6c None None] Join ServiceGroup membership for this service scheduler {{(pid=96733) start /opt/stack/nova/nova/service.py:222}}
Jul 22 23:26:22.766521 np0000005672 nova-scheduler[96733]: DEBUG nova.servicegroup.drivers.db [None req-a1a4f824-8493-422a-bcd4-37d11e09dc6c None None] DB_Driver: join new ServiceGroup member np0000005672 to the scheduler group, service = {{(pid=96733) join /opt/stack/nova/nova/servicegroup/drivers/db.py:44}}
Jul 22 23:26:22.770613 np0000005672 nova-scheduler[96731]: DEBUG nova.service [None req-6d546bea-8c37-494a-b4e2-9e4d1f43a16e None None] Join ServiceGroup membership for this service scheduler {{(pid=96731) start /opt/stack/nova/nova/service.py:222}}
Jul 22 23:26:22.770834 np0000005672 nova-scheduler[96731]: DEBUG nova.servicegroup.drivers.db [None req-6d546bea-8c37-494a-b4e2-9e4d1f43a16e None None] DB_Driver: join new ServiceGroup member np0000005672 to the scheduler group, service = {{(pid=96731) join /opt/stack/nova/nova/servicegroup/drivers/db.py:44}}
Jul 22 23:26:22.778383 np0000005672 nova-scheduler[96735]: DEBUG nova.service [None req-66482cbb-b8b2-4ec9-8c0e-5e933604b7ca None None] Join ServiceGroup membership for this service scheduler {{(pid=96735) start /opt/stack/nova/nova/service.py:222}}
Jul 22 23:26:22.778527 np0000005672 nova-scheduler[96735]: DEBUG nova.servicegroup.drivers.db [None req-66482cbb-b8b2-4ec9-8c0e-5e933604b7ca None None] DB_Driver: join new ServiceGroup member np0000005672 to the scheduler group, service = {{(pid=96735) join /opt/stack/nova/nova/servicegroup/drivers/db.py:44}}
Jul 22 23:26:27.786608 np0000005672 nova-scheduler[96731]: DEBUG oslo.service.backend._threading.loopingcall [-] Fixed interval looping call 'nova.servicegroup.drivers.db.DbDriver._report_state' sleeping for 119.99 seconds {{(pid=96731) _run_loop /opt/stack/data/venv/lib/python3.12/site-packages/oslo_service/backend/_threading/loopingcall.py:125}}
Jul 22 23:26:27.787021 np0000005672 nova-scheduler[96733]: DEBUG oslo.service.backend._threading.loopingcall [-] Fixed interval looping call 'nova.servicegroup.drivers.db.DbDriver._report_state' sleeping for 119.98 seconds {{(pid=96733) _run_loop /opt/stack/data/venv/lib/python3.12/site-packages/oslo_service/backend/_threading/loopingcall.py:125}}
Jul 22 23:26:27.788247 np0000005672 nova-scheduler[96729]: DEBUG oslo.service.backend._threading.loopingcall [-] Fixed interval looping call 'nova.servicegroup.drivers.db.DbDriver._report_state' sleeping for 119.98 seconds {{(pid=96729) _run_loop /opt/stack/data/venv/lib/python3.12/site-packages/oslo_service/backend/_threading/loopingcall.py:125}}
Jul 22 23:26:27.792852 np0000005672 nova-scheduler[96735]: DEBUG oslo.service.backend._threading.loopingcall [-] Fixed interval looping call 'nova.servicegroup.drivers.db.DbDriver._report_state' sleeping for 119.99 seconds {{(pid=96735) _run_loop /opt/stack/data/venv/lib/python3.12/site-packages/oslo_service/backend/_threading/loopingcall.py:125}}
Jul 22 23:26:31.257475 np0000005672 nova-scheduler[95435]: DEBUG dbcounter [-] [95435] Writing DB stats nova_api:SELECT=3 {{(pid=95435) stat_writer /opt/stack/data/venv/lib/python3.12/site-packages/dbcounter.py:115}}
Jul 22 23:26:31.396899 np0000005672 nova-scheduler[95435]: DEBUG dbcounter [-] [95435] Writing DB stats nova_cell0:SELECT=1 {{(pid=95435) stat_writer /opt/stack/data/venv/lib/python3.12/site-packages/dbcounter.py:115}}
Jul 22 23:26:31.409748 np0000005672 nova-scheduler[95435]: DEBUG dbcounter [-] [95435] Writing DB stats nova_cell1:SELECT=1 {{(pid=95435) stat_writer /opt/stack/data/venv/lib/python3.12/site-packages/dbcounter.py:115}}
Jul 22 23:26:37.768409 np0000005672 nova-scheduler[96733]: DEBUG oslo.service.backend._threading.loopingcall [None req-1c735e2f-cf19-408d-9de5-4d75ba35ca7d None None] Dynamic interval looping call 'nova.service.Service.periodic_tasks' sleeping for 60.00 seconds {{(pid=96733) _run_loop /opt/stack/data/venv/lib/python3.12/site-packages/oslo_service/backend/_threading/loopingcall.py:125}}
Jul 22 23:26:37.782811 np0000005672 nova-scheduler[96731]: DEBUG dbcounter [-] [96731] Writing DB stats nova_cell0:SELECT=4,nova_cell0:INSERT=1,nova_cell0:UPDATE=1 {{(pid=96731) stat_writer /opt/stack/data/venv/lib/python3.12/site-packages/dbcounter.py:115}}
Jul 22 23:26:37.784035 np0000005672 nova-scheduler[96733]: DEBUG dbcounter [-] [96733] Writing DB stats nova_cell0:SELECT=3,nova_cell0:UPDATE=1 {{(pid=96733) stat_writer /opt/stack/data/venv/lib/python3.12/site-packages/dbcounter.py:115}}
Jul 22 23:26:37.785067 np0000005672 nova-scheduler[96729]: DEBUG dbcounter [-] [96729] Writing DB stats nova_cell0:SELECT=5,nova_cell0:INSERT=1,nova_cell0:UPDATE=1 {{(pid=96729) stat_writer /opt/stack/data/venv/lib/python3.12/site-packages/dbcounter.py:115}}
Jul 22 23:26:37.792213 np0000005672 nova-scheduler[96735]: DEBUG dbcounter [-] [96735] Writing DB stats nova_cell0:SELECT=3 {{(pid=96735) stat_writer /opt/stack/data/venv/lib/python3.12/site-packages/dbcounter.py:115}}
Jul 22 23:26:41.773091 np0000005672 nova-scheduler[96731]: DEBUG oslo.service.backend._threading.loopingcall [None req-e924127c-e228-44e0-b0f3-b8ba59f10d46 None None] Dynamic interval looping call 'nova.service.Service.periodic_tasks' sleeping for 60.00 seconds {{(pid=96731) _run_loop /opt/stack/data/venv/lib/python3.12/site-packages/oslo_service/backend/_threading/loopingcall.py:125}}
Jul 22 23:26:59.769061 np0000005672 nova-scheduler[96729]: DEBUG oslo.service.backend._threading.loopingcall [None req-676dbc2f-0a5d-4be3-b577-8b28f7ed521b None None] Dynamic interval looping call 'nova.service.Service.periodic_tasks' sleeping for 60.00 seconds {{(pid=96729) _run_loop /opt/stack/data/venv/lib/python3.12/site-packages/oslo_service/backend/_threading/loopingcall.py:125}}
Jul 22 23:27:00.780679 np0000005672 nova-scheduler[96735]: DEBUG oslo.service.backend._threading.loopingcall [None req-5d661f1b-af85-4a16-aee5-cc8364430847 None None] Dynamic interval looping call 'nova.service.Service.periodic_tasks' sleeping for 60.00 seconds {{(pid=96735) _run_loop /opt/stack/data/venv/lib/python3.12/site-packages/oslo_service/backend/_threading/loopingcall.py:125}}
Jul 22 23:27:37.768934 np0000005672 nova-scheduler[96733]: DEBUG oslo.service.backend._threading.loopingcall [None req-1c735e2f-cf19-408d-9de5-4d75ba35ca7d None None] Dynamic interval looping call 'nova.service.Service.periodic_tasks' sleeping for 60.00 seconds {{(pid=96733) _run_loop /opt/stack/data/venv/lib/python3.12/site-packages/oslo_service/backend/_threading/loopingcall.py:125}}
Jul 22 23:27:41.773611 np0000005672 nova-scheduler[96731]: DEBUG oslo.service.backend._threading.loopingcall [None req-e924127c-e228-44e0-b0f3-b8ba59f10d46 None None] Dynamic interval looping call 'nova.service.Service.periodic_tasks' sleeping for 60.00 seconds {{(pid=96731) _run_loop /opt/stack/data/venv/lib/python3.12/site-packages/oslo_service/backend/_threading/loopingcall.py:125}}
Jul 22 23:27:59.769518 np0000005672 nova-scheduler[96729]: DEBUG oslo.service.backend._threading.loopingcall [None req-676dbc2f-0a5d-4be3-b577-8b28f7ed521b None None] Dynamic interval looping call 'nova.service.Service.periodic_tasks' sleeping for 60.00 seconds {{(pid=96729) _run_loop /opt/stack/data/venv/lib/python3.12/site-packages/oslo_service/backend/_threading/loopingcall.py:125}}
Jul 22 23:28:00.781288 np0000005672 nova-scheduler[96735]: DEBUG oslo.service.backend._threading.loopingcall [None req-5d661f1b-af85-4a16-aee5-cc8364430847 None None] Dynamic interval looping call 'nova.service.Service.periodic_tasks' sleeping for 60.00 seconds {{(pid=96735) _run_loop /opt/stack/data/venv/lib/python3.12/site-packages/oslo_service/backend/_threading/loopingcall.py:125}}
Jul 22 23:28:27.773463 np0000005672 nova-scheduler[96733]: DEBUG oslo.service.backend._threading.loopingcall [-] Fixed interval looping call 'nova.servicegroup.drivers.db.DbDriver._report_state' sleeping for 119.99 seconds {{(pid=96733) _run_loop /opt/stack/data/venv/lib/python3.12/site-packages/oslo_service/backend/_threading/loopingcall.py:125}}
Jul 22 23:28:27.773867 np0000005672 nova-scheduler[96729]: DEBUG oslo.service.backend._threading.loopingcall [-] Fixed interval looping call 'nova.servicegroup.drivers.db.DbDriver._report_state' sleeping for 120.00 seconds {{(pid=96729) _run_loop /opt/stack/data/venv/lib/python3.12/site-packages/oslo_service/backend/_threading/loopingcall.py:125}}
Jul 22 23:28:27.780873 np0000005672 nova-scheduler[96731]: DEBUG oslo.service.backend._threading.loopingcall [-] Fixed interval looping call 'nova.servicegroup.drivers.db.DbDriver._report_state' sleeping for 120.00 seconds {{(pid=96731) _run_loop /opt/stack/data/venv/lib/python3.12/site-packages/oslo_service/backend/_threading/loopingcall.py:125}}
Jul 22 23:28:27.786866 np0000005672 nova-scheduler[96735]: DEBUG oslo.service.backend._threading.loopingcall [-] Fixed interval looping call 'nova.servicegroup.drivers.db.DbDriver._report_state' sleeping for 120.00 seconds {{(pid=96735) _run_loop /opt/stack/data/venv/lib/python3.12/site-packages/oslo_service/backend/_threading/loopingcall.py:125}}
Jul 22 23:28:37.769925 np0000005672 nova-scheduler[96733]: DEBUG oslo.service.backend._threading.loopingcall [None req-1c735e2f-cf19-408d-9de5-4d75ba35ca7d None None] Dynamic interval looping call 'nova.service.Service.periodic_tasks' sleeping for 60.00 seconds {{(pid=96733) _run_loop /opt/stack/data/venv/lib/python3.12/site-packages/oslo_service/backend/_threading/loopingcall.py:125}}
Jul 22 23:28:37.769925 np0000005672 nova-scheduler[96733]: DEBUG dbcounter [-] [96733] Writing DB stats nova_cell0:SELECT=1,nova_cell0:UPDATE=1 {{(pid=96733) stat_writer /opt/stack/data/venv/lib/python3.12/site-packages/dbcounter.py:115}}
Jul 22 23:28:37.772319 np0000005672 nova-scheduler[96729]: DEBUG dbcounter [-] [96729] Writing DB stats nova_cell0:SELECT=1,nova_cell0:UPDATE=1 {{(pid=96729) stat_writer /opt/stack/data/venv/lib/python3.12/site-packages/dbcounter.py:115}}
Jul 22 23:28:37.779035 np0000005672 nova-scheduler[96731]: DEBUG dbcounter [-] [96731] Writing DB stats nova_cell0:SELECT=1 {{(pid=96731) stat_writer /opt/stack/data/venv/lib/python3.12/site-packages/dbcounter.py:115}}
Jul 22 23:28:37.784870 np0000005672 nova-scheduler[96735]: DEBUG dbcounter [-] [96735] Writing DB stats nova_cell0:SELECT=1 {{(pid=96735) stat_writer /opt/stack/data/venv/lib/python3.12/site-packages/dbcounter.py:115}}
Jul 22 23:28:40.964648 np0000005672 nova-scheduler[96729]: DEBUG nova.scheduler.manager [None req-0d94650c-54be-4b87-954a-3a6798cdc96b tempest-ServerRescueNegativeTestJSON-1551510400 tempest-ServerRescueNegativeTestJSON-1551510400-project-member] Starting to schedule for instances: ['cbea6e8a-9744-47c0-a9fe-33a5732aa6b7'] {{(pid=96729) select_destinations /opt/stack/nova/nova/scheduler/manager.py:209}}
Jul 22 23:28:40.965277 np0000005672 nova-scheduler[96729]: DEBUG nova.scheduler.request_filter [None req-0d94650c-54be-4b87-954a-3a6798cdc96b tempest-ServerRescueNegativeTestJSON-1551510400 tempest-ServerRescueNegativeTestJSON-1551510400-project-member] compute_status_filter request filter added forbidden trait COMPUTE_STATUS_DISABLED {{(pid=96729) compute_status_filter /opt/stack/nova/nova/scheduler/request_filter.py:253}}
Jul 22 23:28:40.965385 np0000005672 nova-scheduler[96729]: DEBUG nova.scheduler.request_filter [None req-0d94650c-54be-4b87-954a-3a6798cdc96b tempest-ServerRescueNegativeTestJSON-1551510400 tempest-ServerRescueNegativeTestJSON-1551510400-project-member] Request filter 'compute_status_filter' took 0.0 seconds {{(pid=96729) wrapper /opt/stack/nova/nova/scheduler/request_filter.py:46}}
Jul 22 23:28:40.965571 np0000005672 nova-scheduler[96729]: DEBUG nova.scheduler.request_filter [None req-0d94650c-54be-4b87-954a-3a6798cdc96b tempest-ServerRescueNegativeTestJSON-1551510400 tempest-ServerRescueNegativeTestJSON-1551510400-project-member] Request filter 'accelerators_filter' took 0.0 seconds {{(pid=96729) wrapper /opt/stack/nova/nova/scheduler/request_filter.py:46}}
Jul 22 23:28:40.965837 np0000005672 nova-scheduler[96729]: DEBUG nova.scheduler.request_filter [None req-0d94650c-54be-4b87-954a-3a6798cdc96b tempest-ServerRescueNegativeTestJSON-1551510400 tempest-ServerRescueNegativeTestJSON-1551510400-project-member] Request filter 'packed_virtqueue_filter' took 0.0 seconds {{(pid=96729) wrapper /opt/stack/nova/nova/scheduler/request_filter.py:46}}
Jul 22 23:28:40.966058 np0000005672 nova-scheduler[96729]: DEBUG nova.scheduler.request_filter [None req-0d94650c-54be-4b87-954a-3a6798cdc96b tempest-ServerRescueNegativeTestJSON-1551510400 tempest-ServerRescueNegativeTestJSON-1551510400-project-member] Request filter 'remote_managed_ports_filter' took 0.0 seconds {{(pid=96729) wrapper /opt/stack/nova/nova/scheduler/request_filter.py:46}}
Jul 22 23:28:40.966259 np0000005672 nova-scheduler[96729]: DEBUG nova.scheduler.request_filter [None req-0d94650c-54be-4b87-954a-3a6798cdc96b tempest-ServerRescueNegativeTestJSON-1551510400 tempest-ServerRescueNegativeTestJSON-1551510400-project-member] ephemeral_encryption_filter skipped {{(pid=96729) ephemeral_encryption_filter /opt/stack/nova/nova/scheduler/request_filter.py:426}}
Jul 22 23:28:40.966442 np0000005672 nova-scheduler[96729]: DEBUG nova.scheduler.request_filter [None req-0d94650c-54be-4b87-954a-3a6798cdc96b tempest-ServerRescueNegativeTestJSON-1551510400 tempest-ServerRescueNegativeTestJSON-1551510400-project-member] virtio_sound_filter skipped {{(pid=96729) virtio_sound_filter /opt/stack/nova/nova/scheduler/request_filter.py:460}}
Jul 22 23:28:40.966638 np0000005672 nova-scheduler[96729]: DEBUG nova.scheduler.request_filter [None req-0d94650c-54be-4b87-954a-3a6798cdc96b tempest-ServerRescueNegativeTestJSON-1551510400 tempest-ServerRescueNegativeTestJSON-1551510400-project-member] tpm_secret_security_filter skipped {{(pid=96729) tpm_secret_security_filter /opt/stack/nova/nova/scheduler/request_filter.py:477}}
Jul 22 23:28:41.406645 np0000005672 nova-scheduler[96729]: INFO nova.utils [None req-0d94650c-54be-4b87-954a-3a6798cdc96b tempest-ServerRescueNegativeTestJSON-1551510400 tempest-ServerRescueNegativeTestJSON-1551510400-project-member] The cell worker thread pool ForkProcess-1.cell_worker is initialized
Jul 22 23:28:41.406975 np0000005672 nova-scheduler[96729]: DEBUG oslo_concurrency.lockutils [None req-0d94650c-54be-4b87-954a-3a6798cdc96b tempest-ServerRescueNegativeTestJSON-1551510400 tempest-ServerRescueNegativeTestJSON-1551510400-project-member] Acquiring lock "59a2f8c7-6c71-4ace-a1b3-864f73fbd732" by "nova.context.set_target_cell..get_or_set_cached_cell_and_set_connections" {{(pid=96729) inner /opt/stack/data/venv/lib/python3.12/site-packages/oslo_concurrency/lockutils.py:512}}
Jul 22 23:28:41.407149 np0000005672 nova-scheduler[96729]: DEBUG oslo_concurrency.lockutils [None req-0d94650c-54be-4b87-954a-3a6798cdc96b tempest-ServerRescueNegativeTestJSON-1551510400 tempest-ServerRescueNegativeTestJSON-1551510400-project-member] Lock "59a2f8c7-6c71-4ace-a1b3-864f73fbd732" acquired by "nova.context.set_target_cell..get_or_set_cached_cell_and_set_connections" :: waited 0.000s {{(pid=96729) inner /opt/stack/data/venv/lib/python3.12/site-packages/oslo_concurrency/lockutils.py:525}}
Jul 22 23:28:41.408594 np0000005672 nova-scheduler[96729]: DEBUG oslo_concurrency.lockutils [None req-0d94650c-54be-4b87-954a-3a6798cdc96b tempest-ServerRescueNegativeTestJSON-1551510400 tempest-ServerRescueNegativeTestJSON-1551510400-project-member] Lock "59a2f8c7-6c71-4ace-a1b3-864f73fbd732" "released" by "nova.context.set_target_cell..get_or_set_cached_cell_and_set_connections" :: held 0.001s {{(pid=96729) inner /opt/stack/data/venv/lib/python3.12/site-packages/oslo_concurrency/lockutils.py:544}}
Jul 22 23:28:41.410292 np0000005672 nova-scheduler[96729]: INFO dbcounter [None req-0d94650c-54be-4b87-954a-3a6798cdc96b tempest-ServerRescueNegativeTestJSON-1551510400 tempest-ServerRescueNegativeTestJSON-1551510400-project-member] Registered counter for database nova_cell1
Jul 22 23:28:41.457470 np0000005672 nova-scheduler[96729]: DEBUG oslo_db.sqlalchemy.engines [None req-0d94650c-54be-4b87-954a-3a6798cdc96b tempest-ServerRescueNegativeTestJSON-1551510400 tempest-ServerRescueNegativeTestJSON-1551510400-project-member] MySQL server mode set to STRICT_TRANS_TABLES,STRICT_ALL_TABLES,NO_ZERO_IN_DATE,NO_ZERO_DATE,ERROR_FOR_DIVISION_BY_ZERO,TRADITIONAL,NO_ENGINE_SUBSTITUTION {{(pid=96729) _check_effective_sql_mode /opt/stack/data/venv/lib/python3.12/site-packages/oslo_db/sqlalchemy/engines.py:325}}
Jul 22 23:28:41.465934 np0000005672 nova-scheduler[96729]: DEBUG dbcounter [-] [96729] Writer thread running {{(pid=96729) stat_writer /opt/stack/data/venv/lib/python3.12/site-packages/dbcounter.py:102}}
Jul 22 23:28:41.478238 np0000005672 nova-scheduler[96729]: DEBUG oslo_db.sqlalchemy.engines [None req-0d94650c-54be-4b87-954a-3a6798cdc96b tempest-ServerRescueNegativeTestJSON-1551510400 tempest-ServerRescueNegativeTestJSON-1551510400-project-member] Parent process 95435 forked (96729) with an open database connection, which is being discarded and recreated. {{(pid=96729) checkout /opt/stack/data/venv/lib/python3.12/site-packages/oslo_db/sqlalchemy/engines.py:402}}
Jul 22 23:28:41.514917 np0000005672 nova-scheduler[96729]: DEBUG dbcounter [-] [96729] Writer thread running {{(pid=96729) stat_writer /opt/stack/data/venv/lib/python3.12/site-packages/dbcounter.py:102}}
Jul 22 23:28:41.517784 np0000005672 nova-scheduler[96729]: DEBUG oslo_concurrency.lockutils [None req-0d94650c-54be-4b87-954a-3a6798cdc96b tempest-ServerRescueNegativeTestJSON-1551510400 tempest-ServerRescueNegativeTestJSON-1551510400-project-member] Acquiring lock "59a2f8c7-6c71-4ace-a1b3-864f73fbd732" by "nova.context.set_target_cell..get_or_set_cached_cell_and_set_connections" {{(pid=96729) inner /opt/stack/data/venv/lib/python3.12/site-packages/oslo_concurrency/lockutils.py:512}}
