Jul 19 15:59:22.636590 np0000005441 devstack@g-api.service[99659]: DEBUG glance_store.location [-] Registering scheme swift+https with {'store': , 'location_class': , 'store_entry': 'swift'} {{(pid=99659) register_scheme_map /opt/stack/data/venv/lib/python3.12/site-packages/glance_store/location.py:146}}
Jul 19 15:59:22.636613 np0000005441 devstack@g-api.service[99661]: DEBUG glance_store.backend [-] Attempting to import store file {{(pid=99661) _load_store /opt/stack/data/venv/lib/python3.12/site-packages/glance_store/backend.py:215}}
Jul 19 15:59:22.636635 np0000005441 devstack@g-api.service[99659]: DEBUG glance_store.location [-] Registering scheme swift with {'store': , 'location_class': , 'store_entry': 'swift'} {{(pid=99659) register_scheme_map /opt/stack/data/venv/lib/python3.12/site-packages/glance_store/location.py:146}}
Jul 19 15:59:22.636635 np0000005441 devstack@g-api.service[99659]: DEBUG glance_store.location [-] Registering scheme swift+http with {'store': , 'location_class': , 'store_entry': 'swift'} {{(pid=99659) register_scheme_map /opt/stack/data/venv/lib/python3.12/site-packages/glance_store/location.py:146}}
Jul 19 15:59:22.636635 np0000005441 devstack@g-api.service[99659]: DEBUG glance_store.location [-] Registering scheme swift+config with {'store': , 'location_class': , 'store_entry': 'swift'} {{(pid=99659) register_scheme_map /opt/stack/data/venv/lib/python3.12/site-packages/glance_store/location.py:146}}
Jul 19 15:59:22.636933 np0000005441 devstack@g-api.service[99659]: DEBUG glance.sqlite_migration [-] SQLite caching database not located, skipping migration {{(pid=99659) get_db_path /opt/stack/glance/glance/sqlite_migration.py:68}}
Jul 19 15:59:22.636977 np0000005441 devstack@g-api.service[99661]: DEBUG glance_store.capabilities [-] Store glance_store._drivers.filesystem.Store doesn't support updating dynamic storage capabilities. Please overwrite 'update_capabilities' method of the store to implement updating logics if needed. {{(pid=99661) update_capabilities /opt/stack/data/venv/lib/python3.12/site-packages/glance_store/capabilities.py:91}}
Jul 19 15:59:22.636977 np0000005441 devstack@g-api.service[99661]: DEBUG glance_store.backend [-] Registering store file with schemes ('file', 'filesystem') {{(pid=99661) create_stores /opt/stack/data/venv/lib/python3.12/site-packages/glance_store/backend.py:261}}
Jul 19 15:59:22.637052 np0000005441 devstack@g-api.service[99661]: DEBUG glance_store.driver [-] Late loading location class glance_store._drivers.filesystem.StoreLocation {{(pid=99661) get_store_location_class /opt/stack/data/venv/lib/python3.12/site-packages/glance_store/driver.py:134}}
Jul 19 15:59:22.637120 np0000005441 devstack@g-api.service[99661]: DEBUG glance_store.location [-] Registering scheme file with {'store': , 'location_class': , 'store_entry': 'file'} {{(pid=99661) register_scheme_map /opt/stack/data/venv/lib/python3.12/site-packages/glance_store/location.py:146}}
Jul 19 15:59:22.637153 np0000005441 devstack@g-api.service[99659]: WARNING glance.common.wsgi_app [-] Import methods are enabled but staging directory /tmp/staging/ does not exist; Imports will fail!
Jul 19 15:59:22.637197 np0000005441 devstack@g-api.service[99661]: DEBUG glance_store.location [-] Registering scheme filesystem with {'store': , 'location_class': , 'store_entry': 'file'} {{(pid=99661) register_scheme_map /opt/stack/data/venv/lib/python3.12/site-packages/glance_store/location.py:146}}
Jul 19 15:59:22.637291 np0000005441 devstack@g-api.service[99661]: DEBUG glance_store.backend [-] Attempting to import store swift {{(pid=99661) _load_store /opt/stack/data/venv/lib/python3.12/site-packages/glance_store/backend.py:215}}
Jul 19 15:59:22.638354 np0000005441 devstack@g-api.service[99661]: DEBUG glance_store.capabilities [-] Store glance_store._drivers.swift.store.SingleTenantStore doesn't support updating dynamic storage capabilities. Please overwrite 'update_capabilities' method of the store to implement updating logics if needed. {{(pid=99661) update_capabilities /opt/stack/data/venv/lib/python3.12/site-packages/glance_store/capabilities.py:91}}
Jul 19 15:59:22.638407 np0000005441 devstack@g-api.service[99661]: DEBUG glance_store.driver [-] Late loading location class glance_store._drivers.swift.store.StoreLocation {{(pid=99661) get_store_location_class /opt/stack/data/venv/lib/python3.12/site-packages/glance_store/driver.py:134}}
Jul 19 15:59:22.638470 np0000005441 devstack@g-api.service[99661]: DEBUG glance_store.location [-] Registering scheme swift+https with {'store': , 'location_class': , 'store_entry': 'swift'} {{(pid=99661) register_scheme_map /opt/stack/data/venv/lib/python3.12/site-packages/glance_store/location.py:146}}
Jul 19 15:59:22.638513 np0000005441 devstack@g-api.service[99661]: DEBUG glance_store.location [-] Registering scheme swift+https with {'store': , 'location_class': , 'store_entry': 'swift'} {{(pid=99661) register_scheme_map /opt/stack/data/venv/lib/python3.12/site-packages/glance_store/location.py:146}}
Jul 19 15:59:22.638569 np0000005441 devstack@g-api.service[99661]: DEBUG glance_store.location [-] Registering scheme swift with {'store': , 'location_class': , 'store_entry': 'swift'} {{(pid=99661) register_scheme_map /opt/stack/data/venv/lib/python3.12/site-packages/glance_store/location.py:146}}
Jul 19 15:59:22.638615 np0000005441 devstack@g-api.service[99661]: DEBUG glance_store.location [-] Registering scheme swift+https with {'store': , 'location_class': , 'store_entry': 'swift'} {{(pid=99661) register_scheme_map /opt/stack/data/venv/lib/python3.12/site-packages/glance_store/location.py:146}}
Jul 19 15:59:22.638662 np0000005441 devstack@g-api.service[99661]: DEBUG glance_store.location [-] Registering scheme swift with {'store': , 'location_class': , 'store_entry': 'swift'} {{(pid=99661) register_scheme_map /opt/stack/data/venv/lib/python3.12/site-packages/glance_store/location.py:146}}
Jul 19 15:59:22.638711 np0000005441 devstack@g-api.service[99661]: DEBUG glance_store.location [-] Registering scheme swift+http with {'store': , 'location_class': , 'store_entry': 'swift'} {{(pid=99661) register_scheme_map /opt/stack/data/venv/lib/python3.12/site-packages/glance_store/location.py:146}}
Jul 19 15:59:22.638760 np0000005441 devstack@g-api.service[99661]: DEBUG glance_store.location [-] Registering scheme swift+https with {'store': , 'location_class': , 'store_entry': 'swift'} {{(pid=99661) register_scheme_map /opt/stack/data/venv/lib/python3.12/site-packages/glance_store/location.py:146}}
Jul 19 15:59:22.638807 np0000005441 devstack@g-api.service[99661]: DEBUG glance_store.location [-] Registering scheme swift with {'store': , 'location_class': , 'store_entry': 'swift'} {{(pid=99661) register_scheme_map /opt/stack/data/venv/lib/python3.12/site-packages/glance_store/location.py:146}}
Jul 19 15:59:22.638858 np0000005441 devstack@g-api.service[99661]: DEBUG glance_store.location [-] Registering scheme swift+http with {'store': , 'location_class': , 'store_entry': 'swift'} {{(pid=99661) register_scheme_map /opt/stack/data/venv/lib/python3.12/site-packages/glance_store/location.py:146}}
Jul 19 15:59:22.638898 np0000005441 devstack@g-api.service[99661]: DEBUG glance_store.location [-] Registering scheme swift+config with {'store': , 'location_class': , 'store_entry': 'swift'} {{(pid=99661) register_scheme_map /opt/stack/data/venv/lib/python3.12/site-packages/glance_store/location.py:146}}
Jul 19 15:59:22.639177 np0000005441 devstack@g-api.service[99661]: DEBUG glance.sqlite_migration [-] SQLite caching database not located, skipping migration {{(pid=99661) get_db_path /opt/stack/glance/glance/sqlite_migration.py:68}}
Jul 19 15:59:22.639359 np0000005441 devstack@g-api.service[99661]: WARNING glance.common.wsgi_app [-] Import methods are enabled but staging directory /tmp/staging/ does not exist; Imports will fail!
Jul 19 15:59:22.755097 np0000005441 devstack@g-api.service[99660]: DEBUG glance.common.config [None req-d84362f3-8919-44eb-8ef4-8c381e5eae2f None None] Loading glance-api-keystone+cachemanagement from /etc/glance/glance-api-paste.ini {{(pid=99660) load_paste_app /opt/stack/glance/glance/common/config.py:765}}
Jul 19 15:59:22.776205 np0000005441 devstack@g-api.service[99661]: DEBUG glance.common.config [None req-408fb9d4-33ee-4a74-bdcb-9a2aced991d2 None None] Loading glance-api-keystone+cachemanagement from /etc/glance/glance-api-paste.ini {{(pid=99661) load_paste_app /opt/stack/glance/glance/common/config.py:765}}
Jul 19 15:59:22.787846 np0000005441 devstack@g-api.service[99659]: DEBUG glance.common.config [None req-1e4c6834-8144-4a74-93cd-124693baf096 None None] Loading glance-api-keystone+cachemanagement from /etc/glance/glance-api-paste.ini {{(pid=99659) load_paste_app /opt/stack/glance/glance/common/config.py:765}}
Jul 19 15:59:23.346495 np0000005441 devstack@g-api.service[99661]: INFO glance.image_cache [None req-408fb9d4-33ee-4a74-bdcb-9a2aced991d2 None None] Image cache loaded driver 'centralized_db'.
Jul 19 15:59:23.352712 np0000005441 devstack@g-api.service[99659]: INFO glance.image_cache [None req-1e4c6834-8144-4a74-93cd-124693baf096 None None] Image cache loaded driver 'centralized_db'.
Jul 19 15:59:23.353756 np0000005441 devstack@g-api.service[99660]: INFO glance.image_cache [None req-d84362f3-8919-44eb-8ef4-8c381e5eae2f None None] Image cache loaded driver 'centralized_db'.
Jul 19 15:59:23.390154 np0000005441 devstack@g-api.service[99661]: INFO dbcounter [None req-408fb9d4-33ee-4a74-bdcb-9a2aced991d2 None None] Registered counter for database glance
Jul 19 15:59:23.396500 np0000005441 devstack@g-api.service[99659]: INFO dbcounter [None req-1e4c6834-8144-4a74-93cd-124693baf096 None None] Registered counter for database glance
Jul 19 15:59:23.398878 np0000005441 devstack@g-api.service[99660]: INFO dbcounter [None req-d84362f3-8919-44eb-8ef4-8c381e5eae2f None None] Registered counter for database glance
Jul 19 15:59:23.425072 np0000005441 devstack@g-api.service[99661]: DEBUG oslo_db.sqlalchemy.engines [None req-408fb9d4-33ee-4a74-bdcb-9a2aced991d2 None None] MySQL server mode set to STRICT_TRANS_TABLES,STRICT_ALL_TABLES,NO_ZERO_IN_DATE,NO_ZERO_DATE,ERROR_FOR_DIVISION_BY_ZERO,TRADITIONAL,NO_ENGINE_SUBSTITUTION {{(pid=99661) _check_effective_sql_mode /opt/stack/data/venv/lib/python3.12/site-packages/oslo_db/sqlalchemy/engines.py:325}}
Jul 19 15:59:23.434065 np0000005441 devstack@g-api.service[99660]: DEBUG oslo_db.sqlalchemy.engines [None req-d84362f3-8919-44eb-8ef4-8c381e5eae2f None None] MySQL server mode set to STRICT_TRANS_TABLES,STRICT_ALL_TABLES,NO_ZERO_IN_DATE,NO_ZERO_DATE,ERROR_FOR_DIVISION_BY_ZERO,TRADITIONAL,NO_ENGINE_SUBSTITUTION {{(pid=99660) _check_effective_sql_mode /opt/stack/data/venv/lib/python3.12/site-packages/oslo_db/sqlalchemy/engines.py:325}}
Jul 19 15:59:23.437057 np0000005441 devstack@g-api.service[99659]: DEBUG oslo_db.sqlalchemy.engines [None req-1e4c6834-8144-4a74-93cd-124693baf096 None None] MySQL server mode set to STRICT_TRANS_TABLES,STRICT_ALL_TABLES,NO_ZERO_IN_DATE,NO_ZERO_DATE,ERROR_FOR_DIVISION_BY_ZERO,TRADITIONAL,NO_ENGINE_SUBSTITUTION {{(pid=99659) _check_effective_sql_mode /opt/stack/data/venv/lib/python3.12/site-packages/oslo_db/sqlalchemy/engines.py:325}}
Jul 19 15:59:23.451889 np0000005441 devstack@g-api.service[99661]: DEBUG dbcounter [-] [99661] Writer thread running {{(pid=99661) stat_writer /opt/stack/data/venv/lib/python3.12/site-packages/dbcounter.py:102}}
Jul 19 15:59:23.455979 np0000005441 devstack@g-api.service[99660]: DEBUG dbcounter [-] [99660] Writer thread running {{(pid=99660) stat_writer /opt/stack/data/venv/lib/python3.12/site-packages/dbcounter.py:102}}
Jul 19 15:59:23.458956 np0000005441 devstack@g-api.service[99660]: DEBUG glance.image_cache.drivers.centralized_db [None req-d84362f3-8919-44eb-8ef4-8c381e5eae2f None None] Node reference is already recorded, ignoring it {{(pid=99660) configure /opt/stack/glance/glance/image_cache/drivers/centralized_db.py:71}}
Jul 19 15:59:23.462976 np0000005441 devstack@g-api.service[99661]: INFO glance.image_cache [None req-408fb9d4-33ee-4a74-bdcb-9a2aced991d2 None None] Image cache loaded driver 'centralized_db'.
Jul 19 15:59:23.464566 np0000005441 devstack@g-api.service[99659]: DEBUG dbcounter [-] [99659] Writer thread running {{(pid=99659) stat_writer /opt/stack/data/venv/lib/python3.12/site-packages/dbcounter.py:102}}
Jul 19 15:59:23.467771 np0000005441 devstack@g-api.service[99659]: DEBUG glance.image_cache.drivers.centralized_db [None req-1e4c6834-8144-4a74-93cd-124693baf096 None None] Node reference is already recorded, ignoring it {{(pid=99659) configure /opt/stack/glance/glance/image_cache/drivers/centralized_db.py:71}}
Jul 19 15:59:23.470725 np0000005441 devstack@g-api.service[99661]: DEBUG glance.image_cache.drivers.centralized_db [None req-408fb9d4-33ee-4a74-bdcb-9a2aced991d2 None None] Node reference is already recorded, ignoring it {{(pid=99661) configure /opt/stack/glance/glance/image_cache/drivers/centralized_db.py:71}}
Jul 19 15:59:23.477912 np0000005441 devstack@g-api.service[99659]: INFO glance.image_cache [None req-1e4c6834-8144-4a74-93cd-124693baf096 None None] Image cache loaded driver 'centralized_db'.
Jul 19 15:59:23.549067 np0000005441 devstack@g-api.service[99660]: INFO glance.image_cache [None req-d84362f3-8919-44eb-8ef4-8c381e5eae2f None None] Image cache loaded driver 'centralized_db'.
Jul 19 15:59:23.556162 np0000005441 devstack@g-api.service[99660]: DEBUG glance.image_cache.drivers.centralized_db [None req-d84362f3-8919-44eb-8ef4-8c381e5eae2f None None] Node reference is already recorded, ignoring it {{(pid=99660) configure /opt/stack/glance/glance/image_cache/drivers/centralized_db.py:71}}
Jul 19 15:59:23.560653 np0000005441 devstack@g-api.service[99660]: DEBUG glance.api.v2.cached_images [None req-d84362f3-8919-44eb-8ef4-8c381e5eae2f None None] Started cache worker thread {{(pid=99660) __init__ /opt/stack/glance/glance/api/v2/cached_images.py:71}}
Jul 19 15:59:23.561362 np0000005441 devstack@g-api.service[99660]: INFO glance.image_cache [None req-d84362f3-8919-44eb-8ef4-8c381e5eae2f None None] Image cache loaded driver 'centralized_db'.
Jul 19 15:59:23.567947 np0000005441 devstack@g-api.service[99660]: DEBUG glance.image_cache.drivers.centralized_db [None req-d84362f3-8919-44eb-8ef4-8c381e5eae2f None None] Node reference is already recorded, ignoring it {{(pid=99660) configure /opt/stack/glance/glance/image_cache/drivers/centralized_db.py:71}}
Jul 19 15:59:23.570027 np0000005441 devstack@g-api.service[99661]: DEBUG glance.api.v2.cached_images [None req-408fb9d4-33ee-4a74-bdcb-9a2aced991d2 None None] Started cache worker thread {{(pid=99661) __init__ /opt/stack/glance/glance/api/v2/cached_images.py:71}}
Jul 19 15:59:23.570960 np0000005441 devstack@g-api.service[99661]: INFO glance.image_cache [None req-408fb9d4-33ee-4a74-bdcb-9a2aced991d2 None None] Image cache loaded driver 'centralized_db'.
Jul 19 15:59:23.572096 np0000005441 devstack@g-api.service[99660]: INFO glance.api.middleware.cache_manage [None req-d84362f3-8919-44eb-8ef4-8c381e5eae2f None None] Initialized image cache management middleware
Jul 19 15:59:23.572262 np0000005441 devstack@g-api.service[99660]: INFO glance.image_cache [None req-d84362f3-8919-44eb-8ef4-8c381e5eae2f None None] Image cache loaded driver 'centralized_db'.
Jul 19 15:59:23.578232 np0000005441 devstack@g-api.service[99660]: DEBUG glance.image_cache.drivers.centralized_db [None req-d84362f3-8919-44eb-8ef4-8c381e5eae2f None None] Node reference is already recorded, ignoring it {{(pid=99660) configure /opt/stack/glance/glance/image_cache/drivers/centralized_db.py:71}}
Jul 19 15:59:23.578635 np0000005441 devstack@g-api.service[99661]: DEBUG glance.image_cache.drivers.centralized_db [None req-408fb9d4-33ee-4a74-bdcb-9a2aced991d2 None None] Node reference is already recorded, ignoring it {{(pid=99661) configure /opt/stack/glance/glance/image_cache/drivers/centralized_db.py:71}}
Jul 19 15:59:23.581675 np0000005441 devstack@g-api.service[99659]: DEBUG glance.image_cache.drivers.centralized_db [None req-1e4c6834-8144-4a74-93cd-124693baf096 None None] Node reference is already recorded, ignoring it {{(pid=99659) configure /opt/stack/glance/glance/image_cache/drivers/centralized_db.py:71}}
Jul 19 15:59:23.582337 np0000005441 devstack@g-api.service[99660]: INFO glance.api.middleware.cache [None req-d84362f3-8919-44eb-8ef4-8c381e5eae2f None None] Initialized image cache middleware
Jul 19 15:59:23.583352 np0000005441 devstack@g-api.service[99661]: INFO glance.api.middleware.cache_manage [None req-408fb9d4-33ee-4a74-bdcb-9a2aced991d2 None None] Initialized image cache management middleware
Jul 19 15:59:23.583499 np0000005441 devstack@g-api.service[99661]: INFO glance.image_cache [None req-408fb9d4-33ee-4a74-bdcb-9a2aced991d2 None None] Image cache loaded driver 'centralized_db'.
Jul 19 15:59:23.586339 np0000005441 devstack@g-api.service[99659]: DEBUG glance.api.v2.cached_images [None req-1e4c6834-8144-4a74-93cd-124693baf096 None None] Started cache worker thread {{(pid=99659) __init__ /opt/stack/glance/glance/api/v2/cached_images.py:71}}
Jul 19 15:59:23.587069 np0000005441 devstack@g-api.service[99659]: INFO glance.image_cache [None req-1e4c6834-8144-4a74-93cd-124693baf096 None None] Image cache loaded driver 'centralized_db'.
Jul 19 15:59:23.589299 np0000005441 devstack@g-api.service[99661]: DEBUG glance.image_cache.drivers.centralized_db [None req-408fb9d4-33ee-4a74-bdcb-9a2aced991d2 None None] Node reference is already recorded, ignoring it {{(pid=99661) configure /opt/stack/glance/glance/image_cache/drivers/centralized_db.py:71}}
Jul 19 15:59:23.592054 np0000005441 devstack@g-api.service[99660]: DEBUG glance.common.config [None req-d84362f3-8919-44eb-8ef4-8c381e5eae2f None None] ******************************************************************************** {{(pid=99660) log_opt_values /opt/stack/data/venv/lib/python3.12/site-packages/oslo_config/cfg.py:3226}}
Jul 19 15:59:23.592155 np0000005441 devstack@g-api.service[99660]: DEBUG glance.common.config [None req-d84362f3-8919-44eb-8ef4-8c381e5eae2f None None] Configuration options gathered from: {{(pid=99660) log_opt_values /opt/stack/data/venv/lib/python3.12/site-packages/oslo_config/cfg.py:3227}}
Jul 19 15:59:23.592411 np0000005441 devstack@g-api.service[99660]: DEBUG glance.common.config [None req-d84362f3-8919-44eb-8ef4-8c381e5eae2f None None] command line args: [] {{(pid=99660) log_opt_values /opt/stack/data/venv/lib/python3.12/site-packages/oslo_config/cfg.py:3228}}
Jul 19 15:59:23.592560 np0000005441 devstack@g-api.service[99660]: DEBUG glance.common.config [None req-d84362f3-8919-44eb-8ef4-8c381e5eae2f None None] config files: ['/etc/glance/glance-image-import.conf', '/etc/glance/glance-api.conf'] {{(pid=99660) log_opt_values /opt/stack/data/venv/lib/python3.12/site-packages/oslo_config/cfg.py:3229}}
Jul 19 15:59:23.592689 np0000005441 devstack@g-api.service[99660]: DEBUG glance.common.config [None req-d84362f3-8919-44eb-8ef4-8c381e5eae2f None None] ================================================================================ {{(pid=99660) log_opt_values /opt/stack/data/venv/lib/python3.12/site-packages/oslo_config/cfg.py:3234}}
Jul 19 15:59:23.592722 np0000005441 devstack@g-api.service[99660]: DEBUG glance.common.config [None req-d84362f3-8919-44eb-8ef4-8c381e5eae2f None None] allow_anonymous_access = False {{(pid=99660) log_opt_values /opt/stack/data/venv/lib/python3.12/site-packages/oslo_config/cfg.py:3242}}
Jul 19 15:59:23.592831 np0000005441 devstack@g-api.service[99660]: DEBUG glance.common.config [None req-d84362f3-8919-44eb-8ef4-8c381e5eae2f None None] api_limit_max = 1000 {{(pid=99660) log_opt_values /opt/stack/data/venv/lib/python3.12/site-packages/oslo_config/cfg.py:3242}}
Jul 19 15:59:23.592886 np0000005441 devstack@g-api.service[99661]: INFO glance.api.middleware.cache [None req-408fb9d4-33ee-4a74-bdcb-9a2aced991d2 None None] Initialized image cache middleware
Jul 19 15:59:23.592942 np0000005441 devstack@g-api.service[99660]: DEBUG glance.common.config [None req-d84362f3-8919-44eb-8ef4-8c381e5eae2f None None] config_dir = [] {{(pid=99660) log_opt_values /opt/stack/data/venv/lib/python3.12/site-packages/oslo_config/cfg.py:3242}}
Jul 19 15:59:23.593015 np0000005441 devstack@g-api.service[99660]: DEBUG glance.common.config [None req-d84362f3-8919-44eb-8ef4-8c381e5eae2f None None] config_file = ['/etc/glance/glance-image-import.conf', '/etc/glance/glance-api.conf'] {{(pid=99660) log_opt_values /opt/stack/data/venv/lib/python3.12/site-packages/oslo_config/cfg.py:3242}}
Jul 19 15:59:23.593119 np0000005441 devstack@g-api.service[99660]: DEBUG glance.common.config [None req-d84362f3-8919-44eb-8ef4-8c381e5eae2f None None] config_source = [] {{(pid=99660) log_opt_values /opt/stack/data/venv/lib/python3.12/site-packages/oslo_config/cfg.py:3242}}
Jul 19 15:59:23.593222 np0000005441 devstack@g-api.service[99659]: DEBUG glance.image_cache.drivers.centralized_db [None req-1e4c6834-8144-4a74-93cd-124693baf096 None None] Node reference is already recorded, ignoring it {{(pid=99659) configure /opt/stack/glance/glance/image_cache/drivers/centralized_db.py:71}}
Jul 19 15:59:23.593262 np0000005441 devstack@g-api.service[99660]: DEBUG glance.common.config [None req-d84362f3-8919-44eb-8ef4-8c381e5eae2f None None] control_exchange = glance {{(pid=99660) log_opt_values /opt/stack/data/venv/lib/python3.12/site-packages/oslo_config/cfg.py:3242}}
Jul 19 15:59:23.593288 np0000005441 devstack@g-api.service[99660]: DEBUG glance.common.config [None req-d84362f3-8919-44eb-8ef4-8c381e5eae2f None None] debug = True {{(pid=99660) log_opt_values /opt/stack/data/venv/lib/python3.12/site-packages/oslo_config/cfg.py:3242}}
Jul 19 15:59:23.593458 np0000005441 devstack@g-api.service[99660]: DEBUG glance.common.config [None req-d84362f3-8919-44eb-8ef4-8c381e5eae2f None None] default_log_levels = ['amqp=WARN', 'boto=WARN', 'sqlalchemy=WARN', 'suds=INFO', 'oslo.messaging=INFO', 'oslo_messaging=INFO', 'iso8601=WARN', 'requests.packages.urllib3.connectionpool=WARN', 'urllib3.connectionpool=WARN', 'websocket=WARN', 'requests.packages.urllib3.util.retry=WARN', 'urllib3.util.retry=WARN', 'keystonemiddleware=WARN', 'routes.middleware=WARN', 'stevedore=WARN', 'taskflow=WARN', 'keystoneauth=WARN', 'oslo.cache=INFO', 'oslo_policy=INFO', 'dogpile.core.dogpile=INFO'] {{(pid=99660) log_opt_values /opt/stack/data/venv/lib/python3.12/site-packages/oslo_config/cfg.py:3242}}
Jul 19 15:59:23.593559 np0000005441 devstack@g-api.service[99660]: DEBUG glance.common.config [None req-d84362f3-8919-44eb-8ef4-8c381e5eae2f None None] default_publisher_id = image.localhost {{(pid=99660) log_opt_values /opt/stack/data/venv/lib/python3.12/site-packages/oslo_config/cfg.py:3242}}
Jul 19 15:59:23.593646 np0000005441 devstack@g-api.service[99660]: DEBUG glance.common.config [None req-d84362f3-8919-44eb-8ef4-8c381e5eae2f None None] delayed_delete = False {{(pid=99660) log_opt_values /opt/stack/data/venv/lib/python3.12/site-packages/oslo_config/cfg.py:3242}}
Jul 19 15:59:23.593734 np0000005441 devstack@g-api.service[99660]: DEBUG glance.common.config [None req-d84362f3-8919-44eb-8ef4-8c381e5eae2f None None] digest_algorithm = sha256 {{(pid=99660) log_opt_values /opt/stack/data/venv/lib/python3.12/site-packages/oslo_config/cfg.py:3242}}
Jul 19 15:59:23.593837 np0000005441 devstack@g-api.service[99660]: DEBUG glance.common.config [None req-d84362f3-8919-44eb-8ef4-8c381e5eae2f None None] disabled_notifications = [] {{(pid=99660) log_opt_values /opt/stack/data/venv/lib/python3.12/site-packages/oslo_config/cfg.py:3242}}
Jul 19 15:59:23.593946 np0000005441 devstack@g-api.service[99660]: DEBUG glance.common.config [None req-d84362f3-8919-44eb-8ef4-8c381e5eae2f None None] do_secure_hash = True {{(pid=99660) log_opt_values /opt/stack/data/venv/lib/python3.12/site-packages/oslo_config/cfg.py:3242}}
Jul 19 15:59:23.594036 np0000005441 devstack@g-api.service[99660]: DEBUG glance.common.config [None req-d84362f3-8919-44eb-8ef4-8c381e5eae2f None None] enabled_backends = None {{(pid=99660) log_opt_values /opt/stack/data/venv/lib/python3.12/site-packages/oslo_config/cfg.py:3242}}
Jul 19 15:59:23.594160 np0000005441 devstack@g-api.service[99660]: DEBUG glance.common.config [None req-d84362f3-8919-44eb-8ef4-8c381e5eae2f None None] enabled_import_methods = ['glance-direct', 'web-download', 'copy-image'] {{(pid=99660) log_opt_values /opt/stack/data/venv/lib/python3.12/site-packages/oslo_config/cfg.py:3242}}
Jul 19 15:59:23.594261 np0000005441 devstack@g-api.service[99660]: DEBUG glance.common.config [None req-d84362f3-8919-44eb-8ef4-8c381e5eae2f None None] fatal_deprecations = False {{(pid=99660) log_opt_values /opt/stack/data/venv/lib/python3.12/site-packages/oslo_config/cfg.py:3242}}
Jul 19 15:59:23.594349 np0000005441 devstack@g-api.service[99660]: DEBUG glance.common.config [None req-d84362f3-8919-44eb-8ef4-8c381e5eae2f None None] hashing_algorithm = sha512 {{(pid=99660) log_opt_values /opt/stack/data/venv/lib/python3.12/site-packages/oslo_config/cfg.py:3242}}
Jul 19 15:59:23.594449 np0000005441 devstack@g-api.service[99660]: DEBUG glance.common.config [None req-d84362f3-8919-44eb-8ef4-8c381e5eae2f None None] http_retries = 3 {{(pid=99660) log_opt_values /opt/stack/data/venv/lib/python3.12/site-packages/oslo_config/cfg.py:3242}}
Jul 19 15:59:23.594557 np0000005441 devstack@g-api.service[99660]: DEBUG glance.common.config [None req-d84362f3-8919-44eb-8ef4-8c381e5eae2f None None] image_cache_dir = /opt/stack/data/glance/cache/ {{(pid=99660) log_opt_values /opt/stack/data/venv/lib/python3.12/site-packages/oslo_config/cfg.py:3242}}
Jul 19 15:59:23.594646 np0000005441 devstack@g-api.service[99660]: DEBUG glance.common.config [None req-d84362f3-8919-44eb-8ef4-8c381e5eae2f None None] image_cache_driver = centralized_db {{(pid=99660) log_opt_values /opt/stack/data/venv/lib/python3.12/site-packages/oslo_config/cfg.py:3242}}
Jul 19 15:59:23.594730 np0000005441 devstack@g-api.service[99660]: DEBUG glance.common.config [None req-d84362f3-8919-44eb-8ef4-8c381e5eae2f None None] image_cache_max_size = 10737418240 {{(pid=99660) log_opt_values /opt/stack/data/venv/lib/python3.12/site-packages/oslo_config/cfg.py:3242}}
Jul 19 15:59:23.594834 np0000005441 devstack@g-api.service[99660]: DEBUG glance.common.config [None req-d84362f3-8919-44eb-8ef4-8c381e5eae2f None None] image_cache_sqlite_db = cache.db {{(pid=99660) log_opt_values /opt/stack/data/venv/lib/python3.12/site-packages/oslo_config/cfg.py:3242}}
Jul 19 15:59:23.594945 np0000005441 devstack@g-api.service[99660]: DEBUG glance.common.config [None req-d84362f3-8919-44eb-8ef4-8c381e5eae2f None None] image_cache_stall_time = 86400 {{(pid=99660) log_opt_values /opt/stack/data/venv/lib/python3.12/site-packages/oslo_config/cfg.py:3242}}
Jul 19 15:59:23.595035 np0000005441 devstack@g-api.service[99660]: DEBUG glance.common.config [None req-d84362f3-8919-44eb-8ef4-8c381e5eae2f None None] image_location_quota = 10 {{(pid=99660) log_opt_values /opt/stack/data/venv/lib/python3.12/site-packages/oslo_config/cfg.py:3242}}
Jul 19 15:59:23.595136 np0000005441 devstack@g-api.service[99660]: DEBUG glance.common.config [None req-d84362f3-8919-44eb-8ef4-8c381e5eae2f None None] image_member_quota = 128 {{(pid=99660) log_opt_values /opt/stack/data/venv/lib/python3.12/site-packages/oslo_config/cfg.py:3242}}
Jul 19 15:59:23.595228 np0000005441 devstack@g-api.service[99660]: DEBUG glance.common.config [None req-d84362f3-8919-44eb-8ef4-8c381e5eae2f None None] image_property_quota = 128 {{(pid=99660) log_opt_values /opt/stack/data/venv/lib/python3.12/site-packages/oslo_config/cfg.py:3242}}
Jul 19 15:59:23.595315 np0000005441 devstack@g-api.service[99660]: DEBUG glance.common.config [None req-d84362f3-8919-44eb-8ef4-8c381e5eae2f None None] image_size_cap = 1099511627776 {{(pid=99660) log_opt_values /opt/stack/data/venv/lib/python3.12/site-packages/oslo_config/cfg.py:3242}}
Jul 19 15:59:23.595396 np0000005441 devstack@g-api.service[99660]: DEBUG glance.common.config [None req-d84362f3-8919-44eb-8ef4-8c381e5eae2f None None] image_tag_quota = 128 {{(pid=99660) log_opt_values /opt/stack/data/venv/lib/python3.12/site-packages/oslo_config/cfg.py:3242}}
Jul 19 15:59:23.595514 np0000005441 devstack@g-api.service[99660]: DEBUG glance.common.config [None req-d84362f3-8919-44eb-8ef4-8c381e5eae2f None None] instance_format = [instance: %(uuid)s] {{(pid=99660) log_opt_values /opt/stack/data/venv/lib/python3.12/site-packages/oslo_config/cfg.py:3242}}
Jul 19 15:59:23.595608 np0000005441 devstack@g-api.service[99660]: DEBUG glance.common.config [None req-d84362f3-8919-44eb-8ef4-8c381e5eae2f None None] instance_uuid_format = [instance: %(uuid)s] {{(pid=99660) log_opt_values /opt/stack/data/venv/lib/python3.12/site-packages/oslo_config/cfg.py:3242}}
Jul 19 15:59:23.595689 np0000005441 devstack@g-api.service[99660]: DEBUG glance.common.config [None req-d84362f3-8919-44eb-8ef4-8c381e5eae2f None None] limit_param_default = 25 {{(pid=99660) log_opt_values /opt/stack/data/venv/lib/python3.12/site-packages/oslo_config/cfg.py:3242}}
Jul 19 15:59:23.595777 np0000005441 devstack@g-api.service[99660]: DEBUG glance.common.config [None req-d84362f3-8919-44eb-8ef4-8c381e5eae2f None None] log_color = False {{(pid=99660) log_opt_values /opt/stack/data/venv/lib/python3.12/site-packages/oslo_config/cfg.py:3242}}
Jul 19 15:59:23.595889 np0000005441 devstack@g-api.service[99660]: DEBUG glance.common.config [None req-d84362f3-8919-44eb-8ef4-8c381e5eae2f None None] log_config_append = None {{(pid=99660) log_opt_values /opt/stack/data/venv/lib/python3.12/site-packages/oslo_config/cfg.py:3242}}
Jul 19 15:59:23.595997 np0000005441 devstack@g-api.service[99660]: DEBUG glance.common.config [None req-d84362f3-8919-44eb-8ef4-8c381e5eae2f None None] log_date_format = %Y-%m-%d %H:%M:%S {{(pid=99660) log_opt_values /opt/stack/data/venv/lib/python3.12/site-packages/oslo_config/cfg.py:3242}}
Jul 19 15:59:23.596101 np0000005441 devstack@g-api.service[99660]: DEBUG glance.common.config [None req-d84362f3-8919-44eb-8ef4-8c381e5eae2f None None] log_dir = None {{(pid=99660) log_opt_values /opt/stack/data/venv/lib/python3.12/site-packages/oslo_config/cfg.py:3242}}
Jul 19 15:59:23.596200 np0000005441 devstack@g-api.service[99660]: DEBUG glance.common.config [None req-d84362f3-8919-44eb-8ef4-8c381e5eae2f None None] log_file = None {{(pid=99660) log_opt_values /opt/stack/data/venv/lib/python3.12/site-packages/oslo_config/cfg.py:3242}}
Jul 19 15:59:23.596287 np0000005441 devstack@g-api.service[99660]: DEBUG glance.common.config [None req-d84362f3-8919-44eb-8ef4-8c381e5eae2f None None] log_rotate_interval = 1 {{(pid=99660) log_opt_values /opt/stack/data/venv/lib/python3.12/site-packages/oslo_config/cfg.py:3242}}
Jul 19 15:59:23.596376 np0000005441 devstack@g-api.service[99660]: DEBUG glance.common.config [None req-d84362f3-8919-44eb-8ef4-8c381e5eae2f None None] log_rotate_interval_type = days {{(pid=99660) log_opt_values /opt/stack/data/venv/lib/python3.12/site-packages/oslo_config/cfg.py:3242}}
Jul 19 15:59:23.596477 np0000005441 devstack@g-api.service[99660]: DEBUG glance.common.config [None req-d84362f3-8919-44eb-8ef4-8c381e5eae2f None None] log_rotation_type = none {{(pid=99660) log_opt_values /opt/stack/data/venv/lib/python3.12/site-packages/oslo_config/cfg.py:3242}}
Jul 19 15:59:23.596558 np0000005441 devstack@g-api.service[99660]: DEBUG glance.common.config [None req-d84362f3-8919-44eb-8ef4-8c381e5eae2f None None] logging_context_format_string = %(color)s%(levelname)s %(name)s [%(global_request_id)s %(request_id)s %(project_name)s %(user_name)s%(color)s] %(instance)s%(color)s%(message)s {{(pid=99660) log_opt_values /opt/stack/data/venv/lib/python3.12/site-packages/oslo_config/cfg.py:3242}}
Jul 19 15:59:23.596623 np0000005441 devstack@g-api.service[99660]: DEBUG glance.common.config [None req-d84362f3-8919-44eb-8ef4-8c381e5eae2f None None] logging_debug_format_suffix = {{(pid=%(process)d) %(funcName)s %(pathname)s:%(lineno)d}} {{(pid=99660) log_opt_values /opt/stack/data/venv/lib/python3.12/site-packages/oslo_config/cfg.py:3242}}
Jul 19 15:59:23.596716 np0000005441 devstack@g-api.service[99660]: DEBUG glance.common.config [None req-d84362f3-8919-44eb-8ef4-8c381e5eae2f None None] logging_default_format_string = %(color)s%(levelname)s %(name)s [-%(color)s] %(instance)s%(color)s%(message)s {{(pid=99660) log_opt_values /opt/stack/data/venv/lib/python3.12/site-packages/oslo_config/cfg.py:3242}}
Jul 19 15:59:23.596812 np0000005441 devstack@g-api.service[99660]: DEBUG glance.common.config [None req-d84362f3-8919-44eb-8ef4-8c381e5eae2f None None] logging_exception_prefix = ERROR %(name)s %(instance)s {{(pid=99660) log_opt_values /opt/stack/data/venv/lib/python3.12/site-packages/oslo_config/cfg.py:3242}}
Jul 19 15:59:23.596903 np0000005441 devstack@g-api.service[99660]: DEBUG glance.common.config [None req-d84362f3-8919-44eb-8ef4-8c381e5eae2f None None] logging_user_identity_format = %(user)s %(project)s %(domain)s %(system_scope)s %(user_domain)s %(project_domain)s {{(pid=99660) log_opt_values /opt/stack/data/venv/lib/python3.12/site-packages/oslo_config/cfg.py:3242}}
Jul 19 15:59:23.597009 np0000005441 devstack@g-api.service[99660]: DEBUG glance.common.config [None req-d84362f3-8919-44eb-8ef4-8c381e5eae2f None None] max_logfile_count = 30 {{(pid=99660) log_opt_values /opt/stack/data/venv/lib/python3.12/site-packages/oslo_config/cfg.py:3242}}
Jul 19 15:59:23.597111 np0000005441 devstack@g-api.service[99660]: DEBUG glance.common.config [None req-d84362f3-8919-44eb-8ef4-8c381e5eae2f None None] max_logfile_size_mb = 200 {{(pid=99660) log_opt_values /opt/stack/data/venv/lib/python3.12/site-packages/oslo_config/cfg.py:3242}}
Jul 19 15:59:23.597208 np0000005441 devstack@g-api.service[99660]: DEBUG glance.common.config [None req-d84362f3-8919-44eb-8ef4-8c381e5eae2f None None] max_request_id_length = 64 {{(pid=99660) log_opt_values /opt/stack/data/venv/lib/python3.12/site-packages/oslo_config/cfg.py:3242}}
Jul 19 15:59:23.597296 np0000005441 devstack@g-api.service[99660]: DEBUG glance.common.config [None req-d84362f3-8919-44eb-8ef4-8c381e5eae2f None None] metadata_encryption_key = **** {{(pid=99660) log_opt_values /opt/stack/data/venv/lib/python3.12/site-packages/oslo_config/cfg.py:3242}}
Jul 19 15:59:23.597382 np0000005441 devstack@g-api.service[99660]: DEBUG glance.common.config [None req-d84362f3-8919-44eb-8ef4-8c381e5eae2f None None] node_staging_uri = file:///tmp/staging/ {{(pid=99660) log_opt_values /opt/stack/data/venv/lib/python3.12/site-packages/oslo_config/cfg.py:3242}}
Jul 19 15:59:23.597466 np0000005441 devstack@g-api.service[99660]: DEBUG glance.common.config [None req-d84362f3-8919-44eb-8ef4-8c381e5eae2f None None] property_protection_file = None {{(pid=99660) log_opt_values /opt/stack/data/venv/lib/python3.12/site-packages/oslo_config/cfg.py:3242}}
Jul 19 15:59:23.597585 np0000005441 devstack@g-api.service[99660]: DEBUG glance.common.config [None req-d84362f3-8919-44eb-8ef4-8c381e5eae2f None None] property_protection_rule_format = roles {{(pid=99660) log_opt_values /opt/stack/data/venv/lib/python3.12/site-packages/oslo_config/cfg.py:3242}}
Jul 19 15:59:23.597673 np0000005441 devstack@g-api.service[99660]: DEBUG glance.common.config [None req-d84362f3-8919-44eb-8ef4-8c381e5eae2f None None] public_endpoint = https://10.4.3.88/image {{(pid=99660) log_opt_values /opt/stack/data/venv/lib/python3.12/site-packages/oslo_config/cfg.py:3242}}
Jul 19 15:59:23.597756 np0000005441 devstack@g-api.service[99660]: DEBUG glance.common.config [None req-d84362f3-8919-44eb-8ef4-8c381e5eae2f None None] publish_errors = False {{(pid=99660) log_opt_values /opt/stack/data/venv/lib/python3.12/site-packages/oslo_config/cfg.py:3242}}
Jul 19 15:59:23.597852 np0000005441 devstack@g-api.service[99660]: DEBUG glance.common.config [None req-d84362f3-8919-44eb-8ef4-8c381e5eae2f None None] pydev_worker_debug_host = None {{(pid=99660) log_opt_values /opt/stack/data/venv/lib/python3.12/site-packages/oslo_config/cfg.py:3242}}
Jul 19 15:59:23.597971 np0000005441 devstack@g-api.service[99660]: DEBUG glance.common.config [None req-d84362f3-8919-44eb-8ef4-8c381e5eae2f None None] pydev_worker_debug_port = 5678 {{(pid=99660) log_opt_values /opt/stack/data/venv/lib/python3.12/site-packages/oslo_config/cfg.py:3242}}
Jul 19 15:59:23.598061 np0000005441 devstack@g-api.service[99660]: DEBUG glance.common.config [None req-d84362f3-8919-44eb-8ef4-8c381e5eae2f None None] rate_limit_burst = 0 {{(pid=99660) log_opt_values /opt/stack/data/venv/lib/python3.12/site-packages/oslo_config/cfg.py:3242}}
Jul 19 15:59:23.598180 np0000005441 devstack@g-api.service[99660]: DEBUG glance.common.config [None req-d84362f3-8919-44eb-8ef4-8c381e5eae2f None None] rate_limit_except_level = CRITICAL {{(pid=99660) log_opt_values /opt/stack/data/venv/lib/python3.12/site-packages/oslo_config/cfg.py:3242}}
Jul 19 15:59:23.598267 np0000005441 devstack@g-api.service[99660]: DEBUG glance.common.config [None req-d84362f3-8919-44eb-8ef4-8c381e5eae2f None None] rate_limit_interval = 0 {{(pid=99660) log_opt_values /opt/stack/data/venv/lib/python3.12/site-packages/oslo_config/cfg.py:3242}}
Jul 19 15:59:23.598351 np0000005441 devstack@g-api.service[99660]: DEBUG glance.common.config [None req-d84362f3-8919-44eb-8ef4-8c381e5eae2f None None] scrub_pool_size = 1 {{(pid=99660) log_opt_values /opt/stack/data/venv/lib/python3.12/site-packages/oslo_config/cfg.py:3242}}
Jul 19 15:59:23.598432 np0000005441 devstack@g-api.service[99660]: DEBUG glance.common.config [None req-d84362f3-8919-44eb-8ef4-8c381e5eae2f None None] scrub_time = 0 {{(pid=99660) log_opt_values /opt/stack/data/venv/lib/python3.12/site-packages/oslo_config/cfg.py:3242}}
Jul 19 15:59:23.598538 np0000005441 devstack@g-api.service[99660]: DEBUG glance.common.config [None req-d84362f3-8919-44eb-8ef4-8c381e5eae2f None None] shell_completion = None {{(pid=99660) log_opt_values /opt/stack/data/venv/lib/python3.12/site-packages/oslo_config/cfg.py:3242}}
Jul 19 15:59:23.598636 np0000005441 devstack@g-api.service[99660]: DEBUG glance.common.config [None req-d84362f3-8919-44eb-8ef4-8c381e5eae2f None None] show_image_direct_url = False {{(pid=99660) log_opt_values /opt/stack/data/venv/lib/python3.12/site-packages/oslo_config/cfg.py:3242}}
Jul 19 15:59:23.598874 np0000005441 devstack@g-api.service[99660]: WARNING oslo_config.cfg [None req-d84362f3-8919-44eb-8ef4-8c381e5eae2f None None] Deprecated: Option "show_multiple_locations" from group "DEFAULT" is deprecated for removal (Use of this option, deprecated since Newton, is a security risk and will be removed once we figure out a way to satisfy those use cases that currently require it. An earlier announcement that the same functionality can be achieved with greater granularity by using policies is incorrect. You cannot work around this option via policy configuration at the present time, though that is the direction we believe the fix will take. Please keep an eye on the Glance release notes to stay up to date on progress in addressing this issue.). Its value may be silently ignored in the future.
Jul 19 15:59:23.598938 np0000005441 devstack@g-api.service[99660]: DEBUG glance.common.config [None req-d84362f3-8919-44eb-8ef4-8c381e5eae2f None None] show_multiple_locations = False {{(pid=99660) log_opt_values /opt/stack/data/venv/lib/python3.12/site-packages/oslo_config/cfg.py:3242}}
Jul 19 15:59:23.599052 np0000005441 devstack@g-api.service[99660]: DEBUG glance.common.config [None req-d84362f3-8919-44eb-8ef4-8c381e5eae2f None None] syslog_log_facility = LOG_USER {{(pid=99660) log_opt_values /opt/stack/data/venv/lib/python3.12/site-packages/oslo_config/cfg.py:3242}}
Jul 19 15:59:23.599162 np0000005441 devstack@g-api.service[99660]: DEBUG glance.common.config [None req-d84362f3-8919-44eb-8ef4-8c381e5eae2f None None] transport_url = **** {{(pid=99660) log_opt_values /opt/stack/data/venv/lib/python3.12/site-packages/oslo_config/cfg.py:3242}}
Jul 19 15:59:23.599270 np0000005441 devstack@g-api.service[99660]: DEBUG glance.common.config [None req-d84362f3-8919-44eb-8ef4-8c381e5eae2f None None] use_journal = False {{(pid=99660) log_opt_values /opt/stack/data/venv/lib/python3.12/site-packages/oslo_config/cfg.py:3242}}
Jul 19 15:59:23.599355 np0000005441 devstack@g-api.service[99660]: DEBUG glance.common.config [None req-d84362f3-8919-44eb-8ef4-8c381e5eae2f None None] use_json = False {{(pid=99660) log_opt_values /opt/stack/data/venv/lib/python3.12/site-packages/oslo_config/cfg.py:3242}}
Jul 19 15:59:23.599444 np0000005441 devstack@g-api.service[99660]: DEBUG glance.common.config [None req-d84362f3-8919-44eb-8ef4-8c381e5eae2f None None] use_keystone_limits = True {{(pid=99660) log_opt_values /opt/stack/data/venv/lib/python3.12/site-packages/oslo_config/cfg.py:3242}}
Jul 19 15:59:23.599549 np0000005441 devstack@g-api.service[99660]: DEBUG glance.common.config [None req-d84362f3-8919-44eb-8ef4-8c381e5eae2f None None] use_stderr = False {{(pid=99660) log_opt_values /opt/stack/data/venv/lib/python3.12/site-packages/oslo_config/cfg.py:3242}}
Jul 19 15:59:23.599643 np0000005441 devstack@g-api.service[99660]: DEBUG glance.common.config [None req-d84362f3-8919-44eb-8ef4-8c381e5eae2f None None] use_syslog = False {{(pid=99660) log_opt_values /opt/stack/data/venv/lib/python3.12/site-packages/oslo_config/cfg.py:3242}}
Jul 19 15:59:23.599731 np0000005441 devstack@g-api.service[99660]: DEBUG glance.common.config [None req-d84362f3-8919-44eb-8ef4-8c381e5eae2f None None] user_storage_quota = 0 {{(pid=99660) log_opt_values /opt/stack/data/venv/lib/python3.12/site-packages/oslo_config/cfg.py:3242}}
Jul 19 15:59:23.599757 np0000005441 devstack@g-api.service[99659]: INFO glance.api.middleware.cache_manage [None req-1e4c6834-8144-4a74-93cd-124693baf096 None None] Initialized image cache management middleware
Jul 19 15:59:23.599816 np0000005441 devstack@g-api.service[99660]: DEBUG glance.common.config [None req-d84362f3-8919-44eb-8ef4-8c381e5eae2f None None] worker_self_reference_url = http://127.0.0.1:60999 {{(pid=99660) log_opt_values /opt/stack/data/venv/lib/python3.12/site-packages/oslo_config/cfg.py:3242}}
Jul 19 15:59:23.599927 np0000005441 devstack@g-api.service[99660]: DEBUG glance.common.config [None req-d84362f3-8919-44eb-8ef4-8c381e5eae2f None None] oslo_concurrency.disable_process_locking = False {{(pid=99660) log_opt_values /opt/stack/data/venv/lib/python3.12/site-packages/oslo_config/cfg.py:3253}}
Jul 19 15:59:23.599962 np0000005441 devstack@g-api.service[99659]: INFO glance.image_cache [None req-1e4c6834-8144-4a74-93cd-124693baf096 None None] Image cache loaded driver 'centralized_db'.
Jul 19 15:59:23.600065 np0000005441 devstack@g-api.service[99660]: DEBUG glance.common.config [None req-d84362f3-8919-44eb-8ef4-8c381e5eae2f None None] oslo_concurrency.lock_path = /opt/stack/data/glance/locks {{(pid=99660) log_opt_values /opt/stack/data/venv/lib/python3.12/site-packages/oslo_config/cfg.py:3253}}
Jul 19 15:59:23.600194 np0000005441 devstack@g-api.service[99660]: DEBUG glance.common.config [None req-d84362f3-8919-44eb-8ef4-8c381e5eae2f None None] oslo_middleware.enable_proxy_headers_parsing = False {{(pid=99660) log_opt_values /opt/stack/data/venv/lib/python3.12/site-packages/oslo_config/cfg.py:3253}}
Jul 19 15:59:23.600289 np0000005441 devstack@g-api.service[99660]: DEBUG glance.common.config [None req-d84362f3-8919-44eb-8ef4-8c381e5eae2f None None] oslo_middleware.http_basic_auth_user_file = /etc/htpasswd {{(pid=99660) log_opt_values /opt/stack/data/venv/lib/python3.12/site-packages/oslo_config/cfg.py:3253}}
Jul 19 15:59:23.600378 np0000005441 devstack@g-api.service[99660]: DEBUG glance.common.config [None req-d84362f3-8919-44eb-8ef4-8c381e5eae2f None None] paste_deploy.config_file = None {{(pid=99660) log_opt_values /opt/stack/data/venv/lib/python3.12/site-packages/oslo_config/cfg.py:3253}}
Jul 19 15:59:23.600468 np0000005441 devstack@g-api.service[99660]: DEBUG glance.common.config [None req-d84362f3-8919-44eb-8ef4-8c381e5eae2f None None] paste_deploy.flavor = keystone+cachemanagement {{(pid=99660) log_opt_values /opt/stack/data/venv/lib/python3.12/site-packages/oslo_config/cfg.py:3253}}
Jul 19 15:59:23.600614 np0000005441 devstack@g-api.service[99660]: DEBUG glance.common.config [None req-d84362f3-8919-44eb-8ef4-8c381e5eae2f None None] image_format.container_formats = ['ami', 'ari', 'aki', 'bare', 'ovf', 'ova', 'docker', 'compressed'] {{(pid=99660) log_opt_values /opt/stack/data/venv/lib/python3.12/site-packages/oslo_config/cfg.py:3253}}
Jul 19 15:59:23.600737 np0000005441 devstack@g-api.service[99660]: DEBUG glance.common.config [None req-d84362f3-8919-44eb-8ef4-8c381e5eae2f None None] image_format.disk_formats = ['ami', 'ari', 'aki', 'vhd', 'vhdx', 'vmdk', 'raw', 'qcow2', 'vdi', 'iso', 'ploop'] {{(pid=99660) log_opt_values /opt/stack/data/venv/lib/python3.12/site-packages/oslo_config/cfg.py:3253}}
Jul 19 15:59:23.600825 np0000005441 devstack@g-api.service[99660]: DEBUG glance.common.config [None req-d84362f3-8919-44eb-8ef4-8c381e5eae2f None None] image_format.gpt_safety_checks_nonfatal = [] {{(pid=99660) log_opt_values /opt/stack/data/venv/lib/python3.12/site-packages/oslo_config/cfg.py:3253}}
Jul 19 15:59:23.600930 np0000005441 devstack@g-api.service[99660]: DEBUG glance.common.config [None req-d84362f3-8919-44eb-8ef4-8c381e5eae2f None None] image_format.require_image_format_match = True {{(pid=99660) log_opt_values /opt/stack/data/venv/lib/python3.12/site-packages/oslo_config/cfg.py:3253}}
Jul 19 15:59:23.601061 np0000005441 devstack@g-api.service[99660]: DEBUG glance.common.config [None req-d84362f3-8919-44eb-8ef4-8c381e5eae2f None None] image_format.vmdk_allowed_types = ['streamOptimized', 'monolithicSparse'] {{(pid=99660) log_opt_values /opt/stack/data/venv/lib/python3.12/site-packages/oslo_config/cfg.py:3253}}
Jul 19 15:59:23.601188 np0000005441 devstack@g-api.service[99660]: DEBUG glance.common.config [None req-d84362f3-8919-44eb-8ef4-8c381e5eae2f None None] task.task_executor = taskflow {{(pid=99660) log_opt_values /opt/stack/data/venv/lib/python3.12/site-packages/oslo_config/cfg.py:3253}}
Jul 19 15:59:23.601277 np0000005441 devstack@g-api.service[99660]: DEBUG glance.common.config [None req-d84362f3-8919-44eb-8ef4-8c381e5eae2f None None] task.task_time_to_live = 48 {{(pid=99660) log_opt_values /opt/stack/data/venv/lib/python3.12/site-packages/oslo_config/cfg.py:3253}}
Jul 19 15:59:23.601359 np0000005441 devstack@g-api.service[99660]: DEBUG glance.common.config [None req-d84362f3-8919-44eb-8ef4-8c381e5eae2f None None] task.work_dir = None {{(pid=99660) log_opt_values /opt/stack/data/venv/lib/python3.12/site-packages/oslo_config/cfg.py:3253}}
Jul 19 15:59:23.601453 np0000005441 devstack@g-api.service[99660]: DEBUG glance.common.config [None req-d84362f3-8919-44eb-8ef4-8c381e5eae2f None None] wsgi.python_interpreter = /opt/stack/data/venv/bin/python3 {{(pid=99660) log_opt_values /opt/stack/data/venv/lib/python3.12/site-packages/oslo_config/cfg.py:3253}}
Jul 19 15:59:23.601547 np0000005441 devstack@g-api.service[99660]: DEBUG glance.common.config [None req-d84362f3-8919-44eb-8ef4-8c381e5eae2f None None] wsgi.task_pool_threads = 16 {{(pid=99660) log_opt_values /opt/stack/data/venv/lib/python3.12/site-packages/oslo_config/cfg.py:3253}}
Jul 19 15:59:23.601648 np0000005441 devstack@g-api.service[99660]: DEBUG glance.common.config [None req-d84362f3-8919-44eb-8ef4-8c381e5eae2f None None] import_filtering_opts.allowed_hosts = [] {{(pid=99660) log_opt_values /opt/stack/data/venv/lib/python3.12/site-packages/oslo_config/cfg.py:3253}}
Jul 19 15:59:23.601740 np0000005441 devstack@g-api.service[99660]: DEBUG glance.common.config [None req-d84362f3-8919-44eb-8ef4-8c381e5eae2f None None] import_filtering_opts.allowed_ports = [80, 443] {{(pid=99660) log_opt_values /opt/stack/data/venv/lib/python3.12/site-packages/oslo_config/cfg.py:3253}}
Jul 19 15:59:23.601840 np0000005441 devstack@g-api.service[99660]: DEBUG glance.common.config [None req-d84362f3-8919-44eb-8ef4-8c381e5eae2f None None] import_filtering_opts.allowed_schemes = ['http', 'https'] {{(pid=99660) log_opt_values /opt/stack/data/venv/lib/python3.12/site-packages/oslo_config/cfg.py:3253}}
Jul 19 15:59:23.601941 np0000005441 devstack@g-api.service[99660]: DEBUG glance.common.config [None req-d84362f3-8919-44eb-8ef4-8c381e5eae2f None None] import_filtering_opts.disallowed_hosts = [] {{(pid=99660) log_opt_values /opt/stack/data/venv/lib/python3.12/site-packages/oslo_config/cfg.py:3253}}
Jul 19 15:59:23.602053 np0000005441 devstack@g-api.service[99660]: DEBUG glance.common.config [None req-d84362f3-8919-44eb-8ef4-8c381e5eae2f None None] import_filtering_opts.disallowed_ports = [] {{(pid=99660) log_opt_values /opt/stack/data/venv/lib/python3.12/site-packages/oslo_config/cfg.py:3253}}
Jul 19 15:59:23.602162 np0000005441 devstack@g-api.service[99660]: DEBUG glance.common.config [None req-d84362f3-8919-44eb-8ef4-8c381e5eae2f None None] import_filtering_opts.disallowed_schemes = [] {{(pid=99660) log_opt_values /opt/stack/data/venv/lib/python3.12/site-packages/oslo_config/cfg.py:3253}}
Jul 19 15:59:23.602269 np0000005441 devstack@g-api.service[99660]: DEBUG glance.common.config [None req-d84362f3-8919-44eb-8ef4-8c381e5eae2f None None] oslo_messaging_metrics.metrics_buffer_size = 1000 {{(pid=99660) log_opt_values /opt/stack/data/venv/lib/python3.12/site-packages/oslo_config/cfg.py:3253}}
Jul 19 15:59:23.602353 np0000005441 devstack@g-api.service[99660]: DEBUG glance.common.config [None req-d84362f3-8919-44eb-8ef4-8c381e5eae2f None None] oslo_messaging_metrics.metrics_enabled = False {{(pid=99660) log_opt_values /opt/stack/data/venv/lib/python3.12/site-packages/oslo_config/cfg.py:3253}}
